[INFO] fetching crate im_interval_tree 0.1.1...
[INFO] testing im_interval_tree-0.1.1 against beta-2021-08-01 for beta-1.55-1
[INFO] extracting crate im_interval_tree 0.1.1 into /workspace/builds/worker-1/source
[INFO] validating manifest of crates.io crate im_interval_tree 0.1.1 on toolchain beta-2021-08-01
[INFO] running `Command { std: "/workspace/cargo-home/bin/cargo" "+beta-2021-08-01" "metadata" "--manifest-path" "Cargo.toml" "--no-deps", kill_on_drop: false }`
[INFO] started tweaking crates.io crate im_interval_tree 0.1.1
[INFO] finished tweaking crates.io crate im_interval_tree 0.1.1
[INFO] tweaked toml for crates.io crate im_interval_tree 0.1.1 written to /workspace/builds/worker-1/source/Cargo.toml
[INFO] running `Command { std: "/workspace/cargo-home/bin/cargo" "+beta-2021-08-01" "generate-lockfile" "--manifest-path" "Cargo.toml" "-Zno-index-update", kill_on_drop: false }`
[INFO] running `Command { std: "/workspace/cargo-home/bin/cargo" "+beta-2021-08-01" "fetch" "--manifest-path" "Cargo.toml", kill_on_drop: false }`
[INFO] running `Command { std: "docker" "create" "-v" "/var/lib/crater-agent-workspace/builds/worker-1/target:/opt/rustwide/target:rw,Z" "-v" "/var/lib/crater-agent-workspace/builds/worker-1/source:/opt/rustwide/workdir:ro,Z" "-v" "/var/lib/crater-agent-workspace/cargo-home:/opt/rustwide/cargo-home:ro,Z" "-v" "/var/lib/crater-agent-workspace/rustup-home:/opt/rustwide/rustup-home:ro,Z" "-e" "SOURCE_DIR=/opt/rustwide/workdir" "-e" "CARGO_TARGET_DIR=/opt/rustwide/target" "-e" "CARGO_HOME=/opt/rustwide/cargo-home" "-e" "RUSTUP_HOME=/opt/rustwide/rustup-home" "-w" "/opt/rustwide/workdir" "-m" "1610612736" "--user" "0:0" "--network" "none" "ghcr.io/rust-lang/crates-build-env/linux@sha256:34b6a614d2c27851fe6cbf88fbd1137609cefab8b10d0615aaeb6fd47975d74e" "/opt/rustwide/cargo-home/bin/cargo" "+beta-2021-08-01" "metadata" "--no-deps" "--format-version=1", kill_on_drop: false }`
[INFO] [stdout] 9c7985dfe46b83ff7a51c7db0df54e159bb514960ca328eb73eb0c15b48ecf7f
[INFO] [stderr] WARNING: Your kernel does not support swap limit capabilities or the cgroup is not mounted. Memory limited without swap.
[INFO] running `Command { std: "docker" "start" "-a" "9c7985dfe46b83ff7a51c7db0df54e159bb514960ca328eb73eb0c15b48ecf7f", kill_on_drop: false }`
[INFO] running `Command { std: "docker" "inspect" "9c7985dfe46b83ff7a51c7db0df54e159bb514960ca328eb73eb0c15b48ecf7f", kill_on_drop: false }`
[INFO] running `Command { std: "docker" "rm" "-f" "9c7985dfe46b83ff7a51c7db0df54e159bb514960ca328eb73eb0c15b48ecf7f", kill_on_drop: false }`
[INFO] [stdout] 9c7985dfe46b83ff7a51c7db0df54e159bb514960ca328eb73eb0c15b48ecf7f
[INFO] running `Command { std: "docker" "create" "-v" "/var/lib/crater-agent-workspace/builds/worker-1/target:/opt/rustwide/target:rw,Z" "-v" "/var/lib/crater-agent-workspace/builds/worker-1/source:/opt/rustwide/workdir:ro,Z" "-v" "/var/lib/crater-agent-workspace/cargo-home:/opt/rustwide/cargo-home:ro,Z" "-v" "/var/lib/crater-agent-workspace/rustup-home:/opt/rustwide/rustup-home:ro,Z" "-e" "SOURCE_DIR=/opt/rustwide/workdir" "-e" "CARGO_TARGET_DIR=/opt/rustwide/target" "-e" "CARGO_INCREMENTAL=0" "-e" "RUST_BACKTRACE=full" "-e" "RUSTFLAGS=--cap-lints=warn" "-e" "CARGO_HOME=/opt/rustwide/cargo-home" "-e" "RUSTUP_HOME=/opt/rustwide/rustup-home" "-w" "/opt/rustwide/workdir" "-m" "1610612736" "--user" "0:0" "--network" "none" "ghcr.io/rust-lang/crates-build-env/linux@sha256:34b6a614d2c27851fe6cbf88fbd1137609cefab8b10d0615aaeb6fd47975d74e" "/opt/rustwide/cargo-home/bin/cargo" "+beta-2021-08-01" "build" "--frozen" "--message-format=json", kill_on_drop: false }`
[INFO] [stderr] WARNING: Your kernel does not support swap limit capabilities or the cgroup is not mounted. Memory limited without swap.
[INFO] [stdout] 631a47c9cd2ebe52dc7a70b795aef0b61feda5c8689434f4dfbe88c5a6aae8ad
[INFO] running `Command { std: "docker" "start" "-a" "631a47c9cd2ebe52dc7a70b795aef0b61feda5c8689434f4dfbe88c5a6aae8ad", kill_on_drop: false }`
[INFO] [stderr]    Compiling im_interval_tree v0.1.1 (/opt/rustwide/workdir)
[INFO] [stderr]     Finished dev [unoptimized + debuginfo] target(s) in 1.23s
[INFO] running `Command { std: "docker" "inspect" "631a47c9cd2ebe52dc7a70b795aef0b61feda5c8689434f4dfbe88c5a6aae8ad", kill_on_drop: false }`
[INFO] running `Command { std: "docker" "rm" "-f" "631a47c9cd2ebe52dc7a70b795aef0b61feda5c8689434f4dfbe88c5a6aae8ad", kill_on_drop: false }`
[INFO] [stdout] 631a47c9cd2ebe52dc7a70b795aef0b61feda5c8689434f4dfbe88c5a6aae8ad
[INFO] running `Command { std: "docker" "create" "-v" "/var/lib/crater-agent-workspace/builds/worker-1/target:/opt/rustwide/target:rw,Z" "-v" "/var/lib/crater-agent-workspace/builds/worker-1/source:/opt/rustwide/workdir:ro,Z" "-v" "/var/lib/crater-agent-workspace/cargo-home:/opt/rustwide/cargo-home:ro,Z" "-v" "/var/lib/crater-agent-workspace/rustup-home:/opt/rustwide/rustup-home:ro,Z" "-e" "SOURCE_DIR=/opt/rustwide/workdir" "-e" "CARGO_TARGET_DIR=/opt/rustwide/target" "-e" "CARGO_INCREMENTAL=0" "-e" "RUST_BACKTRACE=full" "-e" "RUSTFLAGS=--cap-lints=warn" "-e" "CARGO_HOME=/opt/rustwide/cargo-home" "-e" "RUSTUP_HOME=/opt/rustwide/rustup-home" "-w" "/opt/rustwide/workdir" "-m" "1610612736" "--user" "0:0" "--network" "none" "ghcr.io/rust-lang/crates-build-env/linux@sha256:34b6a614d2c27851fe6cbf88fbd1137609cefab8b10d0615aaeb6fd47975d74e" "/opt/rustwide/cargo-home/bin/cargo" "+beta-2021-08-01" "test" "--frozen" "--no-run" "--message-format=json", kill_on_drop: false }`
[INFO] [stdout] d88b21d8087cc69da817328001fbd4ed74a2a854158f054338d090f7898c3d43
[INFO] [stderr] WARNING: Your kernel does not support swap limit capabilities or the cgroup is not mounted. Memory limited without swap.
[INFO] running `Command { std: "docker" "start" "-a" "d88b21d8087cc69da817328001fbd4ed74a2a854158f054338d090f7898c3d43", kill_on_drop: false }`
[INFO] [stderr]    Compiling im_interval_tree v0.1.1 (/opt/rustwide/workdir)
[INFO] [stdout] error[E0432]: unresolved import `quickcheck`
[INFO] [stdout]  --> src/interval.rs:2:5
[INFO] [stdout]   |
[INFO] [stdout] 2 | use quickcheck::*;
[INFO] [stdout]   |     ^^^^^^^^^^ use of undeclared crate or module `quickcheck`
[INFO] [stdout] 
[INFO] [stdout] 
[INFO] [stdout] error[E0432]: unresolved import `quickcheck`
[INFO] [stdout]  --> src/test.rs:4:5
[INFO] [stdout]   |
[INFO] [stdout] 4 | use quickcheck::*;
[INFO] [stdout]   |     ^^^^^^^^^^ use of undeclared crate or module `quickcheck`
[INFO] [stdout] 
[INFO] [stdout] 
[INFO] [stdout] error: cannot find macro `quickcheck` in this scope
[INFO] [stdout]  --> src/test.rs:6:1
[INFO] [stdout]   |
[INFO] [stdout] 6 | quickcheck! {
[INFO] [stdout]   | ^^^^^^^^^^
[INFO] [stdout] 
[INFO] [stdout] 
[INFO] [stdout] error: cannot find macro `quickcheck` in this scope
[INFO] [stdout]   --> src/test.rs:21:1
[INFO] [stdout]    |
[INFO] [stdout] 21 | quickcheck! {
[INFO] [stdout]    | ^^^^^^^^^^
[INFO] [stdout] 
[INFO] [stdout] 
[INFO] [stdout] error: cannot find macro `quickcheck` in this scope
[INFO] [stdout]   --> src/test.rs:46:1
[INFO] [stdout]    |
[INFO] [stdout] 46 | quickcheck! {
[INFO] [stdout]    | ^^^^^^^^^^
[INFO] [stdout] 
[INFO] [stdout] 
[INFO] [stdout] error: cannot find macro `quickcheck` in this scope
[INFO] [stdout]   --> src/test.rs:65:1
[INFO] [stdout]    |
[INFO] [stdout] 65 | quickcheck! {
[INFO] [stdout]    | ^^^^^^^^^^
[INFO] [stdout] 
[INFO] [stdout] 
[INFO] [stdout] error: cannot find macro `quickcheck` in this scope
[INFO] [stdout]   --> src/test.rs:97:1
[INFO] [stdout]    |
[INFO] [stdout] 97 | quickcheck! {
[INFO] [stdout]    | ^^^^^^^^^^
[INFO] [stdout] 
[INFO] [stdout] 
[INFO] [stdout] error[E0405]: cannot find trait `Arbitrary` in this scope
[INFO] [stdout]    --> src/interval.rs:240:42
[INFO] [stdout]     |
[INFO] [stdout] 240 | impl<T: Arbitrary + Clone + Ord + Debug> Arbitrary for Interval<T> {
[INFO] [stdout]     |                                          ^^^^^^^^^ not found in this scope
[INFO] [stdout] 
[INFO] [stdout] 
[INFO] [stdout] error[E0405]: cannot find trait `Arbitrary` in this scope
[INFO] [stdout]    --> src/interval.rs:240:9
[INFO] [stdout]     |
[INFO] [stdout] 240 | impl<T: Arbitrary + Clone + Ord + Debug> Arbitrary for Interval<T> {
[INFO] [stdout]     |         ^^^^^^^^^ not found in this scope
[INFO] [stdout] 
[INFO] [stdout] 
[INFO] [stdout] error[E0405]: cannot find trait `Gen` in this scope
[INFO] [stdout]    --> src/interval.rs:241:21
[INFO] [stdout]     |
[INFO] [stdout] 241 |     fn arbitrary<G: Gen>(g: &mut G) -> Self {
[INFO] [stdout]     |                     ^^^ not found in this scope
[INFO] [stdout] 
[INFO] [stdout] 
[INFO] [stdout] warning: unused import: `std::collections::HashSet`
[INFO] [stdout]  --> src/test.rs:1:5
[INFO] [stdout]   |
[INFO] [stdout] 1 | use std::collections::HashSet;
[INFO] [stdout]   |     ^^^^^^^^^^^^^^^^^^^^^^^^^
[INFO] [stdout]   |
[INFO] [stdout]   = note: `#[warn(unused_imports)]` on by default
[INFO] [stdout] 
[INFO] [stdout] 
[INFO] [stdout] warning: unused import: `crate::*`
[INFO] [stdout]  --> src/test.rs:3:5
[INFO] [stdout]   |
[INFO] [stdout] 3 | use crate::*;
[INFO] [stdout]   |     ^^^^^^^^
[INFO] [stdout] 
[INFO] [stdout] 
[INFO] [stdout] error: aborting due to 10 previous errors; 2 warnings emitted
[INFO] [stdout] 
[INFO] [stdout] 
[INFO] [stdout] Some errors have detailed explanations: E0405, E0432.
[INFO] [stdout] 
[INFO] [stdout] For more information about an error, try `rustc --explain E0405`.
[INFO] [stdout] 
[INFO] [stderr] error: could not compile `im_interval_tree` due to 11 previous errors; 2 warnings emitted
[INFO] running `Command { std: "docker" "inspect" "d88b21d8087cc69da817328001fbd4ed74a2a854158f054338d090f7898c3d43", kill_on_drop: false }`
[INFO] running `Command { std: "docker" "rm" "-f" "d88b21d8087cc69da817328001fbd4ed74a2a854158f054338d090f7898c3d43", kill_on_drop: false }`
[INFO] [stdout] d88b21d8087cc69da817328001fbd4ed74a2a854158f054338d090f7898c3d43
