[INFO] fetching crate ift-webhook 0.2.8...
[INFO] testing ift-webhook-0.2.8 against beta-2021-08-01 for beta-1.55-1
[INFO] extracting crate ift-webhook 0.2.8 into /workspace/builds/worker-6/source
[INFO] validating manifest of crates.io crate ift-webhook 0.2.8 on toolchain beta-2021-08-01
[INFO] running `Command { std: "/workspace/cargo-home/bin/cargo" "+beta-2021-08-01" "metadata" "--manifest-path" "Cargo.toml" "--no-deps", kill_on_drop: false }`
[INFO] started tweaking crates.io crate ift-webhook 0.2.8
[INFO] finished tweaking crates.io crate ift-webhook 0.2.8
[INFO] tweaked toml for crates.io crate ift-webhook 0.2.8 written to /workspace/builds/worker-6/source/Cargo.toml
[INFO] running `Command { std: "/workspace/cargo-home/bin/cargo" "+beta-2021-08-01" "generate-lockfile" "--manifest-path" "Cargo.toml" "-Zno-index-update", kill_on_drop: false }`
[INFO] running `Command { std: "/workspace/cargo-home/bin/cargo" "+beta-2021-08-01" "fetch" "--manifest-path" "Cargo.toml", kill_on_drop: false }`
[INFO] [stderr]  Downloading crates ...
[INFO] [stderr]   Downloaded ureq v2.1.1
[INFO] running `Command { std: "docker" "create" "-v" "/var/lib/crater-agent-workspace/builds/worker-6/target:/opt/rustwide/target:rw,Z" "-v" "/var/lib/crater-agent-workspace/builds/worker-6/source:/opt/rustwide/workdir:ro,Z" "-v" "/var/lib/crater-agent-workspace/cargo-home:/opt/rustwide/cargo-home:ro,Z" "-v" "/var/lib/crater-agent-workspace/rustup-home:/opt/rustwide/rustup-home:ro,Z" "-e" "SOURCE_DIR=/opt/rustwide/workdir" "-e" "CARGO_TARGET_DIR=/opt/rustwide/target" "-e" "CARGO_HOME=/opt/rustwide/cargo-home" "-e" "RUSTUP_HOME=/opt/rustwide/rustup-home" "-w" "/opt/rustwide/workdir" "-m" "1610612736" "--user" "0:0" "--network" "none" "ghcr.io/rust-lang/crates-build-env/linux@sha256:34b6a614d2c27851fe6cbf88fbd1137609cefab8b10d0615aaeb6fd47975d74e" "/opt/rustwide/cargo-home/bin/cargo" "+beta-2021-08-01" "metadata" "--no-deps" "--format-version=1", kill_on_drop: false }`
[INFO] [stderr] WARNING: Your kernel does not support swap limit capabilities or the cgroup is not mounted. Memory limited without swap.
[INFO] [stdout] e116a3d773302f925d2a02e42d744618e69159d15f15b906305ca67910241a95
[INFO] running `Command { std: "docker" "start" "-a" "e116a3d773302f925d2a02e42d744618e69159d15f15b906305ca67910241a95", kill_on_drop: false }`
[INFO] running `Command { std: "docker" "inspect" "e116a3d773302f925d2a02e42d744618e69159d15f15b906305ca67910241a95", kill_on_drop: false }`
[INFO] running `Command { std: "docker" "rm" "-f" "e116a3d773302f925d2a02e42d744618e69159d15f15b906305ca67910241a95", kill_on_drop: false }`
[INFO] [stdout] e116a3d773302f925d2a02e42d744618e69159d15f15b906305ca67910241a95
[INFO] running `Command { std: "docker" "create" "-v" "/var/lib/crater-agent-workspace/builds/worker-6/target:/opt/rustwide/target:rw,Z" "-v" "/var/lib/crater-agent-workspace/builds/worker-6/source:/opt/rustwide/workdir:ro,Z" "-v" "/var/lib/crater-agent-workspace/cargo-home:/opt/rustwide/cargo-home:ro,Z" "-v" "/var/lib/crater-agent-workspace/rustup-home:/opt/rustwide/rustup-home:ro,Z" "-e" "SOURCE_DIR=/opt/rustwide/workdir" "-e" "CARGO_TARGET_DIR=/opt/rustwide/target" "-e" "CARGO_INCREMENTAL=0" "-e" "RUST_BACKTRACE=full" "-e" "RUSTFLAGS=--cap-lints=warn" "-e" "CARGO_HOME=/opt/rustwide/cargo-home" "-e" "RUSTUP_HOME=/opt/rustwide/rustup-home" "-w" "/opt/rustwide/workdir" "-m" "1610612736" "--user" "0:0" "--network" "none" "ghcr.io/rust-lang/crates-build-env/linux@sha256:34b6a614d2c27851fe6cbf88fbd1137609cefab8b10d0615aaeb6fd47975d74e" "/opt/rustwide/cargo-home/bin/cargo" "+beta-2021-08-01" "build" "--frozen" "--message-format=json", kill_on_drop: false }`
[INFO] [stdout] f83b32294946422a37e4d9b350bfbe9638ba84a815a925ff75b898747e9353f1
[INFO] [stderr] WARNING: Your kernel does not support swap limit capabilities or the cgroup is not mounted. Memory limited without swap.
[INFO] running `Command { std: "docker" "start" "-a" "f83b32294946422a37e4d9b350bfbe9638ba84a815a925ff75b898747e9353f1", kill_on_drop: false }`
[INFO] [stderr]    Compiling rustls v0.19.1
[INFO] [stderr]    Compiling ureq v2.1.1
[INFO] [stderr]    Compiling ift-webhook v0.2.8 (/opt/rustwide/workdir)
[INFO] [stderr]     Finished dev [unoptimized + debuginfo] target(s) in 11.83s
[INFO] running `Command { std: "docker" "inspect" "f83b32294946422a37e4d9b350bfbe9638ba84a815a925ff75b898747e9353f1", kill_on_drop: false }`
[INFO] running `Command { std: "docker" "rm" "-f" "f83b32294946422a37e4d9b350bfbe9638ba84a815a925ff75b898747e9353f1", kill_on_drop: false }`
[INFO] [stdout] f83b32294946422a37e4d9b350bfbe9638ba84a815a925ff75b898747e9353f1
[INFO] running `Command { std: "docker" "create" "-v" "/var/lib/crater-agent-workspace/builds/worker-6/target:/opt/rustwide/target:rw,Z" "-v" "/var/lib/crater-agent-workspace/builds/worker-6/source:/opt/rustwide/workdir:ro,Z" "-v" "/var/lib/crater-agent-workspace/cargo-home:/opt/rustwide/cargo-home:ro,Z" "-v" "/var/lib/crater-agent-workspace/rustup-home:/opt/rustwide/rustup-home:ro,Z" "-e" "SOURCE_DIR=/opt/rustwide/workdir" "-e" "CARGO_TARGET_DIR=/opt/rustwide/target" "-e" "CARGO_INCREMENTAL=0" "-e" "RUST_BACKTRACE=full" "-e" "RUSTFLAGS=--cap-lints=warn" "-e" "CARGO_HOME=/opt/rustwide/cargo-home" "-e" "RUSTUP_HOME=/opt/rustwide/rustup-home" "-w" "/opt/rustwide/workdir" "-m" "1610612736" "--user" "0:0" "--network" "none" "ghcr.io/rust-lang/crates-build-env/linux@sha256:34b6a614d2c27851fe6cbf88fbd1137609cefab8b10d0615aaeb6fd47975d74e" "/opt/rustwide/cargo-home/bin/cargo" "+beta-2021-08-01" "test" "--frozen" "--no-run" "--message-format=json", kill_on_drop: false }`
[INFO] [stdout] 172658ccb16f5cbcf3a0c4fa8008b23c2f0bbb46d676379d4cf707aae2cbba1d
[INFO] [stderr] WARNING: Your kernel does not support swap limit capabilities or the cgroup is not mounted. Memory limited without swap.
[INFO] running `Command { std: "docker" "start" "-a" "172658ccb16f5cbcf3a0c4fa8008b23c2f0bbb46d676379d4cf707aae2cbba1d", kill_on_drop: false }`
[INFO] [stderr]    Compiling tokio v1.9.0
[INFO] [stderr]    Compiling ift-webhook v0.2.8 (/opt/rustwide/workdir)
[INFO] [stdout] error[E0433]: failed to resolve: use of undeclared type `AsyncIftWHClient`
[INFO] [stdout]  --> src/test.rs:9:22
[INFO] [stdout]   |
[INFO] [stdout] 9 |         let client = AsyncIftWHClient::new(&api_key);
[INFO] [stdout]   |                      ^^^^^^^^^^^^^^^^ use of undeclared type `AsyncIftWHClient`
[INFO] [stdout] 
[INFO] [stdout] 
[INFO] [stdout] error[E0433]: failed to resolve: use of undeclared type `AsyncIftWHClient`
[INFO] [stdout]   --> src/test.rs:21:22
[INFO] [stdout]    |
[INFO] [stdout] 21 |         let client = AsyncIftWHClient::new(&api_key);
[INFO] [stdout]    |                      ^^^^^^^^^^^^^^^^ use of undeclared type `AsyncIftWHClient`
[INFO] [stdout] 
[INFO] [stdout] 
[INFO] [stdout] error[E0433]: failed to resolve: use of undeclared type `AsyncIftWHClient`
[INFO] [stdout]   --> src/test.rs:32:22
[INFO] [stdout]    |
[INFO] [stdout] 32 |         let client = AsyncIftWHClient::new(&api_key);
[INFO] [stdout]    |                      ^^^^^^^^^^^^^^^^ use of undeclared type `AsyncIftWHClient`
[INFO] [stdout] 
[INFO] [stdout] 
[INFO] [stdout] error[E0412]: cannot find type `DelayResultHandler` in this scope
[INFO] [stdout]   --> src/test.rs:33:26
[INFO] [stdout]    |
[INFO] [stdout] 33 |         let res_handler: DelayResultHandler =
[INFO] [stdout]    |                          ^^^^^^^^^^^^^^^^^^ not found in this scope
[INFO] [stdout] 
[INFO] [stdout] 
[INFO] [stdout] error: aborting due to 4 previous errors
[INFO] [stdout] 
[INFO] [stdout] 
[INFO] [stdout] Some errors have detailed explanations: E0412, E0433.
[INFO] [stdout] 
[INFO] [stdout] For more information about an error, try `rustc --explain E0412`.
[INFO] [stdout] 
[INFO] [stderr] error: could not compile `ift-webhook` due to 5 previous errors
[INFO] running `Command { std: "docker" "inspect" "172658ccb16f5cbcf3a0c4fa8008b23c2f0bbb46d676379d4cf707aae2cbba1d", kill_on_drop: false }`
[INFO] running `Command { std: "docker" "rm" "-f" "172658ccb16f5cbcf3a0c4fa8008b23c2f0bbb46d676379d4cf707aae2cbba1d", kill_on_drop: false }`
[INFO] [stdout] 172658ccb16f5cbcf3a0c4fa8008b23c2f0bbb46d676379d4cf707aae2cbba1d
