[INFO] fetching crate icu_provider_fs 0.3.0...
[INFO] testing icu_provider_fs-0.3.0 against beta-2021-08-01 for beta-1.55-1
[INFO] extracting crate icu_provider_fs 0.3.0 into /workspace/builds/worker-3/source
[INFO] validating manifest of crates.io crate icu_provider_fs 0.3.0 on toolchain beta-2021-08-01
[INFO] running `Command { std: "/workspace/cargo-home/bin/cargo" "+beta-2021-08-01" "metadata" "--manifest-path" "Cargo.toml" "--no-deps", kill_on_drop: false }`
[INFO] started tweaking crates.io crate icu_provider_fs 0.3.0
[INFO] finished tweaking crates.io crate icu_provider_fs 0.3.0
[INFO] tweaked toml for crates.io crate icu_provider_fs 0.3.0 written to /workspace/builds/worker-3/source/Cargo.toml
[INFO] running `Command { std: "/workspace/cargo-home/bin/cargo" "+beta-2021-08-01" "generate-lockfile" "--manifest-path" "Cargo.toml" "-Zno-index-update", kill_on_drop: false }`
[INFO] [stderr]     Blocking waiting for file lock on package cache
[INFO] running `Command { std: "/workspace/cargo-home/bin/cargo" "+beta-2021-08-01" "fetch" "--manifest-path" "Cargo.toml", kill_on_drop: false }`
[INFO] [stderr]     Blocking waiting for file lock on package cache
[INFO] running `Command { std: "docker" "create" "-v" "/var/lib/crater-agent-workspace/builds/worker-3/target:/opt/rustwide/target:rw,Z" "-v" "/var/lib/crater-agent-workspace/builds/worker-3/source:/opt/rustwide/workdir:ro,Z" "-v" "/var/lib/crater-agent-workspace/cargo-home:/opt/rustwide/cargo-home:ro,Z" "-v" "/var/lib/crater-agent-workspace/rustup-home:/opt/rustwide/rustup-home:ro,Z" "-e" "SOURCE_DIR=/opt/rustwide/workdir" "-e" "CARGO_TARGET_DIR=/opt/rustwide/target" "-e" "CARGO_HOME=/opt/rustwide/cargo-home" "-e" "RUSTUP_HOME=/opt/rustwide/rustup-home" "-w" "/opt/rustwide/workdir" "-m" "1610612736" "--user" "0:0" "--network" "none" "ghcr.io/rust-lang/crates-build-env/linux@sha256:34b6a614d2c27851fe6cbf88fbd1137609cefab8b10d0615aaeb6fd47975d74e" "/opt/rustwide/cargo-home/bin/cargo" "+beta-2021-08-01" "metadata" "--no-deps" "--format-version=1", kill_on_drop: false }`
[INFO] [stdout] 28d442dad3baa45434013b0f66c7ee82033014d048fface3d85e5b2f5566a4db
[INFO] [stderr] WARNING: Your kernel does not support swap limit capabilities or the cgroup is not mounted. Memory limited without swap.
[INFO] running `Command { std: "docker" "start" "-a" "28d442dad3baa45434013b0f66c7ee82033014d048fface3d85e5b2f5566a4db", kill_on_drop: false }`
[INFO] running `Command { std: "docker" "inspect" "28d442dad3baa45434013b0f66c7ee82033014d048fface3d85e5b2f5566a4db", kill_on_drop: false }`
[INFO] running `Command { std: "docker" "rm" "-f" "28d442dad3baa45434013b0f66c7ee82033014d048fface3d85e5b2f5566a4db", kill_on_drop: false }`
[INFO] [stdout] 28d442dad3baa45434013b0f66c7ee82033014d048fface3d85e5b2f5566a4db
[INFO] running `Command { std: "docker" "create" "-v" "/var/lib/crater-agent-workspace/builds/worker-3/target:/opt/rustwide/target:rw,Z" "-v" "/var/lib/crater-agent-workspace/builds/worker-3/source:/opt/rustwide/workdir:ro,Z" "-v" "/var/lib/crater-agent-workspace/cargo-home:/opt/rustwide/cargo-home:ro,Z" "-v" "/var/lib/crater-agent-workspace/rustup-home:/opt/rustwide/rustup-home:ro,Z" "-e" "SOURCE_DIR=/opt/rustwide/workdir" "-e" "CARGO_TARGET_DIR=/opt/rustwide/target" "-e" "CARGO_INCREMENTAL=0" "-e" "RUST_BACKTRACE=full" "-e" "RUSTFLAGS=--cap-lints=warn" "-e" "CARGO_HOME=/opt/rustwide/cargo-home" "-e" "RUSTUP_HOME=/opt/rustwide/rustup-home" "-w" "/opt/rustwide/workdir" "-m" "1610612736" "--user" "0:0" "--network" "none" "ghcr.io/rust-lang/crates-build-env/linux@sha256:34b6a614d2c27851fe6cbf88fbd1137609cefab8b10d0615aaeb6fd47975d74e" "/opt/rustwide/cargo-home/bin/cargo" "+beta-2021-08-01" "build" "--frozen" "--message-format=json", kill_on_drop: false }`
[INFO] [stdout] f03853da425fae583600689667a6c4c884d7fdb93fb8aff1218431ef561199e4
[INFO] [stderr] WARNING: Your kernel does not support swap limit capabilities or the cgroup is not mounted. Memory limited without swap.
[INFO] running `Command { std: "docker" "start" "-a" "f03853da425fae583600689667a6c4c884d7fdb93fb8aff1218431ef561199e4", kill_on_drop: false }`
[INFO] [stderr]     Blocking waiting for file lock on package cache
[INFO] [stderr]    Compiling icu_provider_fs v0.3.0 (/opt/rustwide/workdir)
[INFO] [stderr]     Finished dev [unoptimized + debuginfo] target(s) in 1.45s
[INFO] running `Command { std: "docker" "inspect" "f03853da425fae583600689667a6c4c884d7fdb93fb8aff1218431ef561199e4", kill_on_drop: false }`
[INFO] running `Command { std: "docker" "rm" "-f" "f03853da425fae583600689667a6c4c884d7fdb93fb8aff1218431ef561199e4", kill_on_drop: false }`
[INFO] [stdout] f03853da425fae583600689667a6c4c884d7fdb93fb8aff1218431ef561199e4
[INFO] running `Command { std: "docker" "create" "-v" "/var/lib/crater-agent-workspace/builds/worker-3/target:/opt/rustwide/target:rw,Z" "-v" "/var/lib/crater-agent-workspace/builds/worker-3/source:/opt/rustwide/workdir:ro,Z" "-v" "/var/lib/crater-agent-workspace/cargo-home:/opt/rustwide/cargo-home:ro,Z" "-v" "/var/lib/crater-agent-workspace/rustup-home:/opt/rustwide/rustup-home:ro,Z" "-e" "SOURCE_DIR=/opt/rustwide/workdir" "-e" "CARGO_TARGET_DIR=/opt/rustwide/target" "-e" "CARGO_INCREMENTAL=0" "-e" "RUST_BACKTRACE=full" "-e" "RUSTFLAGS=--cap-lints=warn" "-e" "CARGO_HOME=/opt/rustwide/cargo-home" "-e" "RUSTUP_HOME=/opt/rustwide/rustup-home" "-w" "/opt/rustwide/workdir" "-m" "1610612736" "--user" "0:0" "--network" "none" "ghcr.io/rust-lang/crates-build-env/linux@sha256:34b6a614d2c27851fe6cbf88fbd1137609cefab8b10d0615aaeb6fd47975d74e" "/opt/rustwide/cargo-home/bin/cargo" "+beta-2021-08-01" "test" "--frozen" "--no-run" "--message-format=json", kill_on_drop: false }`
[INFO] [stdout] 67bb9c97660ccb322cdb6da34ffda2ef1efca52dba233dead912e51acfe13694
[INFO] [stderr] WARNING: Your kernel does not support swap limit capabilities or the cgroup is not mounted. Memory limited without swap.
[INFO] running `Command { std: "docker" "start" "-a" "67bb9c97660ccb322cdb6da34ffda2ef1efca52dba233dead912e51acfe13694", kill_on_drop: false }`
[INFO] [stderr]    Compiling icu_provider_fs v0.3.0 (/opt/rustwide/workdir)
[INFO] [stdout] error[E0433]: failed to resolve: use of undeclared crate or module `icu_plurals`
[INFO] [stdout]  --> tests/test_file_io.rs:7:5
[INFO] [stdout]   |
[INFO] [stdout] 7 | use icu_plurals::provider::*;
[INFO] [stdout]   |     ^^^^^^^^^^^ use of undeclared crate or module `icu_plurals`
[INFO] [stdout] 
[INFO] [stdout] 
[INFO] [stdout] error[E0432]: unresolved import `icu_locid_macros`
[INFO] [stdout]  --> tests/test_file_io.rs:6:5
[INFO] [stdout]   |
[INFO] [stdout] 6 | use icu_locid_macros::langid;
[INFO] [stdout]   |     ^^^^^^^^^^^^^^^^ use of undeclared crate or module `icu_locid_macros`
[INFO] [stdout] 
[INFO] [stdout] 
[INFO] [stdout] error: cannot determine resolution for the macro `langid`
[INFO] [stdout]   --> tests/test_file_io.rs:56:36
[INFO] [stdout]    |
[INFO] [stdout] 56 |         .load_payload(&get_request(langid!("ru")))
[INFO] [stdout]    |                                    ^^^^^^
[INFO] [stdout]    |
[INFO] [stdout]    = note: import resolution is stuck, try simplifying macro imports
[INFO] [stdout] 
[INFO] [stdout] 
[INFO] [stdout] error: cannot determine resolution for the macro `langid`
[INFO] [stdout]   --> tests/test_file_io.rs:70:36
[INFO] [stdout]    |
[INFO] [stdout] 70 |         .load_payload(&get_request(langid!("ru")))
[INFO] [stdout]    |                                    ^^^^^^
[INFO] [stdout]    |
[INFO] [stdout]    = note: import resolution is stuck, try simplifying macro imports
[INFO] [stdout] 
[INFO] [stdout] 
[INFO] [stdout] error: cannot determine resolution for the macro `langid`
[INFO] [stdout]   --> tests/test_file_io.rs:92:38
[INFO] [stdout]    |
[INFO] [stdout] 92 |                         langid: Some(langid!("ru"))
[INFO] [stdout]    |                                      ^^^^^^
[INFO] [stdout]    |
[INFO] [stdout]    = note: import resolution is stuck, try simplifying macro imports
[INFO] [stdout] 
[INFO] [stdout] 
[INFO] [stdout] error: cannot determine resolution for the macro `langid`
[INFO] [stdout]    --> tests/test_file_io.rs:108:38
[INFO] [stdout]     |
[INFO] [stdout] 108 |                         langid: Some(langid!("zh"))
[INFO] [stdout]     |                                      ^^^^^^
[INFO] [stdout]     |
[INFO] [stdout]     = note: import resolution is stuck, try simplifying macro imports
[INFO] [stdout] 
[INFO] [stdout] 
[INFO] [stdout] error: cannot determine resolution for the macro `langid`
[INFO] [stdout]    --> tests/test_file_io.rs:124:38
[INFO] [stdout]     |
[INFO] [stdout] 124 |                         langid: Some(langid!("ru"))
[INFO] [stdout]     |                                      ^^^^^^
[INFO] [stdout]     |
[INFO] [stdout]     = note: import resolution is stuck, try simplifying macro imports
[INFO] [stdout] 
[INFO] [stdout] 
[INFO] [stdout] error: cannot determine resolution for the macro `langid`
[INFO] [stdout]    --> tests/test_file_io.rs:140:38
[INFO] [stdout]     |
[INFO] [stdout] 140 |                         langid: Some(langid!("ru"))
[INFO] [stdout]     |                                      ^^^^^^
[INFO] [stdout]     |
[INFO] [stdout]     = note: import resolution is stuck, try simplifying macro imports
[INFO] [stdout] 
[INFO] [stdout] 
[INFO] [stdout] error[E0433]: failed to resolve: use of undeclared crate or module `key`
[INFO] [stdout]   --> tests/test_file_io.rs:41:18
[INFO] [stdout]    |
[INFO] [stdout] 41 |             key: key::CARDINAL_V1,
[INFO] [stdout]    |                  ^^^ use of undeclared crate or module `key`
[INFO] [stdout] 
[INFO] [stdout] 
[INFO] [stdout] error[E0433]: failed to resolve: use of undeclared crate or module `key`
[INFO] [stdout]   --> tests/test_file_io.rs:89:26
[INFO] [stdout]    |
[INFO] [stdout] 89 |                     key: key::CARDINAL_V1,
[INFO] [stdout]    |                          ^^^ use of undeclared crate or module `key`
[INFO] [stdout] 
[INFO] [stdout] 
[INFO] [stdout] error[E0433]: failed to resolve: use of undeclared crate or module `key`
[INFO] [stdout]    --> tests/test_file_io.rs:105:26
[INFO] [stdout]     |
[INFO] [stdout] 105 |                     key: key::CARDINAL_V1,
[INFO] [stdout]     |                          ^^^ use of undeclared crate or module `key`
[INFO] [stdout] 
[INFO] [stdout] 
[INFO] [stdout] error[E0433]: failed to resolve: use of undeclared crate or module `key`
[INFO] [stdout]    --> tests/test_file_io.rs:121:26
[INFO] [stdout]     |
[INFO] [stdout] 121 |                     key: key::ORDINAL_V1,
[INFO] [stdout]     |                          ^^^ use of undeclared crate or module `key`
[INFO] [stdout] 
[INFO] [stdout] 
[INFO] [stdout] error[E0412]: cannot find type `PluralRuleStringsV1` in this scope
[INFO] [stdout]   --> tests/test_file_io.rs:13:25
[INFO] [stdout]    |
[INFO] [stdout] 13 | const EXPECTED_RU_DATA: PluralRuleStringsV1 = PluralRuleStringsV1 {
[INFO] [stdout]    |                         ^^^^^^^^^^^^^^^^^^^ not found in this scope
[INFO] [stdout] 
[INFO] [stdout] 
[INFO] [stdout] error[E0422]: cannot find struct, variant or union type `PluralRuleStringsV1` in this scope
[INFO] [stdout]   --> tests/test_file_io.rs:13:47
[INFO] [stdout]    |
[INFO] [stdout] 13 | const EXPECTED_RU_DATA: PluralRuleStringsV1 = PluralRuleStringsV1 {
[INFO] [stdout]    |                                               ^^^^^^^^^^^^^^^^^^^ not found in this scope
[INFO] [stdout] 
[INFO] [stdout] 
[INFO] [stdout] error[E0412]: cannot find type `PluralRuleStringsV1Marker` in this scope
[INFO] [stdout]   --> tests/test_file_io.rs:55:35
[INFO] [stdout]    |
[INFO] [stdout] 51 | fn test_json() {
[INFO] [stdout]    |             - help: you might be missing a type parameter: `<PluralRuleStringsV1Marker>`
[INFO] [stdout] ...
[INFO] [stdout] 55 |     let plurals_data: DataPayload<PluralRuleStringsV1Marker> = provider
[INFO] [stdout]    |                                   ^^^^^^^^^^^^^^^^^^^^^^^^^ not found in this scope
[INFO] [stdout] 
[INFO] [stdout] 
[INFO] [stdout] error[E0412]: cannot find type `PluralRuleStringsV1Marker` in this scope
[INFO] [stdout]   --> tests/test_file_io.rs:68:35
[INFO] [stdout]    |
[INFO] [stdout] 64 | fn test_json_dyn_erased_serde() {
[INFO] [stdout]    |                              - help: you might be missing a type parameter: `<PluralRuleStringsV1Marker>`
[INFO] [stdout] ...
[INFO] [stdout] 68 |     let plurals_data: DataPayload<PluralRuleStringsV1Marker> = (&provider
[INFO] [stdout]    |                                   ^^^^^^^^^^^^^^^^^^^^^^^^^ not found in this scope
[INFO] [stdout] 
[INFO] [stdout] 
[INFO] [stdout] error[E0412]: cannot find type `PluralRuleStringsV1Marker` in this scope
[INFO] [stdout]   --> tests/test_file_io.rs:82:52
[INFO] [stdout]    |
[INFO] [stdout] 82 |     type Provider<'data> = dyn DataProvider<'data, PluralRuleStringsV1Marker>;
[INFO] [stdout]    |                        -                           ^^^^^^^^^^^^^^^^^^^^^^^^^ not found in this scope
[INFO] [stdout]    |                        |
[INFO] [stdout]    |                        help: you might be missing a type parameter: `, PluralRuleStringsV1Marker`
[INFO] [stdout] 
[INFO] [stdout] 
[INFO] [stdout] error: aborting due to 17 previous errors
[INFO] [stdout] 
[INFO] [stdout] 
[INFO] [stdout] Some errors have detailed explanations: E0412, E0422, E0432, E0433.
[INFO] [stdout] 
[INFO] [stdout] For more information about an error, try `rustc --explain E0412`.
[INFO] [stdout] 
[INFO] [stderr] error: could not compile `icu_provider_fs` due to 18 previous errors
[INFO] [stderr] warning: build failed, waiting for other jobs to finish...
[INFO] [stderr] error: build failed
[INFO] running `Command { std: "docker" "inspect" "67bb9c97660ccb322cdb6da34ffda2ef1efca52dba233dead912e51acfe13694", kill_on_drop: false }`
[INFO] running `Command { std: "docker" "rm" "-f" "67bb9c97660ccb322cdb6da34ffda2ef1efca52dba233dead912e51acfe13694", kill_on_drop: false }`
[INFO] [stdout] 67bb9c97660ccb322cdb6da34ffda2ef1efca52dba233dead912e51acfe13694
