[INFO] fetching crate hubcaps-ex 0.6.2...
[INFO] testing hubcaps-ex-0.6.2 against 1.54.0 for beta-1.55-1
[INFO] extracting crate hubcaps-ex 0.6.2 into /workspace/builds/worker-51/source
[INFO] validating manifest of crates.io crate hubcaps-ex 0.6.2 on toolchain 1.54.0
[INFO] running `Command { std: "/workspace/cargo-home/bin/cargo" "+1.54.0" "metadata" "--manifest-path" "Cargo.toml" "--no-deps", kill_on_drop: false }`
[INFO] started tweaking crates.io crate hubcaps-ex 0.6.2
[INFO] finished tweaking crates.io crate hubcaps-ex 0.6.2
[INFO] tweaked toml for crates.io crate hubcaps-ex 0.6.2 written to /workspace/builds/worker-51/source/Cargo.toml
[INFO] crate crates.io crate hubcaps-ex 0.6.2 already has a lockfile, it will not be regenerated
[INFO] running `Command { std: "/workspace/cargo-home/bin/cargo" "+1.54.0" "fetch" "--manifest-path" "Cargo.toml", kill_on_drop: false }`
[INFO] [stderr]     Blocking waiting for file lock on package cache
[INFO] [stderr]     Blocking waiting for file lock on package cache
[INFO] running `Command { std: "docker" "create" "-v" "/var/lib/crater-agent-workspace/builds/worker-51/target:/opt/rustwide/target:rw,Z" "-v" "/var/lib/crater-agent-workspace/builds/worker-51/source:/opt/rustwide/workdir:ro,Z" "-v" "/var/lib/crater-agent-workspace/cargo-home:/opt/rustwide/cargo-home:ro,Z" "-v" "/var/lib/crater-agent-workspace/rustup-home:/opt/rustwide/rustup-home:ro,Z" "-e" "SOURCE_DIR=/opt/rustwide/workdir" "-e" "CARGO_TARGET_DIR=/opt/rustwide/target" "-e" "CARGO_HOME=/opt/rustwide/cargo-home" "-e" "RUSTUP_HOME=/opt/rustwide/rustup-home" "-w" "/opt/rustwide/workdir" "-m" "1610612736" "--user" "0:0" "--network" "none" "ghcr.io/rust-lang/crates-build-env/linux@sha256:34b6a614d2c27851fe6cbf88fbd1137609cefab8b10d0615aaeb6fd47975d74e" "/opt/rustwide/cargo-home/bin/cargo" "+1.54.0" "metadata" "--no-deps" "--format-version=1", kill_on_drop: false }`
[INFO] [stdout] f6c5f7711728a67cfc852789939c964714f49348a11e2d6e73a00e6356c87190
[INFO] running `Command { std: "docker" "start" "-a" "f6c5f7711728a67cfc852789939c964714f49348a11e2d6e73a00e6356c87190", kill_on_drop: false }`
[INFO] running `Command { std: "docker" "inspect" "f6c5f7711728a67cfc852789939c964714f49348a11e2d6e73a00e6356c87190", kill_on_drop: false }`
[INFO] running `Command { std: "docker" "rm" "-f" "f6c5f7711728a67cfc852789939c964714f49348a11e2d6e73a00e6356c87190", kill_on_drop: false }`
[INFO] [stdout] f6c5f7711728a67cfc852789939c964714f49348a11e2d6e73a00e6356c87190
[INFO] running `Command { std: "docker" "create" "-v" "/var/lib/crater-agent-workspace/builds/worker-51/target:/opt/rustwide/target:rw,Z" "-v" "/var/lib/crater-agent-workspace/builds/worker-51/source:/opt/rustwide/workdir:ro,Z" "-v" "/var/lib/crater-agent-workspace/cargo-home:/opt/rustwide/cargo-home:ro,Z" "-v" "/var/lib/crater-agent-workspace/rustup-home:/opt/rustwide/rustup-home:ro,Z" "-e" "SOURCE_DIR=/opt/rustwide/workdir" "-e" "CARGO_TARGET_DIR=/opt/rustwide/target" "-e" "CARGO_INCREMENTAL=0" "-e" "RUST_BACKTRACE=full" "-e" "RUSTFLAGS=--cap-lints=warn" "-e" "CARGO_HOME=/opt/rustwide/cargo-home" "-e" "RUSTUP_HOME=/opt/rustwide/rustup-home" "-w" "/opt/rustwide/workdir" "-m" "1610612736" "--user" "0:0" "--network" "none" "ghcr.io/rust-lang/crates-build-env/linux@sha256:34b6a614d2c27851fe6cbf88fbd1137609cefab8b10d0615aaeb6fd47975d74e" "/opt/rustwide/cargo-home/bin/cargo" "+1.54.0" "build" "--frozen" "--message-format=json", kill_on_drop: false }`
[INFO] [stdout] 51a1f8994024ea59aa7c7b9d5f24ee47dc55a45dad0a9cc444a349c7bc846da7
[INFO] running `Command { std: "docker" "start" "-a" "51a1f8994024ea59aa7c7b9d5f24ee47dc55a45dad0a9cc444a349c7bc846da7", kill_on_drop: false }`
[INFO] [stderr]     Blocking waiting for file lock on package cache
[INFO] [stderr]    Compiling proc-macro2 v1.0.24
[INFO] [stderr]    Compiling unicode-xid v0.2.1
[INFO] [stderr]    Compiling syn v1.0.60
[INFO] [stderr]    Compiling libc v0.2.84
[INFO] [stderr]    Compiling memchr v2.3.4
[INFO] [stderr]    Compiling cc v1.0.66
[INFO] [stderr]    Compiling log v0.4.14
[INFO] [stderr]    Compiling pin-project-lite v0.2.4
[INFO] [stderr]    Compiling bytes v1.0.1
[INFO] [stderr]    Compiling itoa v0.4.7
[INFO] [stderr]    Compiling futures-core v0.3.12
[INFO] [stderr]    Compiling pin-project-internal v0.4.27
[INFO] [stderr]    Compiling futures-sink v0.3.12
[INFO] [stderr]    Compiling fnv v1.0.7
[INFO] [stderr]    Compiling serde_derive v1.0.123
[INFO] [stderr]    Compiling openssl v0.10.32
[INFO] [stderr]    Compiling pin-utils v0.1.0
[INFO] [stderr]    Compiling httparse v1.3.4
[INFO] [stderr]    Compiling foreign-types-shared v0.1.1
[INFO] [stderr]    Compiling ryu v1.0.5
[INFO] [stderr]    Compiling futures-task v0.3.12
[INFO] [stderr]    Compiling serde v1.0.123
[INFO] [stderr]    Compiling once_cell v1.5.2
[INFO] [stderr]    Compiling hashbrown v0.9.1
[INFO] [stderr]    Compiling native-tls v0.2.7
[INFO] [stderr]    Compiling try-lock v0.2.3
[INFO] [stderr]    Compiling httpdate v0.3.2
[INFO] [stderr]    Compiling openssl-probe v0.1.2
[INFO] [stderr]    Compiling version_check v0.9.2
[INFO] [stderr]    Compiling base64 v0.13.0
[INFO] [stderr]    Compiling slab v0.4.2
[INFO] [stderr]    Compiling encoding_rs v0.8.26
[INFO] [stderr]    Compiling tower-service v0.3.1
[INFO] [stderr]    Compiling regex-syntax v0.6.22
[INFO] [stderr]    Compiling serde_json v1.0.61
[INFO] [stderr]    Compiling spin v0.5.2
[INFO] [stderr]    Compiling hyperx v1.3.0
[INFO] [stderr]    Compiling untrusted v0.7.1
[INFO] [stderr]    Compiling mime v0.3.16
[INFO] [stderr]    Compiling language-tags v0.2.2
[INFO] [stderr]    Compiling base64 v0.12.3
[INFO] [stderr]    Compiling ipnet v2.3.0
[INFO] [stderr]    Compiling futures-io v0.3.12
[INFO] [stderr]    Compiling data-encoding v2.3.2
[INFO] [stderr]    Compiling tokio v1.1.0
[INFO] [stderr]    Compiling num-traits v0.2.14
[INFO] [stderr]    Compiling num-integer v0.1.44
[INFO] [stderr]    Compiling indexmap v1.6.1
[INFO] [stderr]    Compiling num-bigint v0.2.6
[INFO] [stderr]    Compiling tracing-core v0.1.17
[INFO] [stderr]    Compiling tinyvec v1.1.1
[INFO] [stderr]    Compiling form_urlencoded v1.0.0
[INFO] [stderr]    Compiling unicode-bidi v0.3.4
[INFO] [stderr]    Compiling tracing v0.1.22
[INFO] [stderr]    Compiling futures-util v0.3.12
[INFO] [stderr]    Compiling futures-channel v0.3.12
[INFO] [stderr]    Compiling thread_local v1.1.2
[INFO] [stderr]    Compiling foreign-types v0.3.2
[INFO] [stderr]    Compiling unicase v2.6.0
[INFO] [stderr]    Compiling aho-corasick v0.7.15
[INFO] [stderr]    Compiling http v0.2.3
[INFO] [stderr]    Compiling want v0.3.0
[INFO] [stderr]    Compiling futures v0.3.12
[INFO] [stderr]    Compiling quote v1.0.8
[INFO] [stderr]    Compiling openssl-sys v0.9.60
[INFO] [stderr]    Compiling ring v0.16.19
[INFO] [stderr]    Compiling num_cpus v1.13.0
[INFO] [stderr]    Compiling mio v0.7.7
[INFO] [stderr]    Compiling time v0.1.43
[INFO] [stderr]    Compiling socket2 v0.3.19
[INFO] [stderr]    Compiling unicode-normalization v0.1.16
[INFO] [stderr]    Compiling chrono v0.4.19
[INFO] [stderr]    Compiling regex v1.4.3
[INFO] [stderr]    Compiling idna v0.2.0
[INFO] [stderr]    Compiling http-body v0.4.0
[INFO] [stderr]    Compiling url v2.2.0
[INFO] [stderr]    Compiling simple_asn1 v0.4.1
[INFO] [stderr]    Compiling pem v0.8.2
[INFO] [stderr]    Compiling tokio-macros v1.0.0
[INFO] [stderr]    Compiling async-stream-impl v0.3.0
[INFO] [stderr]    Compiling pin-project-internal v1.0.4
[INFO] [stderr]    Compiling async-stream v0.3.0
[INFO] [stderr]    Compiling pin-project v1.0.4
[INFO] [stderr]    Compiling pin-project v0.4.27
[INFO] [stderr]    Compiling tracing-futures v0.2.4
[INFO] [stderr]    Compiling tokio-stream v0.1.2
[INFO] [stderr]    Compiling tokio-native-tls v0.3.0
[INFO] [stderr]    Compiling tokio-util v0.6.2
[INFO] [stderr]    Compiling h2 v0.3.0
[INFO] [stderr]    Compiling serde_urlencoded v0.7.0
[INFO] [stderr]    Compiling jsonwebtoken v7.2.0
[INFO] [stderr]    Compiling hyper v0.14.2
[INFO] [stderr]    Compiling hyper-tls v0.5.0
[INFO] [stderr]    Compiling reqwest v0.11.0
[INFO] [stderr]    Compiling hubcaps-ex v0.6.2 (/opt/rustwide/workdir)
[INFO] [stderr]     Finished dev [unoptimized + debuginfo] target(s) in 1m 10s
[INFO] running `Command { std: "docker" "inspect" "51a1f8994024ea59aa7c7b9d5f24ee47dc55a45dad0a9cc444a349c7bc846da7", kill_on_drop: false }`
[INFO] running `Command { std: "docker" "rm" "-f" "51a1f8994024ea59aa7c7b9d5f24ee47dc55a45dad0a9cc444a349c7bc846da7", kill_on_drop: false }`
[INFO] [stdout] 51a1f8994024ea59aa7c7b9d5f24ee47dc55a45dad0a9cc444a349c7bc846da7
[INFO] running `Command { std: "docker" "create" "-v" "/var/lib/crater-agent-workspace/builds/worker-51/target:/opt/rustwide/target:rw,Z" "-v" "/var/lib/crater-agent-workspace/builds/worker-51/source:/opt/rustwide/workdir:ro,Z" "-v" "/var/lib/crater-agent-workspace/cargo-home:/opt/rustwide/cargo-home:ro,Z" "-v" "/var/lib/crater-agent-workspace/rustup-home:/opt/rustwide/rustup-home:ro,Z" "-e" "SOURCE_DIR=/opt/rustwide/workdir" "-e" "CARGO_TARGET_DIR=/opt/rustwide/target" "-e" "CARGO_INCREMENTAL=0" "-e" "RUST_BACKTRACE=full" "-e" "RUSTFLAGS=--cap-lints=warn" "-e" "CARGO_HOME=/opt/rustwide/cargo-home" "-e" "RUSTUP_HOME=/opt/rustwide/rustup-home" "-w" "/opt/rustwide/workdir" "-m" "1610612736" "--user" "0:0" "--network" "none" "ghcr.io/rust-lang/crates-build-env/linux@sha256:34b6a614d2c27851fe6cbf88fbd1137609cefab8b10d0615aaeb6fd47975d74e" "/opt/rustwide/cargo-home/bin/cargo" "+1.54.0" "test" "--frozen" "--no-run" "--message-format=json", kill_on_drop: false }`
[INFO] [stdout] 5ea373aaabcd4b292e55b1523b7074a1cd2ca50c39608d46deb5cb0a51a7fc18
[INFO] running `Command { std: "docker" "start" "-a" "5ea373aaabcd4b292e55b1523b7074a1cd2ca50c39608d46deb5cb0a51a7fc18", kill_on_drop: false }`
[INFO] [stderr]    Compiling quick-error v1.2.3
[INFO] [stderr]    Compiling termcolor v1.1.2
[INFO] [stderr]    Compiling atty v0.2.14
[INFO] [stderr]    Compiling humantime v1.3.0
[INFO] [stderr]    Compiling env_logger v0.7.1
[INFO] [stderr]    Compiling pretty_env_logger v0.4.0
[INFO] [stderr]    Compiling hubcaps-ex v0.6.2 (/opt/rustwide/workdir)
[INFO] [stdout] error[E0433]: failed to resolve: use of undeclared crate or module `hubcaps`
[INFO] [stdout]  --> examples/notifications.rs:1:5
[INFO] [stdout]   |
[INFO] [stdout] 1 | use hubcaps::notifications::ThreadListOptions;
[INFO] [stdout]   |     ^^^^^^^ use of undeclared crate or module `hubcaps`
[INFO] [stdout] 
[INFO] [stdout] 
[INFO] [stdout] error[E0433]: failed to resolve: use of undeclared crate or module `hubcaps`
[INFO] [stdout]  --> examples/branches.rs:2:5
[INFO] [stdout]   |
[INFO] [stdout] 2 | use hubcaps::branches::Protection;
[INFO] [stdout]   |     ^^^^^^^ use of undeclared crate or module `hubcaps`
[INFO] [stdout] 
[INFO] [stdout] 
[INFO] [stdout] error[E0432]: unresolved import `hubcaps`
[INFO] [stdout]  --> examples/git.rs:1:5
[INFO] [stdout]   |
[INFO] [stdout] 1 | use hubcaps::{Credentials, Github};
[INFO] [stdout]   |     ^^^^^^^ use of undeclared crate or module `hubcaps`
[INFO] [stdout] 
[INFO] [stdout] 
[INFO] [stdout] error[E0433]: failed to resolve: use of undeclared crate or module `hubcaps`
[INFO] [stdout]  --> examples/gists_create.rs:1:5
[INFO] [stdout]   |
[INFO] [stdout] 1 | use hubcaps::gists::{Content, GistOptions};
[INFO] [stdout]   |     ^^^^^^^ use of undeclared crate or module `hubcaps`
[INFO] [stdout] 
[INFO] [stdout] 
[INFO] [stdout] error[E0433]: failed to resolve: use of undeclared crate or module `hubcaps`
[INFO] [stdout]  --> examples/teams.rs:2:5
[INFO] [stdout]   |
[INFO] [stdout] 2 | use hubcaps::teams::{TeamMemberOptions, TeamMemberRole, TeamOptions};
[INFO] [stdout]   |     ^^^^^^^ use of undeclared crate or module `hubcaps`
[INFO] [stdout] 
[INFO] [stdout] 
[INFO] [stdout] error[E0432]: unresolved import `hubcaps`
[INFO] [stdout]  --> examples/branches.rs:3:5
[INFO] [stdout]   |
[INFO] [stdout] 3 | use hubcaps::{Credentials, Github};
[INFO] [stdout]   |     ^^^^^^^ use of undeclared crate or module `hubcaps`
[INFO] [stdout] 
[INFO] [stdout] 
[INFO] [stdout] error[E0432]: unresolved import `hubcaps`
[INFO] [stdout]  --> examples/repo_commits.rs:1:5
[INFO] [stdout]   |
[INFO] [stdout] 1 | use hubcaps::{Credentials, Github, Result};
[INFO] [stdout]   |     ^^^^^^^ use of undeclared crate or module `hubcaps`
[INFO] [stdout] 
[INFO] [stdout] 
[INFO] [stdout] error[E0432]: unresolved import `hubcaps`
[INFO] [stdout]  --> examples/notifications.rs:2:5
[INFO] [stdout]   |
[INFO] [stdout] 2 | use hubcaps::{Credentials, Github};
[INFO] [stdout]   |     ^^^^^^^ use of undeclared crate or module `hubcaps`
[INFO] [stdout] 
[INFO] [stdout] 
[INFO] [stdout] error[E0422]: cannot find struct, variant or union type `Protection` in this scope
[INFO] [stdout]   --> examples/branches.rs:45:14
[INFO] [stdout]    |
[INFO] [stdout] 45 |             &Protection {
[INFO] [stdout]    |              ^^^^^^^^^^ not found in this scope
[INFO] [stdout]    |
[INFO] [stdout] help: consider importing this struct
[INFO] [stdout]    |
[INFO] [stdout] 1  | use hubcaps_ex::branches::Protection;
[INFO] [stdout]    |
[INFO] [stdout] 
[INFO] [stdout] 
[INFO] [stdout] error[E0432]: unresolved import `hubcaps`
[INFO] [stdout]  --> examples/fork.rs:1:5
[INFO] [stdout]   |
[INFO] [stdout] 1 | use hubcaps::{Credentials, Github};
[INFO] [stdout]   |     ^^^^^^^ use of undeclared crate or module `hubcaps`
[INFO] [stdout] 
[INFO] [stdout] 
[INFO] [stdout] error: aborting due to previous error
[INFO] [stdout] 
[INFO] [stdout] 
[INFO] [stdout] For more information about this error, try `rustc --explain E0432`.
[INFO] [stdout] 
[INFO] [stdout] error[E0433]: failed to resolve: use of undeclared type `ThreadListOptions`
[INFO] [stdout]   --> examples/notifications.rs:15:16
[INFO] [stdout]    |
[INFO] [stdout] 15 |     let opts = ThreadListOptions::builder().all(true).build();
[INFO] [stdout]    |                ^^^^^^^^^^^^^^^^^ not found in this scope
[INFO] [stdout]    |
[INFO] [stdout] help: consider importing this struct
[INFO] [stdout]    |
[INFO] [stdout] 1  | use hubcaps_ex::notifications::ThreadListOptions;
[INFO] [stdout]    |
[INFO] [stdout] 
[INFO] [stdout] 
[INFO] [stdout] error[E0432]: unresolved import `hubcaps`
[INFO] [stdout]  --> examples/teams.rs:3:5
[INFO] [stdout]   |
[INFO] [stdout] 3 | use hubcaps::{Credentials, Github};
[INFO] [stdout]   |     ^^^^^^^ use of undeclared crate or module `hubcaps`
[INFO] [stdout] 
[INFO] [stdout] 
[INFO] [stdout] warning: unused import: `futures::prelude`
[INFO] [stdout]  --> examples/branches.rs:1:5
[INFO] [stdout]   |
[INFO] [stdout] 1 | use futures::prelude::*;
[INFO] [stdout]   |     ^^^^^^^^^^^^^^^^
[INFO] [stdout]   |
[INFO] [stdout]   = note: `#[warn(unused_imports)]` on by default
[INFO] [stdout] 
[INFO] [stdout] 
[INFO] [stdout] error: aborting due to previous error
[INFO] [stdout] 
[INFO] [stdout] 
[INFO] [stdout] For more information about this error, try `rustc --explain E0432`.
[INFO] [stdout] 
[INFO] [stdout] error: aborting due to 3 previous errors; 1 warning emitted
[INFO] [stdout] 
[INFO] [stdout] 
[INFO] [stdout] Some errors have detailed explanations: E0422, E0432, E0433.
[INFO] [stdout] 
[INFO] [stdout] For more information about an error, try `rustc --explain E0422`.
[INFO] [stdout] 
[INFO] [stderr] error: could not compile `hubcaps-ex`
[INFO] [stderr] 
[INFO] [stderr] To learn more, run the command again with --verbose.
[INFO] [stderr] warning: build failed, waiting for other jobs to finish...
[INFO] [stdout] error[E0433]: failed to resolve: use of undeclared type `TeamMemberRole`
[INFO] [stdout]   --> examples/teams.rs:70:23
[INFO] [stdout]    |
[INFO] [stdout] 70 |                 role: TeamMemberRole::Member,
[INFO] [stdout]    |                       ^^^^^^^^^^^^^^ use of undeclared type `TeamMemberRole`
[INFO] [stdout] 
[INFO] [stdout] 
[INFO] [stdout] error[E0422]: cannot find struct, variant or union type `TeamOptions` in this scope
[INFO] [stdout]   --> examples/teams.rs:44:18
[INFO] [stdout]    |
[INFO] [stdout] 44 |         .create(&TeamOptions {
[INFO] [stdout]    |                  ^^^^^^^^^^^ not found in this scope
[INFO] [stdout]    |
[INFO] [stdout] help: consider importing this struct
[INFO] [stdout]    |
[INFO] [stdout] 1  | use hubcaps_ex::teams::TeamOptions;
[INFO] [stdout]    |
[INFO] [stdout] 
[INFO] [stdout] 
[INFO] [stdout] error[E0422]: cannot find struct, variant or union type `TeamOptions` in this scope
[INFO] [stdout]   --> examples/teams.rs:56:18
[INFO] [stdout]    |
[INFO] [stdout] 56 |         .update(&TeamOptions {
[INFO] [stdout]    |                  ^^^^^^^^^^^ not found in this scope
[INFO] [stdout]    |
[INFO] [stdout] help: consider importing this struct
[INFO] [stdout]    |
[INFO] [stdout] 1  | use hubcaps_ex::teams::TeamOptions;
[INFO] [stdout]    |
[INFO] [stdout] 
[INFO] [stdout] 
[INFO] [stdout] error[E0422]: cannot find struct, variant or union type `TeamMemberOptions` in this scope
[INFO] [stdout]   --> examples/teams.rs:69:13
[INFO] [stdout]    |
[INFO] [stdout] 69 |             TeamMemberOptions {
[INFO] [stdout]    |             ^^^^^^^^^^^^^^^^^ not found in this scope
[INFO] [stdout]    |
[INFO] [stdout] help: consider importing this struct
[INFO] [stdout]    |
[INFO] [stdout] 1  | use hubcaps_ex::teams::TeamMemberOptions;
[INFO] [stdout]    |
[INFO] [stdout] 
[INFO] [stdout] 
[INFO] [stdout] error[E0432]: unresolved import `hubcaps`
[INFO] [stdout]  --> examples/gists_create.rs:2:5
[INFO] [stdout]   |
[INFO] [stdout] 2 | use hubcaps::{Credentials, Github};
[INFO] [stdout]   |     ^^^^^^^ use of undeclared crate or module `hubcaps`
[INFO] [stdout] 
[INFO] [stdout] 
[INFO] [stdout] error[E0433]: failed to resolve: use of undeclared type `GistOptions`
[INFO] [stdout]   --> examples/gists_create.rs:19:19
[INFO] [stdout]    |
[INFO] [stdout] 19 |     let options = GistOptions::new(Some("gist description"), false, files);
[INFO] [stdout]    |                   ^^^^^^^^^^^ not found in this scope
[INFO] [stdout]    |
[INFO] [stdout] help: consider importing this struct
[INFO] [stdout]    |
[INFO] [stdout] 1  | use hubcaps_ex::gists::GistOptions;
[INFO] [stdout]    |
[INFO] [stdout] 
[INFO] [stdout] 
[INFO] [stdout] error[E0433]: failed to resolve: use of undeclared type `GistOptions`
[INFO] [stdout]   --> examples/gists_create.rs:26:19
[INFO] [stdout]    |
[INFO] [stdout] 26 |     let options = GistOptions::new(None as Option<String>, false, files);
[INFO] [stdout]    |                   ^^^^^^^^^^^ not found in this scope
[INFO] [stdout]    |
[INFO] [stdout] help: consider importing this struct
[INFO] [stdout]    |
[INFO] [stdout] 1  | use hubcaps_ex::gists::GistOptions;
[INFO] [stdout]    |
[INFO] [stdout] 
[INFO] [stdout] 
[INFO] [stdout] error[E0433]: failed to resolve: use of undeclared type `Content`
[INFO] [stdout]   --> examples/gists_create.rs:34:9
[INFO] [stdout]    |
[INFO] [stdout] 34 |         Content::new(Some("file2"), "Hello World!!"),
[INFO] [stdout]    |         ^^^^^^^ not found in this scope
[INFO] [stdout]    |
[INFO] [stdout] help: consider importing one of these items
[INFO] [stdout]    |
[INFO] [stdout] 1  | use hubcaps_ex::content::Content;
[INFO] [stdout]    |
[INFO] [stdout] 1  | use hubcaps_ex::gists::Content;
[INFO] [stdout]    |
[INFO] [stdout] 1  | use serde::__private::de::Content;
[INFO] [stdout]    |
[INFO] [stdout] 
[INFO] [stdout] 
[INFO] [stdout] error[E0422]: cannot find struct, variant or union type `GistOptions` in this scope
[INFO] [stdout]   --> examples/gists_create.rs:36:19
[INFO] [stdout]    |
[INFO] [stdout] 36 |     let options = GistOptions {
[INFO] [stdout]    |                   ^^^^^^^^^^^ not found in this scope
[INFO] [stdout]    |
[INFO] [stdout] help: consider importing this struct
[INFO] [stdout]    |
[INFO] [stdout] 1  | use hubcaps_ex::gists::GistOptions;
[INFO] [stdout]    |
[INFO] [stdout] 
[INFO] [stdout] 
[INFO] [stdout] error[E0432]: unresolved import `hubcaps`
[INFO] [stdout]  --> examples/users.rs:1:5
[INFO] [stdout]   |
[INFO] [stdout] 1 | use hubcaps::{Credentials, Github};
[INFO] [stdout]   |     ^^^^^^^ use of undeclared crate or module `hubcaps`
[INFO] [stdout] 
[INFO] [stdout] 
[INFO] [stdout] warning: unused import: `futures::prelude`
[INFO] [stdout]  --> examples/teams.rs:1:5
[INFO] [stdout]   |
[INFO] [stdout] 1 | use futures::prelude::*;
[INFO] [stdout]   |     ^^^^^^^^^^^^^^^^
[INFO] [stdout]   |
[INFO] [stdout]   = note: `#[warn(unused_imports)]` on by default
[INFO] [stdout] 
[INFO] [stdout] 
[INFO] [stdout] error[E0432]: unresolved import `hubcaps`
[INFO] [stdout]  --> examples/invitations.rs:2:5
[INFO] [stdout]   |
[INFO] [stdout] 2 | use hubcaps::{Credentials, Github, InstallationTokenGenerator, JWTCredentials};
[INFO] [stdout]   |     ^^^^^^^ use of undeclared crate or module `hubcaps`
[INFO] [stdout] 
[INFO] [stdout] 
[INFO] [stdout] error: aborting due to 6 previous errors; 1 warning emitted
[INFO] [stdout] 
[INFO] [stdout] 
[INFO] [stdout] Some errors have detailed explanations: E0422, E0432, E0433.
[INFO] [stdout] 
[INFO] [stdout] For more information about an error, try `rustc --explain E0422`.
[INFO] [stdout] 
[INFO] [stdout] error: aborting due to 3 previous errors
[INFO] [stdout] 
[INFO] [stdout] 
[INFO] [stdout] Some errors have detailed explanations: E0432, E0433.
[INFO] [stdout] 
[INFO] [stdout] For more information about an error, try `rustc --explain E0432`.
[INFO] [stdout] 
[INFO] [stdout] error[E0433]: failed to resolve: use of undeclared crate or module `hubcaps`
[INFO] [stdout]  --> examples/forks.rs:2:5
[INFO] [stdout]   |
[INFO] [stdout] 2 | use hubcaps::repositories::ForkListOptions;
[INFO] [stdout]   |     ^^^^^^^ use of undeclared crate or module `hubcaps`
[INFO] [stdout] 
[INFO] [stdout] 
[INFO] [stdout] error[E0433]: failed to resolve: use of undeclared crate or module `hubcaps`
[INFO] [stdout]  --> examples/search_issues.rs:2:5
[INFO] [stdout]   |
[INFO] [stdout] 2 | use hubcaps::search::SearchIssuesOptions;
[INFO] [stdout]   |     ^^^^^^^ use of undeclared crate or module `hubcaps`
[INFO] [stdout] 
[INFO] [stdout] 
[INFO] [stdout] error: aborting due to 6 previous errors
[INFO] [stdout] 
[INFO] [stdout] 
[INFO] [stdout] Some errors have detailed explanations: E0422, E0432, E0433.
[INFO] [stdout] 
[INFO] [stdout] For more information about an error, try `rustc --explain E0422`.
[INFO] [stdout] 
[INFO] [stdout] error[E0432]: unresolved import `hubcaps`
[INFO] [stdout]  --> examples/pull_files.rs:1:5
[INFO] [stdout]   |
[INFO] [stdout] 1 | use hubcaps::{Credentials, Github};
[INFO] [stdout]   |     ^^^^^^^ use of undeclared crate or module `hubcaps`
[INFO] [stdout] 
[INFO] [stdout] 
[INFO] [stdout] error[E0432]: unresolved import `hubcaps`
[INFO] [stdout]  --> examples/repos.rs:2:5
[INFO] [stdout]   |
[INFO] [stdout] 2 | use hubcaps::{Credentials, Github};
[INFO] [stdout]   |     ^^^^^^^ use of undeclared crate or module `hubcaps`
[INFO] [stdout] 
[INFO] [stdout] 
[INFO] [stdout] error: aborting due to previous error
[INFO] [stdout] 
[INFO] [stdout] 
[INFO] [stdout] error: aborting due to previous error
[INFO] [stdout] 
[INFO] [stdout] 
[INFO] [stdout] error[E0432]: unresolved import `hubcaps`
[INFO] [stdout]  --> examples/assignees.rs:1:5
[INFO] [stdout]   |
[INFO] [stdout] 1 | use hubcaps::{Credentials, Github};
[INFO] [stdout]   |     ^^^^^^^ use of undeclared crate or module `hubcaps`
[INFO] [stdout] 
[INFO] [stdout] 
[INFO] [stdout] warning: unused import: `futures::prelude`
[INFO] [stdout]  --> examples/invitations.rs:1:5
[INFO] [stdout]   |
[INFO] [stdout] 1 | use futures::prelude::*;
[INFO] [stdout]   |     ^^^^^^^^^^^^^^^^
[INFO] [stdout]   |
[INFO] [stdout]   = note: `#[warn(unused_imports)]` on by default
[INFO] [stdout] 
[INFO] [stdout] 
[INFO] [stdout] error[E0432]: unresolved import `hubcaps`
[INFO] [stdout]  --> examples/deployments.rs:1:5
[INFO] [stdout]   |
[INFO] [stdout] 1 | use hubcaps::{Credentials, Github};
[INFO] [stdout]   |     ^^^^^^^ use of undeclared crate or module `hubcaps`
[INFO] [stdout] 
[INFO] [stdout] 
[INFO] [stdout] error[E0432]: unresolved import `hubcaps`
[INFO] [stdout]  --> examples/collaborators.rs:1:15
[INFO] [stdout]   |
[INFO] [stdout] 1 | use hubcaps::{self, Credentials, Github};
[INFO] [stdout]   |               ^^^^ no external crate `hubcaps`
[INFO] [stdout] 
[INFO] [stdout] 
[INFO] [stdout] error[E0433]: failed to resolve: use of undeclared crate or module `hubcaps`
[INFO] [stdout]  --> examples/hooks.rs:1:5
[INFO] [stdout]   |
[INFO] [stdout] 1 | use hubcaps::hooks::{HookCreateOptions, WebHookContentType};
[INFO] [stdout]   |     ^^^^^^^ use of undeclared crate or module `hubcaps`
[INFO] [stdout] 
[INFO] [stdout] 
[INFO] [stdout] error: aborting due to previous error; 1 warning emitted
[INFO] [stdout] 
[INFO] [stdout] 
[INFO] [stdout] For more information about this error, try `rustc --explain E0432`.
[INFO] [stdout] 
[INFO] [stdout] For more information about this error, try `rustc --explain E0432`.
[INFO] [stdout] 
[INFO] [stdout] For more information about this error, try `rustc --explain E0432`.
[INFO] [stdout] 
[INFO] [stdout] error[E0433]: failed to resolve: use of undeclared crate or module `hubcaps`
[INFO] [stdout]  --> examples/orgs.rs:1:5
[INFO] [stdout]   |
[INFO] [stdout] 1 | use hubcaps::repositories::{OrgRepoType, OrganizationRepoListOptions};
[INFO] [stdout]   |     ^^^^^^^ use of undeclared crate or module `hubcaps`
[INFO] [stdout] 
[INFO] [stdout] 
[INFO] [stdout] error: aborting due to previous error
[INFO] [stdout] 
[INFO] [stdout] 
[INFO] [stdout] For more information about this error, try `rustc --explain E0432`.
[INFO] [stdout] 
[INFO] [stdout] error[E0433]: failed to resolve: use of undeclared crate or module `hubcaps`
[INFO] [stdout]  --> examples/issues.rs:2:5
[INFO] [stdout]   |
[INFO] [stdout] 2 | use hubcaps::issues::{IssueListOptions, State};
[INFO] [stdout]   |     ^^^^^^^ use of undeclared crate or module `hubcaps`
[INFO] [stdout] 
[INFO] [stdout] 
[INFO] [stdout] error: aborting due to previous error
[INFO] [stdout] 
[INFO] [stdout] 
[INFO] [stdout] For more information about this error, try `rustc --explain E0432`.
[INFO] [stdout] 
[INFO] [stdout] error[E0432]: unresolved import `hubcaps`
[INFO] [stdout]  --> examples/forks.rs:3:5
[INFO] [stdout]   |
[INFO] [stdout] 3 | use hubcaps::{Credentials, Github};
[INFO] [stdout]   |     ^^^^^^^ use of undeclared crate or module `hubcaps`
[INFO] [stdout] 
[INFO] [stdout] 
[INFO] [stdout] error[E0433]: failed to resolve: use of undeclared crate or module `hubcaps`
[INFO] [stdout]  --> examples/comments.rs:1:5
[INFO] [stdout]   |
[INFO] [stdout] 1 | use hubcaps::comments::CommentOptions;
[INFO] [stdout]   |     ^^^^^^^ use of undeclared crate or module `hubcaps`
[INFO] [stdout] 
[INFO] [stdout] 
[INFO] [stdout] error[E0432]: unresolved import `hubcaps`
[INFO] [stdout]  --> examples/search_issues.rs:3:5
[INFO] [stdout]   |
[INFO] [stdout] 3 | use hubcaps::{Credentials, Github};
[INFO] [stdout]   |     ^^^^^^^ use of undeclared crate or module `hubcaps`
[INFO] [stdout] 
[INFO] [stdout] 
[INFO] [stdout] error: aborting due to previous error
[INFO] [stdout] 
[INFO] [stdout] 
[INFO] [stdout] For more information about this error, try `rustc --explain E0432`.
[INFO] [stdout] 
[INFO] [stdout] error[E0432]: unresolved import `hubcaps`
[INFO] [stdout]  --> examples/watching.rs:2:5
[INFO] [stdout]   |
[INFO] [stdout] 2 | use hubcaps::{Credentials, Github, Result};
[INFO] [stdout]   |     ^^^^^^^ use of undeclared crate or module `hubcaps`
[INFO] [stdout] 
[INFO] [stdout] 
[INFO] [stdout] error[E0433]: failed to resolve: use of undeclared type `ForkListOptions`
[INFO] [stdout]   --> examples/forks.rs:18:19
[INFO] [stdout]    |
[INFO] [stdout] 18 |     let options = ForkListOptions::builder().build();
[INFO] [stdout]    |                   ^^^^^^^^^^^^^^^ not found in this scope
[INFO] [stdout]    |
[INFO] [stdout] help: consider importing this struct
[INFO] [stdout]    |
[INFO] [stdout] 1  | use hubcaps_ex::repositories::ForkListOptions;
[INFO] [stdout]    |
[INFO] [stdout] 
[INFO] [stdout] 
[INFO] [stdout] error[E0433]: failed to resolve: use of undeclared type `SearchIssuesOptions`
[INFO] [stdout]   --> examples/search_issues.rs:22:14
[INFO] [stdout]    |
[INFO] [stdout] 22 |             &SearchIssuesOptions::builder().per_page(100).build(),
[INFO] [stdout]    |              ^^^^^^^^^^^^^^^^^^^ not found in this scope
[INFO] [stdout]    |
[INFO] [stdout] help: consider importing this struct
[INFO] [stdout]    |
[INFO] [stdout] 1  | use hubcaps_ex::search::SearchIssuesOptions;
[INFO] [stdout]    |
[INFO] [stdout] 
[INFO] [stdout] 
[INFO] [stdout] error[E0432]: unresolved import `hubcaps`
[INFO] [stdout]  --> examples/releases.rs:1:5
[INFO] [stdout]   |
[INFO] [stdout] 1 | use hubcaps::{Credentials, Github};
[INFO] [stdout]   |     ^^^^^^^ use of undeclared crate or module `hubcaps`
[INFO] [stdout] 
[INFO] [stdout] 
[INFO] [stdout] error[E0432]: unresolved import `hubcaps`
[INFO] [stdout]  --> examples/stars.rs:1:5
[INFO] [stdout]   |
[INFO] [stdout] 1 | use hubcaps::{Credentials, Github};
[INFO] [stdout]   |     ^^^^^^^ use of undeclared crate or module `hubcaps`
[INFO] [stdout] 
[INFO] [stdout] 
[INFO] [stdout] warning: unused import: `futures::prelude`
[INFO] [stdout]  --> examples/forks.rs:1:5
[INFO] [stdout]   |
[INFO] [stdout] 1 | use futures::prelude::*;
[INFO] [stdout]   |     ^^^^^^^^^^^^^^^^
[INFO] [stdout]   |
[INFO] [stdout]   = note: `#[warn(unused_imports)]` on by default
[INFO] [stdout] 
[INFO] [stdout] 
[INFO] [stdout] error[E0432]: unresolved import `hubcaps`
[INFO] [stdout]  --> examples/issues.rs:3:5
[INFO] [stdout]   |
[INFO] [stdout] 3 | use hubcaps::{Credentials, Github};
[INFO] [stdout]   |     ^^^^^^^ use of undeclared crate or module `hubcaps`
[INFO] [stdout] 
[INFO] [stdout] 
[INFO] [stdout] error[E0432]: unresolved import `hubcaps`
[INFO] [stdout]  --> examples/content.rs:2:5
[INFO] [stdout]   |
[INFO] [stdout] 2 | use hubcaps::{Credentials, Github};
[INFO] [stdout]   |     ^^^^^^^ use of undeclared crate or module `hubcaps`
[INFO] [stdout] 
[INFO] [stdout] 
[INFO] [stdout] error[E0432]: unresolved import `hubcaps`
[INFO] [stdout]  --> examples/labels.rs:2:5
[INFO] [stdout]   |
[INFO] [stdout] 2 | use hubcaps::{Credentials, Github};
[INFO] [stdout]   |     ^^^^^^^ use of undeclared crate or module `hubcaps`
[INFO] [stdout] 
[INFO] [stdout] 
[INFO] [stdout] error: aborting due to 3 previous errors; 1 warning emitted
[INFO] [stdout] 
[INFO] [stdout] 
[INFO] [stdout] Some errors have detailed explanations: E0432, E0433.
[INFO] [stdout] 
[INFO] [stdout] For more information about an error, try `rustc --explain E0432`.
[INFO] [stdout] 
[INFO] [stdout] warning: unused import: `futures::prelude`
[INFO] [stdout]  --> examples/watching.rs:1:5
[INFO] [stdout]   |
[INFO] [stdout] 1 | use futures::prelude::*;
[INFO] [stdout]   |     ^^^^^^^^^^^^^^^^
[INFO] [stdout]   |
[INFO] [stdout]   = note: `#[warn(unused_imports)]` on by default
[INFO] [stdout] 
[INFO] [stdout] 
[INFO] [stdout] error[E0433]: failed to resolve: use of undeclared type `Github`
[INFO] [stdout]  --> examples/collaborators.rs:9:18
[INFO] [stdout]   |
[INFO] [stdout] 9 |     let github = Github::new(
[INFO] [stdout]   |                  ^^^^^^ not found in this scope
[INFO] [stdout]   |
[INFO] [stdout] help: consider importing this struct
[INFO] [stdout]   |
[INFO] [stdout] 1 | use hubcaps_ex::Github;
[INFO] [stdout]   |
[INFO] [stdout] 
[INFO] [stdout] 
[INFO] [stdout] error[E0433]: failed to resolve: use of undeclared type `Credentials`
[INFO] [stdout]   --> examples/collaborators.rs:11:9
[INFO] [stdout]    |
[INFO] [stdout] 11 |         Credentials::Token(token),
[INFO] [stdout]    |         ^^^^^^^^^^^ not found in this scope
[INFO] [stdout]    |
[INFO] [stdout] help: consider importing this enum
[INFO] [stdout]    |
[INFO] [stdout] 1  | use hubcaps_ex::Credentials;
[INFO] [stdout]    |
[INFO] [stdout] 
[INFO] [stdout] 
[INFO] [stdout] error: aborting due to previous error; 1 warning emitted
[INFO] [stdout] 
[INFO] [stdout] 
[INFO] [stdout] For more information about this error, try `rustc --explain E0432`.
[INFO] [stdout] 
[INFO] [stdout] warning: unused import: `futures::prelude`
[INFO] [stdout]  --> examples/search_issues.rs:1:5
[INFO] [stdout]   |
[INFO] [stdout] 1 | use futures::prelude::*;
[INFO] [stdout]   |     ^^^^^^^^^^^^^^^^
[INFO] [stdout]   |
[INFO] [stdout]   = note: `#[warn(unused_imports)]` on by default
[INFO] [stdout] 
[INFO] [stdout] 
[INFO] [stdout] error[E0433]: failed to resolve: use of undeclared crate or module `hubcaps`
[INFO] [stdout]  --> examples/search_repos.rs:2:5
[INFO] [stdout]   |
[INFO] [stdout] 2 | use hubcaps::search::SearchReposOptions;
[INFO] [stdout]   |     ^^^^^^^ use of undeclared crate or module `hubcaps`
[INFO] [stdout] 
[INFO] [stdout] 
[INFO] [stdout] error: aborting due to previous error
[INFO] [stdout] 
[INFO] [stdout] 
[INFO] [stdout] For more information about this error, try `rustc --explain E0432`.
[INFO] [stdout] 
[INFO] [stdout] error[E0432]: unresolved import `hubcaps`
[INFO] [stdout]  --> examples/comments.rs:2:5
[INFO] [stdout]   |
[INFO] [stdout] 2 | use hubcaps::{Credentials, Github};
[INFO] [stdout]   |     ^^^^^^^ use of undeclared crate or module `hubcaps`
[INFO] [stdout] 
[INFO] [stdout] 
[INFO] [stdout] error[E0432]: unresolved import `hubcaps`
[INFO] [stdout]  --> examples/orgs.rs:2:5
[INFO] [stdout]   |
[INFO] [stdout] 2 | use hubcaps::{Credentials, Github};
[INFO] [stdout]   |     ^^^^^^^ use of undeclared crate or module `hubcaps`
[INFO] [stdout] 
[INFO] [stdout] 
[INFO] [stdout] error[E0432]: unresolved import `hubcaps`
[INFO] [stdout]  --> examples/redir.rs:1:5
[INFO] [stdout]   |
[INFO] [stdout] 1 | use hubcaps::{Credentials, Github};
[INFO] [stdout]   |     ^^^^^^^ use of undeclared crate or module `hubcaps`
[INFO] [stdout] 
[INFO] [stdout] 
[INFO] [stdout] error: aborting due to 3 previous errors; 1 warning emitted
[INFO] [stdout] 
[INFO] [stdout] 
[INFO] [stdout] Some errors have detailed explanations: E0432, E0433.
[INFO] [stdout] 
[INFO] [stdout] For more information about an error, try `rustc --explain E0432`.
[INFO] [stdout] 
[INFO] [stdout] error[E0433]: failed to resolve: use of undeclared type `State`
[INFO] [stdout]   --> examples/issues.rs:21:24
[INFO] [stdout]    |
[INFO] [stdout] 21 |                 .state(State::All)
[INFO] [stdout]    |                        ^^^^^ use of undeclared type `State`
[INFO] [stdout] 
[INFO] [stdout] 
[INFO] [stdout] error[E0433]: failed to resolve: use of undeclared type `IssueListOptions`
[INFO] [stdout]   --> examples/issues.rs:19:14
[INFO] [stdout]    |
[INFO] [stdout] 19 |             &IssueListOptions::builder()
[INFO] [stdout]    |              ^^^^^^^^^^^^^^^^ not found in this scope
[INFO] [stdout]    |
[INFO] [stdout] help: consider importing this struct
[INFO] [stdout]    |
[INFO] [stdout] 1  | use hubcaps_ex::issues::IssueListOptions;
[INFO] [stdout]    |
[INFO] [stdout] 
[INFO] [stdout] 
[INFO] [stdout] warning: unused import: `futures::prelude`
[INFO] [stdout]  --> examples/content.rs:1:5
[INFO] [stdout]   |
[INFO] [stdout] 1 | use futures::prelude::*;
[INFO] [stdout]   |     ^^^^^^^^^^^^^^^^
[INFO] [stdout]   |
[INFO] [stdout]   = note: `#[warn(unused_imports)]` on by default
[INFO] [stdout] 
[INFO] [stdout] 
[INFO] [stdout] warning: unused import: `futures::prelude`
[INFO] [stdout]  --> examples/labels.rs:1:5
[INFO] [stdout]   |
[INFO] [stdout] 1 | use futures::prelude::*;
[INFO] [stdout]   |     ^^^^^^^^^^^^^^^^
[INFO] [stdout]   |
[INFO] [stdout]   = note: `#[warn(unused_imports)]` on by default
[INFO] [stdout] 
[INFO] [stdout] 
[INFO] [stdout] error: aborting due to previous error; 1 warning emitted
[INFO] [stdout] 
[INFO] [stdout] 
[INFO] [stdout] For more information about this error, try `rustc --explain E0432`.
[INFO] [stdout] 
[INFO] [stdout] error: aborting due to previous error; 1 warning emitted
[INFO] [stdout] 
[INFO] [stdout] 
[INFO] [stdout] For more information about this error, try `rustc --explain E0432`.
[INFO] [stdout] 
[INFO] [stdout] error: aborting due to 3 previous errors
[INFO] [stdout] 
[INFO] [stdout] 
[INFO] [stdout] Some errors have detailed explanations: E0432, E0433.
[INFO] [stdout] 
[INFO] [stdout] For more information about an error, try `rustc --explain E0432`.
[INFO] [stdout] 
[INFO] [stdout] error[E0422]: cannot find struct, variant or union type `CommentOptions` in this scope
[INFO] [stdout]   --> examples/comments.rs:15:38
[INFO] [stdout]    |
[INFO] [stdout] 15 |     let f = issue.comments().create(&CommentOptions {
[INFO] [stdout]    |                                      ^^^^^^^^^^^^^^ not found in this scope
[INFO] [stdout]    |
[INFO] [stdout] help: consider importing this struct
[INFO] [stdout]    |
[INFO] [stdout] 1  | use hubcaps_ex::comments::CommentOptions;
[INFO] [stdout]    |
[INFO] [stdout] 
[INFO] [stdout] 
[INFO] [stdout] warning: unused import: `futures::prelude`
[INFO] [stdout]  --> examples/issues.rs:1:5
[INFO] [stdout]   |
[INFO] [stdout] 1 | use futures::prelude::*;
[INFO] [stdout]   |     ^^^^^^^^^^^^^^^^
[INFO] [stdout]   |
[INFO] [stdout]   = note: `#[warn(unused_imports)]` on by default
[INFO] [stdout] 
[INFO] [stdout] 
[INFO] [stdout] error: aborting due to previous error
[INFO] [stdout] 
[INFO] [stdout] 
[INFO] [stdout] For more information about this error, try `rustc --explain E0432`.
[INFO] [stdout] 
[INFO] [stdout] error: aborting due to 4 previous errors; 1 warning emitted
[INFO] [stdout] 
[INFO] [stdout] 
[INFO] [stdout] Some errors have detailed explanations: E0432, E0433.
[INFO] [stdout] 
[INFO] [stdout] For more information about an error, try `rustc --explain E0432`.
[INFO] [stdout] 
[INFO] [stdout] error[E0432]: unresolved import `hubcaps`
[INFO] [stdout]  --> examples/search_repos.rs:3:5
[INFO] [stdout]   |
[INFO] [stdout] 3 | use hubcaps::{Credentials, Github};
[INFO] [stdout]   |     ^^^^^^^ use of undeclared crate or module `hubcaps`
[INFO] [stdout] 
[INFO] [stdout] 
[INFO] [stdout] error: aborting due to previous error
[INFO] [stdout] 
[INFO] [stdout] 
[INFO] [stdout] For more information about this error, try `rustc --explain E0432`.
[INFO] [stdout] 
[INFO] [stdout] error[E0433]: failed to resolve: use of undeclared crate or module `hubcaps`
[INFO] [stdout]  --> examples/checks.rs:1:5
[INFO] [stdout]   |
[INFO] [stdout] 1 | use hubcaps::checks::{
[INFO] [stdout]   |     ^^^^^^^ use of undeclared crate or module `hubcaps`
[INFO] [stdout] 
[INFO] [stdout] 
[INFO] [stdout] error[E0433]: failed to resolve: use of undeclared crate or module `hubcaps`
[INFO] [stdout]  --> examples/checks.rs:4:5
[INFO] [stdout]   |
[INFO] [stdout] 4 | use hubcaps::git::GetReferenceResponse;
[INFO] [stdout]   |     ^^^^^^^ use of undeclared crate or module `hubcaps`
[INFO] [stdout] 
[INFO] [stdout] 
[INFO] [stdout] error[E0432]: unresolved import `hubcaps`
[INFO] [stdout]  --> examples/rate_limit.rs:1:5
[INFO] [stdout]   |
[INFO] [stdout] 1 | use hubcaps::{Github, Result};
[INFO] [stdout]   |     ^^^^^^^ use of undeclared crate or module `hubcaps`
[INFO] [stdout] 
[INFO] [stdout] 
[INFO] [stdout] error: aborting due to 3 previous errors
[INFO] [stdout] 
[INFO] [stdout] 
[INFO] [stdout] Some errors have detailed explanations: E0422, E0432, E0433.
[INFO] [stdout] 
[INFO] [stdout] For more information about an error, try `rustc --explain E0422`.
[INFO] [stdout] 
[INFO] [stdout] error[E0432]: unresolved import `hubcaps`
[INFO] [stdout]  --> examples/hooks.rs:2:5
[INFO] [stdout]   |
[INFO] [stdout] 2 | use hubcaps::{Credentials, Github};
[INFO] [stdout]   |     ^^^^^^^ use of undeclared crate or module `hubcaps`
[INFO] [stdout] 
[INFO] [stdout] 
[INFO] [stdout] error[E0433]: failed to resolve: use of undeclared crate or module `hubcaps`
[INFO] [stdout]  --> examples/traffic.rs:1:5
[INFO] [stdout]   |
[INFO] [stdout] 1 | use hubcaps::traffic::TimeUnit;
[INFO] [stdout]   |     ^^^^^^^ use of undeclared crate or module `hubcaps`
[INFO] [stdout] 
[INFO] [stdout] 
[INFO] [stdout] error[E0433]: failed to resolve: use of undeclared type `SearchReposOptions`
[INFO] [stdout]   --> examples/search_repos.rs:22:14
[INFO] [stdout]    |
[INFO] [stdout] 22 |             &SearchReposOptions::builder().per_page(100).build(),
[INFO] [stdout]    |              ^^^^^^^^^^^^^^^^^^ not found in this scope
[INFO] [stdout]    |
[INFO] [stdout] help: consider importing this struct
[INFO] [stdout]    |
[INFO] [stdout] 1  | use hubcaps_ex::search::SearchReposOptions;
[INFO] [stdout]    |
[INFO] [stdout] 
[INFO] [stdout] 
[INFO] [stdout] error: aborting due to previous error
[INFO] [stdout] 
[INFO] [stdout] 
[INFO] [stdout] For more information about this error, try `rustc --explain E0432`.
[INFO] [stdout] 
[INFO] [stdout] warning: unused import: `futures::prelude`
[INFO] [stdout]  --> examples/search_repos.rs:1:5
[INFO] [stdout]   |
[INFO] [stdout] 1 | use futures::prelude::*;
[INFO] [stdout]   |     ^^^^^^^^^^^^^^^^
[INFO] [stdout]   |
[INFO] [stdout]   = note: `#[warn(unused_imports)]` on by default
[INFO] [stdout] 
[INFO] [stdout] 
[INFO] [stdout] warning: unused import: `futures::prelude`
[INFO] [stdout]  --> examples/repos.rs:1:5
[INFO] [stdout]   |
[INFO] [stdout] 1 | use futures::prelude::*;
[INFO] [stdout]   |     ^^^^^^^^^^^^^^^^
[INFO] [stdout]   |
[INFO] [stdout]   = note: `#[warn(unused_imports)]` on by default
[INFO] [stdout] 
[INFO] [stdout] 
[INFO] [stdout] error: aborting due to 3 previous errors; 1 warning emitted
[INFO] [stdout] 
[INFO] [stdout] 
[INFO] [stdout] Some errors have detailed explanations: E0432, E0433.
[INFO] [stdout] 
[INFO] [stdout] For more information about an error, try `rustc --explain E0432`.
[INFO] [stdout] 
[INFO] [stdout] error: aborting due to previous error; 1 warning emitted
[INFO] [stdout] 
[INFO] [stdout] 
[INFO] [stdout] For more information about this error, try `rustc --explain E0432`.
[INFO] [stdout] 
[INFO] [stdout] error[E0432]: unresolved import `hubcaps`
[INFO] [stdout]  --> examples/checks.rs:5:5
[INFO] [stdout]   |
[INFO] [stdout] 5 | use hubcaps::{Credentials, Github, InstallationTokenGenerator, JWTCredentials};
[INFO] [stdout]   |     ^^^^^^^ use of undeclared crate or module `hubcaps`
[INFO] [stdout] 
[INFO] [stdout] 
[INFO] [stdout] error[E0433]: failed to resolve: use of undeclared type `GetReferenceResponse`
[INFO] [stdout]   --> examples/checks.rs:39:9
[INFO] [stdout]    |
[INFO] [stdout] 39 |         GetReferenceResponse::Exact(r) => r.object.sha,
[INFO] [stdout]    |         ^^^^^^^^^^^^^^^^^^^^ use of undeclared type `GetReferenceResponse`
[INFO] [stdout] 
[INFO] [stdout] 
[INFO] [stdout] error[E0433]: failed to resolve: use of undeclared type `GetReferenceResponse`
[INFO] [stdout]   --> examples/checks.rs:40:9
[INFO] [stdout]    |
[INFO] [stdout] 40 |         GetReferenceResponse::StartWith(_) => panic!("Branch {} not found", &branch),
[INFO] [stdout]    |         ^^^^^^^^^^^^^^^^^^^^ use of undeclared type `GetReferenceResponse`
[INFO] [stdout] 
[INFO] [stdout] 
[INFO] [stdout] error[E0432]: unresolved import `hubcaps`
[INFO] [stdout]  --> examples/traffic.rs:2:5
[INFO] [stdout]   |
[INFO] [stdout] 2 | use hubcaps::{Credentials, Github};
[INFO] [stdout]   |     ^^^^^^^ use of undeclared crate or module `hubcaps`
[INFO] [stdout] 
[INFO] [stdout] 
[INFO] [stdout] error[E0433]: failed to resolve: use of undeclared type `TimeUnit`
[INFO] [stdout]   --> examples/traffic.rs:31:16
[INFO] [stdout]    |
[INFO] [stdout] 31 |         .views(TimeUnit::Day)
[INFO] [stdout]    |                ^^^^^^^^ use of undeclared type `TimeUnit`
[INFO] [stdout] 
[INFO] [stdout] 
[INFO] [stdout] error[E0433]: failed to resolve: use of undeclared type `TimeUnit`
[INFO] [stdout]   --> examples/traffic.rs:39:17
[INFO] [stdout]    |
[INFO] [stdout] 39 |         .clones(TimeUnit::Day)
[INFO] [stdout]    |                 ^^^^^^^^ use of undeclared type `TimeUnit`
[INFO] [stdout] 
[INFO] [stdout] 
[INFO] [stdout] error[E0433]: failed to resolve: use of undeclared type `WebHookContentType`
[INFO] [stdout]   --> examples/hooks.rs:20:31
[INFO] [stdout]    |
[INFO] [stdout] 20 |                 .content_type(WebHookContentType::Json)
[INFO] [stdout]    |                               ^^^^^^^^^^^^^^^^^^ use of undeclared type `WebHookContentType`
[INFO] [stdout] 
[INFO] [stdout] 
[INFO] [stdout] error[E0433]: failed to resolve: use of undeclared type `HookCreateOptions`
[INFO] [stdout]   --> examples/hooks.rs:18:14
[INFO] [stdout]    |
[INFO] [stdout] 18 |             &HookCreateOptions::web()
[INFO] [stdout]    |              ^^^^^^^^^^^^^^^^^ not found in this scope
[INFO] [stdout]    |
[INFO] [stdout] help: consider importing this struct
[INFO] [stdout]    |
[INFO] [stdout] 1  | use hubcaps_ex::hooks::HookCreateOptions;
[INFO] [stdout]    |
[INFO] [stdout] 
[INFO] [stdout] 
[INFO] [stdout] error[E0433]: failed to resolve: use of undeclared type `Conclusion`
[INFO] [stdout]   --> examples/checks.rs:59:26
[INFO] [stdout]    |
[INFO] [stdout] 59 |         conclusion: Some(Conclusion::Neutral),
[INFO] [stdout]    |                          ^^^^^^^^^^ use of undeclared type `Conclusion`
[INFO] [stdout] 
[INFO] [stdout] 
[INFO] [stdout] error[E0433]: failed to resolve: use of undeclared type `AnnotationLevel`
[INFO] [stdout]   --> examples/checks.rs:67:39
[INFO] [stdout]    |
[INFO] [stdout] 67 |                     annotation_level: AnnotationLevel::Warning,
[INFO] [stdout]    |                                       ^^^^^^^^^^^^^^^ use of undeclared type `AnnotationLevel`
[INFO] [stdout] 
[INFO] [stdout] 
[INFO] [stdout] error[E0433]: failed to resolve: use of undeclared type `AnnotationLevel`
[INFO] [stdout]   --> examples/checks.rs:78:39
[INFO] [stdout]    |
[INFO] [stdout] 78 |                     annotation_level: AnnotationLevel::Warning,
[INFO] [stdout]    |                                       ^^^^^^^^^^^^^^^ use of undeclared type `AnnotationLevel`
[INFO] [stdout] 
[INFO] [stdout] 
[INFO] [stdout] error[E0422]: cannot find struct, variant or union type `CheckRunOptions` in this scope
[INFO] [stdout]   --> examples/checks.rs:44:20
[INFO] [stdout]    |
[INFO] [stdout] 44 |     let options = &CheckRunOptions {
[INFO] [stdout]    |                    ^^^^^^^^^^^^^^^ not found in this scope
[INFO] [stdout]    |
[INFO] [stdout] help: consider importing this struct
[INFO] [stdout]    |
[INFO] [stdout] 1  | use hubcaps_ex::checks::CheckRunOptions;
[INFO] [stdout]    |
[INFO] [stdout] 
[INFO] [stdout] 
[INFO] [stdout] error[E0433]: failed to resolve: use of undeclared type `OrgRepoType`
[INFO] [stdout]   --> examples/orgs.rs:16:20
[INFO] [stdout]    |
[INFO] [stdout] 16 |         .repo_type(OrgRepoType::Forks)
[INFO] [stdout]    |                    ^^^^^^^^^^^ use of undeclared type `OrgRepoType`
[INFO] [stdout] 
[INFO] [stdout] 
[INFO] [stdout] error[E0422]: cannot find struct, variant or union type `Action` in this scope
[INFO] [stdout]   --> examples/checks.rs:46:13
[INFO] [stdout]    |
[INFO] [stdout] 46 |             Action {
[INFO] [stdout]    |             ^^^^^^ not found in this scope
[INFO] [stdout]    |
[INFO] [stdout] help: consider importing one of these items
[INFO] [stdout]    |
[INFO] [stdout] 1  | use hubcaps_ex::checks::Action;
[INFO] [stdout]    |
[INFO] [stdout] 1  | use reqwest::redirect::Action;
[INFO] [stdout]    |
[INFO] [stdout] 
[INFO] [stdout] 
[INFO] [stdout] error[E0433]: failed to resolve: use of undeclared type `OrganizationRepoListOptions`
[INFO] [stdout]   --> examples/orgs.rs:15:19
[INFO] [stdout]    |
[INFO] [stdout] 15 |     let options = OrganizationRepoListOptions::builder()
[INFO] [stdout]    |                   ^^^^^^^^^^^^^^^^^^^^^^^^^^^ not found in this scope
[INFO] [stdout]    |
[INFO] [stdout] help: consider importing this struct
[INFO] [stdout]    |
[INFO] [stdout] 1  | use hubcaps_ex::repositories::OrganizationRepoListOptions;
[INFO] [stdout]    |
[INFO] [stdout] 
[INFO] [stdout] 
[INFO] [stdout] error[E0422]: cannot find struct, variant or union type `Action` in this scope
[INFO] [stdout]   --> examples/checks.rs:51:13
[INFO] [stdout]    |
[INFO] [stdout] 51 |             Action {
[INFO] [stdout]    |             ^^^^^^ not found in this scope
[INFO] [stdout]    |
[INFO] [stdout] help: consider importing one of these items
[INFO] [stdout]    |
[INFO] [stdout] 1  | use hubcaps_ex::checks::Action;
[INFO] [stdout]    |
[INFO] [stdout] 1  | use reqwest::redirect::Action;
[INFO] [stdout]    |
[INFO] [stdout] 
[INFO] [stdout] 
[INFO] [stdout] error[E0422]: cannot find struct, variant or union type `Output` in this scope
[INFO] [stdout]   --> examples/checks.rs:64:22
[INFO] [stdout]    |
[INFO] [stdout] 64 |         output: Some(Output {
[INFO] [stdout]    |                      ^^^^^^ not found in this scope
[INFO] [stdout]    |
[INFO] [stdout] help: consider importing one of these items
[INFO] [stdout]    |
[INFO] [stdout] 1  | use hubcaps_ex::checks::Output;
[INFO] [stdout]    |
[INFO] [stdout] 1  | use std::process::Output;
[INFO] [stdout]    |
[INFO] [stdout] 
[INFO] [stdout] 
[INFO] [stdout] error[E0422]: cannot find struct, variant or union type `Annotation` in this scope
[INFO] [stdout]   --> examples/checks.rs:66:17
[INFO] [stdout]    |
[INFO] [stdout] 66 |                 Annotation {
[INFO] [stdout]    |                 ^^^^^^^^^^ not found in this scope
[INFO] [stdout]    |
[INFO] [stdout] help: consider importing this struct
[INFO] [stdout]    |
[INFO] [stdout] 1  | use hubcaps_ex::checks::Annotation;
[INFO] [stdout]    |
[INFO] [stdout] 
[INFO] [stdout] 
[INFO] [stdout] error[E0422]: cannot find struct, variant or union type `Annotation` in this scope
[INFO] [stdout]   --> examples/checks.rs:77:17
[INFO] [stdout]    |
[INFO] [stdout] 77 |                 Annotation {
[INFO] [stdout]    |                 ^^^^^^^^^^ not found in this scope
[INFO] [stdout]    |
[INFO] [stdout] help: consider importing this struct
[INFO] [stdout]    |
[INFO] [stdout] 1  | use hubcaps_ex::checks::Annotation;
[INFO] [stdout]    |
[INFO] [stdout] 
[INFO] [stdout] 
[INFO] [stdout] error[E0422]: cannot find struct, variant or union type `Image` in this scope
[INFO] [stdout]   --> examples/checks.rs:89:31
[INFO] [stdout]    |
[INFO] [stdout] 89 |             images: Some(vec![Image {
[INFO] [stdout]    |                               ^^^^^ not found in this scope
[INFO] [stdout]    |
[INFO] [stdout] help: consider importing this struct
[INFO] [stdout]    |
[INFO] [stdout] 1  | use hubcaps_ex::checks::Image;
[INFO] [stdout]    |
[INFO] [stdout] 
[INFO] [stdout] 
[INFO] [stdout] error: aborting due to 4 previous errors
[INFO] [stdout] 
[INFO] [stdout] 
[INFO] [stdout] Some errors have detailed explanations: E0432, E0433.
[INFO] [stdout] 
[INFO] [stdout] For more information about an error, try `rustc --explain E0432`.
[INFO] [stdout] 
[INFO] [stdout] error: aborting due to 15 previous errors
[INFO] [stdout] 
[INFO] [stdout] 
[INFO] [stdout] Some errors have detailed explanations: E0422, E0432, E0433.
[INFO] [stdout] 
[INFO] [stdout] For more information about an error, try `rustc --explain E0422`.
[INFO] [stdout] 
[INFO] [stdout] error: aborting due to 4 previous errors
[INFO] [stdout] 
[INFO] [stdout] 
[INFO] [stdout] Some errors have detailed explanations: E0432, E0433.
[INFO] [stdout] 
[INFO] [stdout] For more information about an error, try `rustc --explain E0432`.
[INFO] [stdout] 
[INFO] [stdout] error: aborting due to 4 previous errors
[INFO] [stdout] 
[INFO] [stdout] 
[INFO] [stdout] Some errors have detailed explanations: E0432, E0433.
[INFO] [stdout] 
[INFO] [stdout] For more information about an error, try `rustc --explain E0432`.
[INFO] [stdout] 
[INFO] [stdout] error[E0432]: unresolved import `hubcaps`
[INFO] [stdout]  --> examples/gists.rs:1:5
[INFO] [stdout]   |
[INFO] [stdout] 1 | use hubcaps::{Credentials, Github};
[INFO] [stdout]   |     ^^^^^^^ use of undeclared crate or module `hubcaps`
[INFO] [stdout] 
[INFO] [stdout] 
[INFO] [stdout] error[E0432]: unresolved import `hubcaps`
[INFO] [stdout]  --> examples/pulls.rs:2:5
[INFO] [stdout]   |
[INFO] [stdout] 2 | use hubcaps::{Credentials, Github};
[INFO] [stdout]   |     ^^^^^^^ use of undeclared crate or module `hubcaps`
[INFO] [stdout] 
[INFO] [stdout] 
[INFO] [stdout] error: aborting due to previous error
[INFO] [stdout] 
[INFO] [stdout] 
[INFO] [stdout] For more information about this error, try `rustc --explain E0432`.
[INFO] [stdout] 
[INFO] [stdout] warning: unused import: `futures::prelude`
[INFO] [stdout]  --> examples/pulls.rs:1:5
[INFO] [stdout]   |
[INFO] [stdout] 1 | use futures::prelude::*;
[INFO] [stdout]   |     ^^^^^^^^^^^^^^^^
[INFO] [stdout]   |
[INFO] [stdout]   = note: `#[warn(unused_imports)]` on by default
[INFO] [stdout] 
[INFO] [stdout] 
[INFO] [stdout] error: aborting due to previous error; 1 warning emitted
[INFO] [stdout] 
[INFO] [stdout] 
[INFO] [stdout] For more information about this error, try `rustc --explain E0432`.
[INFO] [stdout] 
[INFO] [stderr] error: build failed
[INFO] running `Command { std: "docker" "inspect" "5ea373aaabcd4b292e55b1523b7074a1cd2ca50c39608d46deb5cb0a51a7fc18", kill_on_drop: false }`
[INFO] running `Command { std: "docker" "rm" "-f" "5ea373aaabcd4b292e55b1523b7074a1cd2ca50c39608d46deb5cb0a51a7fc18", kill_on_drop: false }`
[INFO] [stdout] 5ea373aaabcd4b292e55b1523b7074a1cd2ca50c39608d46deb5cb0a51a7fc18
