[INFO] fetching crate http-with-url 0.2.0...
[INFO] testing http-with-url-0.2.0 against beta-2021-08-01 for beta-1.55-1
[INFO] extracting crate http-with-url 0.2.0 into /workspace/builds/worker-80/source
[INFO] validating manifest of crates.io crate http-with-url 0.2.0 on toolchain beta-2021-08-01
[INFO] running `Command { std: "/workspace/cargo-home/bin/cargo" "+beta-2021-08-01" "metadata" "--manifest-path" "Cargo.toml" "--no-deps", kill_on_drop: false }`
[INFO] started tweaking crates.io crate http-with-url 0.2.0
[INFO] finished tweaking crates.io crate http-with-url 0.2.0
[INFO] tweaked toml for crates.io crate http-with-url 0.2.0 written to /workspace/builds/worker-80/source/Cargo.toml
[INFO] running `Command { std: "/workspace/cargo-home/bin/cargo" "+beta-2021-08-01" "generate-lockfile" "--manifest-path" "Cargo.toml" "-Zno-index-update", kill_on_drop: false }`
[INFO] running `Command { std: "/workspace/cargo-home/bin/cargo" "+beta-2021-08-01" "fetch" "--manifest-path" "Cargo.toml", kill_on_drop: false }`
[INFO] [stderr]     Blocking waiting for file lock on package cache
[INFO] [stderr]  Downloading crates ...
[INFO] [stderr]   Downloaded quickcheck v0.6.2
[INFO] [stderr]   Downloaded seahash v3.0.7
[INFO] running `Command { std: "docker" "create" "-v" "/var/lib/crater-agent-workspace/builds/worker-80/target:/opt/rustwide/target:rw,Z" "-v" "/var/lib/crater-agent-workspace/builds/worker-80/source:/opt/rustwide/workdir:ro,Z" "-v" "/var/lib/crater-agent-workspace/cargo-home:/opt/rustwide/cargo-home:ro,Z" "-v" "/var/lib/crater-agent-workspace/rustup-home:/opt/rustwide/rustup-home:ro,Z" "-e" "SOURCE_DIR=/opt/rustwide/workdir" "-e" "CARGO_TARGET_DIR=/opt/rustwide/target" "-e" "CARGO_HOME=/opt/rustwide/cargo-home" "-e" "RUSTUP_HOME=/opt/rustwide/rustup-home" "-w" "/opt/rustwide/workdir" "-m" "1610612736" "--user" "0:0" "--network" "none" "ghcr.io/rust-lang/crates-build-env/linux@sha256:34b6a614d2c27851fe6cbf88fbd1137609cefab8b10d0615aaeb6fd47975d74e" "/opt/rustwide/cargo-home/bin/cargo" "+beta-2021-08-01" "metadata" "--no-deps" "--format-version=1", kill_on_drop: false }`
[INFO] [stdout] 3135a1044fb91b2ece65d77fd2a6e2b242d189a4301ff1b6b054fa3fda3eea71
[INFO] running `Command { std: "docker" "start" "-a" "3135a1044fb91b2ece65d77fd2a6e2b242d189a4301ff1b6b054fa3fda3eea71", kill_on_drop: false }`
[INFO] running `Command { std: "docker" "inspect" "3135a1044fb91b2ece65d77fd2a6e2b242d189a4301ff1b6b054fa3fda3eea71", kill_on_drop: false }`
[INFO] running `Command { std: "docker" "rm" "-f" "3135a1044fb91b2ece65d77fd2a6e2b242d189a4301ff1b6b054fa3fda3eea71", kill_on_drop: false }`
[INFO] [stdout] 3135a1044fb91b2ece65d77fd2a6e2b242d189a4301ff1b6b054fa3fda3eea71
[INFO] running `Command { std: "docker" "create" "-v" "/var/lib/crater-agent-workspace/builds/worker-80/target:/opt/rustwide/target:rw,Z" "-v" "/var/lib/crater-agent-workspace/builds/worker-80/source:/opt/rustwide/workdir:ro,Z" "-v" "/var/lib/crater-agent-workspace/cargo-home:/opt/rustwide/cargo-home:ro,Z" "-v" "/var/lib/crater-agent-workspace/rustup-home:/opt/rustwide/rustup-home:ro,Z" "-e" "SOURCE_DIR=/opt/rustwide/workdir" "-e" "CARGO_TARGET_DIR=/opt/rustwide/target" "-e" "CARGO_INCREMENTAL=0" "-e" "RUST_BACKTRACE=full" "-e" "RUSTFLAGS=--cap-lints=warn" "-e" "CARGO_HOME=/opt/rustwide/cargo-home" "-e" "RUSTUP_HOME=/opt/rustwide/rustup-home" "-w" "/opt/rustwide/workdir" "-m" "1610612736" "--user" "0:0" "--network" "none" "ghcr.io/rust-lang/crates-build-env/linux@sha256:34b6a614d2c27851fe6cbf88fbd1137609cefab8b10d0615aaeb6fd47975d74e" "/opt/rustwide/cargo-home/bin/cargo" "+beta-2021-08-01" "build" "--frozen" "--message-format=json", kill_on_drop: false }`
[INFO] [stdout] 71fd4f18a4eead8402075181afb552d11a48cd43c0e6a1bb36e203b166bf14a5
[INFO] running `Command { std: "docker" "start" "-a" "71fd4f18a4eead8402075181afb552d11a48cd43c0e6a1bb36e203b166bf14a5", kill_on_drop: false }`
[INFO] [stderr]    Compiling tinyvec_macros v0.1.0
[INFO] [stderr]    Compiling libc v0.2.98
[INFO] [stderr]    Compiling matches v0.1.8
[INFO] [stderr]    Compiling percent-encoding v1.0.1
[INFO] [stderr]    Compiling byteorder v1.4.3
[INFO] [stderr]    Compiling fnv v1.0.7
[INFO] [stderr]    Compiling tinyvec v1.3.1
[INFO] [stderr]    Compiling unicode-bidi v0.3.5
[INFO] [stderr]    Compiling unicode-normalization v0.1.19
[INFO] [stderr]    Compiling iovec v0.1.4
[INFO] [stderr]    Compiling bytes v0.4.12
[INFO] [stderr]    Compiling idna v0.1.5
[INFO] [stderr]    Compiling url v1.7.2
[INFO] [stderr]    Compiling http-with-url v0.2.0 (/opt/rustwide/workdir)
[INFO] [stdout] warning: unnecessary parentheses around assigned value
[INFO] [stdout]    --> src/header/map.rs:227:25
[INFO] [stdout]     |
[INFO] [stdout] 227 | const MAX_SIZE: usize = (1 << 15);
[INFO] [stdout]     |                         ^^^^^^^^^ help: remove these parentheses
[INFO] [stdout]     |
[INFO] [stdout] note: the lint level is defined here
[INFO] [stdout]    --> src/lib.rs:147:9
[INFO] [stdout]     |
[INFO] [stdout] 147 | #![deny(warnings, missing_docs, missing_debug_implementations)]
[INFO] [stdout]     |         ^^^^^^^^
[INFO] [stdout]     = note: `#[warn(unused_parens)]` implied by `#[warn(warnings)]`
[INFO] [stdout] 
[INFO] [stdout] 
[INFO] [stdout] warning: unused label
[INFO] [stdout]     --> src/header/map.rs:1793:13
[INFO] [stdout]      |
[INFO] [stdout] 1793 |             'inner:
[INFO] [stdout]      |             ^^^^^^
[INFO] [stdout]      |
[INFO] [stdout] note: the lint level is defined here
[INFO] [stdout]     --> src/lib.rs:147:9
[INFO] [stdout]      |
[INFO] [stdout] 147  | #![deny(warnings, missing_docs, missing_debug_implementations)]
[INFO] [stdout]      |         ^^^^^^^^
[INFO] [stdout]      = note: `#[warn(unused_labels)]` implied by `#[warn(warnings)]`
[INFO] [stdout] 
[INFO] [stdout] 
[INFO] [stdout] warning: unnecessary parentheses around block return value
[INFO] [stdout]     --> src/header/map.rs:2983:5
[INFO] [stdout]      |
[INFO] [stdout] 2983 |     (hash.0 & mask)
[INFO] [stdout]      |     ^^^^^^^^^^^^^^^ help: remove these parentheses
[INFO] [stdout] 
[INFO] [stdout] 
[INFO] [stdout] warning: trait objects without an explicit `dyn` are deprecated
[INFO] [stdout]    --> src/extensions.rs:8:35
[INFO] [stdout]     |
[INFO] [stdout] 8   | type AnyMap = HashMap<TypeId, Box<Any + Send + Sync>, BuildHasherDefault<FnvHasher>>;
[INFO] [stdout]     |                                   ^^^^^^^^^^^^^^^^^ help: use `dyn`: `dyn Any + Send + Sync`
[INFO] [stdout]     |
[INFO] [stdout] note: the lint level is defined here
[INFO] [stdout]    --> src/lib.rs:147:9
[INFO] [stdout]     |
[INFO] [stdout] 147 | #![deny(warnings, missing_docs, missing_debug_implementations)]
[INFO] [stdout]     |         ^^^^^^^^
[INFO] [stdout]     = note: `#[warn(bare_trait_objects)]` implied by `#[warn(warnings)]`
[INFO] [stdout]     = warning: this is accepted in the current edition (Rust 2015) but is a hard error in Rust 2021!
[INFO] [stdout]     = note: for more information, see issue #80165 <https://github.com/rust-lang/rust/issues/80165>
[INFO] [stdout] 
[INFO] [stdout] 
[INFO] [stdout] warning: trait objects without an explicit `dyn` are deprecated
[INFO] [stdout]   --> src/extensions.rs:46:31
[INFO] [stdout]    |
[INFO] [stdout] 46 |                 (boxed as Box<Any + 'static>)
[INFO] [stdout]    |                               ^^^^^^^^^^^^^ help: use `dyn`: `dyn Any + 'static`
[INFO] [stdout]    |
[INFO] [stdout]    = warning: this is accepted in the current edition (Rust 2015) but is a hard error in Rust 2021!
[INFO] [stdout]    = note: for more information, see issue #80165 <https://github.com/rust-lang/rust/issues/80165>
[INFO] [stdout] 
[INFO] [stdout] 
[INFO] [stdout] warning: trait objects without an explicit `dyn` are deprecated
[INFO] [stdout]   --> src/extensions.rs:68:46
[INFO] [stdout]    |
[INFO] [stdout] 68 |             .and_then(|boxed| (&**boxed as &(Any + 'static)).downcast_ref())
[INFO] [stdout]    |                                              ^^^^^^^^^^^^^ help: use `dyn`: `dyn Any + 'static`
[INFO] [stdout]    |
[INFO] [stdout]    = warning: this is accepted in the current edition (Rust 2015) but is a hard error in Rust 2021!
[INFO] [stdout]    = note: for more information, see issue #80165 <https://github.com/rust-lang/rust/issues/80165>
[INFO] [stdout] 
[INFO] [stdout] 
[INFO] [stdout] warning: trait objects without an explicit `dyn` are deprecated
[INFO] [stdout]   --> src/extensions.rs:86:54
[INFO] [stdout]    |
[INFO] [stdout] 86 |             .and_then(|boxed| (&mut **boxed as &mut (Any + 'static)).downcast_mut())
[INFO] [stdout]    |                                                      ^^^^^^^^^^^^^ help: use `dyn`: `dyn Any + 'static`
[INFO] [stdout]    |
[INFO] [stdout]    = warning: this is accepted in the current edition (Rust 2015) but is a hard error in Rust 2021!
[INFO] [stdout]    = note: for more information, see issue #80165 <https://github.com/rust-lang/rust/issues/80165>
[INFO] [stdout] 
[INFO] [stdout] 
[INFO] [stdout] warning: trait objects without an explicit `dyn` are deprecated
[INFO] [stdout]    --> src/extensions.rs:107:31
[INFO] [stdout]     |
[INFO] [stdout] 107 |                 (boxed as Box<Any + 'static>)
[INFO] [stdout]     |                               ^^^^^^^^^^^^^ help: use `dyn`: `dyn Any + 'static`
[INFO] [stdout]     |
[INFO] [stdout]     = warning: this is accepted in the current edition (Rust 2015) but is a hard error in Rust 2021!
[INFO] [stdout]     = note: for more information, see issue #80165 <https://github.com/rust-lang/rust/issues/80165>
[INFO] [stdout] 
[INFO] [stdout] 
[INFO] [stdout] warning: use of deprecated function `std::mem::uninitialized`: use `mem::MaybeUninit` instead
[INFO] [stdout]     --> src/header/name.rs:1527:37
[INFO] [stdout]      |
[INFO] [stdout] 1527 |         let mut buf = unsafe { mem::uninitialized() };
[INFO] [stdout]      |                                     ^^^^^^^^^^^^^
[INFO] [stdout]      |
[INFO] [stdout] note: the lint level is defined here
[INFO] [stdout]     --> src/lib.rs:147:9
[INFO] [stdout]      |
[INFO] [stdout] 147  | #![deny(warnings, missing_docs, missing_debug_implementations)]
[INFO] [stdout]      |         ^^^^^^^^
[INFO] [stdout]      = note: `#[warn(deprecated)]` implied by `#[warn(warnings)]`
[INFO] [stdout] 
[INFO] [stdout] 
[INFO] [stdout] warning: use of deprecated function `std::mem::uninitialized`: use `mem::MaybeUninit` instead
[INFO] [stdout]     --> src/header/name.rs:1575:37
[INFO] [stdout]      |
[INFO] [stdout] 1575 |         let mut buf = unsafe { mem::uninitialized() };
[INFO] [stdout]      |                                     ^^^^^^^^^^^^^
[INFO] [stdout] 
[INFO] [stdout] 
[INFO] [stdout] warning: use of deprecated function `std::mem::uninitialized`: use `mem::MaybeUninit` instead
[INFO] [stdout]     --> src/header/name.rs:1634:37
[INFO] [stdout]      |
[INFO] [stdout] 1634 |         let mut buf = unsafe { mem::uninitialized() };
[INFO] [stdout]      |                                     ^^^^^^^^^^^^^
[INFO] [stdout] 
[INFO] [stdout] 
[INFO] [stdout] warning: use of deprecated function `std::mem::uninitialized`: use `mem::MaybeUninit` instead
[INFO] [stdout]     --> src/header/name.rs:1897:37
[INFO] [stdout]      |
[INFO] [stdout] 1897 |         let mut buf = unsafe { mem::uninitialized() };
[INFO] [stdout]      |                                     ^^^^^^^^^^^^^
[INFO] [stdout] 
[INFO] [stdout] 
[INFO] [stdout] warning: use of deprecated function `std::mem::uninitialized`: use `mem::MaybeUninit` instead
[INFO] [stdout]     --> src/header/name.rs:1905:37
[INFO] [stdout]      |
[INFO] [stdout] 1905 |         let mut buf = unsafe { mem::uninitialized() };
[INFO] [stdout]      |                                     ^^^^^^^^^^^^^
[INFO] [stdout] 
[INFO] [stdout] 
[INFO] [stdout] warning: use of deprecated associated function `std::error::Error::description`: use the Display impl or to_string()
[INFO] [stdout]   --> src/error.rs:40:23
[INFO] [stdout]    |
[INFO] [stdout] 40 |         error::Error::description(self).fmt(f)
[INFO] [stdout]    |                       ^^^^^^^^^^^
[INFO] [stdout] 
[INFO] [stdout] 
[INFO] [stdout] warning: use of deprecated associated function `std::error::Error::description`: use the Display impl or to_string()
[INFO] [stdout]     --> src/header/name.rs:1860:14
[INFO] [stdout]      |
[INFO] [stdout] 1860 |         self.description().fmt(f)
[INFO] [stdout]      |              ^^^^^^^^^^^
[INFO] [stdout] 
[INFO] [stdout] 
[INFO] [stdout] warning: use of deprecated associated function `std::error::Error::description`: use the Display impl or to_string()
[INFO] [stdout]     --> src/header/name.rs:1878:16
[INFO] [stdout]      |
[INFO] [stdout] 1878 |         self.0.description()
[INFO] [stdout]      |                ^^^^^^^^^^^
[INFO] [stdout] 
[INFO] [stdout] 
[INFO] [stdout] warning: use of deprecated associated function `std::error::Error::description`: use the Display impl or to_string()
[INFO] [stdout]    --> src/header/value.rs:464:14
[INFO] [stdout]     |
[INFO] [stdout] 464 |         self.description().fmt(f)
[INFO] [stdout]     |              ^^^^^^^^^^^
[INFO] [stdout] 
[INFO] [stdout] 
[INFO] [stdout] warning: use of deprecated associated function `std::error::Error::description`: use the Display impl or to_string()
[INFO] [stdout]    --> src/header/value.rs:482:16
[INFO] [stdout]     |
[INFO] [stdout] 482 |         self.0.description()
[INFO] [stdout]     |                ^^^^^^^^^^^
[INFO] [stdout] 
[INFO] [stdout] 
[INFO] [stdout] warning: use of deprecated associated function `std::error::Error::description`: use the Display impl or to_string()
[INFO] [stdout]    --> src/header/value.rs:488:14
[INFO] [stdout]     |
[INFO] [stdout] 488 |         self.description().fmt(f)
[INFO] [stdout]     |              ^^^^^^^^^^^
[INFO] [stdout] 
[INFO] [stdout] 
[INFO] [stdout] warning: use of deprecated associated function `std::error::Error::description`: use the Display impl or to_string()
[INFO] [stdout]    --> src/method.rs:348:30
[INFO] [stdout]     |
[INFO] [stdout] 348 |         write!(f, "{}", self.description())
[INFO] [stdout]     |                              ^^^^^^^^^^^
[INFO] [stdout] 
[INFO] [stdout] 
[INFO] [stdout] warning: use of deprecated associated function `std::error::Error::description`: use the Display impl or to_string()
[INFO] [stdout]    --> src/request.rs:938:30
[INFO] [stdout]     |
[INFO] [stdout] 938 |         write!(f, "{}", self.description())
[INFO] [stdout]     |                              ^^^^^^^^^^^
[INFO] [stdout] 
[INFO] [stdout] 
[INFO] [stdout] warning: use of deprecated associated function `std::error::Error::description`: use the Display impl or to_string()
[INFO] [stdout]    --> src/status.rs:501:26
[INFO] [stdout]     |
[INFO] [stdout] 501 |         f.write_str(self.description())
[INFO] [stdout]     |                          ^^^^^^^^^^^
[INFO] [stdout] 
[INFO] [stdout] 
[INFO] [stdout] warning: use of deprecated associated function `std::error::Error::description`: use the Display impl or to_string()
[INFO] [stdout]   --> src/error.rs:49:36
[INFO] [stdout]    |
[INFO] [stdout] 49 |             StatusCode(ref e) => e.description(),
[INFO] [stdout]    |                                    ^^^^^^^^^^^
[INFO] [stdout] 
[INFO] [stdout] 
[INFO] [stdout] warning: use of deprecated associated function `std::error::Error::description`: use the Display impl or to_string()
[INFO] [stdout]   --> src/error.rs:50:32
[INFO] [stdout]    |
[INFO] [stdout] 50 |             Method(ref e) => e.description(),
[INFO] [stdout]    |                                ^^^^^^^^^^^
[INFO] [stdout] 
[INFO] [stdout] 
[INFO] [stdout] warning: use of deprecated associated function `std::error::Error::description`: use the Display impl or to_string()
[INFO] [stdout]   --> src/error.rs:51:29
[INFO] [stdout]    |
[INFO] [stdout] 51 |             Url(ref e) => e.description(),
[INFO] [stdout]    |                             ^^^^^^^^^^^
[INFO] [stdout] 
[INFO] [stdout] 
[INFO] [stdout] warning: use of deprecated associated function `std::error::Error::description`: use the Display impl or to_string()
[INFO] [stdout]   --> src/error.rs:52:35
[INFO] [stdout]    |
[INFO] [stdout] 52 |             BadTarget(ref e) => e.description(),
[INFO] [stdout]    |                                   ^^^^^^^^^^^
[INFO] [stdout] 
[INFO] [stdout] 
[INFO] [stdout] warning: use of deprecated associated function `std::error::Error::description`: use the Display impl or to_string()
[INFO] [stdout]   --> src/error.rs:53:36
[INFO] [stdout]    |
[INFO] [stdout] 53 |             HeaderName(ref e) => e.description(),
[INFO] [stdout]    |                                    ^^^^^^^^^^^
[INFO] [stdout] 
[INFO] [stdout] 
[INFO] [stdout] warning: use of deprecated associated function `std::error::Error::description`: use the Display impl or to_string()
[INFO] [stdout]   --> src/error.rs:54:42
[INFO] [stdout]    |
[INFO] [stdout] 54 |             HeaderNameShared(ref e) => e.description(),
[INFO] [stdout]    |                                          ^^^^^^^^^^^
[INFO] [stdout] 
[INFO] [stdout] 
[INFO] [stdout] warning: use of deprecated associated function `std::error::Error::description`: use the Display impl or to_string()
[INFO] [stdout]   --> src/error.rs:55:37
[INFO] [stdout]    |
[INFO] [stdout] 55 |             HeaderValue(ref e) => e.description(),
[INFO] [stdout]    |                                     ^^^^^^^^^^^
[INFO] [stdout] 
[INFO] [stdout] 
[INFO] [stdout] warning: use of deprecated associated function `std::error::Error::description`: use the Display impl or to_string()
[INFO] [stdout]   --> src/error.rs:56:43
[INFO] [stdout]    |
[INFO] [stdout] 56 |             HeaderValueShared(ref e) => e.description(),
[INFO] [stdout]    |                                           ^^^^^^^^^^^
[INFO] [stdout] 
[INFO] [stdout] 
[INFO] [stdout] warning: 30 warnings emitted
[INFO] [stdout] 
[INFO] [stdout] 
[INFO] [stderr]     Finished dev [unoptimized + debuginfo] target(s) in 9.31s
[INFO] running `Command { std: "docker" "inspect" "71fd4f18a4eead8402075181afb552d11a48cd43c0e6a1bb36e203b166bf14a5", kill_on_drop: false }`
[INFO] running `Command { std: "docker" "rm" "-f" "71fd4f18a4eead8402075181afb552d11a48cd43c0e6a1bb36e203b166bf14a5", kill_on_drop: false }`
[INFO] [stdout] 71fd4f18a4eead8402075181afb552d11a48cd43c0e6a1bb36e203b166bf14a5
[INFO] running `Command { std: "docker" "create" "-v" "/var/lib/crater-agent-workspace/builds/worker-80/target:/opt/rustwide/target:rw,Z" "-v" "/var/lib/crater-agent-workspace/builds/worker-80/source:/opt/rustwide/workdir:ro,Z" "-v" "/var/lib/crater-agent-workspace/cargo-home:/opt/rustwide/cargo-home:ro,Z" "-v" "/var/lib/crater-agent-workspace/rustup-home:/opt/rustwide/rustup-home:ro,Z" "-e" "SOURCE_DIR=/opt/rustwide/workdir" "-e" "CARGO_TARGET_DIR=/opt/rustwide/target" "-e" "CARGO_INCREMENTAL=0" "-e" "RUST_BACKTRACE=full" "-e" "RUSTFLAGS=--cap-lints=warn" "-e" "CARGO_HOME=/opt/rustwide/cargo-home" "-e" "RUSTUP_HOME=/opt/rustwide/rustup-home" "-w" "/opt/rustwide/workdir" "-m" "1610612736" "--user" "0:0" "--network" "none" "ghcr.io/rust-lang/crates-build-env/linux@sha256:34b6a614d2c27851fe6cbf88fbd1137609cefab8b10d0615aaeb6fd47975d74e" "/opt/rustwide/cargo-home/bin/cargo" "+beta-2021-08-01" "test" "--frozen" "--no-run" "--message-format=json", kill_on_drop: false }`
[INFO] [stdout] 8cc5476af98c3f84922bfd222e36f138c6608c241241ef99fa7f7f3eaea80634
[INFO] running `Command { std: "docker" "start" "-a" "8cc5476af98c3f84922bfd222e36f138c6608c241241ef99fa7f7f3eaea80634", kill_on_drop: false }`
[INFO] [stderr]     Blocking waiting for file lock on package cache
[INFO] [stderr]    Compiling log v0.4.14
[INFO] [stderr]    Compiling serde v1.0.127
[INFO] [stderr]    Compiling quick-error v1.2.3
[INFO] [stderr]    Compiling regex-syntax v0.6.25
[INFO] [stderr]    Compiling ryu v1.0.5
[INFO] [stderr]    Compiling termcolor v1.1.2
[INFO] [stderr]    Compiling serde_json v1.0.66
[INFO] [stderr]    Compiling itoa v0.4.7
[INFO] [stderr]    Compiling hashbrown v0.11.2
[INFO] [stderr]    Compiling seahash v3.0.7
[INFO] [stderr]    Compiling indexmap v1.7.0
[INFO] [stderr]    Compiling aho-corasick v0.7.18
[INFO] [stderr]    Compiling atty v0.2.14
[INFO] [stderr]    Compiling rand v0.4.6
[INFO] [stdout] warning: unnecessary parentheses around assigned value
[INFO] [stdout]    --> src/header/map.rs:227:25
[INFO] [stdout]     |
[INFO] [stdout] 227 | const MAX_SIZE: usize = (1 << 15);
[INFO] [stdout]     |                         ^^^^^^^^^ help: remove these parentheses
[INFO] [stdout]     |
[INFO] [stdout] note: the lint level is defined here
[INFO] [stdout]    --> src/lib.rs:147:9
[INFO] [stdout]     |
[INFO] [stdout] 147 | #![deny(warnings, missing_docs, missing_debug_implementations)]
[INFO] [stdout]     |         ^^^^^^^^
[INFO] [stdout]     = note: `#[warn(unused_parens)]` implied by `#[warn(warnings)]`
[INFO] [stdout] 
[INFO] [stdout] 
[INFO] [stdout] warning: unused label
[INFO] [stdout]     --> src/header/map.rs:1793:13
[INFO] [stdout]      |
[INFO] [stdout] 1793 |             'inner:
[INFO] [stdout]      |             ^^^^^^
[INFO] [stdout]      |
[INFO] [stdout] note: the lint level is defined here
[INFO] [stdout]     --> src/lib.rs:147:9
[INFO] [stdout]      |
[INFO] [stdout] 147  | #![deny(warnings, missing_docs, missing_debug_implementations)]
[INFO] [stdout]      |         ^^^^^^^^
[INFO] [stdout]      = note: `#[warn(unused_labels)]` implied by `#[warn(warnings)]`
[INFO] [stdout] 
[INFO] [stdout] 
[INFO] [stdout] warning: unnecessary parentheses around block return value
[INFO] [stdout]     --> src/header/map.rs:2983:5
[INFO] [stdout]      |
[INFO] [stdout] 2983 |     (hash.0 & mask)
[INFO] [stdout]      |     ^^^^^^^^^^^^^^^ help: remove these parentheses
[INFO] [stdout] 
[INFO] [stdout] 
[INFO] [stdout] warning: trait objects without an explicit `dyn` are deprecated
[INFO] [stdout]    --> src/extensions.rs:8:35
[INFO] [stdout]     |
[INFO] [stdout] 8   | type AnyMap = HashMap<TypeId, Box<Any + Send + Sync>, BuildHasherDefault<FnvHasher>>;
[INFO] [stdout]     |                                   ^^^^^^^^^^^^^^^^^ help: use `dyn`: `dyn Any + Send + Sync`
[INFO] [stdout]     |
[INFO] [stdout] note: the lint level is defined here
[INFO] [stdout]    --> src/lib.rs:147:9
[INFO] [stdout]     |
[INFO] [stdout] 147 | #![deny(warnings, missing_docs, missing_debug_implementations)]
[INFO] [stdout]     |         ^^^^^^^^
[INFO] [stdout]     = note: `#[warn(bare_trait_objects)]` implied by `#[warn(warnings)]`
[INFO] [stdout]     = warning: this is accepted in the current edition (Rust 2015) but is a hard error in Rust 2021!
[INFO] [stdout]     = note: for more information, see issue #80165 <https://github.com/rust-lang/rust/issues/80165>
[INFO] [stdout] 
[INFO] [stdout] 
[INFO] [stdout] warning: trait objects without an explicit `dyn` are deprecated
[INFO] [stdout]   --> src/extensions.rs:46:31
[INFO] [stdout]    |
[INFO] [stdout] 46 |                 (boxed as Box<Any + 'static>)
[INFO] [stdout]    |                               ^^^^^^^^^^^^^ help: use `dyn`: `dyn Any + 'static`
[INFO] [stdout]    |
[INFO] [stdout]    = warning: this is accepted in the current edition (Rust 2015) but is a hard error in Rust 2021!
[INFO] [stdout]    = note: for more information, see issue #80165 <https://github.com/rust-lang/rust/issues/80165>
[INFO] [stdout] 
[INFO] [stdout] 
[INFO] [stdout] warning: trait objects without an explicit `dyn` are deprecated
[INFO] [stdout]   --> src/extensions.rs:68:46
[INFO] [stdout]    |
[INFO] [stdout] 68 |             .and_then(|boxed| (&**boxed as &(Any + 'static)).downcast_ref())
[INFO] [stdout]    |                                              ^^^^^^^^^^^^^ help: use `dyn`: `dyn Any + 'static`
[INFO] [stdout]    |
[INFO] [stdout]    = warning: this is accepted in the current edition (Rust 2015) but is a hard error in Rust 2021!
[INFO] [stdout]    = note: for more information, see issue #80165 <https://github.com/rust-lang/rust/issues/80165>
[INFO] [stdout] 
[INFO] [stdout] 
[INFO] [stdout] warning: trait objects without an explicit `dyn` are deprecated
[INFO] [stdout]   --> src/extensions.rs:86:54
[INFO] [stdout]    |
[INFO] [stdout] 86 |             .and_then(|boxed| (&mut **boxed as &mut (Any + 'static)).downcast_mut())
[INFO] [stdout]    |                                                      ^^^^^^^^^^^^^ help: use `dyn`: `dyn Any + 'static`
[INFO] [stdout]    |
[INFO] [stdout]    = warning: this is accepted in the current edition (Rust 2015) but is a hard error in Rust 2021!
[INFO] [stdout]    = note: for more information, see issue #80165 <https://github.com/rust-lang/rust/issues/80165>
[INFO] [stdout] 
[INFO] [stdout] 
[INFO] [stdout] warning: trait objects without an explicit `dyn` are deprecated
[INFO] [stdout]    --> src/extensions.rs:107:31
[INFO] [stdout]     |
[INFO] [stdout] 107 |                 (boxed as Box<Any + 'static>)
[INFO] [stdout]     |                               ^^^^^^^^^^^^^ help: use `dyn`: `dyn Any + 'static`
[INFO] [stdout]     |
[INFO] [stdout]     = warning: this is accepted in the current edition (Rust 2015) but is a hard error in Rust 2021!
[INFO] [stdout]     = note: for more information, see issue #80165 <https://github.com/rust-lang/rust/issues/80165>
[INFO] [stdout] 
[INFO] [stdout] 
[INFO] [stdout] warning: use of deprecated function `std::mem::uninitialized`: use `mem::MaybeUninit` instead
[INFO] [stdout]     --> src/header/name.rs:1527:37
[INFO] [stdout]      |
[INFO] [stdout] 1527 |         let mut buf = unsafe { mem::uninitialized() };
[INFO] [stdout]      |                                     ^^^^^^^^^^^^^
[INFO] [stdout]      |
[INFO] [stdout] note: the lint level is defined here
[INFO] [stdout]     --> src/lib.rs:147:9
[INFO] [stdout]      |
[INFO] [stdout] 147  | #![deny(warnings, missing_docs, missing_debug_implementations)]
[INFO] [stdout]      |         ^^^^^^^^
[INFO] [stdout]      = note: `#[warn(deprecated)]` implied by `#[warn(warnings)]`
[INFO] [stdout] 
[INFO] [stdout] 
[INFO] [stdout] warning: use of deprecated function `std::mem::uninitialized`: use `mem::MaybeUninit` instead
[INFO] [stdout]     --> src/header/name.rs:1575:37
[INFO] [stdout]      |
[INFO] [stdout] 1575 |         let mut buf = unsafe { mem::uninitialized() };
[INFO] [stdout]      |                                     ^^^^^^^^^^^^^
[INFO] [stdout] 
[INFO] [stdout] 
[INFO] [stdout] warning: use of deprecated function `std::mem::uninitialized`: use `mem::MaybeUninit` instead
[INFO] [stdout]     --> src/header/name.rs:1634:37
[INFO] [stdout]      |
[INFO] [stdout] 1634 |         let mut buf = unsafe { mem::uninitialized() };
[INFO] [stdout]      |                                     ^^^^^^^^^^^^^
[INFO] [stdout] 
[INFO] [stdout] 
[INFO] [stdout] warning: use of deprecated function `std::mem::uninitialized`: use `mem::MaybeUninit` instead
[INFO] [stdout]     --> src/header/name.rs:1897:37
[INFO] [stdout]      |
[INFO] [stdout] 1897 |         let mut buf = unsafe { mem::uninitialized() };
[INFO] [stdout]      |                                     ^^^^^^^^^^^^^
[INFO] [stdout] 
[INFO] [stdout] 
[INFO] [stdout] warning: use of deprecated function `std::mem::uninitialized`: use `mem::MaybeUninit` instead
[INFO] [stdout]     --> src/header/name.rs:1905:37
[INFO] [stdout]      |
[INFO] [stdout] 1905 |         let mut buf = unsafe { mem::uninitialized() };
[INFO] [stdout]      |                                     ^^^^^^^^^^^^^
[INFO] [stdout] 
[INFO] [stdout] 
[INFO] [stdout] warning: use of deprecated associated function `std::error::Error::description`: use the Display impl or to_string()
[INFO] [stdout]   --> src/error.rs:40:23
[INFO] [stdout]    |
[INFO] [stdout] 40 |         error::Error::description(self).fmt(f)
[INFO] [stdout]    |                       ^^^^^^^^^^^
[INFO] [stdout] 
[INFO] [stdout] 
[INFO] [stdout] warning: use of deprecated associated function `std::error::Error::description`: use the Display impl or to_string()
[INFO] [stdout]     --> src/header/name.rs:1860:14
[INFO] [stdout]      |
[INFO] [stdout] 1860 |         self.description().fmt(f)
[INFO] [stdout]      |              ^^^^^^^^^^^
[INFO] [stdout] 
[INFO] [stdout] 
[INFO] [stdout] warning: use of deprecated associated function `std::error::Error::description`: use the Display impl or to_string()
[INFO] [stdout]     --> src/header/name.rs:1878:16
[INFO] [stdout]      |
[INFO] [stdout] 1878 |         self.0.description()
[INFO] [stdout]      |                ^^^^^^^^^^^
[INFO] [stdout] 
[INFO] [stdout] 
[INFO] [stdout] warning: use of deprecated associated function `std::error::Error::description`: use the Display impl or to_string()
[INFO] [stdout]    --> src/header/value.rs:464:14
[INFO] [stdout]     |
[INFO] [stdout] 464 |         self.description().fmt(f)
[INFO] [stdout]     |              ^^^^^^^^^^^
[INFO] [stdout] 
[INFO] [stdout] 
[INFO] [stdout] warning: use of deprecated associated function `std::error::Error::description`: use the Display impl or to_string()
[INFO] [stdout]    --> src/header/value.rs:482:16
[INFO] [stdout]     |
[INFO] [stdout] 482 |         self.0.description()
[INFO] [stdout]     |                ^^^^^^^^^^^
[INFO] [stdout] 
[INFO] [stdout] 
[INFO] [stdout] warning: use of deprecated associated function `std::error::Error::description`: use the Display impl or to_string()
[INFO] [stdout]    --> src/header/value.rs:488:14
[INFO] [stdout]     |
[INFO] [stdout] 488 |         self.description().fmt(f)
[INFO] [stdout]     |              ^^^^^^^^^^^
[INFO] [stdout] 
[INFO] [stdout] 
[INFO] [stdout] warning: use of deprecated associated function `std::error::Error::description`: use the Display impl or to_string()
[INFO] [stdout]    --> src/method.rs:348:30
[INFO] [stdout]     |
[INFO] [stdout] 348 |         write!(f, "{}", self.description())
[INFO] [stdout]     |                              ^^^^^^^^^^^
[INFO] [stdout] 
[INFO] [stdout] 
[INFO] [stdout] warning: use of deprecated associated function `std::error::Error::description`: use the Display impl or to_string()
[INFO] [stdout]    --> src/request.rs:938:30
[INFO] [stdout]     |
[INFO] [stdout] 938 |         write!(f, "{}", self.description())
[INFO] [stdout]     |                              ^^^^^^^^^^^
[INFO] [stdout] 
[INFO] [stdout] 
[INFO] [stdout] warning: use of deprecated associated function `std::error::Error::description`: use the Display impl or to_string()
[INFO] [stdout]    --> src/status.rs:501:26
[INFO] [stdout]     |
[INFO] [stdout] 501 |         f.write_str(self.description())
[INFO] [stdout]     |                          ^^^^^^^^^^^
[INFO] [stdout] 
[INFO] [stdout] 
[INFO] [stdout] warning: use of deprecated associated function `std::error::Error::description`: use the Display impl or to_string()
[INFO] [stdout]   --> src/error.rs:49:36
[INFO] [stdout]    |
[INFO] [stdout] 49 |             StatusCode(ref e) => e.description(),
[INFO] [stdout]    |                                    ^^^^^^^^^^^
[INFO] [stdout] 
[INFO] [stdout] 
[INFO] [stdout] warning: use of deprecated associated function `std::error::Error::description`: use the Display impl or to_string()
[INFO] [stdout]   --> src/error.rs:50:32
[INFO] [stdout]    |
[INFO] [stdout] 50 |             Method(ref e) => e.description(),
[INFO] [stdout]    |                                ^^^^^^^^^^^
[INFO] [stdout] 
[INFO] [stdout] 
[INFO] [stdout] warning: use of deprecated associated function `std::error::Error::description`: use the Display impl or to_string()
[INFO] [stdout]   --> src/error.rs:51:29
[INFO] [stdout]    |
[INFO] [stdout] 51 |             Url(ref e) => e.description(),
[INFO] [stdout]    |                             ^^^^^^^^^^^
[INFO] [stdout] 
[INFO] [stdout] 
[INFO] [stdout] warning: use of deprecated associated function `std::error::Error::description`: use the Display impl or to_string()
[INFO] [stdout]   --> src/error.rs:52:35
[INFO] [stdout]    |
[INFO] [stdout] 52 |             BadTarget(ref e) => e.description(),
[INFO] [stdout]    |                                   ^^^^^^^^^^^
[INFO] [stdout] 
[INFO] [stdout] 
[INFO] [stdout] warning: use of deprecated associated function `std::error::Error::description`: use the Display impl or to_string()
[INFO] [stdout]   --> src/error.rs:53:36
[INFO] [stdout]    |
[INFO] [stdout] 53 |             HeaderName(ref e) => e.description(),
[INFO] [stdout]    |                                    ^^^^^^^^^^^
[INFO] [stdout] 
[INFO] [stdout] 
[INFO] [stdout] warning: use of deprecated associated function `std::error::Error::description`: use the Display impl or to_string()
[INFO] [stdout]   --> src/error.rs:54:42
[INFO] [stdout]    |
[INFO] [stdout] 54 |             HeaderNameShared(ref e) => e.description(),
[INFO] [stdout]    |                                          ^^^^^^^^^^^
[INFO] [stdout] 
[INFO] [stdout] 
[INFO] [stdout] warning: use of deprecated associated function `std::error::Error::description`: use the Display impl or to_string()
[INFO] [stdout]   --> src/error.rs:55:37
[INFO] [stdout]    |
[INFO] [stdout] 55 |             HeaderValue(ref e) => e.description(),
[INFO] [stdout]    |                                     ^^^^^^^^^^^
[INFO] [stdout] 
[INFO] [stdout] 
[INFO] [stdout] warning: use of deprecated associated function `std::error::Error::description`: use the Display impl or to_string()
[INFO] [stdout]   --> src/error.rs:56:43
[INFO] [stdout]    |
[INFO] [stdout] 56 |             HeaderValueShared(ref e) => e.description(),
[INFO] [stdout]    |                                           ^^^^^^^^^^^
[INFO] [stdout] 
[INFO] [stdout] 
[INFO] [stdout] warning: 30 warnings emitted
[INFO] [stdout] 
[INFO] [stdout] 
[INFO] [stderr]    Compiling humantime v1.3.0
[INFO] [stderr]    Compiling regex v1.5.4
[INFO] [stderr]    Compiling env_logger v0.5.13
[INFO] [stderr]    Compiling quickcheck v0.6.2
[INFO] [stderr]    Compiling http-with-url v0.2.0 (/opt/rustwide/workdir)
[INFO] [stdout] error[E0463]: can't find crate for `http`
[INFO] [stdout]  --> tests/header_map_fuzz.rs:1:1
[INFO] [stdout]   |
[INFO] [stdout] 1 | extern crate http;
[INFO] [stdout]   | ^^^^^^^^^^^^^^^^^^ can't find crate
[INFO] [stdout] 
[INFO] [stdout] 
[INFO] [stdout] error[E0463]: can't find crate for `http`
[INFO] [stdout]  --> tests/header_map.rs:1:1
[INFO] [stdout]   |
[INFO] [stdout] 1 | extern crate http;
[INFO] [stdout]   | ^^^^^^^^^^^^^^^^^^ can't find crate
[INFO] [stdout] 
[INFO] [stdout] 
[INFO] [stdout] error: aborting due to previous error
[INFO] [stdout] 
[INFO] [stdout] 
[INFO] [stdout] For more information about this error, try `rustc --explain E0463`.
[INFO] [stdout] 
[INFO] [stdout] error: aborting due to previous error
[INFO] [stdout] 
[INFO] [stdout] 
[INFO] [stdout] For more information about this error, try `rustc --explain E0463`.
[INFO] [stdout] 
[INFO] [stdout] error[E0463]: can't find crate for `http`
[INFO] [stdout]  --> tests/status_code.rs:1:1
[INFO] [stdout]   |
[INFO] [stdout] 1 | extern crate http;
[INFO] [stdout]   | ^^^^^^^^^^^^^^^^^^ can't find crate
[INFO] [stdout] 
[INFO] [stdout] 
[INFO] [stdout] error: aborting due to previous error
[INFO] [stdout] 
[INFO] [stdout] 
[INFO] [stdout] For more information about this error, try `rustc --explain E0463`.
[INFO] [stdout] 
[INFO] [stderr] error: could not compile `http-with-url` due to 2 previous errors
[INFO] [stderr] warning: build failed, waiting for other jobs to finish...
[INFO] [stdout] warning: unnecessary parentheses around assigned value
[INFO] [stdout]    --> src/header/map.rs:227:25
[INFO] [stdout]     |
[INFO] [stdout] 227 | const MAX_SIZE: usize = (1 << 15);
[INFO] [stdout]     |                         ^^^^^^^^^ help: remove these parentheses
[INFO] [stdout]     |
[INFO] [stdout] note: the lint level is defined here
[INFO] [stdout]    --> src/lib.rs:147:9
[INFO] [stdout]     |
[INFO] [stdout] 147 | #![deny(warnings, missing_docs, missing_debug_implementations)]
[INFO] [stdout]     |         ^^^^^^^^
[INFO] [stdout]     = note: `#[warn(unused_parens)]` implied by `#[warn(warnings)]`
[INFO] [stdout] 
[INFO] [stdout] 
[INFO] [stdout] warning: unused label
[INFO] [stdout]     --> src/header/map.rs:1793:13
[INFO] [stdout]      |
[INFO] [stdout] 1793 |             'inner:
[INFO] [stdout]      |             ^^^^^^
[INFO] [stdout]      |
[INFO] [stdout] note: the lint level is defined here
[INFO] [stdout]     --> src/lib.rs:147:9
[INFO] [stdout]      |
[INFO] [stdout] 147  | #![deny(warnings, missing_docs, missing_debug_implementations)]
[INFO] [stdout]      |         ^^^^^^^^
[INFO] [stdout]      = note: `#[warn(unused_labels)]` implied by `#[warn(warnings)]`
[INFO] [stdout] 
[INFO] [stdout] 
[INFO] [stdout] warning: unnecessary parentheses around block return value
[INFO] [stdout]     --> src/header/map.rs:2983:5
[INFO] [stdout]      |
[INFO] [stdout] 2983 |     (hash.0 & mask)
[INFO] [stdout]      |     ^^^^^^^^^^^^^^^ help: remove these parentheses
[INFO] [stdout] 
[INFO] [stdout] 
[INFO] [stdout] warning: trait objects without an explicit `dyn` are deprecated
[INFO] [stdout]    --> src/extensions.rs:8:35
[INFO] [stdout]     |
[INFO] [stdout] 8   | type AnyMap = HashMap<TypeId, Box<Any + Send + Sync>, BuildHasherDefault<FnvHasher>>;
[INFO] [stdout]     |                                   ^^^^^^^^^^^^^^^^^ help: use `dyn`: `dyn Any + Send + Sync`
[INFO] [stdout]     |
[INFO] [stdout] note: the lint level is defined here
[INFO] [stdout]    --> src/lib.rs:147:9
[INFO] [stdout]     |
[INFO] [stdout] 147 | #![deny(warnings, missing_docs, missing_debug_implementations)]
[INFO] [stdout]     |         ^^^^^^^^
[INFO] [stdout]     = note: `#[warn(bare_trait_objects)]` implied by `#[warn(warnings)]`
[INFO] [stdout]     = warning: this is accepted in the current edition (Rust 2015) but is a hard error in Rust 2021!
[INFO] [stdout]     = note: for more information, see issue #80165 <https://github.com/rust-lang/rust/issues/80165>
[INFO] [stdout] 
[INFO] [stdout] 
[INFO] [stdout] warning: trait objects without an explicit `dyn` are deprecated
[INFO] [stdout]   --> src/extensions.rs:46:31
[INFO] [stdout]    |
[INFO] [stdout] 46 |                 (boxed as Box<Any + 'static>)
[INFO] [stdout]    |                               ^^^^^^^^^^^^^ help: use `dyn`: `dyn Any + 'static`
[INFO] [stdout]    |
[INFO] [stdout]    = warning: this is accepted in the current edition (Rust 2015) but is a hard error in Rust 2021!
[INFO] [stdout]    = note: for more information, see issue #80165 <https://github.com/rust-lang/rust/issues/80165>
[INFO] [stdout] 
[INFO] [stdout] 
[INFO] [stdout] warning: trait objects without an explicit `dyn` are deprecated
[INFO] [stdout]   --> src/extensions.rs:68:46
[INFO] [stdout]    |
[INFO] [stdout] 68 |             .and_then(|boxed| (&**boxed as &(Any + 'static)).downcast_ref())
[INFO] [stdout]    |                                              ^^^^^^^^^^^^^ help: use `dyn`: `dyn Any + 'static`
[INFO] [stdout]    |
[INFO] [stdout]    = warning: this is accepted in the current edition (Rust 2015) but is a hard error in Rust 2021!
[INFO] [stdout]    = note: for more information, see issue #80165 <https://github.com/rust-lang/rust/issues/80165>
[INFO] [stdout] 
[INFO] [stdout] 
[INFO] [stdout] warning: trait objects without an explicit `dyn` are deprecated
[INFO] [stdout]   --> src/extensions.rs:86:54
[INFO] [stdout]    |
[INFO] [stdout] 86 |             .and_then(|boxed| (&mut **boxed as &mut (Any + 'static)).downcast_mut())
[INFO] [stdout]    |                                                      ^^^^^^^^^^^^^ help: use `dyn`: `dyn Any + 'static`
[INFO] [stdout]    |
[INFO] [stdout]    = warning: this is accepted in the current edition (Rust 2015) but is a hard error in Rust 2021!
[INFO] [stdout]    = note: for more information, see issue #80165 <https://github.com/rust-lang/rust/issues/80165>
[INFO] [stdout] 
[INFO] [stdout] 
[INFO] [stdout] warning: trait objects without an explicit `dyn` are deprecated
[INFO] [stdout]    --> src/extensions.rs:107:31
[INFO] [stdout]     |
[INFO] [stdout] 107 |                 (boxed as Box<Any + 'static>)
[INFO] [stdout]     |                               ^^^^^^^^^^^^^ help: use `dyn`: `dyn Any + 'static`
[INFO] [stdout]     |
[INFO] [stdout]     = warning: this is accepted in the current edition (Rust 2015) but is a hard error in Rust 2021!
[INFO] [stdout]     = note: for more information, see issue #80165 <https://github.com/rust-lang/rust/issues/80165>
[INFO] [stdout] 
[INFO] [stdout] 
[INFO] [stdout] warning: use of deprecated function `std::mem::uninitialized`: use `mem::MaybeUninit` instead
[INFO] [stdout]     --> src/header/name.rs:1527:37
[INFO] [stdout]      |
[INFO] [stdout] 1527 |         let mut buf = unsafe { mem::uninitialized() };
[INFO] [stdout]      |                                     ^^^^^^^^^^^^^
[INFO] [stdout]      |
[INFO] [stdout] note: the lint level is defined here
[INFO] [stdout]     --> src/lib.rs:147:9
[INFO] [stdout]      |
[INFO] [stdout] 147  | #![deny(warnings, missing_docs, missing_debug_implementations)]
[INFO] [stdout]      |         ^^^^^^^^
[INFO] [stdout]      = note: `#[warn(deprecated)]` implied by `#[warn(warnings)]`
[INFO] [stdout] 
[INFO] [stdout] 
[INFO] [stdout] warning: use of deprecated function `std::mem::uninitialized`: use `mem::MaybeUninit` instead
[INFO] [stdout]     --> src/header/name.rs:1575:37
[INFO] [stdout]      |
[INFO] [stdout] 1575 |         let mut buf = unsafe { mem::uninitialized() };
[INFO] [stdout]      |                                     ^^^^^^^^^^^^^
[INFO] [stdout] 
[INFO] [stdout] 
[INFO] [stdout] warning: use of deprecated function `std::mem::uninitialized`: use `mem::MaybeUninit` instead
[INFO] [stdout]     --> src/header/name.rs:1634:37
[INFO] [stdout]      |
[INFO] [stdout] 1634 |         let mut buf = unsafe { mem::uninitialized() };
[INFO] [stdout]      |                                     ^^^^^^^^^^^^^
[INFO] [stdout] 
[INFO] [stdout] 
[INFO] [stdout] warning: use of deprecated function `std::mem::uninitialized`: use `mem::MaybeUninit` instead
[INFO] [stdout]     --> src/header/name.rs:1897:37
[INFO] [stdout]      |
[INFO] [stdout] 1897 |         let mut buf = unsafe { mem::uninitialized() };
[INFO] [stdout]      |                                     ^^^^^^^^^^^^^
[INFO] [stdout] 
[INFO] [stdout] 
[INFO] [stdout] warning: use of deprecated function `std::mem::uninitialized`: use `mem::MaybeUninit` instead
[INFO] [stdout]     --> src/header/name.rs:1905:37
[INFO] [stdout]      |
[INFO] [stdout] 1905 |         let mut buf = unsafe { mem::uninitialized() };
[INFO] [stdout]      |                                     ^^^^^^^^^^^^^
[INFO] [stdout] 
[INFO] [stdout] 
[INFO] [stdout] warning: use of deprecated associated function `std::error::Error::description`: use the Display impl or to_string()
[INFO] [stdout]   --> src/error.rs:40:23
[INFO] [stdout]    |
[INFO] [stdout] 40 |         error::Error::description(self).fmt(f)
[INFO] [stdout]    |                       ^^^^^^^^^^^
[INFO] [stdout] 
[INFO] [stdout] 
[INFO] [stdout] warning: use of deprecated associated function `std::error::Error::description`: use the Display impl or to_string()
[INFO] [stdout]     --> src/header/name.rs:1860:14
[INFO] [stdout]      |
[INFO] [stdout] 1860 |         self.description().fmt(f)
[INFO] [stdout]      |              ^^^^^^^^^^^
[INFO] [stdout] 
[INFO] [stdout] 
[INFO] [stdout] warning: use of deprecated associated function `std::error::Error::description`: use the Display impl or to_string()
[INFO] [stdout]     --> src/header/name.rs:1878:16
[INFO] [stdout]      |
[INFO] [stdout] 1878 |         self.0.description()
[INFO] [stdout]      |                ^^^^^^^^^^^
[INFO] [stdout] 
[INFO] [stdout] 
[INFO] [stdout] warning: use of deprecated associated function `std::error::Error::description`: use the Display impl or to_string()
[INFO] [stdout]    --> src/header/value.rs:464:14
[INFO] [stdout]     |
[INFO] [stdout] 464 |         self.description().fmt(f)
[INFO] [stdout]     |              ^^^^^^^^^^^
[INFO] [stdout] 
[INFO] [stdout] 
[INFO] [stdout] warning: use of deprecated associated function `std::error::Error::description`: use the Display impl or to_string()
[INFO] [stdout]    --> src/header/value.rs:482:16
[INFO] [stdout]     |
[INFO] [stdout] 482 |         self.0.description()
[INFO] [stdout]     |                ^^^^^^^^^^^
[INFO] [stdout] 
[INFO] [stdout] 
[INFO] [stdout] warning: use of deprecated associated function `std::error::Error::description`: use the Display impl or to_string()
[INFO] [stdout]    --> src/header/value.rs:488:14
[INFO] [stdout]     |
[INFO] [stdout] 488 |         self.description().fmt(f)
[INFO] [stdout]     |              ^^^^^^^^^^^
[INFO] [stdout] 
[INFO] [stdout] 
[INFO] [stdout] warning: use of deprecated associated function `std::error::Error::description`: use the Display impl or to_string()
[INFO] [stdout]    --> src/method.rs:348:30
[INFO] [stdout]     |
[INFO] [stdout] 348 |         write!(f, "{}", self.description())
[INFO] [stdout]     |                              ^^^^^^^^^^^
[INFO] [stdout] 
[INFO] [stdout] 
[INFO] [stdout] warning: use of deprecated associated function `std::error::Error::description`: use the Display impl or to_string()
[INFO] [stdout]    --> src/request.rs:938:30
[INFO] [stdout]     |
[INFO] [stdout] 938 |         write!(f, "{}", self.description())
[INFO] [stdout]     |                              ^^^^^^^^^^^
[INFO] [stdout] 
[INFO] [stdout] 
[INFO] [stdout] warning: use of deprecated associated function `std::error::Error::description`: use the Display impl or to_string()
[INFO] [stdout]    --> src/status.rs:501:26
[INFO] [stdout]     |
[INFO] [stdout] 501 |         f.write_str(self.description())
[INFO] [stdout]     |                          ^^^^^^^^^^^
[INFO] [stdout] 
[INFO] [stdout] 
[INFO] [stdout] warning: use of deprecated associated function `std::error::Error::description`: use the Display impl or to_string()
[INFO] [stdout]   --> src/error.rs:49:36
[INFO] [stdout]    |
[INFO] [stdout] 49 |             StatusCode(ref e) => e.description(),
[INFO] [stdout]    |                                    ^^^^^^^^^^^
[INFO] [stdout] 
[INFO] [stdout] 
[INFO] [stdout] warning: use of deprecated associated function `std::error::Error::description`: use the Display impl or to_string()
[INFO] [stdout]   --> src/error.rs:50:32
[INFO] [stdout]    |
[INFO] [stdout] 50 |             Method(ref e) => e.description(),
[INFO] [stdout]    |                                ^^^^^^^^^^^
[INFO] [stdout] 
[INFO] [stdout] 
[INFO] [stdout] warning: use of deprecated associated function `std::error::Error::description`: use the Display impl or to_string()
[INFO] [stdout]   --> src/error.rs:51:29
[INFO] [stdout]    |
[INFO] [stdout] 51 |             Url(ref e) => e.description(),
[INFO] [stdout]    |                             ^^^^^^^^^^^
[INFO] [stdout] 
[INFO] [stdout] 
[INFO] [stdout] warning: use of deprecated associated function `std::error::Error::description`: use the Display impl or to_string()
[INFO] [stdout]   --> src/error.rs:52:35
[INFO] [stdout]    |
[INFO] [stdout] 52 |             BadTarget(ref e) => e.description(),
[INFO] [stdout]    |                                   ^^^^^^^^^^^
[INFO] [stdout] 
[INFO] [stdout] 
[INFO] [stdout] warning: use of deprecated associated function `std::error::Error::description`: use the Display impl or to_string()
[INFO] [stdout]   --> src/error.rs:53:36
[INFO] [stdout]    |
[INFO] [stdout] 53 |             HeaderName(ref e) => e.description(),
[INFO] [stdout]    |                                    ^^^^^^^^^^^
[INFO] [stdout] 
[INFO] [stdout] 
[INFO] [stdout] warning: use of deprecated associated function `std::error::Error::description`: use the Display impl or to_string()
[INFO] [stdout]   --> src/error.rs:54:42
[INFO] [stdout]    |
[INFO] [stdout] 54 |             HeaderNameShared(ref e) => e.description(),
[INFO] [stdout]    |                                          ^^^^^^^^^^^
[INFO] [stdout] 
[INFO] [stdout] 
[INFO] [stdout] warning: use of deprecated associated function `std::error::Error::description`: use the Display impl or to_string()
[INFO] [stdout]   --> src/error.rs:55:37
[INFO] [stdout]    |
[INFO] [stdout] 55 |             HeaderValue(ref e) => e.description(),
[INFO] [stdout]    |                                     ^^^^^^^^^^^
[INFO] [stdout] 
[INFO] [stdout] 
[INFO] [stdout] warning: use of deprecated associated function `std::error::Error::description`: use the Display impl or to_string()
[INFO] [stdout]   --> src/error.rs:56:43
[INFO] [stdout]    |
[INFO] [stdout] 56 |             HeaderValueShared(ref e) => e.description(),
[INFO] [stdout]    |                                           ^^^^^^^^^^^
[INFO] [stdout] 
[INFO] [stdout] 
[INFO] [stdout] warning: 30 warnings emitted
[INFO] [stdout] 
[INFO] [stdout] 
[INFO] [stderr] error: build failed
[INFO] running `Command { std: "docker" "inspect" "8cc5476af98c3f84922bfd222e36f138c6608c241241ef99fa7f7f3eaea80634", kill_on_drop: false }`
[INFO] running `Command { std: "docker" "rm" "-f" "8cc5476af98c3f84922bfd222e36f138c6608c241241ef99fa7f7f3eaea80634", kill_on_drop: false }`
[INFO] [stdout] 8cc5476af98c3f84922bfd222e36f138c6608c241241ef99fa7f7f3eaea80634
