[INFO] fetching crate hotg-rune-proc-block-macros 0.4.0...
[INFO] testing hotg-rune-proc-block-macros-0.4.0 against beta-2021-08-01 for beta-1.55-1
[INFO] extracting crate hotg-rune-proc-block-macros 0.4.0 into /workspace/builds/worker-81/source
[INFO] validating manifest of crates.io crate hotg-rune-proc-block-macros 0.4.0 on toolchain beta-2021-08-01
[INFO] running `Command { std: "/workspace/cargo-home/bin/cargo" "+beta-2021-08-01" "metadata" "--manifest-path" "Cargo.toml" "--no-deps", kill_on_drop: false }`
[INFO] started tweaking crates.io crate hotg-rune-proc-block-macros 0.4.0
[INFO] finished tweaking crates.io crate hotg-rune-proc-block-macros 0.4.0
[INFO] tweaked toml for crates.io crate hotg-rune-proc-block-macros 0.4.0 written to /workspace/builds/worker-81/source/Cargo.toml
[INFO] running `Command { std: "/workspace/cargo-home/bin/cargo" "+beta-2021-08-01" "generate-lockfile" "--manifest-path" "Cargo.toml" "-Zno-index-update", kill_on_drop: false }`
[INFO] running `Command { std: "/workspace/cargo-home/bin/cargo" "+beta-2021-08-01" "fetch" "--manifest-path" "Cargo.toml", kill_on_drop: false }`
[INFO] [stderr]     Blocking waiting for file lock on package cache
[INFO] [stderr]     Blocking waiting for file lock on package cache
[INFO] running `Command { std: "docker" "create" "-v" "/var/lib/crater-agent-workspace/builds/worker-81/target:/opt/rustwide/target:rw,Z" "-v" "/var/lib/crater-agent-workspace/builds/worker-81/source:/opt/rustwide/workdir:ro,Z" "-v" "/var/lib/crater-agent-workspace/cargo-home:/opt/rustwide/cargo-home:ro,Z" "-v" "/var/lib/crater-agent-workspace/rustup-home:/opt/rustwide/rustup-home:ro,Z" "-e" "SOURCE_DIR=/opt/rustwide/workdir" "-e" "CARGO_TARGET_DIR=/opt/rustwide/target" "-e" "CARGO_HOME=/opt/rustwide/cargo-home" "-e" "RUSTUP_HOME=/opt/rustwide/rustup-home" "-w" "/opt/rustwide/workdir" "-m" "1610612736" "--user" "0:0" "--network" "none" "ghcr.io/rust-lang/crates-build-env/linux@sha256:34b6a614d2c27851fe6cbf88fbd1137609cefab8b10d0615aaeb6fd47975d74e" "/opt/rustwide/cargo-home/bin/cargo" "+beta-2021-08-01" "metadata" "--no-deps" "--format-version=1", kill_on_drop: false }`
[INFO] [stdout] 1f71859a60deeeada97a605ec68ad317cacb903595e44c8c103c81ac1e97bb59
[INFO] running `Command { std: "docker" "start" "-a" "1f71859a60deeeada97a605ec68ad317cacb903595e44c8c103c81ac1e97bb59", kill_on_drop: false }`
[INFO] running `Command { std: "docker" "inspect" "1f71859a60deeeada97a605ec68ad317cacb903595e44c8c103c81ac1e97bb59", kill_on_drop: false }`
[INFO] running `Command { std: "docker" "rm" "-f" "1f71859a60deeeada97a605ec68ad317cacb903595e44c8c103c81ac1e97bb59", kill_on_drop: false }`
[INFO] [stdout] 1f71859a60deeeada97a605ec68ad317cacb903595e44c8c103c81ac1e97bb59
[INFO] running `Command { std: "docker" "create" "-v" "/var/lib/crater-agent-workspace/builds/worker-81/target:/opt/rustwide/target:rw,Z" "-v" "/var/lib/crater-agent-workspace/builds/worker-81/source:/opt/rustwide/workdir:ro,Z" "-v" "/var/lib/crater-agent-workspace/cargo-home:/opt/rustwide/cargo-home:ro,Z" "-v" "/var/lib/crater-agent-workspace/rustup-home:/opt/rustwide/rustup-home:ro,Z" "-e" "SOURCE_DIR=/opt/rustwide/workdir" "-e" "CARGO_TARGET_DIR=/opt/rustwide/target" "-e" "CARGO_INCREMENTAL=0" "-e" "RUST_BACKTRACE=full" "-e" "RUSTFLAGS=--cap-lints=warn" "-e" "CARGO_HOME=/opt/rustwide/cargo-home" "-e" "RUSTUP_HOME=/opt/rustwide/rustup-home" "-w" "/opt/rustwide/workdir" "-m" "1610612736" "--user" "0:0" "--network" "none" "ghcr.io/rust-lang/crates-build-env/linux@sha256:34b6a614d2c27851fe6cbf88fbd1137609cefab8b10d0615aaeb6fd47975d74e" "/opt/rustwide/cargo-home/bin/cargo" "+beta-2021-08-01" "build" "--frozen" "--message-format=json", kill_on_drop: false }`
[INFO] [stdout] ca301e0d7cf06b227f6ca3435e63363134eb467f0ab6c91354a822863b9af2c0
[INFO] running `Command { std: "docker" "start" "-a" "ca301e0d7cf06b227f6ca3435e63363134eb467f0ab6c91354a822863b9af2c0", kill_on_drop: false }`
[INFO] [stderr]     Blocking waiting for file lock on package cache
[INFO] [stderr]    Compiling syn v1.0.74
[INFO] [stderr]    Compiling serde v1.0.127
[INFO] [stderr]    Compiling log v0.4.14
[INFO] [stderr]    Compiling serde_derive v1.0.127
[INFO] [stderr]    Compiling serde_json v1.0.66
[INFO] [stderr]    Compiling hotg-rune-core v0.4.0
[INFO] [stderr]    Compiling hotg-rune-proc-block-macros v0.4.0 (/opt/rustwide/workdir)
[INFO] [stderr]     Finished dev [unoptimized + debuginfo] target(s) in 29.65s
[INFO] running `Command { std: "docker" "inspect" "ca301e0d7cf06b227f6ca3435e63363134eb467f0ab6c91354a822863b9af2c0", kill_on_drop: false }`
[INFO] running `Command { std: "docker" "rm" "-f" "ca301e0d7cf06b227f6ca3435e63363134eb467f0ab6c91354a822863b9af2c0", kill_on_drop: false }`
[INFO] [stdout] ca301e0d7cf06b227f6ca3435e63363134eb467f0ab6c91354a822863b9af2c0
[INFO] running `Command { std: "docker" "create" "-v" "/var/lib/crater-agent-workspace/builds/worker-81/target:/opt/rustwide/target:rw,Z" "-v" "/var/lib/crater-agent-workspace/builds/worker-81/source:/opt/rustwide/workdir:ro,Z" "-v" "/var/lib/crater-agent-workspace/cargo-home:/opt/rustwide/cargo-home:ro,Z" "-v" "/var/lib/crater-agent-workspace/rustup-home:/opt/rustwide/rustup-home:ro,Z" "-e" "SOURCE_DIR=/opt/rustwide/workdir" "-e" "CARGO_TARGET_DIR=/opt/rustwide/target" "-e" "CARGO_INCREMENTAL=0" "-e" "RUST_BACKTRACE=full" "-e" "RUSTFLAGS=--cap-lints=warn" "-e" "CARGO_HOME=/opt/rustwide/cargo-home" "-e" "RUSTUP_HOME=/opt/rustwide/rustup-home" "-w" "/opt/rustwide/workdir" "-m" "1610612736" "--user" "0:0" "--network" "none" "ghcr.io/rust-lang/crates-build-env/linux@sha256:34b6a614d2c27851fe6cbf88fbd1137609cefab8b10d0615aaeb6fd47975d74e" "/opt/rustwide/cargo-home/bin/cargo" "+beta-2021-08-01" "test" "--frozen" "--no-run" "--message-format=json", kill_on_drop: false }`
[INFO] [stdout] 80655df5cd07574bc55089fc1bdfdd6489247d13a7f52f24ab0741b4bf6a63a8
[INFO] running `Command { std: "docker" "start" "-a" "80655df5cd07574bc55089fc1bdfdd6489247d13a7f52f24ab0741b4bf6a63a8", kill_on_drop: false }`
[INFO] [stderr]    Compiling diff v0.1.12
[INFO] [stderr]    Compiling ansi_term v0.12.1
[INFO] [stderr]    Compiling difference v2.0.0
[INFO] [stderr]    Compiling pretty_assertions v0.7.2
[INFO] [stderr]    Compiling hotg-rune-proc-block-macros v0.4.0 (/opt/rustwide/workdir)
[INFO] [stdout] error[E0432]: unresolved import `hotg_rune_proc_blocks`
[INFO] [stdout]  --> tests/smoke_test.rs:4:5
[INFO] [stdout]   |
[INFO] [stdout] 4 | use hotg_rune_proc_blocks::{
[INFO] [stdout]   |     ^^^^^^^^^^^^^^^^^^^^^ use of undeclared crate or module `hotg_rune_proc_blocks`
[INFO] [stdout] 
[INFO] [stdout] 
[INFO] [stdout] error[E0433]: failed to resolve: use of undeclared crate or module `hotg_rune_proc_blocks`
[INFO] [stdout]   --> tests/smoke_test.rs:13:10
[INFO] [stdout]    |
[INFO] [stdout] 13 | #[derive(hotg_rune_proc_block_macros::ProcBlock, Default, PartialEq)]
[INFO] [stdout]    |          ^^^^^^^^^^^^^^^^^^^^^^^^^^^^^^^^^^^^^^ use of undeclared crate or module `hotg_rune_proc_blocks`
[INFO] [stdout]    |
[INFO] [stdout]    = note: this error originates in the derive macro `hotg_rune_proc_block_macros::ProcBlock` (in Nightly builds, run with -Z macro-backtrace for more info)
[INFO] [stdout] 
[INFO] [stdout] 
[INFO] [stdout] error[E0433]: failed to resolve: use of undeclared crate or module `hotg_rune_proc_blocks`
[INFO] [stdout]   --> tests/smoke_test.rs:13:10
[INFO] [stdout]    |
[INFO] [stdout] 13 | #[derive(hotg_rune_proc_block_macros::ProcBlock, Default, PartialEq)]
[INFO] [stdout]    |          ^^^^^^^^^^^^^^^^^^^^^^^^^^^^^^^^^^^^^^ not found in `hotg_rune_proc_blocks::internal`
[INFO] [stdout]    |
[INFO] [stdout]    = note: this error originates in the derive macro `hotg_rune_proc_block_macros::ProcBlock` (in Nightly builds, run with -Z macro-backtrace for more info)
[INFO] [stdout] help: consider importing this enum
[INFO] [stdout]    |
[INFO] [stdout] 4  | use std::borrow::Cow;
[INFO] [stdout]    |
[INFO] [stdout] 
[INFO] [stdout] 
[INFO] [stdout] error: aborting due to 3 previous errors
[INFO] [stdout] 
[INFO] [stdout] 
[INFO] [stdout] Some errors have detailed explanations: E0432, E0433.
[INFO] [stdout] 
[INFO] [stdout] For more information about an error, try `rustc --explain E0432`.
[INFO] [stdout] 
[INFO] [stderr] error: could not compile `hotg-rune-proc-block-macros` due to 4 previous errors
[INFO] [stderr] warning: build failed, waiting for other jobs to finish...
[INFO] [stderr] error: build failed
[INFO] running `Command { std: "docker" "inspect" "80655df5cd07574bc55089fc1bdfdd6489247d13a7f52f24ab0741b4bf6a63a8", kill_on_drop: false }`
[INFO] running `Command { std: "docker" "rm" "-f" "80655df5cd07574bc55089fc1bdfdd6489247d13a7f52f24ab0741b4bf6a63a8", kill_on_drop: false }`
[INFO] [stdout] 80655df5cd07574bc55089fc1bdfdd6489247d13a7f52f24ab0741b4bf6a63a8
