[INFO] fetching crate hookmap 0.1.1...
[INFO] testing hookmap-0.1.1 against beta-2021-08-01 for beta-1.55-1
[INFO] extracting crate hookmap 0.1.1 into /workspace/builds/worker-91/source
[INFO] validating manifest of crates.io crate hookmap 0.1.1 on toolchain beta-2021-08-01
[INFO] running `Command { std: "/workspace/cargo-home/bin/cargo" "+beta-2021-08-01" "metadata" "--manifest-path" "Cargo.toml" "--no-deps", kill_on_drop: false }`
[INFO] started tweaking crates.io crate hookmap 0.1.1
[INFO] finished tweaking crates.io crate hookmap 0.1.1
[INFO] tweaked toml for crates.io crate hookmap 0.1.1 written to /workspace/builds/worker-91/source/Cargo.toml
[INFO] crate crates.io crate hookmap 0.1.1 already has a lockfile, it will not be regenerated
[INFO] running `Command { std: "/workspace/cargo-home/bin/cargo" "+beta-2021-08-01" "fetch" "--manifest-path" "Cargo.toml", kill_on_drop: false }`
[INFO] [stderr]     Blocking waiting for file lock on package cache
[INFO] running `Command { std: "docker" "create" "-v" "/var/lib/crater-agent-workspace/builds/worker-91/target:/opt/rustwide/target:rw,Z" "-v" "/var/lib/crater-agent-workspace/builds/worker-91/source:/opt/rustwide/workdir:ro,Z" "-v" "/var/lib/crater-agent-workspace/cargo-home:/opt/rustwide/cargo-home:ro,Z" "-v" "/var/lib/crater-agent-workspace/rustup-home:/opt/rustwide/rustup-home:ro,Z" "-e" "SOURCE_DIR=/opt/rustwide/workdir" "-e" "CARGO_TARGET_DIR=/opt/rustwide/target" "-e" "CARGO_HOME=/opt/rustwide/cargo-home" "-e" "RUSTUP_HOME=/opt/rustwide/rustup-home" "-w" "/opt/rustwide/workdir" "-m" "1610612736" "--user" "0:0" "--network" "none" "ghcr.io/rust-lang/crates-build-env/linux@sha256:34b6a614d2c27851fe6cbf88fbd1137609cefab8b10d0615aaeb6fd47975d74e" "/opt/rustwide/cargo-home/bin/cargo" "+beta-2021-08-01" "metadata" "--no-deps" "--format-version=1", kill_on_drop: false }`
[INFO] [stdout] e64c5fc8ac5086c00cca05bb94ec3fc9b7ac4b51ed75ce0bcac1b28b37949807
[INFO] running `Command { std: "docker" "start" "-a" "e64c5fc8ac5086c00cca05bb94ec3fc9b7ac4b51ed75ce0bcac1b28b37949807", kill_on_drop: false }`
[INFO] running `Command { std: "docker" "inspect" "e64c5fc8ac5086c00cca05bb94ec3fc9b7ac4b51ed75ce0bcac1b28b37949807", kill_on_drop: false }`
[INFO] running `Command { std: "docker" "rm" "-f" "e64c5fc8ac5086c00cca05bb94ec3fc9b7ac4b51ed75ce0bcac1b28b37949807", kill_on_drop: false }`
[INFO] [stdout] e64c5fc8ac5086c00cca05bb94ec3fc9b7ac4b51ed75ce0bcac1b28b37949807
[INFO] running `Command { std: "docker" "create" "-v" "/var/lib/crater-agent-workspace/builds/worker-91/target:/opt/rustwide/target:rw,Z" "-v" "/var/lib/crater-agent-workspace/builds/worker-91/source:/opt/rustwide/workdir:ro,Z" "-v" "/var/lib/crater-agent-workspace/cargo-home:/opt/rustwide/cargo-home:ro,Z" "-v" "/var/lib/crater-agent-workspace/rustup-home:/opt/rustwide/rustup-home:ro,Z" "-e" "SOURCE_DIR=/opt/rustwide/workdir" "-e" "CARGO_TARGET_DIR=/opt/rustwide/target" "-e" "CARGO_INCREMENTAL=0" "-e" "RUST_BACKTRACE=full" "-e" "RUSTFLAGS=--cap-lints=warn" "-e" "CARGO_HOME=/opt/rustwide/cargo-home" "-e" "RUSTUP_HOME=/opt/rustwide/rustup-home" "-w" "/opt/rustwide/workdir" "-m" "1610612736" "--user" "0:0" "--network" "none" "ghcr.io/rust-lang/crates-build-env/linux@sha256:34b6a614d2c27851fe6cbf88fbd1137609cefab8b10d0615aaeb6fd47975d74e" "/opt/rustwide/cargo-home/bin/cargo" "+beta-2021-08-01" "build" "--frozen" "--message-format=json", kill_on_drop: false }`
[INFO] [stdout] 1c643a95425ac2f80176273b48862e2c89cc654b035331b9f7f6b97c320f8107
[INFO] running `Command { std: "docker" "start" "-a" "1c643a95425ac2f80176273b48862e2c89cc654b035331b9f7f6b97c320f8107", kill_on_drop: false }`
[INFO] [stderr]     Blocking waiting for file lock on package cache
[INFO] [stderr]    Compiling bimap v0.6.1
[INFO] [stderr]    Compiling once_cell v1.8.0
[INFO] [stderr]    Compiling hookmap-core v0.1.1
[INFO] [stdout] error[E0277]: the trait bound `InputHandler: HandleInput` is not satisfied
[INFO] [stdout]    --> /opt/rustwide/cargo-home/registry/src/github.com-1ecc6299db9ec823/hookmap-core-0.1.1/src/common/handler.rs:125:1
[INFO] [stdout]     |
[INFO] [stdout] 125 | / impl InputHandler
[INFO] [stdout] 126 | | where
[INFO] [stdout] 127 | |     Self: InstallKeyboardHook + InstallMouseHook + HandleInput,
[INFO] [stdout] 128 | | {
[INFO] [stdout] ...   |
[INFO] [stdout] 171 | |     }
[INFO] [stdout] 172 | | }
[INFO] [stdout]     | |_^ the trait `HandleInput` is not implemented for `InputHandler`
[INFO] [stdout]     |
[INFO] [stdout]     = help: see issue #48214
[INFO] [stdout] 
[INFO] [stdout] 
[INFO] [stdout] error[E0277]: the trait bound `InputHandler: InstallMouseHook` is not satisfied
[INFO] [stdout]    --> /opt/rustwide/cargo-home/registry/src/github.com-1ecc6299db9ec823/hookmap-core-0.1.1/src/common/handler.rs:125:1
[INFO] [stdout]     |
[INFO] [stdout] 125 | / impl InputHandler
[INFO] [stdout] 126 | | where
[INFO] [stdout] 127 | |     Self: InstallKeyboardHook + InstallMouseHook + HandleInput,
[INFO] [stdout] 128 | | {
[INFO] [stdout] ...   |
[INFO] [stdout] 171 | |     }
[INFO] [stdout] 172 | | }
[INFO] [stdout]     | |_^ the trait `InstallMouseHook` is not implemented for `InputHandler`
[INFO] [stdout]     |
[INFO] [stdout]     = help: see issue #48214
[INFO] [stdout] 
[INFO] [stdout] 
[INFO] [stdout] error[E0277]: the trait bound `InputHandler: InstallKeyboardHook` is not satisfied
[INFO] [stdout]    --> /opt/rustwide/cargo-home/registry/src/github.com-1ecc6299db9ec823/hookmap-core-0.1.1/src/common/handler.rs:125:1
[INFO] [stdout]     |
[INFO] [stdout] 125 | / impl InputHandler
[INFO] [stdout] 126 | | where
[INFO] [stdout] 127 | |     Self: InstallKeyboardHook + InstallMouseHook + HandleInput,
[INFO] [stdout] 128 | | {
[INFO] [stdout] ...   |
[INFO] [stdout] 171 | |     }
[INFO] [stdout] 172 | | }
[INFO] [stdout]     | |_^ the trait `InstallKeyboardHook` is not implemented for `InputHandler`
[INFO] [stdout]     |
[INFO] [stdout]     = help: see issue #48214
[INFO] [stdout] 
[INFO] [stdout] 
[INFO] [stdout] error: aborting due to 3 previous errors
[INFO] [stdout] 
[INFO] [stdout] 
[INFO] [stdout] For more information about this error, try `rustc --explain E0277`.
[INFO] [stdout] 
[INFO] [stderr] error: could not compile `hookmap-core` due to 4 previous errors
[INFO] running `Command { std: "docker" "inspect" "1c643a95425ac2f80176273b48862e2c89cc654b035331b9f7f6b97c320f8107", kill_on_drop: false }`
[INFO] running `Command { std: "docker" "rm" "-f" "1c643a95425ac2f80176273b48862e2c89cc654b035331b9f7f6b97c320f8107", kill_on_drop: false }`
[INFO] [stdout] 1c643a95425ac2f80176273b48862e2c89cc654b035331b9f7f6b97c320f8107
