[INFO] fetching crate hookmap-core 0.1.1...
[INFO] testing hookmap-core-0.1.1 against 1.54.0 for beta-1.55-1
[INFO] extracting crate hookmap-core 0.1.1 into /workspace/builds/worker-29/source
[INFO] validating manifest of crates.io crate hookmap-core 0.1.1 on toolchain 1.54.0
[INFO] running `Command { std: "/workspace/cargo-home/bin/cargo" "+1.54.0" "metadata" "--manifest-path" "Cargo.toml" "--no-deps", kill_on_drop: false }`
[INFO] started tweaking crates.io crate hookmap-core 0.1.1
[INFO] finished tweaking crates.io crate hookmap-core 0.1.1
[INFO] tweaked toml for crates.io crate hookmap-core 0.1.1 written to /workspace/builds/worker-29/source/Cargo.toml
[INFO] running `Command { std: "/workspace/cargo-home/bin/cargo" "+1.54.0" "generate-lockfile" "--manifest-path" "Cargo.toml" "-Zno-index-update", kill_on_drop: false }`
[INFO] running `Command { std: "/workspace/cargo-home/bin/cargo" "+1.54.0" "fetch" "--manifest-path" "Cargo.toml", kill_on_drop: false }`
[INFO] [stderr]     Blocking waiting for file lock on package cache
[INFO] running `Command { std: "docker" "create" "-v" "/var/lib/crater-agent-workspace/builds/worker-29/target:/opt/rustwide/target:rw,Z" "-v" "/var/lib/crater-agent-workspace/builds/worker-29/source:/opt/rustwide/workdir:ro,Z" "-v" "/var/lib/crater-agent-workspace/cargo-home:/opt/rustwide/cargo-home:ro,Z" "-v" "/var/lib/crater-agent-workspace/rustup-home:/opt/rustwide/rustup-home:ro,Z" "-e" "SOURCE_DIR=/opt/rustwide/workdir" "-e" "CARGO_TARGET_DIR=/opt/rustwide/target" "-e" "CARGO_HOME=/opt/rustwide/cargo-home" "-e" "RUSTUP_HOME=/opt/rustwide/rustup-home" "-w" "/opt/rustwide/workdir" "-m" "1610612736" "--user" "0:0" "--network" "none" "ghcr.io/rust-lang/crates-build-env/linux@sha256:34b6a614d2c27851fe6cbf88fbd1137609cefab8b10d0615aaeb6fd47975d74e" "/opt/rustwide/cargo-home/bin/cargo" "+1.54.0" "metadata" "--no-deps" "--format-version=1", kill_on_drop: false }`
[INFO] [stdout] d3674f9ab798563a754a4e7effd0ce02d8d6bca1b022332124a8fb5efe62fa17
[INFO] running `Command { std: "docker" "start" "-a" "d3674f9ab798563a754a4e7effd0ce02d8d6bca1b022332124a8fb5efe62fa17", kill_on_drop: false }`
[INFO] running `Command { std: "docker" "inspect" "d3674f9ab798563a754a4e7effd0ce02d8d6bca1b022332124a8fb5efe62fa17", kill_on_drop: false }`
[INFO] running `Command { std: "docker" "rm" "-f" "d3674f9ab798563a754a4e7effd0ce02d8d6bca1b022332124a8fb5efe62fa17", kill_on_drop: false }`
[INFO] [stdout] d3674f9ab798563a754a4e7effd0ce02d8d6bca1b022332124a8fb5efe62fa17
[INFO] running `Command { std: "docker" "create" "-v" "/var/lib/crater-agent-workspace/builds/worker-29/target:/opt/rustwide/target:rw,Z" "-v" "/var/lib/crater-agent-workspace/builds/worker-29/source:/opt/rustwide/workdir:ro,Z" "-v" "/var/lib/crater-agent-workspace/cargo-home:/opt/rustwide/cargo-home:ro,Z" "-v" "/var/lib/crater-agent-workspace/rustup-home:/opt/rustwide/rustup-home:ro,Z" "-e" "SOURCE_DIR=/opt/rustwide/workdir" "-e" "CARGO_TARGET_DIR=/opt/rustwide/target" "-e" "CARGO_INCREMENTAL=0" "-e" "RUST_BACKTRACE=full" "-e" "RUSTFLAGS=--cap-lints=warn" "-e" "CARGO_HOME=/opt/rustwide/cargo-home" "-e" "RUSTUP_HOME=/opt/rustwide/rustup-home" "-w" "/opt/rustwide/workdir" "-m" "1610612736" "--user" "0:0" "--network" "none" "ghcr.io/rust-lang/crates-build-env/linux@sha256:34b6a614d2c27851fe6cbf88fbd1137609cefab8b10d0615aaeb6fd47975d74e" "/opt/rustwide/cargo-home/bin/cargo" "+1.54.0" "build" "--frozen" "--message-format=json", kill_on_drop: false }`
[INFO] [stdout] 209bb7a9f2d9c9e1c9c66fa62d72ce58dca861685ce28f850e658ed59814dd77
[INFO] running `Command { std: "docker" "start" "-a" "209bb7a9f2d9c9e1c9c66fa62d72ce58dca861685ce28f850e658ed59814dd77", kill_on_drop: false }`
[INFO] [stderr]    Compiling once_cell v1.8.0
[INFO] [stderr]    Compiling bimap v0.6.1
[INFO] [stderr]    Compiling hookmap-core v0.1.1 (/opt/rustwide/workdir)
[INFO] [stdout] error[E0277]: the trait bound `InputHandler: HandleInput` is not satisfied
[INFO] [stdout]    --> src/common/handler.rs:125:1
[INFO] [stdout]     |
[INFO] [stdout] 125 | / impl InputHandler
[INFO] [stdout] 126 | | where
[INFO] [stdout] 127 | |     Self: InstallKeyboardHook + InstallMouseHook + HandleInput,
[INFO] [stdout] 128 | | {
[INFO] [stdout] ...   |
[INFO] [stdout] 171 | |     }
[INFO] [stdout] 172 | | }
[INFO] [stdout]     | |_^ the trait `HandleInput` is not implemented for `InputHandler`
[INFO] [stdout]     |
[INFO] [stdout]     = help: see issue #48214
[INFO] [stdout] 
[INFO] [stdout] 
[INFO] [stdout] error[E0277]: the trait bound `InputHandler: InstallMouseHook` is not satisfied
[INFO] [stdout]    --> src/common/handler.rs:125:1
[INFO] [stdout]     |
[INFO] [stdout] 125 | / impl InputHandler
[INFO] [stdout] 126 | | where
[INFO] [stdout] 127 | |     Self: InstallKeyboardHook + InstallMouseHook + HandleInput,
[INFO] [stdout] 128 | | {
[INFO] [stdout] ...   |
[INFO] [stdout] 171 | |     }
[INFO] [stdout] 172 | | }
[INFO] [stdout]     | |_^ the trait `InstallMouseHook` is not implemented for `InputHandler`
[INFO] [stdout]     |
[INFO] [stdout]     = help: see issue #48214
[INFO] [stdout] 
[INFO] [stdout] 
[INFO] [stdout] error[E0277]: the trait bound `InputHandler: InstallKeyboardHook` is not satisfied
[INFO] [stdout]    --> src/common/handler.rs:125:1
[INFO] [stdout]     |
[INFO] [stdout] 125 | / impl InputHandler
[INFO] [stdout] 126 | | where
[INFO] [stdout] 127 | |     Self: InstallKeyboardHook + InstallMouseHook + HandleInput,
[INFO] [stdout] 128 | | {
[INFO] [stdout] ...   |
[INFO] [stdout] 171 | |     }
[INFO] [stdout] 172 | | }
[INFO] [stdout]     | |_^ the trait `InstallKeyboardHook` is not implemented for `InputHandler`
[INFO] [stdout]     |
[INFO] [stdout]     = help: see issue #48214
[INFO] [stdout] 
[INFO] [stdout] 
[INFO] [stdout] error: aborting due to 3 previous errors
[INFO] [stdout] 
[INFO] [stdout] 
[INFO] [stdout] For more information about this error, try `rustc --explain E0277`.
[INFO] [stdout] 
[INFO] [stderr] error: could not compile `hookmap-core`
[INFO] [stderr] 
[INFO] [stderr] To learn more, run the command again with --verbose.
[INFO] running `Command { std: "docker" "inspect" "209bb7a9f2d9c9e1c9c66fa62d72ce58dca861685ce28f850e658ed59814dd77", kill_on_drop: false }`
[INFO] running `Command { std: "docker" "rm" "-f" "209bb7a9f2d9c9e1c9c66fa62d72ce58dca861685ce28f850e658ed59814dd77", kill_on_drop: false }`
[INFO] [stdout] 209bb7a9f2d9c9e1c9c66fa62d72ce58dca861685ce28f850e658ed59814dd77
