[INFO] fetching crate holochain_persistence_pickle 0.0.18...
[INFO] testing holochain_persistence_pickle-0.0.18 against 1.54.0 for beta-1.55-1
[INFO] extracting crate holochain_persistence_pickle 0.0.18 into /workspace/builds/worker-38/source
[INFO] validating manifest of crates.io crate holochain_persistence_pickle 0.0.18 on toolchain 1.54.0
[INFO] running `Command { std: "/workspace/cargo-home/bin/cargo" "+1.54.0" "metadata" "--manifest-path" "Cargo.toml" "--no-deps", kill_on_drop: false }`
[INFO] started tweaking crates.io crate holochain_persistence_pickle 0.0.18
[INFO] finished tweaking crates.io crate holochain_persistence_pickle 0.0.18
[INFO] tweaked toml for crates.io crate holochain_persistence_pickle 0.0.18 written to /workspace/builds/worker-38/source/Cargo.toml
[INFO] running `Command { std: "/workspace/cargo-home/bin/cargo" "+1.54.0" "generate-lockfile" "--manifest-path" "Cargo.toml" "-Zno-index-update", kill_on_drop: false }`
[INFO] running `Command { std: "/workspace/cargo-home/bin/cargo" "+1.54.0" "fetch" "--manifest-path" "Cargo.toml", kill_on_drop: false }`
[INFO] [stderr]     Blocking waiting for file lock on package cache
[INFO] running `Command { std: "docker" "create" "-v" "/var/lib/crater-agent-workspace/builds/worker-38/target:/opt/rustwide/target:rw,Z" "-v" "/var/lib/crater-agent-workspace/builds/worker-38/source:/opt/rustwide/workdir:ro,Z" "-v" "/var/lib/crater-agent-workspace/cargo-home:/opt/rustwide/cargo-home:ro,Z" "-v" "/var/lib/crater-agent-workspace/rustup-home:/opt/rustwide/rustup-home:ro,Z" "-e" "SOURCE_DIR=/opt/rustwide/workdir" "-e" "CARGO_TARGET_DIR=/opt/rustwide/target" "-e" "CARGO_HOME=/opt/rustwide/cargo-home" "-e" "RUSTUP_HOME=/opt/rustwide/rustup-home" "-w" "/opt/rustwide/workdir" "-m" "1610612736" "--user" "0:0" "--network" "none" "ghcr.io/rust-lang/crates-build-env/linux@sha256:34b6a614d2c27851fe6cbf88fbd1137609cefab8b10d0615aaeb6fd47975d74e" "/opt/rustwide/cargo-home/bin/cargo" "+1.54.0" "metadata" "--no-deps" "--format-version=1", kill_on_drop: false }`
[INFO] [stdout] 804818109dcf74ec6592ce7d42019f48350759e186f9d860168d7d16b2d00de5
[INFO] running `Command { std: "docker" "start" "-a" "804818109dcf74ec6592ce7d42019f48350759e186f9d860168d7d16b2d00de5", kill_on_drop: false }`
[INFO] running `Command { std: "docker" "inspect" "804818109dcf74ec6592ce7d42019f48350759e186f9d860168d7d16b2d00de5", kill_on_drop: false }`
[INFO] running `Command { std: "docker" "rm" "-f" "804818109dcf74ec6592ce7d42019f48350759e186f9d860168d7d16b2d00de5", kill_on_drop: false }`
[INFO] [stdout] 804818109dcf74ec6592ce7d42019f48350759e186f9d860168d7d16b2d00de5
[INFO] running `Command { std: "docker" "create" "-v" "/var/lib/crater-agent-workspace/builds/worker-38/target:/opt/rustwide/target:rw,Z" "-v" "/var/lib/crater-agent-workspace/builds/worker-38/source:/opt/rustwide/workdir:ro,Z" "-v" "/var/lib/crater-agent-workspace/cargo-home:/opt/rustwide/cargo-home:ro,Z" "-v" "/var/lib/crater-agent-workspace/rustup-home:/opt/rustwide/rustup-home:ro,Z" "-e" "SOURCE_DIR=/opt/rustwide/workdir" "-e" "CARGO_TARGET_DIR=/opt/rustwide/target" "-e" "CARGO_INCREMENTAL=0" "-e" "RUST_BACKTRACE=full" "-e" "RUSTFLAGS=--cap-lints=warn" "-e" "CARGO_HOME=/opt/rustwide/cargo-home" "-e" "RUSTUP_HOME=/opt/rustwide/rustup-home" "-w" "/opt/rustwide/workdir" "-m" "1610612736" "--user" "0:0" "--network" "none" "ghcr.io/rust-lang/crates-build-env/linux@sha256:34b6a614d2c27851fe6cbf88fbd1137609cefab8b10d0615aaeb6fd47975d74e" "/opt/rustwide/cargo-home/bin/cargo" "+1.54.0" "build" "--frozen" "--message-format=json", kill_on_drop: false }`
[INFO] [stdout] c34249f2186f7284c04f351bcc92d8a00b0e40fb6e039a213eebfeddb641afc7
[INFO] running `Command { std: "docker" "start" "-a" "c34249f2186f7284c04f351bcc92d8a00b0e40fb6e039a213eebfeddb641afc7", kill_on_drop: false }`
[INFO] [stderr]    Compiling syn v1.0.74
[INFO] [stderr]    Compiling serde v1.0.104
[INFO] [stderr]    Compiling typenum v1.13.0
[INFO] [stderr]    Compiling proc-macro2 v0.4.30
[INFO] [stderr]    Compiling futures-core-preview v0.3.0-alpha.17
[INFO] [stderr]    Compiling crunchy v0.2.2
[INFO] [stderr]    Compiling getrandom v0.1.16
[INFO] [stderr]    Compiling syn v0.15.31
[INFO] [stderr]    Compiling futures-io-preview v0.3.0-alpha.17
[INFO] [stderr]    Compiling arrayref v0.3.5
[INFO] [stderr]    Compiling byte-tools v0.2.0
[INFO] [stderr]    Compiling itoa v0.4.7
[INFO] [stderr]    Compiling either v1.6.1
[INFO] [stderr]    Compiling fake-simd v0.1.2
[INFO] [stderr]    Compiling holochain_json_api v0.0.23
[INFO] [stderr]    Compiling ppv-lite86 v0.2.10
[INFO] [stderr]    Compiling regex v1.1.2
[INFO] [stderr]    Compiling sha1 v0.5.0
[INFO] [stderr]    Compiling reed-solomon v0.2.1
[INFO] [stderr]    Compiling half v1.7.1
[INFO] [stderr]    Compiling holochain_persistence_api v0.0.18
[INFO] [stderr]    Compiling objekt v0.1.2
[INFO] [stderr]    Compiling glob v0.3.0
[INFO] [stderr]    Compiling num-traits v0.2.14
[INFO] [stderr]    Compiling num-integer v0.1.44
[INFO] [stderr]    Compiling num-bigint v0.4.0
[INFO] [stderr]    Compiling num-rational v0.4.0
[INFO] [stderr]    Compiling num-iter v0.1.42
[INFO] [stderr]    Compiling proc-macro2 v0.2.3
[INFO] [stderr]    Compiling rand_core v0.3.1
[INFO] [stderr]    Compiling base64 v0.10.1
[INFO] [stderr]    Compiling yaml-rust v0.4.5
[INFO] [stderr]    Compiling block-buffer v0.3.3
[INFO] [stderr]    Compiling rand v0.5.6
[INFO] [stderr]    Compiling itertools v0.7.11
[INFO] [stderr]    Compiling hcid v0.0.6
[INFO] [stderr]    Compiling futures-sink-preview v0.3.0-alpha.17
[INFO] [stderr]    Compiling futures-channel-preview v0.3.0-alpha.17
[INFO] [stderr]    Compiling quote v0.4.2
[INFO] [stderr]    Compiling rand_core v0.5.1
[INFO] [stderr]    Compiling tiny-keccak v1.5.0
[INFO] [stderr]    Compiling futures-util-preview v0.3.0-alpha.17
[INFO] [stderr]    Compiling syn v0.12.15
[INFO] [stderr]    Compiling rand_chacha v0.2.2
[INFO] [stderr]    Compiling quote v0.6.11
[INFO] [stderr]    Compiling rand v0.7.3
[INFO] [stderr]    Compiling uuid v0.7.1
[INFO] [stderr]    Compiling generic-array v0.9.1
[INFO] [stderr]    Compiling digest v0.7.6
[INFO] [stderr]    Compiling num-complex v0.4.0
[INFO] [stderr]    Compiling sha2 v0.7.1
[INFO] [stderr]    Compiling chrono v0.4.6
[INFO] [stderr]    Compiling multihash v0.8.0
[INFO] [stderr]    Compiling futures-executor-preview v0.3.0-alpha.17
[INFO] [stderr]    Compiling futures-preview v0.3.0-alpha.17
[INFO] [stderr]    Compiling serde_derive v1.0.104
[INFO] [stderr]    Compiling num v0.4.0
[INFO] [stderr]    Compiling shrinkwraprs v0.2.1
[INFO] [stderr]    Compiling rust-base58 v0.0.4
[INFO] [stderr]    Compiling serde_json v1.0.47
[INFO] [stderr]    Compiling bincode v1.3.3
[INFO] [stderr]    Compiling serde_yaml v0.8.17
[INFO] [stderr]    Compiling serde_cbor v0.9.0
[INFO] [stderr]    Compiling serde_test v1.0.104
[INFO] [stderr]    Compiling pickledb v0.4.0
[INFO] [stderr]    Compiling holochain_json_derive v0.0.23
[INFO] [stdout] error[E0432]: unresolved import `std::option::NoneError`
[INFO] [stdout]   --> /opt/rustwide/cargo-home/registry/src/github.com-1ecc6299db9ec823/holochain_json_api-0.0.23/src/error/mod.rs:12:5
[INFO] [stdout]    |
[INFO] [stdout] 12 |     option::NoneError,
[INFO] [stdout]    |     ^^^^^^^^^^^^^^^^^ no `NoneError` in `option`
[INFO] [stdout] 
[INFO] [stdout] 
[INFO] [stdout] error[E0554]: `#![feature]` may not be used on the stable release channel
[INFO] [stdout]  --> /opt/rustwide/cargo-home/registry/src/github.com-1ecc6299db9ec823/holochain_json_api-0.0.23/src/lib.rs:4:1
[INFO] [stdout]   |
[INFO] [stdout] 4 | #![feature(try_trait)]
[INFO] [stdout]   | ^^^^^^^^^^^^^^^^^^^^^^
[INFO] [stdout] 
[INFO] [stdout] 
[INFO] [stdout] error[E0554]: `#![feature]` may not be used on the stable release channel
[INFO] [stdout]  --> /opt/rustwide/cargo-home/registry/src/github.com-1ecc6299db9ec823/holochain_json_api-0.0.23/src/lib.rs:5:1
[INFO] [stdout]   |
[INFO] [stdout] 5 | #![feature(never_type)]
[INFO] [stdout]   | ^^^^^^^^^^^^^^^^^^^^^^^
[INFO] [stdout] 
[INFO] [stdout] 
[INFO] [stdout] error[E0119]: conflicting implementations of trait `std::convert::TryFrom<&json::JsonString>` for type `error::JsonError`
[INFO] [stdout]   --> /opt/rustwide/cargo-home/registry/src/github.com-1ecc6299db9ec823/holochain_json_api-0.0.23/src/error/mod.rs:20:58
[INFO] [stdout]    |
[INFO] [stdout] 20 |     Clone, Debug, PartialEq, Eq, Serialize, Deserialize, DefaultJson, Hash, PartialOrd, Ord,
[INFO] [stdout]    |                                                          ^^^^^^^^^^^
[INFO] [stdout]    |
[INFO] [stdout]    = note: conflicting implementation in crate `core`:
[INFO] [stdout]            - impl<T, U> TryFrom<U> for T
[INFO] [stdout]              where U: Into<T>;
[INFO] [stdout]    = note: this error originates in the derive macro `DefaultJson` (in Nightly builds, run with -Z macro-backtrace for more info)
[INFO] [stdout] 
[INFO] [stdout] 
[INFO] [stdout] error[E0119]: conflicting implementations of trait `std::convert::TryFrom<json::JsonString>` for type `error::JsonError`
[INFO] [stdout]   --> /opt/rustwide/cargo-home/registry/src/github.com-1ecc6299db9ec823/holochain_json_api-0.0.23/src/error/mod.rs:20:58
[INFO] [stdout]    |
[INFO] [stdout] 20 |     Clone, Debug, PartialEq, Eq, Serialize, Deserialize, DefaultJson, Hash, PartialOrd, Ord,
[INFO] [stdout]    |                                                          ^^^^^^^^^^^
[INFO] [stdout]    |
[INFO] [stdout]    = note: conflicting implementation in crate `core`:
[INFO] [stdout]            - impl<T, U> TryFrom<U> for T
[INFO] [stdout]              where U: Into<T>;
[INFO] [stdout]    = note: this error originates in the derive macro `DefaultJson` (in Nightly builds, run with -Z macro-backtrace for more info)
[INFO] [stdout] 
[INFO] [stdout] 
[INFO] [stdout] error: aborting due to 5 previous errors
[INFO] [stdout] 
[INFO] [stdout] 
[INFO] [stdout] Some errors have detailed explanations: E0119, E0432, E0554.
[INFO] [stdout] 
[INFO] [stdout] For more information about an error, try `rustc --explain E0119`.
[INFO] [stdout] 
[INFO] [stderr] error: could not compile `holochain_json_api`
[INFO] [stderr] 
[INFO] [stderr] To learn more, run the command again with --verbose.
[INFO] running `Command { std: "docker" "inspect" "c34249f2186f7284c04f351bcc92d8a00b0e40fb6e039a213eebfeddb641afc7", kill_on_drop: false }`
[INFO] running `Command { std: "docker" "rm" "-f" "c34249f2186f7284c04f351bcc92d8a00b0e40fb6e039a213eebfeddb641afc7", kill_on_drop: false }`
[INFO] [stdout] c34249f2186f7284c04f351bcc92d8a00b0e40fb6e039a213eebfeddb641afc7
