[INFO] fetching crate ho 0.1.0...
[INFO] testing ho-0.1.0 against beta-2021-08-01 for beta-1.55-1
[INFO] extracting crate ho 0.1.0 into /workspace/builds/worker-108/source
[INFO] validating manifest of crates.io crate ho 0.1.0 on toolchain beta-2021-08-01
[INFO] running `Command { std: "/workspace/cargo-home/bin/cargo" "+beta-2021-08-01" "metadata" "--manifest-path" "Cargo.toml" "--no-deps", kill_on_drop: false }`
[INFO] started tweaking crates.io crate ho 0.1.0
[INFO] finished tweaking crates.io crate ho 0.1.0
[INFO] tweaked toml for crates.io crate ho 0.1.0 written to /workspace/builds/worker-108/source/Cargo.toml
[INFO] running `Command { std: "/workspace/cargo-home/bin/cargo" "+beta-2021-08-01" "generate-lockfile" "--manifest-path" "Cargo.toml" "-Zno-index-update", kill_on_drop: false }`
[INFO] [stderr]     Blocking waiting for file lock on package cache
[INFO] running `Command { std: "/workspace/cargo-home/bin/cargo" "+beta-2021-08-01" "fetch" "--manifest-path" "Cargo.toml", kill_on_drop: false }`
[INFO] [stderr]     Blocking waiting for file lock on package cache
[INFO] running `Command { std: "docker" "create" "-v" "/var/lib/crater-agent-workspace/builds/worker-108/target:/opt/rustwide/target:rw,Z" "-v" "/var/lib/crater-agent-workspace/builds/worker-108/source:/opt/rustwide/workdir:ro,Z" "-v" "/var/lib/crater-agent-workspace/cargo-home:/opt/rustwide/cargo-home:ro,Z" "-v" "/var/lib/crater-agent-workspace/rustup-home:/opt/rustwide/rustup-home:ro,Z" "-e" "SOURCE_DIR=/opt/rustwide/workdir" "-e" "CARGO_TARGET_DIR=/opt/rustwide/target" "-e" "CARGO_HOME=/opt/rustwide/cargo-home" "-e" "RUSTUP_HOME=/opt/rustwide/rustup-home" "-w" "/opt/rustwide/workdir" "-m" "1610612736" "--user" "0:0" "--network" "none" "ghcr.io/rust-lang/crates-build-env/linux@sha256:34b6a614d2c27851fe6cbf88fbd1137609cefab8b10d0615aaeb6fd47975d74e" "/opt/rustwide/cargo-home/bin/cargo" "+beta-2021-08-01" "metadata" "--no-deps" "--format-version=1", kill_on_drop: false }`
[INFO] [stdout] 21f9dc5757c24583ac41b17c13eea0629a0a691fd4779ea2db324554f472479f
[INFO] running `Command { std: "docker" "start" "-a" "21f9dc5757c24583ac41b17c13eea0629a0a691fd4779ea2db324554f472479f", kill_on_drop: false }`
[INFO] running `Command { std: "docker" "inspect" "21f9dc5757c24583ac41b17c13eea0629a0a691fd4779ea2db324554f472479f", kill_on_drop: false }`
[INFO] running `Command { std: "docker" "rm" "-f" "21f9dc5757c24583ac41b17c13eea0629a0a691fd4779ea2db324554f472479f", kill_on_drop: false }`
[INFO] [stdout] 21f9dc5757c24583ac41b17c13eea0629a0a691fd4779ea2db324554f472479f
[INFO] running `Command { std: "docker" "create" "-v" "/var/lib/crater-agent-workspace/builds/worker-108/target:/opt/rustwide/target:rw,Z" "-v" "/var/lib/crater-agent-workspace/builds/worker-108/source:/opt/rustwide/workdir:ro,Z" "-v" "/var/lib/crater-agent-workspace/cargo-home:/opt/rustwide/cargo-home:ro,Z" "-v" "/var/lib/crater-agent-workspace/rustup-home:/opt/rustwide/rustup-home:ro,Z" "-e" "SOURCE_DIR=/opt/rustwide/workdir" "-e" "CARGO_TARGET_DIR=/opt/rustwide/target" "-e" "CARGO_INCREMENTAL=0" "-e" "RUST_BACKTRACE=full" "-e" "RUSTFLAGS=--cap-lints=warn" "-e" "CARGO_HOME=/opt/rustwide/cargo-home" "-e" "RUSTUP_HOME=/opt/rustwide/rustup-home" "-w" "/opt/rustwide/workdir" "-m" "1610612736" "--user" "0:0" "--network" "none" "ghcr.io/rust-lang/crates-build-env/linux@sha256:34b6a614d2c27851fe6cbf88fbd1137609cefab8b10d0615aaeb6fd47975d74e" "/opt/rustwide/cargo-home/bin/cargo" "+beta-2021-08-01" "build" "--frozen" "--message-format=json", kill_on_drop: false }`
[INFO] [stdout] d463c9ae13048f7dcc347dbdd91b33d90b6f1ad9e8ba42a2eedaf60a675d6f94
[INFO] running `Command { std: "docker" "start" "-a" "d463c9ae13048f7dcc347dbdd91b33d90b6f1ad9e8ba42a2eedaf60a675d6f94", kill_on_drop: false }`
[INFO] [stderr]    Compiling ho v0.1.0 (/opt/rustwide/workdir)
[INFO] [stdout] warning: unnecessary trailing semicolon
[INFO] [stdout]   --> src/http/request.rs:66:39
[INFO] [stdout]    |
[INFO] [stdout] 66 |                 return &buffer[..i+1];;
[INFO] [stdout]    |                                       ^ help: remove this semicolon
[INFO] [stdout]    |
[INFO] [stdout]    = note: `#[warn(redundant_semicolons)]` on by default
[INFO] [stdout] 
[INFO] [stdout] 
[INFO] [stdout] warning: trait objects without an explicit `dyn` are deprecated
[INFO] [stdout]  --> src/middleware.rs:9:25
[INFO] [stdout]   |
[INFO] [stdout] 9 |     middleware: Vec<Box<Middleware+Sync+Send>>
[INFO] [stdout]   |                         ^^^^^^^^^^^^^^^^^^^^ help: use `dyn`: `dyn Middleware+Sync+Send`
[INFO] [stdout]   |
[INFO] [stdout]   = note: `#[warn(bare_trait_objects)]` on by default
[INFO] [stdout]   = warning: this is accepted in the current edition (Rust 2015) but is a hard error in Rust 2021!
[INFO] [stdout]   = note: for more information, see issue #80165 <https://github.com/rust-lang/rust/issues/80165>
[INFO] [stdout] 
[INFO] [stdout] 
[INFO] [stdout] warning: trait objects without an explicit `dyn` are deprecated
[INFO] [stdout]   --> src/middleware.rs:20:35
[INFO] [stdout]    |
[INFO] [stdout] 20 |     pub fn add(&mut self, mw: Box<Middleware+Sync+Send>) {
[INFO] [stdout]    |                                   ^^^^^^^^^^^^^^^^^^^^ help: use `dyn`: `dyn Middleware+Sync+Send`
[INFO] [stdout]    |
[INFO] [stdout]    = warning: this is accepted in the current edition (Rust 2015) but is a hard error in Rust 2021!
[INFO] [stdout]    = note: for more information, see issue #80165 <https://github.com/rust-lang/rust/issues/80165>
[INFO] [stdout] 
[INFO] [stdout] 
[INFO] [stdout] warning: trait objects without an explicit `dyn` are deprecated
[INFO] [stdout]   --> src/middleware.rs:24:45
[INFO] [stdout]    |
[INFO] [stdout] 24 |     pub fn get_handle(&'a self, router: &'b Fn(Request, Args) -> Response)-> MiddlewareHandle<'a, 'b> {
[INFO] [stdout]    |                                             ^^^^^^^^^^^^^^^^^^^^^^^^^^^^^ help: use `dyn`: `dyn Fn(Request, Args) -> Response`
[INFO] [stdout]    |
[INFO] [stdout]    = warning: this is accepted in the current edition (Rust 2015) but is a hard error in Rust 2021!
[INFO] [stdout]    = note: for more information, see issue #80165 <https://github.com/rust-lang/rust/issues/80165>
[INFO] [stdout] 
[INFO] [stdout] 
[INFO] [stdout] warning: trait objects without an explicit `dyn` are deprecated
[INFO] [stdout]   --> src/middleware.rs:32:17
[INFO] [stdout]    |
[INFO] [stdout] 32 |     router: &'b Fn(Request, Args) -> Response
[INFO] [stdout]    |                 ^^^^^^^^^^^^^^^^^^^^^^^^^^^^^ help: use `dyn`: `dyn Fn(Request, Args) -> Response`
[INFO] [stdout]    |
[INFO] [stdout]    = warning: this is accepted in the current edition (Rust 2015) but is a hard error in Rust 2021!
[INFO] [stdout]    = note: for more information, see issue #80165 <https://github.com/rust-lang/rust/issues/80165>
[INFO] [stdout] 
[INFO] [stdout] 
[INFO] [stdout] warning: trait objects without an explicit `dyn` are deprecated
[INFO] [stdout]   --> src/middleware.rs:36:56
[INFO] [stdout]    |
[INFO] [stdout] 36 |     pub fn new(store: &'a MiddlewareStore, router: &'b Fn(Request, Args) -> Response) -> MiddlewareHandle<'a, 'b> {
[INFO] [stdout]    |                                                        ^^^^^^^^^^^^^^^^^^^^^^^^^^^^^ help: use `dyn`: `dyn Fn(Request, Args) -> Response`
[INFO] [stdout]    |
[INFO] [stdout]    = warning: this is accepted in the current edition (Rust 2015) but is a hard error in Rust 2021!
[INFO] [stdout]    = note: for more information, see issue #80165 <https://github.com/rust-lang/rust/issues/80165>
[INFO] [stdout] 
[INFO] [stdout] 
[INFO] [stdout] warning: unused variable: `i`
[INFO] [stdout]   --> src/handler.rs:56:9
[INFO] [stdout]    |
[INFO] [stdout] 56 |     for i in 0..32 {
[INFO] [stdout]    |         ^ help: if this is intentional, prefix it with an underscore: `_i`
[INFO] [stdout]    |
[INFO] [stdout]    = note: `#[warn(unused_variables)]` on by default
[INFO] [stdout] 
[INFO] [stdout] 
[INFO] [stdout] warning: variable does not need to be mutable
[INFO] [stdout]    --> src/lib.rs:106:21
[INFO] [stdout]     |
[INFO] [stdout] 106 |                 let mut worker = Server::create_worker(container.router.clone(), container.middleware.clone());
[INFO] [stdout]     |                     ----^^^^^^
[INFO] [stdout]     |                     |
[INFO] [stdout]     |                     help: remove this `mut`
[INFO] [stdout]     |
[INFO] [stdout]     = note: `#[warn(unused_mut)]` on by default
[INFO] [stdout] 
[INFO] [stdout] 
[INFO] [stdout] warning: variable does not need to be mutable
[INFO] [stdout]   --> src/handler.rs:14:13
[INFO] [stdout]    |
[INFO] [stdout] 14 |         let mut buffer = read_buffer(&mut stream);
[INFO] [stdout]    |             ----^^^^^^
[INFO] [stdout]    |             |
[INFO] [stdout]    |             help: remove this `mut`
[INFO] [stdout] 
[INFO] [stdout] 
[INFO] [stdout] warning: variable does not need to be mutable
[INFO] [stdout]   --> src/handler.rs:55:9
[INFO] [stdout]    |
[INFO] [stdout] 55 |     let mut first = true;
[INFO] [stdout]    |         ----^^^^^
[INFO] [stdout]    |         |
[INFO] [stdout]    |         help: remove this `mut`
[INFO] [stdout] 
[INFO] [stdout] 
[INFO] [stdout] warning: field is never read: `thread`
[INFO] [stdout]   --> src/lib.rs:18:5
[INFO] [stdout]    |
[INFO] [stdout] 18 |     thread: thread::JoinHandle<()>,
[INFO] [stdout]    |     ^^^^^^^^^^^^^^^^^^^^^^^^^^^^^^
[INFO] [stdout]    |
[INFO] [stdout]    = note: `#[warn(dead_code)]` on by default
[INFO] [stdout] 
[INFO] [stdout] 
[INFO] [stdout] warning: variant is never constructed: `Quit`
[INFO] [stdout]   --> src/lib.rs:39:5
[INFO] [stdout]    |
[INFO] [stdout] 39 |     Quit
[INFO] [stdout]    |     ^^^^
[INFO] [stdout] 
[INFO] [stdout] 
[INFO] [stdout] warning: variant is never constructed: `Busy`
[INFO] [stdout]   --> src/lib.rs:44:5
[INFO] [stdout]    |
[INFO] [stdout] 44 |     Busy
[INFO] [stdout]    |     ^^^^
[INFO] [stdout] 
[INFO] [stdout] 
[INFO] [stdout] warning: unused `Result` that must be used
[INFO] [stdout]    --> src/lib.rs:100:21
[INFO] [stdout]     |
[INFO] [stdout] 100 |                     worker.sender.send(Orders::Request(stream));
[INFO] [stdout]     |                     ^^^^^^^^^^^^^^^^^^^^^^^^^^^^^^^^^^^^^^^^^^^^
[INFO] [stdout]     |
[INFO] [stdout]     = note: `#[warn(unused_must_use)]` on by default
[INFO] [stdout]     = note: this `Result` may be an `Err` variant, which should be handled
[INFO] [stdout] 
[INFO] [stdout] 
[INFO] [stdout] warning: unused `Result` that must be used
[INFO] [stdout]    --> src/lib.rs:107:17
[INFO] [stdout]     |
[INFO] [stdout] 107 |                 worker.sender.send(Orders::Request(stream));
[INFO] [stdout]     |                 ^^^^^^^^^^^^^^^^^^^^^^^^^^^^^^^^^^^^^^^^^^^^
[INFO] [stdout]     |
[INFO] [stdout]     = note: this `Result` may be an `Err` variant, which should be handled
[INFO] [stdout] 
[INFO] [stdout] 
[INFO] [stdout] warning: unused `Result` that must be used
[INFO] [stdout]   --> src/handler.rs:12:5
[INFO] [stdout]    |
[INFO] [stdout] 12 |     stream.set_read_timeout(Some(Duration::new(5, 0)));
[INFO] [stdout]    |     ^^^^^^^^^^^^^^^^^^^^^^^^^^^^^^^^^^^^^^^^^^^^^^^^^^^
[INFO] [stdout]    |
[INFO] [stdout]    = note: this `Result` may be an `Err` variant, which should be handled
[INFO] [stdout] 
[INFO] [stdout] 
[INFO] [stdout] warning: 16 warnings emitted
[INFO] [stdout] 
[INFO] [stdout] 
[INFO] [stderr]     Finished dev [unoptimized + debuginfo] target(s) in 1.56s
[INFO] running `Command { std: "docker" "inspect" "d463c9ae13048f7dcc347dbdd91b33d90b6f1ad9e8ba42a2eedaf60a675d6f94", kill_on_drop: false }`
[INFO] running `Command { std: "docker" "rm" "-f" "d463c9ae13048f7dcc347dbdd91b33d90b6f1ad9e8ba42a2eedaf60a675d6f94", kill_on_drop: false }`
[INFO] [stdout] d463c9ae13048f7dcc347dbdd91b33d90b6f1ad9e8ba42a2eedaf60a675d6f94
[INFO] running `Command { std: "docker" "create" "-v" "/var/lib/crater-agent-workspace/builds/worker-108/target:/opt/rustwide/target:rw,Z" "-v" "/var/lib/crater-agent-workspace/builds/worker-108/source:/opt/rustwide/workdir:ro,Z" "-v" "/var/lib/crater-agent-workspace/cargo-home:/opt/rustwide/cargo-home:ro,Z" "-v" "/var/lib/crater-agent-workspace/rustup-home:/opt/rustwide/rustup-home:ro,Z" "-e" "SOURCE_DIR=/opt/rustwide/workdir" "-e" "CARGO_TARGET_DIR=/opt/rustwide/target" "-e" "CARGO_INCREMENTAL=0" "-e" "RUST_BACKTRACE=full" "-e" "RUSTFLAGS=--cap-lints=warn" "-e" "CARGO_HOME=/opt/rustwide/cargo-home" "-e" "RUSTUP_HOME=/opt/rustwide/rustup-home" "-w" "/opt/rustwide/workdir" "-m" "1610612736" "--user" "0:0" "--network" "none" "ghcr.io/rust-lang/crates-build-env/linux@sha256:34b6a614d2c27851fe6cbf88fbd1137609cefab8b10d0615aaeb6fd47975d74e" "/opt/rustwide/cargo-home/bin/cargo" "+beta-2021-08-01" "test" "--frozen" "--no-run" "--message-format=json", kill_on_drop: false }`
[INFO] [stdout] dabbbdc462cec696dee44ea913f3121713f9af6dd49776f3e6851de4be34f280
[INFO] running `Command { std: "docker" "start" "-a" "dabbbdc462cec696dee44ea913f3121713f9af6dd49776f3e6851de4be34f280", kill_on_drop: false }`
[INFO] [stdout] warning: unnecessary trailing semicolon
[INFO] [stdout]   --> src/http/request.rs:66:39
[INFO] [stdout]    |
[INFO] [stdout] 66 |                 return &buffer[..i+1];;
[INFO] [stdout]    |                                       ^ help: remove this semicolon
[INFO] [stdout]    |
[INFO] [stdout]    = note: `#[warn(redundant_semicolons)]` on by default
[INFO] [stdout] 
[INFO] [stdout] 
[INFO] [stderr]    Compiling ho v0.1.0 (/opt/rustwide/workdir)
[INFO] [stdout] warning: trait objects without an explicit `dyn` are deprecated
[INFO] [stdout]  --> src/middleware.rs:9:25
[INFO] [stdout]   |
[INFO] [stdout] 9 |     middleware: Vec<Box<Middleware+Sync+Send>>
[INFO] [stdout]   |                         ^^^^^^^^^^^^^^^^^^^^ help: use `dyn`: `dyn Middleware+Sync+Send`
[INFO] [stdout]   |
[INFO] [stdout]   = note: `#[warn(bare_trait_objects)]` on by default
[INFO] [stdout]   = warning: this is accepted in the current edition (Rust 2015) but is a hard error in Rust 2021!
[INFO] [stdout]   = note: for more information, see issue #80165 <https://github.com/rust-lang/rust/issues/80165>
[INFO] [stdout] 
[INFO] [stdout] 
[INFO] [stdout] warning: trait objects without an explicit `dyn` are deprecated
[INFO] [stdout]   --> src/middleware.rs:20:35
[INFO] [stdout]    |
[INFO] [stdout] 20 |     pub fn add(&mut self, mw: Box<Middleware+Sync+Send>) {
[INFO] [stdout]    |                                   ^^^^^^^^^^^^^^^^^^^^ help: use `dyn`: `dyn Middleware+Sync+Send`
[INFO] [stdout]    |
[INFO] [stdout]    = warning: this is accepted in the current edition (Rust 2015) but is a hard error in Rust 2021!
[INFO] [stdout]    = note: for more information, see issue #80165 <https://github.com/rust-lang/rust/issues/80165>
[INFO] [stdout] 
[INFO] [stdout] 
[INFO] [stdout] warning: trait objects without an explicit `dyn` are deprecated
[INFO] [stdout]   --> src/middleware.rs:24:45
[INFO] [stdout]    |
[INFO] [stdout] 24 |     pub fn get_handle(&'a self, router: &'b Fn(Request, Args) -> Response)-> MiddlewareHandle<'a, 'b> {
[INFO] [stdout]    |                                             ^^^^^^^^^^^^^^^^^^^^^^^^^^^^^ help: use `dyn`: `dyn Fn(Request, Args) -> Response`
[INFO] [stdout]    |
[INFO] [stdout]    = warning: this is accepted in the current edition (Rust 2015) but is a hard error in Rust 2021!
[INFO] [stdout]    = note: for more information, see issue #80165 <https://github.com/rust-lang/rust/issues/80165>
[INFO] [stdout] 
[INFO] [stdout] 
[INFO] [stdout] warning: trait objects without an explicit `dyn` are deprecated
[INFO] [stdout]   --> src/middleware.rs:32:17
[INFO] [stdout]    |
[INFO] [stdout] 32 |     router: &'b Fn(Request, Args) -> Response
[INFO] [stdout]    |                 ^^^^^^^^^^^^^^^^^^^^^^^^^^^^^ help: use `dyn`: `dyn Fn(Request, Args) -> Response`
[INFO] [stdout]    |
[INFO] [stdout]    = warning: this is accepted in the current edition (Rust 2015) but is a hard error in Rust 2021!
[INFO] [stdout]    = note: for more information, see issue #80165 <https://github.com/rust-lang/rust/issues/80165>
[INFO] [stdout] 
[INFO] [stdout] 
[INFO] [stdout] warning: trait objects without an explicit `dyn` are deprecated
[INFO] [stdout]   --> src/middleware.rs:36:56
[INFO] [stdout]    |
[INFO] [stdout] 36 |     pub fn new(store: &'a MiddlewareStore, router: &'b Fn(Request, Args) -> Response) -> MiddlewareHandle<'a, 'b> {
[INFO] [stdout]    |                                                        ^^^^^^^^^^^^^^^^^^^^^^^^^^^^^ help: use `dyn`: `dyn Fn(Request, Args) -> Response`
[INFO] [stdout]    |
[INFO] [stdout]    = warning: this is accepted in the current edition (Rust 2015) but is a hard error in Rust 2021!
[INFO] [stdout]    = note: for more information, see issue #80165 <https://github.com/rust-lang/rust/issues/80165>
[INFO] [stdout] 
[INFO] [stdout] 
[INFO] [stdout] warning: unused variable: `i`
[INFO] [stdout]   --> src/handler.rs:56:9
[INFO] [stdout]    |
[INFO] [stdout] 56 |     for i in 0..32 {
[INFO] [stdout]    |         ^ help: if this is intentional, prefix it with an underscore: `_i`
[INFO] [stdout]    |
[INFO] [stdout]    = note: `#[warn(unused_variables)]` on by default
[INFO] [stdout] 
[INFO] [stdout] 
[INFO] [stdout] warning: variable does not need to be mutable
[INFO] [stdout]    --> src/lib.rs:106:21
[INFO] [stdout]     |
[INFO] [stdout] 106 |                 let mut worker = Server::create_worker(container.router.clone(), container.middleware.clone());
[INFO] [stdout]     |                     ----^^^^^^
[INFO] [stdout]     |                     |
[INFO] [stdout]     |                     help: remove this `mut`
[INFO] [stdout]     |
[INFO] [stdout]     = note: `#[warn(unused_mut)]` on by default
[INFO] [stdout] 
[INFO] [stdout] 
[INFO] [stdout] warning: variable does not need to be mutable
[INFO] [stdout]   --> src/handler.rs:14:13
[INFO] [stdout]    |
[INFO] [stdout] 14 |         let mut buffer = read_buffer(&mut stream);
[INFO] [stdout]    |             ----^^^^^^
[INFO] [stdout]    |             |
[INFO] [stdout]    |             help: remove this `mut`
[INFO] [stdout] 
[INFO] [stdout] 
[INFO] [stdout] warning: variable does not need to be mutable
[INFO] [stdout]   --> src/handler.rs:55:9
[INFO] [stdout]    |
[INFO] [stdout] 55 |     let mut first = true;
[INFO] [stdout]    |         ----^^^^^
[INFO] [stdout]    |         |
[INFO] [stdout]    |         help: remove this `mut`
[INFO] [stdout] 
[INFO] [stdout] 
[INFO] [stdout] warning: field is never read: `thread`
[INFO] [stdout]   --> src/lib.rs:18:5
[INFO] [stdout]    |
[INFO] [stdout] 18 |     thread: thread::JoinHandle<()>,
[INFO] [stdout]    |     ^^^^^^^^^^^^^^^^^^^^^^^^^^^^^^
[INFO] [stdout]    |
[INFO] [stdout]    = note: `#[warn(dead_code)]` on by default
[INFO] [stdout] 
[INFO] [stdout] 
[INFO] [stdout] warning: variant is never constructed: `Quit`
[INFO] [stdout]   --> src/lib.rs:39:5
[INFO] [stdout]    |
[INFO] [stdout] 39 |     Quit
[INFO] [stdout]    |     ^^^^
[INFO] [stdout] 
[INFO] [stdout] 
[INFO] [stdout] warning: variant is never constructed: `Busy`
[INFO] [stdout]   --> src/lib.rs:44:5
[INFO] [stdout]    |
[INFO] [stdout] 44 |     Busy
[INFO] [stdout]    |     ^^^^
[INFO] [stdout] 
[INFO] [stdout] 
[INFO] [stdout] warning: unused `Result` that must be used
[INFO] [stdout]    --> src/lib.rs:100:21
[INFO] [stdout]     |
[INFO] [stdout] 100 |                     worker.sender.send(Orders::Request(stream));
[INFO] [stdout]     |                     ^^^^^^^^^^^^^^^^^^^^^^^^^^^^^^^^^^^^^^^^^^^^
[INFO] [stdout]     |
[INFO] [stdout]     = note: `#[warn(unused_must_use)]` on by default
[INFO] [stdout]     = note: this `Result` may be an `Err` variant, which should be handled
[INFO] [stdout] 
[INFO] [stdout] 
[INFO] [stdout] warning: unused `Result` that must be used
[INFO] [stdout]    --> src/lib.rs:107:17
[INFO] [stdout]     |
[INFO] [stdout] 107 |                 worker.sender.send(Orders::Request(stream));
[INFO] [stdout]     |                 ^^^^^^^^^^^^^^^^^^^^^^^^^^^^^^^^^^^^^^^^^^^^
[INFO] [stdout]     |
[INFO] [stdout]     = note: this `Result` may be an `Err` variant, which should be handled
[INFO] [stdout] 
[INFO] [stdout] 
[INFO] [stdout] warning: unused `Result` that must be used
[INFO] [stdout]   --> src/handler.rs:12:5
[INFO] [stdout]    |
[INFO] [stdout] 12 |     stream.set_read_timeout(Some(Duration::new(5, 0)));
[INFO] [stdout]    |     ^^^^^^^^^^^^^^^^^^^^^^^^^^^^^^^^^^^^^^^^^^^^^^^^^^^
[INFO] [stdout]    |
[INFO] [stdout]    = note: this `Result` may be an `Err` variant, which should be handled
[INFO] [stdout] 
[INFO] [stdout] 
[INFO] [stdout] warning: 16 warnings emitted
[INFO] [stdout] 
[INFO] [stdout] 
[INFO] [stdout] warning: unnecessary trailing semicolon
[INFO] [stdout]   --> src/http/request.rs:66:39
[INFO] [stdout]    |
[INFO] [stdout] 66 |                 return &buffer[..i+1];;
[INFO] [stdout]    |                                       ^ help: remove this semicolon
[INFO] [stdout]    |
[INFO] [stdout]    = note: `#[warn(redundant_semicolons)]` on by default
[INFO] [stdout] 
[INFO] [stdout] 
[INFO] [stdout] warning: trait objects without an explicit `dyn` are deprecated
[INFO] [stdout]  --> src/middleware.rs:9:25
[INFO] [stdout]   |
[INFO] [stdout] 9 |     middleware: Vec<Box<Middleware+Sync+Send>>
[INFO] [stdout]   |                         ^^^^^^^^^^^^^^^^^^^^ help: use `dyn`: `dyn Middleware+Sync+Send`
[INFO] [stdout]   |
[INFO] [stdout]   = note: `#[warn(bare_trait_objects)]` on by default
[INFO] [stdout]   = warning: this is accepted in the current edition (Rust 2015) but is a hard error in Rust 2021!
[INFO] [stdout]   = note: for more information, see issue #80165 <https://github.com/rust-lang/rust/issues/80165>
[INFO] [stdout] 
[INFO] [stdout] 
[INFO] [stdout] warning: trait objects without an explicit `dyn` are deprecated
[INFO] [stdout]   --> src/middleware.rs:20:35
[INFO] [stdout]    |
[INFO] [stdout] 20 |     pub fn add(&mut self, mw: Box<Middleware+Sync+Send>) {
[INFO] [stdout]    |                                   ^^^^^^^^^^^^^^^^^^^^ help: use `dyn`: `dyn Middleware+Sync+Send`
[INFO] [stdout]    |
[INFO] [stdout]    = warning: this is accepted in the current edition (Rust 2015) but is a hard error in Rust 2021!
[INFO] [stdout]    = note: for more information, see issue #80165 <https://github.com/rust-lang/rust/issues/80165>
[INFO] [stdout] 
[INFO] [stdout] 
[INFO] [stdout] warning: trait objects without an explicit `dyn` are deprecated
[INFO] [stdout]   --> src/middleware.rs:24:45
[INFO] [stdout]    |
[INFO] [stdout] 24 |     pub fn get_handle(&'a self, router: &'b Fn(Request, Args) -> Response)-> MiddlewareHandle<'a, 'b> {
[INFO] [stdout]    |                                             ^^^^^^^^^^^^^^^^^^^^^^^^^^^^^ help: use `dyn`: `dyn Fn(Request, Args) -> Response`
[INFO] [stdout]    |
[INFO] [stdout]    = warning: this is accepted in the current edition (Rust 2015) but is a hard error in Rust 2021!
[INFO] [stdout]    = note: for more information, see issue #80165 <https://github.com/rust-lang/rust/issues/80165>
[INFO] [stdout] 
[INFO] [stdout] 
[INFO] [stdout] warning: trait objects without an explicit `dyn` are deprecated
[INFO] [stdout]   --> src/middleware.rs:32:17
[INFO] [stdout]    |
[INFO] [stdout] 32 |     router: &'b Fn(Request, Args) -> Response
[INFO] [stdout]    |                 ^^^^^^^^^^^^^^^^^^^^^^^^^^^^^ help: use `dyn`: `dyn Fn(Request, Args) -> Response`
[INFO] [stdout]    |
[INFO] [stdout]    = warning: this is accepted in the current edition (Rust 2015) but is a hard error in Rust 2021!
[INFO] [stdout]    = note: for more information, see issue #80165 <https://github.com/rust-lang/rust/issues/80165>
[INFO] [stdout] 
[INFO] [stdout] 
[INFO] [stdout] warning: trait objects without an explicit `dyn` are deprecated
[INFO] [stdout]   --> src/middleware.rs:36:56
[INFO] [stdout]    |
[INFO] [stdout] 36 |     pub fn new(store: &'a MiddlewareStore, router: &'b Fn(Request, Args) -> Response) -> MiddlewareHandle<'a, 'b> {
[INFO] [stdout]    |                                                        ^^^^^^^^^^^^^^^^^^^^^^^^^^^^^ help: use `dyn`: `dyn Fn(Request, Args) -> Response`
[INFO] [stdout]    |
[INFO] [stdout]    = warning: this is accepted in the current edition (Rust 2015) but is a hard error in Rust 2021!
[INFO] [stdout]    = note: for more information, see issue #80165 <https://github.com/rust-lang/rust/issues/80165>
[INFO] [stdout] 
[INFO] [stdout] 
[INFO] [stdout] error[E0308]: mismatched types
[INFO] [stdout]    --> src/router/paths.rs:253:13
[INFO] [stdout]     |
[INFO] [stdout] 252 |         match test {
[INFO] [stdout]     |               ---- this expression has type `(Option<fn(http::Request, std::collections::HashMap<String, String>) -> http::Response>, std::collections::HashMap<String, String>)`
[INFO] [stdout] 253 |             Some((func, _args)) => {if func != test1 {panic!("wrong return value")}},
[INFO] [stdout]     |             ^^^^^^^^^^^^^^^^^^^ expected tuple, found enum `Option`
[INFO] [stdout]     |
[INFO] [stdout]     = note: expected tuple `(Option<fn(http::Request, std::collections::HashMap<String, String>) -> http::Response>, std::collections::HashMap<String, String>)`
[INFO] [stdout]                 found enum `Option<_>`
[INFO] [stdout] 
[INFO] [stdout] 
[INFO] [stdout] error[E0308]: mismatched types
[INFO] [stdout]    --> src/router/paths.rs:254:13
[INFO] [stdout]     |
[INFO] [stdout] 252 |         match test {
[INFO] [stdout]     |               ---- this expression has type `(Option<fn(http::Request, std::collections::HashMap<String, String>) -> http::Response>, std::collections::HashMap<String, String>)`
[INFO] [stdout] 253 |             Some((func, _args)) => {if func != test1 {panic!("wrong return value")}},
[INFO] [stdout] 254 |             None => panic!("Router fn does not return Some.")
[INFO] [stdout]     |             ^^^^ expected tuple, found enum `Option`
[INFO] [stdout]     |
[INFO] [stdout]     = note: expected tuple `(Option<fn(http::Request, std::collections::HashMap<String, String>) -> http::Response>, std::collections::HashMap<String, String>)`
[INFO] [stdout]                 found enum `Option<_>`
[INFO] [stdout] 
[INFO] [stdout] 
[INFO] [stdout] error[E0308]: mismatched types
[INFO] [stdout]    --> src/router/paths.rs:258:13
[INFO] [stdout]     |
[INFO] [stdout] 257 |         match test {
[INFO] [stdout]     |               ---- this expression has type `(Option<fn(http::Request, std::collections::HashMap<String, String>) -> http::Response>, std::collections::HashMap<String, String>)`
[INFO] [stdout] 258 |             Some((func, _args)) => {if func != test1 {panic!("wrong return value 2nd visit")}},
[INFO] [stdout]     |             ^^^^^^^^^^^^^^^^^^^ expected tuple, found enum `Option`
[INFO] [stdout]     |
[INFO] [stdout]     = note: expected tuple `(Option<fn(http::Request, std::collections::HashMap<String, String>) -> http::Response>, std::collections::HashMap<String, String>)`
[INFO] [stdout]                 found enum `Option<_>`
[INFO] [stdout] 
[INFO] [stdout] 
[INFO] [stdout] error[E0308]: mismatched types
[INFO] [stdout]    --> src/router/paths.rs:259:13
[INFO] [stdout]     |
[INFO] [stdout] 257 |         match test {
[INFO] [stdout]     |               ---- this expression has type `(Option<fn(http::Request, std::collections::HashMap<String, String>) -> http::Response>, std::collections::HashMap<String, String>)`
[INFO] [stdout] 258 |             Some((func, _args)) => {if func != test1 {panic!("wrong return value 2nd visit")}},
[INFO] [stdout] 259 |             None => panic!("Router fn does not return Some at 2nd visit.")
[INFO] [stdout]     |             ^^^^ expected tuple, found enum `Option`
[INFO] [stdout]     |
[INFO] [stdout]     = note: expected tuple `(Option<fn(http::Request, std::collections::HashMap<String, String>) -> http::Response>, std::collections::HashMap<String, String>)`
[INFO] [stdout]                 found enum `Option<_>`
[INFO] [stdout] 
[INFO] [stdout] 
[INFO] [stdout] error[E0308]: mismatched types
[INFO] [stdout]    --> src/router/paths.rs:263:13
[INFO] [stdout]     |
[INFO] [stdout] 262 |         match test {
[INFO] [stdout]     |               ---- this expression has type `(Option<fn(http::Request, std::collections::HashMap<String, String>) -> http::Response>, std::collections::HashMap<String, String>)`
[INFO] [stdout] 263 |             Some((func, _args)) => {if func != empty {panic!("wrong return value")}},
[INFO] [stdout]     |             ^^^^^^^^^^^^^^^^^^^ expected tuple, found enum `Option`
[INFO] [stdout]     |
[INFO] [stdout]     = note: expected tuple `(Option<fn(http::Request, std::collections::HashMap<String, String>) -> http::Response>, std::collections::HashMap<String, String>)`
[INFO] [stdout]                 found enum `Option<_>`
[INFO] [stdout] 
[INFO] [stdout] 
[INFO] [stdout] error[E0308]: mismatched types
[INFO] [stdout]    --> src/router/paths.rs:264:13
[INFO] [stdout]     |
[INFO] [stdout] 262 |         match test {
[INFO] [stdout]     |               ---- this expression has type `(Option<fn(http::Request, std::collections::HashMap<String, String>) -> http::Response>, std::collections::HashMap<String, String>)`
[INFO] [stdout] 263 |             Some((func, _args)) => {if func != empty {panic!("wrong return value")}},
[INFO] [stdout] 264 |             None => panic!("Router fn does not return Some.")
[INFO] [stdout]     |             ^^^^ expected tuple, found enum `Option`
[INFO] [stdout]     |
[INFO] [stdout]     = note: expected tuple `(Option<fn(http::Request, std::collections::HashMap<String, String>) -> http::Response>, std::collections::HashMap<String, String>)`
[INFO] [stdout]                 found enum `Option<_>`
[INFO] [stdout] 
[INFO] [stdout] 
[INFO] [stdout] error[E0308]: mismatched types
[INFO] [stdout]    --> src/router/paths.rs:269:13
[INFO] [stdout]     |
[INFO] [stdout] 268 |         match test {
[INFO] [stdout]     |               ---- this expression has type `(Option<fn(http::Request, std::collections::HashMap<String, String>) -> http::Response>, std::collections::HashMap<String, String>)`
[INFO] [stdout] 269 |             Some((func, args)) => {if func != empty {panic!("wrong return value")}},
[INFO] [stdout]     |             ^^^^^^^^^^^^^^^^^^ expected tuple, found enum `Option`
[INFO] [stdout]     |
[INFO] [stdout]     = note: expected tuple `(Option<fn(http::Request, std::collections::HashMap<String, String>) -> http::Response>, std::collections::HashMap<String, String>)`
[INFO] [stdout]                 found enum `Option<_>`
[INFO] [stdout] 
[INFO] [stdout] 
[INFO] [stdout] error[E0308]: mismatched types
[INFO] [stdout]    --> src/router/paths.rs:270:13
[INFO] [stdout]     |
[INFO] [stdout] 268 |         match test {
[INFO] [stdout]     |               ---- this expression has type `(Option<fn(http::Request, std::collections::HashMap<String, String>) -> http::Response>, std::collections::HashMap<String, String>)`
[INFO] [stdout] 269 |             Some((func, args)) => {if func != empty {panic!("wrong return value")}},
[INFO] [stdout] 270 |             None => panic!("Router fn does not return Some at /.")
[INFO] [stdout]     |             ^^^^ expected tuple, found enum `Option`
[INFO] [stdout]     |
[INFO] [stdout]     = note: expected tuple `(Option<fn(http::Request, std::collections::HashMap<String, String>) -> http::Response>, std::collections::HashMap<String, String>)`
[INFO] [stdout]                 found enum `Option<_>`
[INFO] [stdout] 
[INFO] [stdout] 
[INFO] [stdout] error[E0308]: mismatched types
[INFO] [stdout]    --> src/router/paths.rs:281:13
[INFO] [stdout]     |
[INFO] [stdout] 280 |         match test {
[INFO] [stdout]     |               ---- this expression has type `(Option<fn(http::Request, std::collections::HashMap<String, String>) -> http::Response>, std::collections::HashMap<String, String>)`
[INFO] [stdout] 281 |             Some((_func, args)) => {
[INFO] [stdout]     |             ^^^^^^^^^^^^^^^^^^^ expected tuple, found enum `Option`
[INFO] [stdout]     |
[INFO] [stdout]     = note: expected tuple `(Option<fn(http::Request, std::collections::HashMap<String, String>) -> http::Response>, std::collections::HashMap<String, String>)`
[INFO] [stdout]                 found enum `Option<_>`
[INFO] [stdout] 
[INFO] [stdout] 
[INFO] [stdout] error[E0308]: mismatched types
[INFO] [stdout]    --> src/router/paths.rs:287:13
[INFO] [stdout]     |
[INFO] [stdout] 280 |         match test {
[INFO] [stdout]     |               ---- this expression has type `(Option<fn(http::Request, std::collections::HashMap<String, String>) -> http::Response>, std::collections::HashMap<String, String>)`
[INFO] [stdout] ...
[INFO] [stdout] 287 |             None => panic!("Router fn does not return Some with variables.")
[INFO] [stdout]     |             ^^^^ expected tuple, found enum `Option`
[INFO] [stdout]     |
[INFO] [stdout]     = note: expected tuple `(Option<fn(http::Request, std::collections::HashMap<String, String>) -> http::Response>, std::collections::HashMap<String, String>)`
[INFO] [stdout]                 found enum `Option<_>`
[INFO] [stdout] 
[INFO] [stdout] 
[INFO] [stdout] error[E0308]: mismatched types
[INFO] [stdout]    --> src/router/paths.rs:298:13
[INFO] [stdout]     |
[INFO] [stdout] 297 |         match test {
[INFO] [stdout]     |               ---- this expression has type `(Option<fn(http::Request, std::collections::HashMap<String, String>) -> http::Response>, std::collections::HashMap<String, String>)`
[INFO] [stdout] 298 |             Some((_func, args)) => {
[INFO] [stdout]     |             ^^^^^^^^^^^^^^^^^^^ expected tuple, found enum `Option`
[INFO] [stdout]     |
[INFO] [stdout]     = note: expected tuple `(Option<fn(http::Request, std::collections::HashMap<String, String>) -> http::Response>, std::collections::HashMap<String, String>)`
[INFO] [stdout]                 found enum `Option<_>`
[INFO] [stdout] 
[INFO] [stdout] 
[INFO] [stdout] error[E0308]: mismatched types
[INFO] [stdout]    --> src/router/paths.rs:304:13
[INFO] [stdout]     |
[INFO] [stdout] 297 |         match test {
[INFO] [stdout]     |               ---- this expression has type `(Option<fn(http::Request, std::collections::HashMap<String, String>) -> http::Response>, std::collections::HashMap<String, String>)`
[INFO] [stdout] ...
[INFO] [stdout] 304 |             None => panic!("Router fn does not return Some with wildcard route.")
[INFO] [stdout]     |             ^^^^ expected tuple, found enum `Option`
[INFO] [stdout]     |
[INFO] [stdout]     = note: expected tuple `(Option<fn(http::Request, std::collections::HashMap<String, String>) -> http::Response>, std::collections::HashMap<String, String>)`
[INFO] [stdout]                 found enum `Option<_>`
[INFO] [stdout] 
[INFO] [stdout] 
[INFO] [stdout] error[E0308]: mismatched types
[INFO] [stdout]   --> src/router/route_handler.rs:72:13
[INFO] [stdout]    |
[INFO] [stdout] 71 |         match routes.get_route(Method::GET, "/some") {
[INFO] [stdout]    |               -------------------------------------- this expression has type `(Option<fn(http::Request, std::collections::HashMap<String, String>) -> http::Response>, std::collections::HashMap<String, String>)`
[INFO] [stdout] 72 |             Some(_) => {},
[INFO] [stdout]    |             ^^^^^^^ expected tuple, found enum `Option`
[INFO] [stdout]    |
[INFO] [stdout]    = note: expected tuple `(Option<fn(http::Request, std::collections::HashMap<String, String>) -> http::Response>, std::collections::HashMap<String, String>)`
[INFO] [stdout]                found enum `Option<_>`
[INFO] [stdout] 
[INFO] [stdout] 
[INFO] [stderr] error: could not compile `ho` due to 15 previous errors; 6 warnings emitted
[INFO] [stdout] error[E0308]: mismatched types
[INFO] [stdout]   --> src/router/route_handler.rs:73:13
[INFO] [stdout]    |
[INFO] [stdout] 71 |         match routes.get_route(Method::GET, "/some") {
[INFO] [stdout]    |               -------------------------------------- this expression has type `(Option<fn(http::Request, std::collections::HashMap<String, String>) -> http::Response>, std::collections::HashMap<String, String>)`
[INFO] [stdout] 72 |             Some(_) => {},
[INFO] [stdout] 73 |             None => panic!("Server routing error")
[INFO] [stdout]    |             ^^^^ expected tuple, found enum `Option`
[INFO] [stdout]    |
[INFO] [stdout]    = note: expected tuple `(Option<fn(http::Request, std::collections::HashMap<String, String>) -> http::Response>, std::collections::HashMap<String, String>)`
[INFO] [stdout]                found enum `Option<_>`
[INFO] [stdout] 
[INFO] [stdout] 
[INFO] [stdout] error: aborting due to 14 previous errors; 6 warnings emitted
[INFO] [stdout] 
[INFO] [stdout] 
[INFO] [stdout] For more information about this error, try `rustc --explain E0308`.
[INFO] [stdout] 
[INFO] running `Command { std: "docker" "inspect" "dabbbdc462cec696dee44ea913f3121713f9af6dd49776f3e6851de4be34f280", kill_on_drop: false }`
[INFO] running `Command { std: "docker" "rm" "-f" "dabbbdc462cec696dee44ea913f3121713f9af6dd49776f3e6851de4be34f280", kill_on_drop: false }`
[INFO] [stdout] dabbbdc462cec696dee44ea913f3121713f9af6dd49776f3e6851de4be34f280
