[INFO] fetching crate hermitdb 0.1.0...
[INFO] testing hermitdb-0.1.0 against beta-2021-08-01 for beta-1.55-1
[INFO] extracting crate hermitdb 0.1.0 into /workspace/builds/worker-96/source
[INFO] validating manifest of crates.io crate hermitdb 0.1.0 on toolchain beta-2021-08-01
[INFO] running `Command { std: "/workspace/cargo-home/bin/cargo" "+beta-2021-08-01" "metadata" "--manifest-path" "Cargo.toml" "--no-deps", kill_on_drop: false }`
[INFO] started tweaking crates.io crate hermitdb 0.1.0
[INFO] finished tweaking crates.io crate hermitdb 0.1.0
[INFO] tweaked toml for crates.io crate hermitdb 0.1.0 written to /workspace/builds/worker-96/source/Cargo.toml
[INFO] running `Command { std: "/workspace/cargo-home/bin/cargo" "+beta-2021-08-01" "generate-lockfile" "--manifest-path" "Cargo.toml" "-Zno-index-update", kill_on_drop: false }`
[INFO] [stderr]     Blocking waiting for file lock on package cache
[INFO] running `Command { std: "/workspace/cargo-home/bin/cargo" "+beta-2021-08-01" "fetch" "--manifest-path" "Cargo.toml", kill_on_drop: false }`
[INFO] [stderr]     Blocking waiting for file lock on package cache
[INFO] [stderr]     Blocking waiting for file lock on package cache
[INFO] [stderr]  Downloading crates ...
[INFO] [stderr]   Downloaded assert_matches v1.5.0
[INFO] [stderr]   Downloaded cargo-platform v0.1.2
[INFO] [stderr]   Downloaded sled v0.15.21
[INFO] [stderr]   Downloaded sled_sync v0.2.2
[INFO] [stderr]   Downloaded historian v3.0.11
[INFO] [stderr]   Downloaded pagetable v0.0.3
[INFO] [stderr]   Downloaded pagecache v0.6.0
[INFO] running `Command { std: "docker" "create" "-v" "/var/lib/crater-agent-workspace/builds/worker-96/target:/opt/rustwide/target:rw,Z" "-v" "/var/lib/crater-agent-workspace/builds/worker-96/source:/opt/rustwide/workdir:ro,Z" "-v" "/var/lib/crater-agent-workspace/cargo-home:/opt/rustwide/cargo-home:ro,Z" "-v" "/var/lib/crater-agent-workspace/rustup-home:/opt/rustwide/rustup-home:ro,Z" "-e" "SOURCE_DIR=/opt/rustwide/workdir" "-e" "CARGO_TARGET_DIR=/opt/rustwide/target" "-e" "CARGO_HOME=/opt/rustwide/cargo-home" "-e" "RUSTUP_HOME=/opt/rustwide/rustup-home" "-w" "/opt/rustwide/workdir" "-m" "1610612736" "--user" "0:0" "--network" "none" "ghcr.io/rust-lang/crates-build-env/linux@sha256:34b6a614d2c27851fe6cbf88fbd1137609cefab8b10d0615aaeb6fd47975d74e" "/opt/rustwide/cargo-home/bin/cargo" "+beta-2021-08-01" "metadata" "--no-deps" "--format-version=1", kill_on_drop: false }`
[INFO] [stdout] 38252c58038b9cb4eaf4a5883f1c0340efc10d9b9aab0c0e4365fb05573aa5ee
[INFO] running `Command { std: "docker" "start" "-a" "38252c58038b9cb4eaf4a5883f1c0340efc10d9b9aab0c0e4365fb05573aa5ee", kill_on_drop: false }`
[INFO] running `Command { std: "docker" "inspect" "38252c58038b9cb4eaf4a5883f1c0340efc10d9b9aab0c0e4365fb05573aa5ee", kill_on_drop: false }`
[INFO] running `Command { std: "docker" "rm" "-f" "38252c58038b9cb4eaf4a5883f1c0340efc10d9b9aab0c0e4365fb05573aa5ee", kill_on_drop: false }`
[INFO] [stdout] 38252c58038b9cb4eaf4a5883f1c0340efc10d9b9aab0c0e4365fb05573aa5ee
[INFO] running `Command { std: "docker" "create" "-v" "/var/lib/crater-agent-workspace/builds/worker-96/target:/opt/rustwide/target:rw,Z" "-v" "/var/lib/crater-agent-workspace/builds/worker-96/source:/opt/rustwide/workdir:ro,Z" "-v" "/var/lib/crater-agent-workspace/cargo-home:/opt/rustwide/cargo-home:ro,Z" "-v" "/var/lib/crater-agent-workspace/rustup-home:/opt/rustwide/rustup-home:ro,Z" "-e" "SOURCE_DIR=/opt/rustwide/workdir" "-e" "CARGO_TARGET_DIR=/opt/rustwide/target" "-e" "CARGO_INCREMENTAL=0" "-e" "RUST_BACKTRACE=full" "-e" "RUSTFLAGS=--cap-lints=warn" "-e" "CARGO_HOME=/opt/rustwide/cargo-home" "-e" "RUSTUP_HOME=/opt/rustwide/rustup-home" "-w" "/opt/rustwide/workdir" "-m" "1610612736" "--user" "0:0" "--network" "none" "ghcr.io/rust-lang/crates-build-env/linux@sha256:34b6a614d2c27851fe6cbf88fbd1137609cefab8b10d0615aaeb6fd47975d74e" "/opt/rustwide/cargo-home/bin/cargo" "+beta-2021-08-01" "build" "--frozen" "--message-format=json", kill_on_drop: false }`
[INFO] [stdout] 581f6bb2bcf360ecadd71a470efef54884c9148a1ab4cdc6e076360d3c283037
[INFO] running `Command { std: "docker" "start" "-a" "581f6bb2bcf360ecadd71a470efef54884c9148a1ab4cdc6e076360d3c283037", kill_on_drop: false }`
[INFO] [stderr]     Blocking waiting for file lock on package cache
[INFO] [stderr]    Compiling pkg-config v0.3.19
[INFO] [stderr]    Compiling syn v1.0.74
[INFO] [stderr]    Compiling version_check v0.9.3
[INFO] [stderr]    Compiling arrayvec v0.4.12
[INFO] [stderr]    Compiling nodrop v0.1.14
[INFO] [stderr]    Compiling cfg-if v0.1.10
[INFO] [stderr]    Compiling ucd-trie v0.1.3
[INFO] [stderr]    Compiling serde_json v1.0.66
[INFO] [stderr]    Compiling ppv-lite86 v0.2.10
[INFO] [stderr]    Compiling itoa v0.4.7
[INFO] [stderr]    Compiling pulldown-cmark v0.8.0
[INFO] [stderr]    Compiling memoffset v0.2.1
[INFO] [stderr]    Compiling remove_dir_all v0.5.3
[INFO] [stderr]    Compiling same-file v1.0.6
[INFO] [stderr]    Compiling scopeguard v0.3.3
[INFO] [stderr]    Compiling bytecount v0.6.2
[INFO] [stderr]    Compiling glob v0.3.0
[INFO] [stderr]    Compiling untrusted v0.6.2
[INFO] [stderr]    Compiling data-encoding v2.3.2
[INFO] [stderr]    Compiling assert_matches v1.5.0
[INFO] [stderr]    Compiling memoffset v0.5.6
[INFO] [stderr]    Compiling ring v0.13.5
[INFO] [stderr]    Compiling getrandom v0.2.3
[INFO] [stderr]    Compiling crossbeam-utils v0.6.6
[INFO] [stderr]    Compiling rand_core v0.6.3
[INFO] [stderr]    Compiling walkdir v2.3.2
[INFO] [stderr]    Compiling pest v2.1.3
[INFO] [stderr]    Compiling rand_chacha v0.3.1
[INFO] [stderr]    Compiling libz-sys v1.1.3
[INFO] [stderr]    Compiling openssl-sys v0.9.65
[INFO] [stderr]    Compiling libssh2-sys v0.2.21
[INFO] [stderr]    Compiling curl-sys v0.4.45+curl-7.78.0
[INFO] [stderr]    Compiling libgit2-sys v0.7.11
[INFO] [stderr]    Compiling unicase v2.6.0
[INFO] [stderr]    Compiling error-chain v0.12.4
[INFO] [stderr]    Compiling rand v0.8.4
[INFO] [stderr]    Compiling crossbeam-epoch v0.7.2
[INFO] [stderr]    Compiling crossbeam-epoch v0.6.1
[INFO] [stderr]    Compiling pagetable v0.0.3
[INFO] [stderr]    Compiling tempfile v3.2.0
[INFO] [stderr]    Compiling semver-parser v0.10.2
[INFO] [stderr]    Compiling sled_sync v0.2.2
[INFO] [stderr]    Compiling historian v3.0.11
[INFO] [stderr]    Compiling serde_derive v1.0.127
[INFO] [stderr]    Compiling serde v1.0.127
[INFO] [stderr]    Compiling cargo-platform v0.1.2
[INFO] [stderr]    Compiling semver v0.11.0
[INFO] [stderr]    Compiling bincode v1.3.3
[INFO] [stderr]    Compiling pagecache v0.6.0
[INFO] [stderr]    Compiling cargo_metadata v0.12.3
[INFO] [stderr]    Compiling sled v0.15.21
[INFO] [stderr]    Compiling skeptic v0.13.6
[INFO] [stderr]    Compiling hermitdb v0.1.0 (/opt/rustwide/workdir)
[INFO] [stderr]    Compiling git2 v0.7.5
[INFO] [stdout] warning: unused `#[macro_use]` import
[INFO] [stdout]  --> src/lib.rs:1:1
[INFO] [stdout]   |
[INFO] [stdout] 1 | #[macro_use]
[INFO] [stdout]   | ^^^^^^^^^^^^
[INFO] [stdout]   |
[INFO] [stdout]   = note: `#[warn(unused_imports)]` on by default
[INFO] [stdout] 
[INFO] [stdout] 
[INFO] [stdout] warning: unused `#[macro_use]` import
[INFO] [stdout]   --> src/lib.rs:11:1
[INFO] [stdout]    |
[INFO] [stdout] 11 | #[macro_use]
[INFO] [stdout]    | ^^^^^^^^^^^^
[INFO] [stdout] 
[INFO] [stdout] 
[INFO] [stdout] warning: 2 warnings emitted
[INFO] [stdout] 
[INFO] [stdout] 
[INFO] [stderr]     Finished dev [unoptimized + debuginfo] target(s) in 1m 01s
[INFO] running `Command { std: "docker" "inspect" "581f6bb2bcf360ecadd71a470efef54884c9148a1ab4cdc6e076360d3c283037", kill_on_drop: false }`
[INFO] running `Command { std: "docker" "rm" "-f" "581f6bb2bcf360ecadd71a470efef54884c9148a1ab4cdc6e076360d3c283037", kill_on_drop: false }`
[INFO] [stdout] 581f6bb2bcf360ecadd71a470efef54884c9148a1ab4cdc6e076360d3c283037
[INFO] running `Command { std: "docker" "create" "-v" "/var/lib/crater-agent-workspace/builds/worker-96/target:/opt/rustwide/target:rw,Z" "-v" "/var/lib/crater-agent-workspace/builds/worker-96/source:/opt/rustwide/workdir:ro,Z" "-v" "/var/lib/crater-agent-workspace/cargo-home:/opt/rustwide/cargo-home:ro,Z" "-v" "/var/lib/crater-agent-workspace/rustup-home:/opt/rustwide/rustup-home:ro,Z" "-e" "SOURCE_DIR=/opt/rustwide/workdir" "-e" "CARGO_TARGET_DIR=/opt/rustwide/target" "-e" "CARGO_INCREMENTAL=0" "-e" "RUST_BACKTRACE=full" "-e" "RUSTFLAGS=--cap-lints=warn" "-e" "CARGO_HOME=/opt/rustwide/cargo-home" "-e" "RUSTUP_HOME=/opt/rustwide/rustup-home" "-w" "/opt/rustwide/workdir" "-m" "1610612736" "--user" "0:0" "--network" "none" "ghcr.io/rust-lang/crates-build-env/linux@sha256:34b6a614d2c27851fe6cbf88fbd1137609cefab8b10d0615aaeb6fd47975d74e" "/opt/rustwide/cargo-home/bin/cargo" "+beta-2021-08-01" "test" "--frozen" "--no-run" "--message-format=json", kill_on_drop: false }`
[INFO] [stdout] 2ef756efdc1c7f3c12230a49c0fd65068aeaf84d35d02ae576cdf2fbfbf4a597
[INFO] running `Command { std: "docker" "start" "-a" "2ef756efdc1c7f3c12230a49c0fd65068aeaf84d35d02ae576cdf2fbfbf4a597", kill_on_drop: false }`
[INFO] [stderr]    Compiling regex-syntax v0.6.25
[INFO] [stderr]    Compiling quick-error v1.2.3
[INFO] [stderr]    Compiling termcolor v1.1.2
[INFO] [stderr]    Compiling atty v0.2.14
[INFO] [stderr]    Compiling rand v0.4.6
[INFO] [stderr]    Compiling aho-corasick v0.7.18
[INFO] [stdout] warning: unused `#[macro_use]` import
[INFO] [stdout]  --> src/lib.rs:1:1
[INFO] [stdout]   |
[INFO] [stdout] 1 | #[macro_use]
[INFO] [stdout]   | ^^^^^^^^^^^^
[INFO] [stdout]   |
[INFO] [stdout]   = note: `#[warn(unused_imports)]` on by default
[INFO] [stdout] 
[INFO] [stdout] 
[INFO] [stdout] warning: unused `#[macro_use]` import
[INFO] [stdout]   --> src/lib.rs:11:1
[INFO] [stdout]    |
[INFO] [stdout] 11 | #[macro_use]
[INFO] [stdout]    | ^^^^^^^^^^^^
[INFO] [stdout] 
[INFO] [stdout] 
[INFO] [stdout] warning: 2 warnings emitted
[INFO] [stdout] 
[INFO] [stdout] 
[INFO] [stderr]    Compiling humantime v1.3.0
[INFO] [stderr]    Compiling regex v1.5.4
[INFO] [stderr]    Compiling env_logger v0.5.13
[INFO] [stderr]    Compiling quickcheck v0.6.2
[INFO] [stderr]    Compiling hermitdb v0.1.0 (/opt/rustwide/workdir)
[INFO] [stdout] warning: unused `#[macro_use]` import
[INFO] [stdout]  --> src/lib.rs:1:1
[INFO] [stdout]   |
[INFO] [stdout] 1 | #[macro_use]
[INFO] [stdout]   | ^^^^^^^^^^^^
[INFO] [stdout]   |
[INFO] [stdout]   = note: `#[warn(unused_imports)]` on by default
[INFO] [stdout] 
[INFO] [stdout] 
[INFO] [stdout] warning: unused `#[macro_use]` import
[INFO] [stdout]   --> src/lib.rs:11:1
[INFO] [stdout]    |
[INFO] [stdout] 11 | #[macro_use]
[INFO] [stdout]    | ^^^^^^^^^^^^
[INFO] [stdout] 
[INFO] [stdout] 
[INFO] [stdout] warning: unused `#[macro_use]` import
[INFO] [stdout]   --> src/lib.rs:15:1
[INFO] [stdout]    |
[INFO] [stdout] 15 | #[macro_use]
[INFO] [stdout]    | ^^^^^^^^^^^^
[INFO] [stdout] 
[INFO] [stdout] 
[INFO] [stdout] error[E0432]: unresolved import `hermitdb::data`
[INFO] [stdout]  --> tests/db.rs:7:15
[INFO] [stdout]   |
[INFO] [stdout] 7 | use hermitdb::data::{Prim, Op, Kind, Actor};
[INFO] [stdout]   |               ^^^^ could not find `data` in `hermitdb`
[INFO] [stdout] 
[INFO] [stdout] 
[INFO] [stdout] error[E0432]: unresolved imports `hermitdb::memory_log`, `hermitdb::map`, `hermitdb::db`, `hermitdb::DB`
[INFO] [stdout]  --> tests/db.rs:8:16
[INFO] [stdout]   |
[INFO] [stdout] 8 | use hermitdb::{memory_log, map, sled, db, DB};
[INFO] [stdout]   |                ^^^^^^^^^^  ^^^        ^^  ^^ no `DB` in the root
[INFO] [stdout]   |                |           |          |
[INFO] [stdout]   |                |           |          no `db` in the root
[INFO] [stdout]   |                |           no `map` in the root
[INFO] [stdout]   |                no `memory_log` in the root
[INFO] [stdout] 
[INFO] [stdout] 
[INFO] [stdout] error: aborting due to 2 previous errors
[INFO] [stdout] 
[INFO] [stdout] 
[INFO] [stdout] For more information about this error, try `rustc --explain E0432`.
[INFO] [stdout] 
[INFO] [stderr] error: could not compile `hermitdb` due to 3 previous errors
[INFO] [stderr] warning: build failed, waiting for other jobs to finish...
[INFO] [stdout] error[E0432]: unresolved import `hermitdb::crdts`
[INFO] [stdout]   --> tests/log_replication.rs:12:15
[INFO] [stdout]    |
[INFO] [stdout] 12 | use hermitdb::crdts::{map, orswot, Map, Orswot, CmRDT};
[INFO] [stdout]    |               ^^^^^ could not find `crdts` in `hermitdb`
[INFO] [stdout] 
[INFO] [stdout] 
[INFO] [stdout] error[E0432]: unresolved imports `hermitdb::LogReplicable`, `hermitdb::TaggedOp`
[INFO] [stdout]   --> tests/log_replication.rs:13:16
[INFO] [stdout]    |
[INFO] [stdout] 13 | use hermitdb::{LogReplicable, TaggedOp};
[INFO] [stdout]    |                ^^^^^^^^^^^^^  ^^^^^^^^ no `TaggedOp` in the root
[INFO] [stdout]    |                |
[INFO] [stdout]    |                no `LogReplicable` in the root
[INFO] [stdout] 
[INFO] [stdout] 
[INFO] [stdout] error[E0432]: unresolved import `hermitdb::memory_log`
[INFO] [stdout]   --> tests/log_replication.rs:14:5
[INFO] [stdout]    |
[INFO] [stdout] 14 | use hermitdb::memory_log;
[INFO] [stdout]    |     ^^^^^^^^^^^^^^^^^^^^ no `memory_log` in the root
[INFO] [stdout] 
[INFO] [stdout] 
[INFO] [stdout] error[E0432]: unresolved import `hermitdb::git_log`
[INFO] [stdout]   --> tests/log_replication.rs:15:5
[INFO] [stdout]    |
[INFO] [stdout] 15 | use hermitdb::git_log;
[INFO] [stdout]    |     ^^^^^^^^^^^^^^^^^ no `git_log` in the root
[INFO] [stdout] 
[INFO] [stdout] 
[INFO] [stdout] error[E0433]: failed to resolve: could not find `crdts` in `hermitdb`
[INFO] [stdout]   --> tests/log_replication.rs:54:46
[INFO] [stdout]    |
[INFO] [stdout] 54 |                         .unwrap_or(hermitdb::crdts::VClock::new());
[INFO] [stdout]    |                                              ^^^^^ could not find `crdts` in `hermitdb`
[INFO] [stdout] 
[INFO] [stdout] 
[INFO] [stdout] error[E0433]: failed to resolve: could not find `crdts` in `hermitdb`
[INFO] [stdout]    --> tests/log_replication.rs:270:24
[INFO] [stdout]     |
[INFO] [stdout] 270 |         dot: hermitdb::crdts::Dot { actor: 51, counter: 5 },
[INFO] [stdout]     |                        ^^^^^ could not find `crdts` in `hermitdb`
[INFO] [stdout] 
[INFO] [stdout] 
[INFO] [stdout] error[E0433]: failed to resolve: could not find `crdts` in `hermitdb`
[INFO] [stdout]    --> tests/log_replication.rs:273:32
[INFO] [stdout]     |
[INFO] [stdout] 273 |             context: hermitdb::crdts::VClock::new(),
[INFO] [stdout]     |                                ^^^^^ could not find `crdts` in `hermitdb`
[INFO] [stdout] 
[INFO] [stdout] 
[INFO] [stdout] warning: trait objects without an explicit `dyn` are deprecated
[INFO] [stdout]   --> tests/log_replication.rs:68:29
[INFO] [stdout]    |
[INFO] [stdout] 68 |     fn shrink(&self) -> Box<Iterator<Item = Self>> {
[INFO] [stdout]    |                             ^^^^^^^^^^^^^^^^^^^^^ help: use `dyn`: `dyn Iterator<Item = Self>`
[INFO] [stdout]    |
[INFO] [stdout]    = note: `#[warn(bare_trait_objects)]` on by default
[INFO] [stdout]    = warning: this is accepted in the current edition (Rust 2015) but is a hard error in Rust 2021!
[INFO] [stdout]    = note: for more information, see issue #80165 <https://github.com/rust-lang/rust/issues/80165>
[INFO] [stdout] 
[INFO] [stdout] 
[INFO] [stdout] warning: unnecessary trailing semicolon
[INFO] [stdout]    --> tests/log_replication.rs:254:88
[INFO] [stdout]     |
[INFO] [stdout] 254 |         let log = git_log::Log::no_auth(ops.0, log_git, "log".into(), log_path_string);;
[INFO] [stdout]     |                                                                                        ^ help: remove this semicolon
[INFO] [stdout]     |
[INFO] [stdout]     = note: `#[warn(redundant_semicolons)]` on by default
[INFO] [stdout] 
[INFO] [stdout] 
[INFO] [stdout] error: aborting due to 7 previous errors; 2 warnings emitted
[INFO] [stdout] 
[INFO] [stdout] 
[INFO] [stdout] Some errors have detailed explanations: E0432, E0433.
[INFO] [stdout] 
[INFO] [stdout] For more information about an error, try `rustc --explain E0432`.
[INFO] [stdout] 
[INFO] [stdout] warning: 3 warnings emitted
[INFO] [stdout] 
[INFO] [stdout] 
[INFO] [stderr] error: build failed
[INFO] running `Command { std: "docker" "inspect" "2ef756efdc1c7f3c12230a49c0fd65068aeaf84d35d02ae576cdf2fbfbf4a597", kill_on_drop: false }`
[INFO] running `Command { std: "docker" "rm" "-f" "2ef756efdc1c7f3c12230a49c0fd65068aeaf84d35d02ae576cdf2fbfbf4a597", kill_on_drop: false }`
[INFO] [stdout] 2ef756efdc1c7f3c12230a49c0fd65068aeaf84d35d02ae576cdf2fbfbf4a597
