[INFO] fetching crate hcap 0.0.2...
[INFO] testing hcap-0.0.2 against beta-2021-08-01 for beta-1.55-1
[INFO] extracting crate hcap 0.0.2 into /workspace/builds/worker-24/source
[INFO] validating manifest of crates.io crate hcap 0.0.2 on toolchain beta-2021-08-01
[INFO] running `Command { std: "/workspace/cargo-home/bin/cargo" "+beta-2021-08-01" "metadata" "--manifest-path" "Cargo.toml" "--no-deps", kill_on_drop: false }`
[INFO] started tweaking crates.io crate hcap 0.0.2
[INFO] removed 0 missing examples
[INFO] finished tweaking crates.io crate hcap 0.0.2
[INFO] tweaked toml for crates.io crate hcap 0.0.2 written to /workspace/builds/worker-24/source/Cargo.toml
[INFO] running `Command { std: "/workspace/cargo-home/bin/cargo" "+beta-2021-08-01" "generate-lockfile" "--manifest-path" "Cargo.toml" "-Zno-index-update", kill_on_drop: false }`
[INFO] [stderr]     Blocking waiting for file lock on package cache
[INFO] running `Command { std: "/workspace/cargo-home/bin/cargo" "+beta-2021-08-01" "fetch" "--manifest-path" "Cargo.toml", kill_on_drop: false }`
[INFO] [stderr]     Blocking waiting for file lock on package cache
[INFO] [stderr]     Blocking waiting for file lock on package cache
[INFO] running `Command { std: "docker" "create" "-v" "/var/lib/crater-agent-workspace/builds/worker-24/target:/opt/rustwide/target:rw,Z" "-v" "/var/lib/crater-agent-workspace/builds/worker-24/source:/opt/rustwide/workdir:ro,Z" "-v" "/var/lib/crater-agent-workspace/cargo-home:/opt/rustwide/cargo-home:ro,Z" "-v" "/var/lib/crater-agent-workspace/rustup-home:/opt/rustwide/rustup-home:ro,Z" "-e" "SOURCE_DIR=/opt/rustwide/workdir" "-e" "CARGO_TARGET_DIR=/opt/rustwide/target" "-e" "CARGO_HOME=/opt/rustwide/cargo-home" "-e" "RUSTUP_HOME=/opt/rustwide/rustup-home" "-w" "/opt/rustwide/workdir" "-m" "1610612736" "--user" "0:0" "--network" "none" "ghcr.io/rust-lang/crates-build-env/linux@sha256:34b6a614d2c27851fe6cbf88fbd1137609cefab8b10d0615aaeb6fd47975d74e" "/opt/rustwide/cargo-home/bin/cargo" "+beta-2021-08-01" "metadata" "--no-deps" "--format-version=1", kill_on_drop: false }`
[INFO] [stdout] a93173dfddedd1f5bf02f80a0bb2406d517c6483011dbcc621c47575396a98d3
[INFO] running `Command { std: "docker" "start" "-a" "a93173dfddedd1f5bf02f80a0bb2406d517c6483011dbcc621c47575396a98d3", kill_on_drop: false }`
[INFO] running `Command { std: "docker" "inspect" "a93173dfddedd1f5bf02f80a0bb2406d517c6483011dbcc621c47575396a98d3", kill_on_drop: false }`
[INFO] running `Command { std: "docker" "rm" "-f" "a93173dfddedd1f5bf02f80a0bb2406d517c6483011dbcc621c47575396a98d3", kill_on_drop: false }`
[INFO] [stdout] a93173dfddedd1f5bf02f80a0bb2406d517c6483011dbcc621c47575396a98d3
[INFO] running `Command { std: "docker" "create" "-v" "/var/lib/crater-agent-workspace/builds/worker-24/target:/opt/rustwide/target:rw,Z" "-v" "/var/lib/crater-agent-workspace/builds/worker-24/source:/opt/rustwide/workdir:ro,Z" "-v" "/var/lib/crater-agent-workspace/cargo-home:/opt/rustwide/cargo-home:ro,Z" "-v" "/var/lib/crater-agent-workspace/rustup-home:/opt/rustwide/rustup-home:ro,Z" "-e" "SOURCE_DIR=/opt/rustwide/workdir" "-e" "CARGO_TARGET_DIR=/opt/rustwide/target" "-e" "CARGO_INCREMENTAL=0" "-e" "RUST_BACKTRACE=full" "-e" "RUSTFLAGS=--cap-lints=warn" "-e" "CARGO_HOME=/opt/rustwide/cargo-home" "-e" "RUSTUP_HOME=/opt/rustwide/rustup-home" "-w" "/opt/rustwide/workdir" "-m" "1610612736" "--user" "0:0" "--network" "none" "ghcr.io/rust-lang/crates-build-env/linux@sha256:34b6a614d2c27851fe6cbf88fbd1137609cefab8b10d0615aaeb6fd47975d74e" "/opt/rustwide/cargo-home/bin/cargo" "+beta-2021-08-01" "build" "--frozen" "--message-format=json", kill_on_drop: false }`
[INFO] [stdout] 6aec06feed45b850ad6b6ea6f7e43d4b84e6c0cee6bf19e95b97a9624ae34266
[INFO] running `Command { std: "docker" "start" "-a" "6aec06feed45b850ad6b6ea6f7e43d4b84e6c0cee6bf19e95b97a9624ae34266", kill_on_drop: false }`
[INFO] [stderr]     Blocking waiting for file lock on package cache
[INFO] [stderr]    Compiling hcap v0.0.2 (/opt/rustwide/workdir)
[INFO] [stdout] warning: use of deprecated macro `try`: use the `?` operator instead
[INFO] [stdout]   --> src/lib.rs:87:23
[INFO] [stdout]    |
[INFO] [stdout] 87 |         Err(PcapError(try!(cstr_to_string(ptr))))
[INFO] [stdout]    |                       ^^^
[INFO] [stdout]    |
[INFO] [stdout]    = note: `#[warn(deprecated)]` on by default
[INFO] [stdout] 
[INFO] [stdout] 
[INFO] [stdout] warning: trait objects without an explicit `dyn` are deprecated
[INFO] [stdout]    --> src/lib.rs:132:32
[INFO] [stdout]     |
[INFO] [stdout] 132 |     fn cause(&self) -> Option<&std::error::Error> {
[INFO] [stdout]     |                                ^^^^^^^^^^^^^^^^^ help: use `dyn`: `dyn std::error::Error`
[INFO] [stdout]     |
[INFO] [stdout]     = note: `#[warn(bare_trait_objects)]` on by default
[INFO] [stdout]     = warning: this is accepted in the current edition (Rust 2015) but is a hard error in Rust 2021!
[INFO] [stdout]     = note: for more information, see issue #80165 <https://github.com/rust-lang/rust/issues/80165>
[INFO] [stdout] 
[INFO] [stdout] 
[INFO] [stdout] warning: use of deprecated macro `try`: use the `?` operator instead
[INFO] [stdout]    --> src/lib.rs:156:12
[INFO] [stdout]     |
[INFO] [stdout] 156 |         Ok(try!(try!(Capture::from_device(self)).open()))
[INFO] [stdout]     |            ^^^
[INFO] [stdout] 
[INFO] [stdout] 
[INFO] [stdout] warning: use of deprecated macro `try`: use the `?` operator instead
[INFO] [stdout]    --> src/lib.rs:156:17
[INFO] [stdout]     |
[INFO] [stdout] 156 |         Ok(try!(try!(Capture::from_device(self)).open()))
[INFO] [stdout]     |                 ^^^
[INFO] [stdout] 
[INFO] [stdout] 
[INFO] [stdout] warning: use of deprecated macro `try`: use the `?` operator instead
[INFO] [stdout]    --> src/lib.rs:172:23
[INFO] [stdout]     |
[INFO] [stdout] 172 |                 name: try!(cstr_to_string(default_name)),
[INFO] [stdout]     |                       ^^^
[INFO] [stdout] 
[INFO] [stdout] 
[INFO] [stdout] warning: use of deprecated macro `try`: use the `?` operator instead
[INFO] [stdout]    --> src/lib.rs:241:20
[INFO] [stdout]     |
[INFO] [stdout] 241 |                 Ok(try!(cstr_to_string(name)))
[INFO] [stdout]     |                    ^^^
[INFO] [stdout] 
[INFO] [stdout] 
[INFO] [stdout] warning: use of deprecated macro `try`: use the `?` operator instead
[INFO] [stdout]    --> src/lib.rs:254:20
[INFO] [stdout]     |
[INFO] [stdout] 254 |                 Ok(try!(cstr_to_string(description)))
[INFO] [stdout]     |                    ^^^
[INFO] [stdout] 
[INFO] [stdout] 
[INFO] [stdout] warning: trait objects without an explicit `dyn` are deprecated
[INFO] [stdout]    --> src/lib.rs:748:49
[INFO] [stdout]     |
[INFO] [stdout] 748 | impl<T: Activated> From<Capture<T>> for Capture<Activated> {
[INFO] [stdout]     |                                                 ^^^^^^^^^ help: use `dyn`: `dyn Activated`
[INFO] [stdout]     |
[INFO] [stdout]     = warning: this is accepted in the current edition (Rust 2015) but is a hard error in Rust 2021!
[INFO] [stdout]     = note: for more information, see issue #80165 <https://github.com/rust-lang/rust/issues/80165>
[INFO] [stdout] 
[INFO] [stdout] 
[INFO] [stdout] warning: trait objects without an explicit `dyn` are deprecated
[INFO] [stdout]    --> src/lib.rs:749:41
[INFO] [stdout]     |
[INFO] [stdout] 749 |     fn from(cap: Capture<T>) -> Capture<Activated> {
[INFO] [stdout]     |                                         ^^^^^^^^^ help: use `dyn`: `dyn Activated`
[INFO] [stdout]     |
[INFO] [stdout]     = warning: this is accepted in the current edition (Rust 2015) but is a hard error in Rust 2021!
[INFO] [stdout]     = note: for more information, see issue #80165 <https://github.com/rust-lang/rust/issues/80165>
[INFO] [stdout] 
[INFO] [stdout] 
[INFO] [stdout] warning: use of deprecated macro `try`: use the `?` operator instead
[INFO] [stdout]    --> src/lib.rs:780:12
[INFO] [stdout]     |
[INFO] [stdout] 780 |         Ok(try!(str::from_utf8(unsafe{CStr::from_ptr(ptr)}.to_bytes())).into())
[INFO] [stdout]     |            ^^^
[INFO] [stdout] 
[INFO] [stdout] 
[INFO] [stdout] warning: 10 warnings emitted
[INFO] [stdout] 
[INFO] [stdout] 
[INFO] [stderr]     Finished dev [unoptimized + debuginfo] target(s) in 1.49s
[INFO] running `Command { std: "docker" "inspect" "6aec06feed45b850ad6b6ea6f7e43d4b84e6c0cee6bf19e95b97a9624ae34266", kill_on_drop: false }`
[INFO] running `Command { std: "docker" "rm" "-f" "6aec06feed45b850ad6b6ea6f7e43d4b84e6c0cee6bf19e95b97a9624ae34266", kill_on_drop: false }`
[INFO] [stdout] 6aec06feed45b850ad6b6ea6f7e43d4b84e6c0cee6bf19e95b97a9624ae34266
[INFO] running `Command { std: "docker" "create" "-v" "/var/lib/crater-agent-workspace/builds/worker-24/target:/opt/rustwide/target:rw,Z" "-v" "/var/lib/crater-agent-workspace/builds/worker-24/source:/opt/rustwide/workdir:ro,Z" "-v" "/var/lib/crater-agent-workspace/cargo-home:/opt/rustwide/cargo-home:ro,Z" "-v" "/var/lib/crater-agent-workspace/rustup-home:/opt/rustwide/rustup-home:ro,Z" "-e" "SOURCE_DIR=/opt/rustwide/workdir" "-e" "CARGO_TARGET_DIR=/opt/rustwide/target" "-e" "CARGO_INCREMENTAL=0" "-e" "RUST_BACKTRACE=full" "-e" "RUSTFLAGS=--cap-lints=warn" "-e" "CARGO_HOME=/opt/rustwide/cargo-home" "-e" "RUSTUP_HOME=/opt/rustwide/rustup-home" "-w" "/opt/rustwide/workdir" "-m" "1610612736" "--user" "0:0" "--network" "none" "ghcr.io/rust-lang/crates-build-env/linux@sha256:34b6a614d2c27851fe6cbf88fbd1137609cefab8b10d0615aaeb6fd47975d74e" "/opt/rustwide/cargo-home/bin/cargo" "+beta-2021-08-01" "test" "--frozen" "--no-run" "--message-format=json", kill_on_drop: false }`
[INFO] [stdout] 96bebc5e019ca5fc1684dd0c45b840a18f6aff02bd60d9fcffa9892b8b3732c8
[INFO] running `Command { std: "docker" "start" "-a" "96bebc5e019ca5fc1684dd0c45b840a18f6aff02bd60d9fcffa9892b8b3732c8", kill_on_drop: false }`
[INFO] [stdout] warning: use of deprecated macro `try`: use the `?` operator instead
[INFO] [stdout]   --> src/lib.rs:87:23
[INFO] [stdout]    |
[INFO] [stdout] 87 |         Err(PcapError(try!(cstr_to_string(ptr))))
[INFO] [stdout]    |                       ^^^
[INFO] [stdout]    |
[INFO] [stdout]    = note: `#[warn(deprecated)]` on by default
[INFO] [stdout] 
[INFO] [stdout] 
[INFO] [stdout] warning: trait objects without an explicit `dyn` are deprecated
[INFO] [stdout]    --> src/lib.rs:132:32
[INFO] [stdout]     |
[INFO] [stdout] 132 |     fn cause(&self) -> Option<&std::error::Error> {
[INFO] [stdout]     |                                ^^^^^^^^^^^^^^^^^ help: use `dyn`: `dyn std::error::Error`
[INFO] [stdout]     |
[INFO] [stdout]     = note: `#[warn(bare_trait_objects)]` on by default
[INFO] [stdout]     = warning: this is accepted in the current edition (Rust 2015) but is a hard error in Rust 2021!
[INFO] [stdout]     = note: for more information, see issue #80165 <https://github.com/rust-lang/rust/issues/80165>
[INFO] [stdout] 
[INFO] [stdout] 
[INFO] [stdout] warning: use of deprecated macro `try`: use the `?` operator instead
[INFO] [stdout]    --> src/lib.rs:156:12
[INFO] [stdout]     |
[INFO] [stdout] 156 |         Ok(try!(try!(Capture::from_device(self)).open()))
[INFO] [stdout]     |            ^^^
[INFO] [stdout] 
[INFO] [stdout] 
[INFO] [stdout] warning: use of deprecated macro `try`: use the `?` operator instead
[INFO] [stdout]    --> src/lib.rs:156:17
[INFO] [stdout]     |
[INFO] [stdout] 156 |         Ok(try!(try!(Capture::from_device(self)).open()))
[INFO] [stdout]     |                 ^^^
[INFO] [stdout] 
[INFO] [stdout] 
[INFO] [stdout] warning: use of deprecated macro `try`: use the `?` operator instead
[INFO] [stdout]    --> src/lib.rs:172:23
[INFO] [stdout]     |
[INFO] [stdout] 172 |                 name: try!(cstr_to_string(default_name)),
[INFO] [stdout]     |                       ^^^
[INFO] [stdout] 
[INFO] [stdout] 
[INFO] [stdout] warning: use of deprecated macro `try`: use the `?` operator instead
[INFO] [stdout]    --> src/lib.rs:241:20
[INFO] [stdout]     |
[INFO] [stdout] 241 |                 Ok(try!(cstr_to_string(name)))
[INFO] [stdout]     |                    ^^^
[INFO] [stdout] 
[INFO] [stdout] 
[INFO] [stdout] warning: use of deprecated macro `try`: use the `?` operator instead
[INFO] [stdout]    --> src/lib.rs:254:20
[INFO] [stdout]     |
[INFO] [stdout] 254 |                 Ok(try!(cstr_to_string(description)))
[INFO] [stdout]     |                    ^^^
[INFO] [stdout] 
[INFO] [stdout] 
[INFO] [stdout] warning: trait objects without an explicit `dyn` are deprecated
[INFO] [stdout]    --> src/lib.rs:748:49
[INFO] [stdout]     |
[INFO] [stdout] 748 | impl<T: Activated> From<Capture<T>> for Capture<Activated> {
[INFO] [stdout]     |                                                 ^^^^^^^^^ help: use `dyn`: `dyn Activated`
[INFO] [stdout]     |
[INFO] [stdout]     = warning: this is accepted in the current edition (Rust 2015) but is a hard error in Rust 2021!
[INFO] [stdout]     = note: for more information, see issue #80165 <https://github.com/rust-lang/rust/issues/80165>
[INFO] [stdout] 
[INFO] [stdout] 
[INFO] [stdout] warning: trait objects without an explicit `dyn` are deprecated
[INFO] [stdout]    --> src/lib.rs:749:41
[INFO] [stdout]     |
[INFO] [stdout] 749 |     fn from(cap: Capture<T>) -> Capture<Activated> {
[INFO] [stdout]     |                                         ^^^^^^^^^ help: use `dyn`: `dyn Activated`
[INFO] [stdout]     |
[INFO] [stdout]     = warning: this is accepted in the current edition (Rust 2015) but is a hard error in Rust 2021!
[INFO] [stdout]     = note: for more information, see issue #80165 <https://github.com/rust-lang/rust/issues/80165>
[INFO] [stdout] 
[INFO] [stdout] 
[INFO] [stdout] warning: use of deprecated macro `try`: use the `?` operator instead
[INFO] [stdout]    --> src/lib.rs:780:12
[INFO] [stdout]     |
[INFO] [stdout] 780 |         Ok(try!(str::from_utf8(unsafe{CStr::from_ptr(ptr)}.to_bytes())).into())
[INFO] [stdout]     |            ^^^
[INFO] [stdout] 
[INFO] [stdout] 
[INFO] [stdout] warning: 10 warnings emitted
[INFO] [stdout] 
[INFO] [stdout] 
[INFO] [stderr]    Compiling hcap v0.0.2 (/opt/rustwide/workdir)
[INFO] [stdout] warning: trait objects without an explicit `dyn` are deprecated
[INFO] [stdout]   --> tests/lib.rs:38:31
[INFO] [stdout]    |
[INFO] [stdout] 38 |     fn maybe(a: bool) -> Capture<Activated> {
[INFO] [stdout]    |                                  ^^^^^^^^^ help: use `dyn`: `dyn Activated`
[INFO] [stdout]    |
[INFO] [stdout]    = note: `#[warn(bare_trait_objects)]` on by default
[INFO] [stdout]    = warning: this is accepted in the current edition (Rust 2015) but is a hard error in Rust 2021!
[INFO] [stdout]    = note: for more information, see issue #80165 <https://github.com/rust-lang/rust/issues/80165>
[INFO] [stdout] 
[INFO] [stdout] 
[INFO] [stdout] warning: trait objects without an explicit `dyn` are deprecated
[INFO] [stdout]   --> tests/lib.rs:46:32
[INFO] [stdout]    |
[INFO] [stdout] 46 |     fn also_maybe(a: &mut Capture<Activated>) {
[INFO] [stdout]    |                                   ^^^^^^^^^ help: use `dyn`: `dyn Activated`
[INFO] [stdout]    |
[INFO] [stdout]    = warning: this is accepted in the current edition (Rust 2015) but is a hard error in Rust 2021!
[INFO] [stdout]    = note: for more information, see issue #80165 <https://github.com/rust-lang/rust/issues/80165>
[INFO] [stdout] 
[INFO] [stdout] 
[INFO] [stdout] warning: use of deprecated macro `try`: use the `?` operator instead
[INFO] [stdout]   --> src/lib.rs:87:23
[INFO] [stdout]    |
[INFO] [stdout] 87 |         Err(PcapError(try!(cstr_to_string(ptr))))
[INFO] [stdout]    |                       ^^^
[INFO] [stdout]    |
[INFO] [stdout]    = note: `#[warn(deprecated)]` on by default
[INFO] [stdout] 
[INFO] [stdout] 
[INFO] [stdout] warning: trait objects without an explicit `dyn` are deprecated
[INFO] [stdout]    --> src/lib.rs:132:32
[INFO] [stdout]     |
[INFO] [stdout] 132 |     fn cause(&self) -> Option<&std::error::Error> {
[INFO] [stdout]     |                                ^^^^^^^^^^^^^^^^^ help: use `dyn`: `dyn std::error::Error`
[INFO] [stdout]     |
[INFO] [stdout]     = note: `#[warn(bare_trait_objects)]` on by default
[INFO] [stdout]     = warning: this is accepted in the current edition (Rust 2015) but is a hard error in Rust 2021!
[INFO] [stdout]     = note: for more information, see issue #80165 <https://github.com/rust-lang/rust/issues/80165>
[INFO] [stdout] 
[INFO] [stdout] 
[INFO] [stdout] warning: use of deprecated macro `try`: use the `?` operator instead
[INFO] [stdout]    --> src/lib.rs:156:12
[INFO] [stdout]     |
[INFO] [stdout] 156 |         Ok(try!(try!(Capture::from_device(self)).open()))
[INFO] [stdout]     |            ^^^
[INFO] [stdout] 
[INFO] [stdout] 
[INFO] [stdout] warning: use of deprecated macro `try`: use the `?` operator instead
[INFO] [stdout]    --> src/lib.rs:156:17
[INFO] [stdout]     |
[INFO] [stdout] 156 |         Ok(try!(try!(Capture::from_device(self)).open()))
[INFO] [stdout]     |                 ^^^
[INFO] [stdout] 
[INFO] [stdout] 
[INFO] [stdout] warning: use of deprecated macro `try`: use the `?` operator instead
[INFO] [stdout]    --> src/lib.rs:172:23
[INFO] [stdout]     |
[INFO] [stdout] 172 |                 name: try!(cstr_to_string(default_name)),
[INFO] [stdout]     |                       ^^^
[INFO] [stdout] 
[INFO] [stdout] 
[INFO] [stdout] warning: use of deprecated macro `try`: use the `?` operator instead
[INFO] [stdout]    --> src/lib.rs:241:20
[INFO] [stdout]     |
[INFO] [stdout] 241 |                 Ok(try!(cstr_to_string(name)))
[INFO] [stdout]     |                    ^^^
[INFO] [stdout] 
[INFO] [stdout] 
[INFO] [stdout] warning: use of deprecated macro `try`: use the `?` operator instead
[INFO] [stdout]    --> src/lib.rs:254:20
[INFO] [stdout]     |
[INFO] [stdout] 254 |                 Ok(try!(cstr_to_string(description)))
[INFO] [stdout]     |                    ^^^
[INFO] [stdout] 
[INFO] [stdout] 
[INFO] [stdout] warning: trait objects without an explicit `dyn` are deprecated
[INFO] [stdout]    --> src/lib.rs:748:49
[INFO] [stdout]     |
[INFO] [stdout] 748 | impl<T: Activated> From<Capture<T>> for Capture<Activated> {
[INFO] [stdout]     |                                                 ^^^^^^^^^ help: use `dyn`: `dyn Activated`
[INFO] [stdout]     |
[INFO] [stdout]     = warning: this is accepted in the current edition (Rust 2015) but is a hard error in Rust 2021!
[INFO] [stdout]     = note: for more information, see issue #80165 <https://github.com/rust-lang/rust/issues/80165>
[INFO] [stdout] 
[INFO] [stdout] 
[INFO] [stdout] warning: trait objects without an explicit `dyn` are deprecated
[INFO] [stdout]    --> src/lib.rs:749:41
[INFO] [stdout]     |
[INFO] [stdout] 749 |     fn from(cap: Capture<T>) -> Capture<Activated> {
[INFO] [stdout]     |                                         ^^^^^^^^^ help: use `dyn`: `dyn Activated`
[INFO] [stdout]     |
[INFO] [stdout]     = warning: this is accepted in the current edition (Rust 2015) but is a hard error in Rust 2021!
[INFO] [stdout]     = note: for more information, see issue #80165 <https://github.com/rust-lang/rust/issues/80165>
[INFO] [stdout] 
[INFO] [stdout] 
[INFO] [stdout] warning: use of deprecated macro `try`: use the `?` operator instead
[INFO] [stdout]    --> src/lib.rs:780:12
[INFO] [stdout]     |
[INFO] [stdout] 780 |         Ok(try!(str::from_utf8(unsafe{CStr::from_ptr(ptr)}.to_bytes())).into())
[INFO] [stdout]     |            ^^^
[INFO] [stdout] 
[INFO] [stdout] 
[INFO] [stdout] error: linking with `cc` failed: exit status: 1
[INFO] [stdout]   |
[INFO] [stdout]   = note: "cc" "-m64" "/opt/rustwide/target/debug/examples/easylisten-67ba3bde1a466449.easylisten.87d550b4-cgu.0.rcgu.o" "/opt/rustwide/target/debug/examples/easylisten-67ba3bde1a466449.easylisten.87d550b4-cgu.1.rcgu.o" "/opt/rustwide/target/debug/examples/easylisten-67ba3bde1a466449.easylisten.87d550b4-cgu.10.rcgu.o" "/opt/rustwide/target/debug/examples/easylisten-67ba3bde1a466449.easylisten.87d550b4-cgu.2.rcgu.o" "/opt/rustwide/target/debug/examples/easylisten-67ba3bde1a466449.easylisten.87d550b4-cgu.3.rcgu.o" "/opt/rustwide/target/debug/examples/easylisten-67ba3bde1a466449.easylisten.87d550b4-cgu.4.rcgu.o" "/opt/rustwide/target/debug/examples/easylisten-67ba3bde1a466449.easylisten.87d550b4-cgu.5.rcgu.o" "/opt/rustwide/target/debug/examples/easylisten-67ba3bde1a466449.easylisten.87d550b4-cgu.6.rcgu.o" "/opt/rustwide/target/debug/examples/easylisten-67ba3bde1a466449.easylisten.87d550b4-cgu.7.rcgu.o" "/opt/rustwide/target/debug/examples/easylisten-67ba3bde1a466449.easylisten.87d550b4-cgu.8.rcgu.o" "/opt/rustwide/target/debug/examples/easylisten-67ba3bde1a466449.easylisten.87d550b4-cgu.9.rcgu.o" "/opt/rustwide/target/debug/examples/easylisten-67ba3bde1a466449.1wyghs2d387mmru9.rcgu.o" "-Wl,--as-needed" "-L" "/opt/rustwide/target/debug/deps" "-L" "/opt/rustwide/rustup-home/toolchains/beta-2021-08-01-x86_64-unknown-linux-gnu/lib/rustlib/x86_64-unknown-linux-gnu/lib" "-Wl,-Bstatic" "/opt/rustwide/target/debug/deps/libpcap-b4f6ba6cb2805574.rlib" "/opt/rustwide/target/debug/deps/liblibc-bd0a7f2f55865ae0.rlib" "-Wl,--start-group" "/opt/rustwide/rustup-home/toolchains/beta-2021-08-01-x86_64-unknown-linux-gnu/lib/rustlib/x86_64-unknown-linux-gnu/lib/libstd-197d933f09d9a590.rlib" "/opt/rustwide/rustup-home/toolchains/beta-2021-08-01-x86_64-unknown-linux-gnu/lib/rustlib/x86_64-unknown-linux-gnu/lib/libpanic_unwind-46a006cddfd334f0.rlib" "/opt/rustwide/rustup-home/toolchains/beta-2021-08-01-x86_64-unknown-linux-gnu/lib/rustlib/x86_64-unknown-linux-gnu/lib/libminiz_oxide-5b9870310e470b38.rlib" "/opt/rustwide/rustup-home/toolchains/beta-2021-08-01-x86_64-unknown-linux-gnu/lib/rustlib/x86_64-unknown-linux-gnu/lib/libadler-260022ba8f1ab4ee.rlib" "/opt/rustwide/rustup-home/toolchains/beta-2021-08-01-x86_64-unknown-linux-gnu/lib/rustlib/x86_64-unknown-linux-gnu/lib/libobject-71377435a799394f.rlib" "/opt/rustwide/rustup-home/toolchains/beta-2021-08-01-x86_64-unknown-linux-gnu/lib/rustlib/x86_64-unknown-linux-gnu/lib/libaddr2line-658ee5924fde57cd.rlib" "/opt/rustwide/rustup-home/toolchains/beta-2021-08-01-x86_64-unknown-linux-gnu/lib/rustlib/x86_64-unknown-linux-gnu/lib/libgimli-9e8627da6bd1b94a.rlib" "/opt/rustwide/rustup-home/toolchains/beta-2021-08-01-x86_64-unknown-linux-gnu/lib/rustlib/x86_64-unknown-linux-gnu/lib/libstd_detect-19fdaac49f59be84.rlib" "/opt/rustwide/rustup-home/toolchains/beta-2021-08-01-x86_64-unknown-linux-gnu/lib/rustlib/x86_64-unknown-linux-gnu/lib/librustc_demangle-cb00e2691ea45905.rlib" "/opt/rustwide/rustup-home/toolchains/beta-2021-08-01-x86_64-unknown-linux-gnu/lib/rustlib/x86_64-unknown-linux-gnu/lib/libhashbrown-50f6726defae5ae1.rlib" "/opt/rustwide/rustup-home/toolchains/beta-2021-08-01-x86_64-unknown-linux-gnu/lib/rustlib/x86_64-unknown-linux-gnu/lib/librustc_std_workspace_alloc-2afc16311deea26e.rlib" "/opt/rustwide/rustup-home/toolchains/beta-2021-08-01-x86_64-unknown-linux-gnu/lib/rustlib/x86_64-unknown-linux-gnu/lib/libunwind-bb5cb0fe086ee8cf.rlib" "/opt/rustwide/rustup-home/toolchains/beta-2021-08-01-x86_64-unknown-linux-gnu/lib/rustlib/x86_64-unknown-linux-gnu/lib/libcfg_if-896053247b5dfd0b.rlib" "/opt/rustwide/rustup-home/toolchains/beta-2021-08-01-x86_64-unknown-linux-gnu/lib/rustlib/x86_64-unknown-linux-gnu/lib/liblibc-735e1f2ac3cf23be.rlib" "/opt/rustwide/rustup-home/toolchains/beta-2021-08-01-x86_64-unknown-linux-gnu/lib/rustlib/x86_64-unknown-linux-gnu/lib/liballoc-9dfb6622644c732c.rlib" "/opt/rustwide/rustup-home/toolchains/beta-2021-08-01-x86_64-unknown-linux-gnu/lib/rustlib/x86_64-unknown-linux-gnu/lib/librustc_std_workspace_core-beea7d9617fe25c5.rlib" "/opt/rustwide/rustup-home/toolchains/beta-2021-08-01-x86_64-unknown-linux-gnu/lib/rustlib/x86_64-unknown-linux-gnu/lib/libcore-8ef7dd43fc671f88.rlib" "-Wl,--end-group" "/opt/rustwide/rustup-home/toolchains/beta-2021-08-01-x86_64-unknown-linux-gnu/lib/rustlib/x86_64-unknown-linux-gnu/lib/libcompiler_builtins-a9a3b2ad67977f47.rlib" "-Wl,-Bdynamic" "-lpcap" "-lgcc_s" "-lutil" "-lrt" "-lpthread" "-lm" "-ldl" "-lc" "-Wl,--eh-frame-hdr" "-Wl,-znoexecstack" "-L" "/opt/rustwide/rustup-home/toolchains/beta-2021-08-01-x86_64-unknown-linux-gnu/lib/rustlib/x86_64-unknown-linux-gnu/lib" "-o" "/opt/rustwide/target/debug/examples/easylisten-67ba3bde1a466449" "-Wl,--gc-sections" "-pie" "-Wl,-zrelro" "-Wl,-znow" "-nodefaultlibs"
[INFO] [stdout]   = note: /usr/bin/ld: cannot find -lpcap
[INFO] [stdout]           collect2: error: ld returned 1 exit status
[INFO] [stdout]           
[INFO] [stdout] 
[INFO] [stdout] 
[INFO] [stdout] error: aborting due to previous error
[INFO] [stdout] 
[INFO] [stdout] 
[INFO] [stdout] error: linking with `cc` failed: exit status: 1
[INFO] [stdout]   |
[INFO] [stdout]   = note: "cc" "-m64" "/opt/rustwide/target/debug/examples/listenlocalhost-54e722354b4c5fb5.listenlocalhost.f13f1a01-cgu.0.rcgu.o" "/opt/rustwide/target/debug/examples/listenlocalhost-54e722354b4c5fb5.listenlocalhost.f13f1a01-cgu.1.rcgu.o" "/opt/rustwide/target/debug/examples/listenlocalhost-54e722354b4c5fb5.listenlocalhost.f13f1a01-cgu.10.rcgu.o" "/opt/rustwide/target/debug/examples/listenlocalhost-54e722354b4c5fb5.listenlocalhost.f13f1a01-cgu.2.rcgu.o" "/opt/rustwide/target/debug/examples/listenlocalhost-54e722354b4c5fb5.listenlocalhost.f13f1a01-cgu.3.rcgu.o" "/opt/rustwide/target/debug/examples/listenlocalhost-54e722354b4c5fb5.listenlocalhost.f13f1a01-cgu.4.rcgu.o" "/opt/rustwide/target/debug/examples/listenlocalhost-54e722354b4c5fb5.listenlocalhost.f13f1a01-cgu.5.rcgu.o" "/opt/rustwide/target/debug/examples/listenlocalhost-54e722354b4c5fb5.listenlocalhost.f13f1a01-cgu.6.rcgu.o" "/opt/rustwide/target/debug/examples/listenlocalhost-54e722354b4c5fb5.listenlocalhost.f13f1a01-cgu.7.rcgu.o" "/opt/rustwide/target/debug/examples/listenlocalhost-54e722354b4c5fb5.listenlocalhost.f13f1a01-cgu.8.rcgu.o" "/opt/rustwide/target/debug/examples/listenlocalhost-54e722354b4c5fb5.listenlocalhost.f13f1a01-cgu.9.rcgu.o" "/opt/rustwide/target/debug/examples/listenlocalhost-54e722354b4c5fb5.2bjylgsv3at2oii5.rcgu.o" "-Wl,--as-needed" "-L" "/opt/rustwide/target/debug/deps" "-L" "/opt/rustwide/rustup-home/toolchains/beta-2021-08-01-x86_64-unknown-linux-gnu/lib/rustlib/x86_64-unknown-linux-gnu/lib" "-Wl,-Bstatic" "/opt/rustwide/target/debug/deps/libpcap-b4f6ba6cb2805574.rlib" "/opt/rustwide/target/debug/deps/liblibc-bd0a7f2f55865ae0.rlib" "-Wl,--start-group" "/opt/rustwide/rustup-home/toolchains/beta-2021-08-01-x86_64-unknown-linux-gnu/lib/rustlib/x86_64-unknown-linux-gnu/lib/libstd-197d933f09d9a590.rlib" "/opt/rustwide/rustup-home/toolchains/beta-2021-08-01-x86_64-unknown-linux-gnu/lib/rustlib/x86_64-unknown-linux-gnu/lib/libpanic_unwind-46a006cddfd334f0.rlib" "/opt/rustwide/rustup-home/toolchains/beta-2021-08-01-x86_64-unknown-linux-gnu/lib/rustlib/x86_64-unknown-linux-gnu/lib/libminiz_oxide-5b9870310e470b38.rlib" "/opt/rustwide/rustup-home/toolchains/beta-2021-08-01-x86_64-unknown-linux-gnu/lib/rustlib/x86_64-unknown-linux-gnu/lib/libadler-260022ba8f1ab4ee.rlib" "/opt/rustwide/rustup-home/toolchains/beta-2021-08-01-x86_64-unknown-linux-gnu/lib/rustlib/x86_64-unknown-linux-gnu/lib/libobject-71377435a799394f.rlib" "/opt/rustwide/rustup-home/toolchains/beta-2021-08-01-x86_64-unknown-linux-gnu/lib/rustlib/x86_64-unknown-linux-gnu/lib/libaddr2line-658ee5924fde57cd.rlib" "/opt/rustwide/rustup-home/toolchains/beta-2021-08-01-x86_64-unknown-linux-gnu/lib/rustlib/x86_64-unknown-linux-gnu/lib/libgimli-9e8627da6bd1b94a.rlib" "/opt/rustwide/rustup-home/toolchains/beta-2021-08-01-x86_64-unknown-linux-gnu/lib/rustlib/x86_64-unknown-linux-gnu/lib/libstd_detect-19fdaac49f59be84.rlib" "/opt/rustwide/rustup-home/toolchains/beta-2021-08-01-x86_64-unknown-linux-gnu/lib/rustlib/x86_64-unknown-linux-gnu/lib/librustc_demangle-cb00e2691ea45905.rlib" "/opt/rustwide/rustup-home/toolchains/beta-2021-08-01-x86_64-unknown-linux-gnu/lib/rustlib/x86_64-unknown-linux-gnu/lib/libhashbrown-50f6726defae5ae1.rlib" "/opt/rustwide/rustup-home/toolchains/beta-2021-08-01-x86_64-unknown-linux-gnu/lib/rustlib/x86_64-unknown-linux-gnu/lib/librustc_std_workspace_alloc-2afc16311deea26e.rlib" "/opt/rustwide/rustup-home/toolchains/beta-2021-08-01-x86_64-unknown-linux-gnu/lib/rustlib/x86_64-unknown-linux-gnu/lib/libunwind-bb5cb0fe086ee8cf.rlib" "/opt/rustwide/rustup-home/toolchains/beta-2021-08-01-x86_64-unknown-linux-gnu/lib/rustlib/x86_64-unknown-linux-gnu/lib/libcfg_if-896053247b5dfd0b.rlib" "/opt/rustwide/rustup-home/toolchains/beta-2021-08-01-x86_64-unknown-linux-gnu/lib/rustlib/x86_64-unknown-linux-gnu/lib/liblibc-735e1f2ac3cf23be.rlib" "/opt/rustwide/rustup-home/toolchains/beta-2021-08-01-x86_64-unknown-linux-gnu/lib/rustlib/x86_64-unknown-linux-gnu/lib/liballoc-9dfb6622644c732c.rlib" "/opt/rustwide/rustup-home/toolchains/beta-2021-08-01-x86_64-unknown-linux-gnu/lib/rustlib/x86_64-unknown-linux-gnu/lib/librustc_std_workspace_core-beea7d9617fe25c5.rlib" "/opt/rustwide/rustup-home/toolchains/beta-2021-08-01-x86_64-unknown-linux-gnu/lib/rustlib/x86_64-unknown-linux-gnu/lib/libcore-8ef7dd43fc671f88.rlib" "-Wl,--end-group" "/opt/rustwide/rustup-home/toolchains/beta-2021-08-01-x86_64-unknown-linux-gnu/lib/rustlib/x86_64-unknown-linux-gnu/lib/libcompiler_builtins-a9a3b2ad67977f47.rlib" "-Wl,-Bdynamic" "-lpcap" "-lgcc_s" "-lutil" "-lrt" "-lpthread" "-lm" "-ldl" "-lc" "-Wl,--eh-frame-hdr" "-Wl,-znoexecstack" "-L" "/opt/rustwide/rustup-home/toolchains/beta-2021-08-01-x86_64-unknown-linux-gnu/lib/rustlib/x86_64-unknown-linux-gnu/lib" "-o" "/opt/rustwide/target/debug/examples/listenlocalhost-54e722354b4c5fb5" "-Wl,--gc-sections" "-pie" "-Wl,-zrelro" "-Wl,-znow" "-nodefaultlibs"
[INFO] [stdout]   = note: /usr/bin/ld: cannot find -lpcap
[INFO] [stdout]           collect2: error: ld returned 1 exit status
[INFO] [stdout]           
[INFO] [stdout] 
[INFO] [stdout] 
[INFO] [stdout] error: aborting due to previous error
[INFO] [stdout] 
[INFO] [stdout] 
[INFO] [stderr] error: could not compile `hcap` due to 2 previous errors
[INFO] [stderr] warning: build failed, waiting for other jobs to finish...
[INFO] [stdout] error: linking with `cc` failed: exit status: 1
[INFO] [stdout]   |
[INFO] [stdout]   = note: "cc" "-m64" "/opt/rustwide/target/debug/examples/getstatistics-4912bf22198f243f.getstatistics.36410f80-cgu.0.rcgu.o" "/opt/rustwide/target/debug/examples/getstatistics-4912bf22198f243f.getstatistics.36410f80-cgu.1.rcgu.o" "/opt/rustwide/target/debug/examples/getstatistics-4912bf22198f243f.getstatistics.36410f80-cgu.10.rcgu.o" "/opt/rustwide/target/debug/examples/getstatistics-4912bf22198f243f.getstatistics.36410f80-cgu.11.rcgu.o" "/opt/rustwide/target/debug/examples/getstatistics-4912bf22198f243f.getstatistics.36410f80-cgu.12.rcgu.o" "/opt/rustwide/target/debug/examples/getstatistics-4912bf22198f243f.getstatistics.36410f80-cgu.13.rcgu.o" "/opt/rustwide/target/debug/examples/getstatistics-4912bf22198f243f.getstatistics.36410f80-cgu.14.rcgu.o" "/opt/rustwide/target/debug/examples/getstatistics-4912bf22198f243f.getstatistics.36410f80-cgu.15.rcgu.o" "/opt/rustwide/target/debug/examples/getstatistics-4912bf22198f243f.getstatistics.36410f80-cgu.2.rcgu.o" "/opt/rustwide/target/debug/examples/getstatistics-4912bf22198f243f.getstatistics.36410f80-cgu.3.rcgu.o" "/opt/rustwide/target/debug/examples/getstatistics-4912bf22198f243f.getstatistics.36410f80-cgu.4.rcgu.o" "/opt/rustwide/target/debug/examples/getstatistics-4912bf22198f243f.getstatistics.36410f80-cgu.5.rcgu.o" "/opt/rustwide/target/debug/examples/getstatistics-4912bf22198f243f.getstatistics.36410f80-cgu.6.rcgu.o" "/opt/rustwide/target/debug/examples/getstatistics-4912bf22198f243f.getstatistics.36410f80-cgu.7.rcgu.o" "/opt/rustwide/target/debug/examples/getstatistics-4912bf22198f243f.getstatistics.36410f80-cgu.8.rcgu.o" "/opt/rustwide/target/debug/examples/getstatistics-4912bf22198f243f.getstatistics.36410f80-cgu.9.rcgu.o" "/opt/rustwide/target/debug/examples/getstatistics-4912bf22198f243f.1tbg01vp8y958oxd.rcgu.o" "-Wl,--as-needed" "-L" "/opt/rustwide/target/debug/deps" "-L" "/opt/rustwide/rustup-home/toolchains/beta-2021-08-01-x86_64-unknown-linux-gnu/lib/rustlib/x86_64-unknown-linux-gnu/lib" "-Wl,-Bstatic" "/opt/rustwide/target/debug/deps/libpcap-b4f6ba6cb2805574.rlib" "/opt/rustwide/target/debug/deps/liblibc-bd0a7f2f55865ae0.rlib" "-Wl,--start-group" "/opt/rustwide/rustup-home/toolchains/beta-2021-08-01-x86_64-unknown-linux-gnu/lib/rustlib/x86_64-unknown-linux-gnu/lib/libstd-197d933f09d9a590.rlib" "/opt/rustwide/rustup-home/toolchains/beta-2021-08-01-x86_64-unknown-linux-gnu/lib/rustlib/x86_64-unknown-linux-gnu/lib/libpanic_unwind-46a006cddfd334f0.rlib" "/opt/rustwide/rustup-home/toolchains/beta-2021-08-01-x86_64-unknown-linux-gnu/lib/rustlib/x86_64-unknown-linux-gnu/lib/libminiz_oxide-5b9870310e470b38.rlib" "/opt/rustwide/rustup-home/toolchains/beta-2021-08-01-x86_64-unknown-linux-gnu/lib/rustlib/x86_64-unknown-linux-gnu/lib/libadler-260022ba8f1ab4ee.rlib" "/opt/rustwide/rustup-home/toolchains/beta-2021-08-01-x86_64-unknown-linux-gnu/lib/rustlib/x86_64-unknown-linux-gnu/lib/libobject-71377435a799394f.rlib" "/opt/rustwide/rustup-home/toolchains/beta-2021-08-01-x86_64-unknown-linux-gnu/lib/rustlib/x86_64-unknown-linux-gnu/lib/libaddr2line-658ee5924fde57cd.rlib" "/opt/rustwide/rustup-home/toolchains/beta-2021-08-01-x86_64-unknown-linux-gnu/lib/rustlib/x86_64-unknown-linux-gnu/lib/libgimli-9e8627da6bd1b94a.rlib" "/opt/rustwide/rustup-home/toolchains/beta-2021-08-01-x86_64-unknown-linux-gnu/lib/rustlib/x86_64-unknown-linux-gnu/lib/libstd_detect-19fdaac49f59be84.rlib" "/opt/rustwide/rustup-home/toolchains/beta-2021-08-01-x86_64-unknown-linux-gnu/lib/rustlib/x86_64-unknown-linux-gnu/lib/librustc_demangle-cb00e2691ea45905.rlib" "/opt/rustwide/rustup-home/toolchains/beta-2021-08-01-x86_64-unknown-linux-gnu/lib/rustlib/x86_64-unknown-linux-gnu/lib/libhashbrown-50f6726defae5ae1.rlib" "/opt/rustwide/rustup-home/toolchains/beta-2021-08-01-x86_64-unknown-linux-gnu/lib/rustlib/x86_64-unknown-linux-gnu/lib/librustc_std_workspace_alloc-2afc16311deea26e.rlib" "/opt/rustwide/rustup-home/toolchains/beta-2021-08-01-x86_64-unknown-linux-gnu/lib/rustlib/x86_64-unknown-linux-gnu/lib/libunwind-bb5cb0fe086ee8cf.rlib" "/opt/rustwide/rustup-home/toolchains/beta-2021-08-01-x86_64-unknown-linux-gnu/lib/rustlib/x86_64-unknown-linux-gnu/lib/libcfg_if-896053247b5dfd0b.rlib" "/opt/rustwide/rustup-home/toolchains/beta-2021-08-01-x86_64-unknown-linux-gnu/lib/rustlib/x86_64-unknown-linux-gnu/lib/liblibc-735e1f2ac3cf23be.rlib" "/opt/rustwide/rustup-home/toolchains/beta-2021-08-01-x86_64-unknown-linux-gnu/lib/rustlib/x86_64-unknown-linux-gnu/lib/liballoc-9dfb6622644c732c.rlib" "/opt/rustwide/rustup-home/toolchains/beta-2021-08-01-x86_64-unknown-linux-gnu/lib/rustlib/x86_64-unknown-linux-gnu/lib/librustc_std_workspace_core-beea7d9617fe25c5.rlib" "/opt/rustwide/rustup-home/toolchains/beta-2021-08-01-x86_64-unknown-linux-gnu/lib/rustlib/x86_64-unknown-linux-gnu/lib/libcore-8ef7dd43fc671f88.rlib" "-Wl,--end-group" "/opt/rustwide/rustup-home/toolchains/beta-2021-08-01-x86_64-unknown-linux-gnu/lib/rustlib/x86_64-unknown-linux-gnu/lib/libcompiler_builtins-a9a3b2ad67977f47.rlib" "-Wl,-Bdynamic" "-lpcap" "-lgcc_s" "-lutil" "-lrt" "-lpthread" "-lm" "-ldl" "-lc" "-Wl,--eh-frame-hdr" "-Wl,-znoexecstack" "-L" "/opt/rustwide/rustup-home/toolchains/beta-2021-08-01-x86_64-unknown-linux-gnu/lib/rustlib/x86_64-unknown-linux-gnu/lib" "-o" "/opt/rustwide/target/debug/examples/getstatistics-4912bf22198f243f" "-Wl,--gc-sections" "-pie" "-Wl,-zrelro" "-Wl,-znow" "-nodefaultlibs"
[INFO] [stdout]   = note: /usr/bin/ld: cannot find -lpcap
[INFO] [stdout]           collect2: error: ld returned 1 exit status
[INFO] [stdout]           
[INFO] [stdout] 
[INFO] [stdout] 
[INFO] [stdout] error: aborting due to previous error
[INFO] [stdout] 
[INFO] [stdout] 
[INFO] [stdout] error: linking with `cc` failed: exit status: 1
[INFO] [stdout]   |
[INFO] [stdout]   = note: "cc" "-m64" "/opt/rustwide/target/debug/examples/savefile-ddcc1ad4f2518447.savefile.398844b2-cgu.0.rcgu.o" "/opt/rustwide/target/debug/examples/savefile-ddcc1ad4f2518447.savefile.398844b2-cgu.1.rcgu.o" "/opt/rustwide/target/debug/examples/savefile-ddcc1ad4f2518447.savefile.398844b2-cgu.10.rcgu.o" "/opt/rustwide/target/debug/examples/savefile-ddcc1ad4f2518447.savefile.398844b2-cgu.11.rcgu.o" "/opt/rustwide/target/debug/examples/savefile-ddcc1ad4f2518447.savefile.398844b2-cgu.12.rcgu.o" "/opt/rustwide/target/debug/examples/savefile-ddcc1ad4f2518447.savefile.398844b2-cgu.13.rcgu.o" "/opt/rustwide/target/debug/examples/savefile-ddcc1ad4f2518447.savefile.398844b2-cgu.14.rcgu.o" "/opt/rustwide/target/debug/examples/savefile-ddcc1ad4f2518447.savefile.398844b2-cgu.15.rcgu.o" "/opt/rustwide/target/debug/examples/savefile-ddcc1ad4f2518447.savefile.398844b2-cgu.2.rcgu.o" "/opt/rustwide/target/debug/examples/savefile-ddcc1ad4f2518447.savefile.398844b2-cgu.3.rcgu.o" "/opt/rustwide/target/debug/examples/savefile-ddcc1ad4f2518447.savefile.398844b2-cgu.4.rcgu.o" "/opt/rustwide/target/debug/examples/savefile-ddcc1ad4f2518447.savefile.398844b2-cgu.5.rcgu.o" "/opt/rustwide/target/debug/examples/savefile-ddcc1ad4f2518447.savefile.398844b2-cgu.6.rcgu.o" "/opt/rustwide/target/debug/examples/savefile-ddcc1ad4f2518447.savefile.398844b2-cgu.7.rcgu.o" "/opt/rustwide/target/debug/examples/savefile-ddcc1ad4f2518447.savefile.398844b2-cgu.8.rcgu.o" "/opt/rustwide/target/debug/examples/savefile-ddcc1ad4f2518447.savefile.398844b2-cgu.9.rcgu.o" "/opt/rustwide/target/debug/examples/savefile-ddcc1ad4f2518447.2h5ixy82hubvt2ot.rcgu.o" "-Wl,--as-needed" "-L" "/opt/rustwide/target/debug/deps" "-L" "/opt/rustwide/rustup-home/toolchains/beta-2021-08-01-x86_64-unknown-linux-gnu/lib/rustlib/x86_64-unknown-linux-gnu/lib" "-Wl,-Bstatic" "/opt/rustwide/target/debug/deps/libpcap-b4f6ba6cb2805574.rlib" "/opt/rustwide/target/debug/deps/liblibc-bd0a7f2f55865ae0.rlib" "-Wl,--start-group" "/opt/rustwide/rustup-home/toolchains/beta-2021-08-01-x86_64-unknown-linux-gnu/lib/rustlib/x86_64-unknown-linux-gnu/lib/libstd-197d933f09d9a590.rlib" "/opt/rustwide/rustup-home/toolchains/beta-2021-08-01-x86_64-unknown-linux-gnu/lib/rustlib/x86_64-unknown-linux-gnu/lib/libpanic_unwind-46a006cddfd334f0.rlib" "/opt/rustwide/rustup-home/toolchains/beta-2021-08-01-x86_64-unknown-linux-gnu/lib/rustlib/x86_64-unknown-linux-gnu/lib/libminiz_oxide-5b9870310e470b38.rlib" "/opt/rustwide/rustup-home/toolchains/beta-2021-08-01-x86_64-unknown-linux-gnu/lib/rustlib/x86_64-unknown-linux-gnu/lib/libadler-260022ba8f1ab4ee.rlib" "/opt/rustwide/rustup-home/toolchains/beta-2021-08-01-x86_64-unknown-linux-gnu/lib/rustlib/x86_64-unknown-linux-gnu/lib/libobject-71377435a799394f.rlib" "/opt/rustwide/rustup-home/toolchains/beta-2021-08-01-x86_64-unknown-linux-gnu/lib/rustlib/x86_64-unknown-linux-gnu/lib/libaddr2line-658ee5924fde57cd.rlib" "/opt/rustwide/rustup-home/toolchains/beta-2021-08-01-x86_64-unknown-linux-gnu/lib/rustlib/x86_64-unknown-linux-gnu/lib/libgimli-9e8627da6bd1b94a.rlib" "/opt/rustwide/rustup-home/toolchains/beta-2021-08-01-x86_64-unknown-linux-gnu/lib/rustlib/x86_64-unknown-linux-gnu/lib/libstd_detect-19fdaac49f59be84.rlib" "/opt/rustwide/rustup-home/toolchains/beta-2021-08-01-x86_64-unknown-linux-gnu/lib/rustlib/x86_64-unknown-linux-gnu/lib/librustc_demangle-cb00e2691ea45905.rlib" "/opt/rustwide/rustup-home/toolchains/beta-2021-08-01-x86_64-unknown-linux-gnu/lib/rustlib/x86_64-unknown-linux-gnu/lib/libhashbrown-50f6726defae5ae1.rlib" "/opt/rustwide/rustup-home/toolchains/beta-2021-08-01-x86_64-unknown-linux-gnu/lib/rustlib/x86_64-unknown-linux-gnu/lib/librustc_std_workspace_alloc-2afc16311deea26e.rlib" "/opt/rustwide/rustup-home/toolchains/beta-2021-08-01-x86_64-unknown-linux-gnu/lib/rustlib/x86_64-unknown-linux-gnu/lib/libunwind-bb5cb0fe086ee8cf.rlib" "/opt/rustwide/rustup-home/toolchains/beta-2021-08-01-x86_64-unknown-linux-gnu/lib/rustlib/x86_64-unknown-linux-gnu/lib/libcfg_if-896053247b5dfd0b.rlib" "/opt/rustwide/rustup-home/toolchains/beta-2021-08-01-x86_64-unknown-linux-gnu/lib/rustlib/x86_64-unknown-linux-gnu/lib/liblibc-735e1f2ac3cf23be.rlib" "/opt/rustwide/rustup-home/toolchains/beta-2021-08-01-x86_64-unknown-linux-gnu/lib/rustlib/x86_64-unknown-linux-gnu/lib/liballoc-9dfb6622644c732c.rlib" "/opt/rustwide/rustup-home/toolchains/beta-2021-08-01-x86_64-unknown-linux-gnu/lib/rustlib/x86_64-unknown-linux-gnu/lib/librustc_std_workspace_core-beea7d9617fe25c5.rlib" "/opt/rustwide/rustup-home/toolchains/beta-2021-08-01-x86_64-unknown-linux-gnu/lib/rustlib/x86_64-unknown-linux-gnu/lib/libcore-8ef7dd43fc671f88.rlib" "-Wl,--end-group" "/opt/rustwide/rustup-home/toolchains/beta-2021-08-01-x86_64-unknown-linux-gnu/lib/rustlib/x86_64-unknown-linux-gnu/lib/libcompiler_builtins-a9a3b2ad67977f47.rlib" "-Wl,-Bdynamic" "-lpcap" "-lgcc_s" "-lutil" "-lrt" "-lpthread" "-lm" "-ldl" "-lc" "-Wl,--eh-frame-hdr" "-Wl,-znoexecstack" "-L" "/opt/rustwide/rustup-home/toolchains/beta-2021-08-01-x86_64-unknown-linux-gnu/lib/rustlib/x86_64-unknown-linux-gnu/lib" "-o" "/opt/rustwide/target/debug/examples/savefile-ddcc1ad4f2518447" "-Wl,--gc-sections" "-pie" "-Wl,-zrelro" "-Wl,-znow" "-nodefaultlibs"
[INFO] [stdout]   = note: /usr/bin/ld: cannot find -lpcap
[INFO] [stdout]           collect2: error: ld returned 1 exit status
[INFO] [stdout]           
[INFO] [stdout] 
[INFO] [stdout] 
[INFO] [stdout] error: aborting due to previous error
[INFO] [stdout] 
[INFO] [stdout] 
[INFO] [stdout] error: linking with `cc` failed: exit status: 1
[INFO] [stdout]   |
[INFO] [stdout]   = note: "cc" "-m64" "/opt/rustwide/target/debug/examples/getdevices-8d7e385fb1f471d5.getdevices.cab84b8e-cgu.0.rcgu.o" "/opt/rustwide/target/debug/examples/getdevices-8d7e385fb1f471d5.getdevices.cab84b8e-cgu.1.rcgu.o" "/opt/rustwide/target/debug/examples/getdevices-8d7e385fb1f471d5.getdevices.cab84b8e-cgu.10.rcgu.o" "/opt/rustwide/target/debug/examples/getdevices-8d7e385fb1f471d5.getdevices.cab84b8e-cgu.11.rcgu.o" "/opt/rustwide/target/debug/examples/getdevices-8d7e385fb1f471d5.getdevices.cab84b8e-cgu.12.rcgu.o" "/opt/rustwide/target/debug/examples/getdevices-8d7e385fb1f471d5.getdevices.cab84b8e-cgu.13.rcgu.o" "/opt/rustwide/target/debug/examples/getdevices-8d7e385fb1f471d5.getdevices.cab84b8e-cgu.14.rcgu.o" "/opt/rustwide/target/debug/examples/getdevices-8d7e385fb1f471d5.getdevices.cab84b8e-cgu.15.rcgu.o" "/opt/rustwide/target/debug/examples/getdevices-8d7e385fb1f471d5.getdevices.cab84b8e-cgu.2.rcgu.o" "/opt/rustwide/target/debug/examples/getdevices-8d7e385fb1f471d5.getdevices.cab84b8e-cgu.3.rcgu.o" "/opt/rustwide/target/debug/examples/getdevices-8d7e385fb1f471d5.getdevices.cab84b8e-cgu.4.rcgu.o" "/opt/rustwide/target/debug/examples/getdevices-8d7e385fb1f471d5.getdevices.cab84b8e-cgu.5.rcgu.o" "/opt/rustwide/target/debug/examples/getdevices-8d7e385fb1f471d5.getdevices.cab84b8e-cgu.6.rcgu.o" "/opt/rustwide/target/debug/examples/getdevices-8d7e385fb1f471d5.getdevices.cab84b8e-cgu.7.rcgu.o" "/opt/rustwide/target/debug/examples/getdevices-8d7e385fb1f471d5.getdevices.cab84b8e-cgu.8.rcgu.o" "/opt/rustwide/target/debug/examples/getdevices-8d7e385fb1f471d5.getdevices.cab84b8e-cgu.9.rcgu.o" "/opt/rustwide/target/debug/examples/getdevices-8d7e385fb1f471d5.4xep6owlo234y28h.rcgu.o" "-Wl,--as-needed" "-L" "/opt/rustwide/target/debug/deps" "-L" "/opt/rustwide/rustup-home/toolchains/beta-2021-08-01-x86_64-unknown-linux-gnu/lib/rustlib/x86_64-unknown-linux-gnu/lib" "-Wl,-Bstatic" "/opt/rustwide/target/debug/deps/libpcap-b4f6ba6cb2805574.rlib" "/opt/rustwide/target/debug/deps/liblibc-bd0a7f2f55865ae0.rlib" "-Wl,--start-group" "/opt/rustwide/rustup-home/toolchains/beta-2021-08-01-x86_64-unknown-linux-gnu/lib/rustlib/x86_64-unknown-linux-gnu/lib/libstd-197d933f09d9a590.rlib" "/opt/rustwide/rustup-home/toolchains/beta-2021-08-01-x86_64-unknown-linux-gnu/lib/rustlib/x86_64-unknown-linux-gnu/lib/libpanic_unwind-46a006cddfd334f0.rlib" "/opt/rustwide/rustup-home/toolchains/beta-2021-08-01-x86_64-unknown-linux-gnu/lib/rustlib/x86_64-unknown-linux-gnu/lib/libminiz_oxide-5b9870310e470b38.rlib" "/opt/rustwide/rustup-home/toolchains/beta-2021-08-01-x86_64-unknown-linux-gnu/lib/rustlib/x86_64-unknown-linux-gnu/lib/libadler-260022ba8f1ab4ee.rlib" "/opt/rustwide/rustup-home/toolchains/beta-2021-08-01-x86_64-unknown-linux-gnu/lib/rustlib/x86_64-unknown-linux-gnu/lib/libobject-71377435a799394f.rlib" "/opt/rustwide/rustup-home/toolchains/beta-2021-08-01-x86_64-unknown-linux-gnu/lib/rustlib/x86_64-unknown-linux-gnu/lib/libaddr2line-658ee5924fde57cd.rlib" "/opt/rustwide/rustup-home/toolchains/beta-2021-08-01-x86_64-unknown-linux-gnu/lib/rustlib/x86_64-unknown-linux-gnu/lib/libgimli-9e8627da6bd1b94a.rlib" "/opt/rustwide/rustup-home/toolchains/beta-2021-08-01-x86_64-unknown-linux-gnu/lib/rustlib/x86_64-unknown-linux-gnu/lib/libstd_detect-19fdaac49f59be84.rlib" "/opt/rustwide/rustup-home/toolchains/beta-2021-08-01-x86_64-unknown-linux-gnu/lib/rustlib/x86_64-unknown-linux-gnu/lib/librustc_demangle-cb00e2691ea45905.rlib" "/opt/rustwide/rustup-home/toolchains/beta-2021-08-01-x86_64-unknown-linux-gnu/lib/rustlib/x86_64-unknown-linux-gnu/lib/libhashbrown-50f6726defae5ae1.rlib" "/opt/rustwide/rustup-home/toolchains/beta-2021-08-01-x86_64-unknown-linux-gnu/lib/rustlib/x86_64-unknown-linux-gnu/lib/librustc_std_workspace_alloc-2afc16311deea26e.rlib" "/opt/rustwide/rustup-home/toolchains/beta-2021-08-01-x86_64-unknown-linux-gnu/lib/rustlib/x86_64-unknown-linux-gnu/lib/libunwind-bb5cb0fe086ee8cf.rlib" "/opt/rustwide/rustup-home/toolchains/beta-2021-08-01-x86_64-unknown-linux-gnu/lib/rustlib/x86_64-unknown-linux-gnu/lib/libcfg_if-896053247b5dfd0b.rlib" "/opt/rustwide/rustup-home/toolchains/beta-2021-08-01-x86_64-unknown-linux-gnu/lib/rustlib/x86_64-unknown-linux-gnu/lib/liblibc-735e1f2ac3cf23be.rlib" "/opt/rustwide/rustup-home/toolchains/beta-2021-08-01-x86_64-unknown-linux-gnu/lib/rustlib/x86_64-unknown-linux-gnu/lib/liballoc-9dfb6622644c732c.rlib" "/opt/rustwide/rustup-home/toolchains/beta-2021-08-01-x86_64-unknown-linux-gnu/lib/rustlib/x86_64-unknown-linux-gnu/lib/librustc_std_workspace_core-beea7d9617fe25c5.rlib" "/opt/rustwide/rustup-home/toolchains/beta-2021-08-01-x86_64-unknown-linux-gnu/lib/rustlib/x86_64-unknown-linux-gnu/lib/libcore-8ef7dd43fc671f88.rlib" "-Wl,--end-group" "/opt/rustwide/rustup-home/toolchains/beta-2021-08-01-x86_64-unknown-linux-gnu/lib/rustlib/x86_64-unknown-linux-gnu/lib/libcompiler_builtins-a9a3b2ad67977f47.rlib" "-Wl,-Bdynamic" "-lpcap" "-lgcc_s" "-lutil" "-lrt" "-lpthread" "-lm" "-ldl" "-lc" "-Wl,--eh-frame-hdr" "-Wl,-znoexecstack" "-L" "/opt/rustwide/rustup-home/toolchains/beta-2021-08-01-x86_64-unknown-linux-gnu/lib/rustlib/x86_64-unknown-linux-gnu/lib" "-o" "/opt/rustwide/target/debug/examples/getdevices-8d7e385fb1f471d5" "-Wl,--gc-sections" "-pie" "-Wl,-zrelro" "-Wl,-znow" "-nodefaultlibs"
[INFO] [stdout]   = note: /usr/bin/ld: cannot find -lpcap
[INFO] [stdout]           collect2: error: ld returned 1 exit status
[INFO] [stdout]           
[INFO] [stdout] 
[INFO] [stdout] 
[INFO] [stdout] error: aborting due to previous error
[INFO] [stdout] 
[INFO] [stdout] 
[INFO] [stdout] error: linking with `cc` failed: exit status: 1
[INFO] [stdout]   |
[INFO] [stdout]   = note: "cc" "-m64" "/opt/rustwide/target/debug/deps/pcap-c33c213966e0d512.pcap.c1d34d39-cgu.0.rcgu.o" "/opt/rustwide/target/debug/deps/pcap-c33c213966e0d512.pcap.c1d34d39-cgu.1.rcgu.o" "/opt/rustwide/target/debug/deps/pcap-c33c213966e0d512.pcap.c1d34d39-cgu.10.rcgu.o" "/opt/rustwide/target/debug/deps/pcap-c33c213966e0d512.pcap.c1d34d39-cgu.11.rcgu.o" "/opt/rustwide/target/debug/deps/pcap-c33c213966e0d512.pcap.c1d34d39-cgu.12.rcgu.o" "/opt/rustwide/target/debug/deps/pcap-c33c213966e0d512.pcap.c1d34d39-cgu.13.rcgu.o" "/opt/rustwide/target/debug/deps/pcap-c33c213966e0d512.pcap.c1d34d39-cgu.2.rcgu.o" "/opt/rustwide/target/debug/deps/pcap-c33c213966e0d512.pcap.c1d34d39-cgu.3.rcgu.o" "/opt/rustwide/target/debug/deps/pcap-c33c213966e0d512.pcap.c1d34d39-cgu.4.rcgu.o" "/opt/rustwide/target/debug/deps/pcap-c33c213966e0d512.pcap.c1d34d39-cgu.5.rcgu.o" "/opt/rustwide/target/debug/deps/pcap-c33c213966e0d512.pcap.c1d34d39-cgu.6.rcgu.o" "/opt/rustwide/target/debug/deps/pcap-c33c213966e0d512.pcap.c1d34d39-cgu.7.rcgu.o" "/opt/rustwide/target/debug/deps/pcap-c33c213966e0d512.pcap.c1d34d39-cgu.8.rcgu.o" "/opt/rustwide/target/debug/deps/pcap-c33c213966e0d512.pcap.c1d34d39-cgu.9.rcgu.o" "/opt/rustwide/target/debug/deps/pcap-c33c213966e0d512.4oryutlmpseql6mr.rcgu.o" "-Wl,--as-needed" "-L" "/opt/rustwide/target/debug/deps" "-L" "/opt/rustwide/rustup-home/toolchains/beta-2021-08-01-x86_64-unknown-linux-gnu/lib/rustlib/x86_64-unknown-linux-gnu/lib" "-lpcap" "-Wl,-Bstatic" "/opt/rustwide/rustup-home/toolchains/beta-2021-08-01-x86_64-unknown-linux-gnu/lib/rustlib/x86_64-unknown-linux-gnu/lib/libtest-6e9019ff2cdb2237.rlib" "/opt/rustwide/rustup-home/toolchains/beta-2021-08-01-x86_64-unknown-linux-gnu/lib/rustlib/x86_64-unknown-linux-gnu/lib/libgetopts-e9cc0b5f091b140c.rlib" "/opt/rustwide/rustup-home/toolchains/beta-2021-08-01-x86_64-unknown-linux-gnu/lib/rustlib/x86_64-unknown-linux-gnu/lib/libunicode_width-762dfa4479f14aad.rlib" "/opt/rustwide/rustup-home/toolchains/beta-2021-08-01-x86_64-unknown-linux-gnu/lib/rustlib/x86_64-unknown-linux-gnu/lib/librustc_std_workspace_std-2a5ac1cc0b21909c.rlib" "/opt/rustwide/target/debug/deps/liblibc-bd0a7f2f55865ae0.rlib" "-Wl,--start-group" "/opt/rustwide/rustup-home/toolchains/beta-2021-08-01-x86_64-unknown-linux-gnu/lib/rustlib/x86_64-unknown-linux-gnu/lib/libstd-197d933f09d9a590.rlib" "/opt/rustwide/rustup-home/toolchains/beta-2021-08-01-x86_64-unknown-linux-gnu/lib/rustlib/x86_64-unknown-linux-gnu/lib/libpanic_unwind-46a006cddfd334f0.rlib" "/opt/rustwide/rustup-home/toolchains/beta-2021-08-01-x86_64-unknown-linux-gnu/lib/rustlib/x86_64-unknown-linux-gnu/lib/libminiz_oxide-5b9870310e470b38.rlib" "/opt/rustwide/rustup-home/toolchains/beta-2021-08-01-x86_64-unknown-linux-gnu/lib/rustlib/x86_64-unknown-linux-gnu/lib/libadler-260022ba8f1ab4ee.rlib" "/opt/rustwide/rustup-home/toolchains/beta-2021-08-01-x86_64-unknown-linux-gnu/lib/rustlib/x86_64-unknown-linux-gnu/lib/libobject-71377435a799394f.rlib" "/opt/rustwide/rustup-home/toolchains/beta-2021-08-01-x86_64-unknown-linux-gnu/lib/rustlib/x86_64-unknown-linux-gnu/lib/libaddr2line-658ee5924fde57cd.rlib" "/opt/rustwide/rustup-home/toolchains/beta-2021-08-01-x86_64-unknown-linux-gnu/lib/rustlib/x86_64-unknown-linux-gnu/lib/libgimli-9e8627da6bd1b94a.rlib" "/opt/rustwide/rustup-home/toolchains/beta-2021-08-01-x86_64-unknown-linux-gnu/lib/rustlib/x86_64-unknown-linux-gnu/lib/libstd_detect-19fdaac49f59be84.rlib" "/opt/rustwide/rustup-home/toolchains/beta-2021-08-01-x86_64-unknown-linux-gnu/lib/rustlib/x86_64-unknown-linux-gnu/lib/librustc_demangle-cb00e2691ea45905.rlib" "/opt/rustwide/rustup-home/toolchains/beta-2021-08-01-x86_64-unknown-linux-gnu/lib/rustlib/x86_64-unknown-linux-gnu/lib/libhashbrown-50f6726defae5ae1.rlib" "/opt/rustwide/rustup-home/toolchains/beta-2021-08-01-x86_64-unknown-linux-gnu/lib/rustlib/x86_64-unknown-linux-gnu/lib/librustc_std_workspace_alloc-2afc16311deea26e.rlib" "/opt/rustwide/rustup-home/toolchains/beta-2021-08-01-x86_64-unknown-linux-gnu/lib/rustlib/x86_64-unknown-linux-gnu/lib/libunwind-bb5cb0fe086ee8cf.rlib" "/opt/rustwide/rustup-home/toolchains/beta-2021-08-01-x86_64-unknown-linux-gnu/lib/rustlib/x86_64-unknown-linux-gnu/lib/libcfg_if-896053247b5dfd0b.rlib" "/opt/rustwide/rustup-home/toolchains/beta-2021-08-01-x86_64-unknown-linux-gnu/lib/rustlib/x86_64-unknown-linux-gnu/lib/liblibc-735e1f2ac3cf23be.rlib" "/opt/rustwide/rustup-home/toolchains/beta-2021-08-01-x86_64-unknown-linux-gnu/lib/rustlib/x86_64-unknown-linux-gnu/lib/liballoc-9dfb6622644c732c.rlib" "/opt/rustwide/rustup-home/toolchains/beta-2021-08-01-x86_64-unknown-linux-gnu/lib/rustlib/x86_64-unknown-linux-gnu/lib/librustc_std_workspace_core-beea7d9617fe25c5.rlib" "/opt/rustwide/rustup-home/toolchains/beta-2021-08-01-x86_64-unknown-linux-gnu/lib/rustlib/x86_64-unknown-linux-gnu/lib/libcore-8ef7dd43fc671f88.rlib" "-Wl,--end-group" "/opt/rustwide/rustup-home/toolchains/beta-2021-08-01-x86_64-unknown-linux-gnu/lib/rustlib/x86_64-unknown-linux-gnu/lib/libcompiler_builtins-a9a3b2ad67977f47.rlib" "-Wl,-Bdynamic" "-lgcc_s" "-lutil" "-lrt" "-lpthread" "-lm" "-ldl" "-lc" "-Wl,--eh-frame-hdr" "-Wl,-znoexecstack" "-L" "/opt/rustwide/rustup-home/toolchains/beta-2021-08-01-x86_64-unknown-linux-gnu/lib/rustlib/x86_64-unknown-linux-gnu/lib" "-o" "/opt/rustwide/target/debug/deps/pcap-c33c213966e0d512" "-Wl,--gc-sections" "-pie" "-Wl,-zrelro" "-Wl,-znow" "-nodefaultlibs"
[INFO] [stdout]   = note: /usr/bin/ld: cannot find -lpcap
[INFO] [stdout]           collect2: error: ld returned 1 exit status
[INFO] [stdout]           
[INFO] [stdout] 
[INFO] [stdout] 
[INFO] [stdout] error: aborting due to previous error; 10 warnings emitted
[INFO] [stdout] 
[INFO] [stdout] 
[INFO] [stdout] error: linking with `cc` failed: exit status: 1
[INFO] [stdout]   |
[INFO] [stdout]   = note: "cc" "-m64" "/opt/rustwide/target/debug/deps/lib-5cb7fe920e221f87.lib.3a47af60-cgu.0.rcgu.o" "/opt/rustwide/target/debug/deps/lib-5cb7fe920e221f87.lib.3a47af60-cgu.1.rcgu.o" "/opt/rustwide/target/debug/deps/lib-5cb7fe920e221f87.lib.3a47af60-cgu.10.rcgu.o" "/opt/rustwide/target/debug/deps/lib-5cb7fe920e221f87.lib.3a47af60-cgu.11.rcgu.o" "/opt/rustwide/target/debug/deps/lib-5cb7fe920e221f87.lib.3a47af60-cgu.12.rcgu.o" "/opt/rustwide/target/debug/deps/lib-5cb7fe920e221f87.lib.3a47af60-cgu.13.rcgu.o" "/opt/rustwide/target/debug/deps/lib-5cb7fe920e221f87.lib.3a47af60-cgu.14.rcgu.o" "/opt/rustwide/target/debug/deps/lib-5cb7fe920e221f87.lib.3a47af60-cgu.15.rcgu.o" "/opt/rustwide/target/debug/deps/lib-5cb7fe920e221f87.lib.3a47af60-cgu.2.rcgu.o" "/opt/rustwide/target/debug/deps/lib-5cb7fe920e221f87.lib.3a47af60-cgu.3.rcgu.o" "/opt/rustwide/target/debug/deps/lib-5cb7fe920e221f87.lib.3a47af60-cgu.4.rcgu.o" "/opt/rustwide/target/debug/deps/lib-5cb7fe920e221f87.lib.3a47af60-cgu.5.rcgu.o" "/opt/rustwide/target/debug/deps/lib-5cb7fe920e221f87.lib.3a47af60-cgu.6.rcgu.o" "/opt/rustwide/target/debug/deps/lib-5cb7fe920e221f87.lib.3a47af60-cgu.7.rcgu.o" "/opt/rustwide/target/debug/deps/lib-5cb7fe920e221f87.lib.3a47af60-cgu.8.rcgu.o" "/opt/rustwide/target/debug/deps/lib-5cb7fe920e221f87.lib.3a47af60-cgu.9.rcgu.o" "/opt/rustwide/target/debug/deps/lib-5cb7fe920e221f87.2bksjhesacfl4t3k.rcgu.o" "-Wl,--as-needed" "-L" "/opt/rustwide/target/debug/deps" "-L" "/opt/rustwide/rustup-home/toolchains/beta-2021-08-01-x86_64-unknown-linux-gnu/lib/rustlib/x86_64-unknown-linux-gnu/lib" "-Wl,-Bstatic" "/opt/rustwide/rustup-home/toolchains/beta-2021-08-01-x86_64-unknown-linux-gnu/lib/rustlib/x86_64-unknown-linux-gnu/lib/libtest-6e9019ff2cdb2237.rlib" "/opt/rustwide/rustup-home/toolchains/beta-2021-08-01-x86_64-unknown-linux-gnu/lib/rustlib/x86_64-unknown-linux-gnu/lib/libgetopts-e9cc0b5f091b140c.rlib" "/opt/rustwide/rustup-home/toolchains/beta-2021-08-01-x86_64-unknown-linux-gnu/lib/rustlib/x86_64-unknown-linux-gnu/lib/libunicode_width-762dfa4479f14aad.rlib" "/opt/rustwide/rustup-home/toolchains/beta-2021-08-01-x86_64-unknown-linux-gnu/lib/rustlib/x86_64-unknown-linux-gnu/lib/librustc_std_workspace_std-2a5ac1cc0b21909c.rlib" "/opt/rustwide/target/debug/deps/libpcap-b4f6ba6cb2805574.rlib" "/opt/rustwide/target/debug/deps/liblibc-bd0a7f2f55865ae0.rlib" "-Wl,--start-group" "/opt/rustwide/rustup-home/toolchains/beta-2021-08-01-x86_64-unknown-linux-gnu/lib/rustlib/x86_64-unknown-linux-gnu/lib/libstd-197d933f09d9a590.rlib" "/opt/rustwide/rustup-home/toolchains/beta-2021-08-01-x86_64-unknown-linux-gnu/lib/rustlib/x86_64-unknown-linux-gnu/lib/libpanic_unwind-46a006cddfd334f0.rlib" "/opt/rustwide/rustup-home/toolchains/beta-2021-08-01-x86_64-unknown-linux-gnu/lib/rustlib/x86_64-unknown-linux-gnu/lib/libminiz_oxide-5b9870310e470b38.rlib" "/opt/rustwide/rustup-home/toolchains/beta-2021-08-01-x86_64-unknown-linux-gnu/lib/rustlib/x86_64-unknown-linux-gnu/lib/libadler-260022ba8f1ab4ee.rlib" "/opt/rustwide/rustup-home/toolchains/beta-2021-08-01-x86_64-unknown-linux-gnu/lib/rustlib/x86_64-unknown-linux-gnu/lib/libobject-71377435a799394f.rlib" "/opt/rustwide/rustup-home/toolchains/beta-2021-08-01-x86_64-unknown-linux-gnu/lib/rustlib/x86_64-unknown-linux-gnu/lib/libaddr2line-658ee5924fde57cd.rlib" "/opt/rustwide/rustup-home/toolchains/beta-2021-08-01-x86_64-unknown-linux-gnu/lib/rustlib/x86_64-unknown-linux-gnu/lib/libgimli-9e8627da6bd1b94a.rlib" "/opt/rustwide/rustup-home/toolchains/beta-2021-08-01-x86_64-unknown-linux-gnu/lib/rustlib/x86_64-unknown-linux-gnu/lib/libstd_detect-19fdaac49f59be84.rlib" "/opt/rustwide/rustup-home/toolchains/beta-2021-08-01-x86_64-unknown-linux-gnu/lib/rustlib/x86_64-unknown-linux-gnu/lib/librustc_demangle-cb00e2691ea45905.rlib" "/opt/rustwide/rustup-home/toolchains/beta-2021-08-01-x86_64-unknown-linux-gnu/lib/rustlib/x86_64-unknown-linux-gnu/lib/libhashbrown-50f6726defae5ae1.rlib" "/opt/rustwide/rustup-home/toolchains/beta-2021-08-01-x86_64-unknown-linux-gnu/lib/rustlib/x86_64-unknown-linux-gnu/lib/librustc_std_workspace_alloc-2afc16311deea26e.rlib" "/opt/rustwide/rustup-home/toolchains/beta-2021-08-01-x86_64-unknown-linux-gnu/lib/rustlib/x86_64-unknown-linux-gnu/lib/libunwind-bb5cb0fe086ee8cf.rlib" "/opt/rustwide/rustup-home/toolchains/beta-2021-08-01-x86_64-unknown-linux-gnu/lib/rustlib/x86_64-unknown-linux-gnu/lib/libcfg_if-896053247b5dfd0b.rlib" "/opt/rustwide/rustup-home/toolchains/beta-2021-08-01-x86_64-unknown-linux-gnu/lib/rustlib/x86_64-unknown-linux-gnu/lib/liblibc-735e1f2ac3cf23be.rlib" "/opt/rustwide/rustup-home/toolchains/beta-2021-08-01-x86_64-unknown-linux-gnu/lib/rustlib/x86_64-unknown-linux-gnu/lib/liballoc-9dfb6622644c732c.rlib" "/opt/rustwide/rustup-home/toolchains/beta-2021-08-01-x86_64-unknown-linux-gnu/lib/rustlib/x86_64-unknown-linux-gnu/lib/librustc_std_workspace_core-beea7d9617fe25c5.rlib" "/opt/rustwide/rustup-home/toolchains/beta-2021-08-01-x86_64-unknown-linux-gnu/lib/rustlib/x86_64-unknown-linux-gnu/lib/libcore-8ef7dd43fc671f88.rlib" "-Wl,--end-group" "/opt/rustwide/rustup-home/toolchains/beta-2021-08-01-x86_64-unknown-linux-gnu/lib/rustlib/x86_64-unknown-linux-gnu/lib/libcompiler_builtins-a9a3b2ad67977f47.rlib" "-Wl,-Bdynamic" "-lpcap" "-lgcc_s" "-lutil" "-lrt" "-lpthread" "-lm" "-ldl" "-lc" "-Wl,--eh-frame-hdr" "-Wl,-znoexecstack" "-L" "/opt/rustwide/rustup-home/toolchains/beta-2021-08-01-x86_64-unknown-linux-gnu/lib/rustlib/x86_64-unknown-linux-gnu/lib" "-o" "/opt/rustwide/target/debug/deps/lib-5cb7fe920e221f87" "-Wl,--gc-sections" "-pie" "-Wl,-zrelro" "-Wl,-znow" "-nodefaultlibs"
[INFO] [stdout]   = note: /usr/bin/ld: cannot find -lpcap
[INFO] [stdout]           collect2: error: ld returned 1 exit status
[INFO] [stdout]           
[INFO] [stdout] 
[INFO] [stdout] 
[INFO] [stdout] error: aborting due to previous error; 2 warnings emitted
[INFO] [stdout] 
[INFO] [stdout] 
[INFO] [stderr] error: build failed
[INFO] running `Command { std: "docker" "inspect" "96bebc5e019ca5fc1684dd0c45b840a18f6aff02bd60d9fcffa9892b8b3732c8", kill_on_drop: false }`
[INFO] running `Command { std: "docker" "rm" "-f" "96bebc5e019ca5fc1684dd0c45b840a18f6aff02bd60d9fcffa9892b8b3732c8", kill_on_drop: false }`
[INFO] [stdout] 96bebc5e019ca5fc1684dd0c45b840a18f6aff02bd60d9fcffa9892b8b3732c8
