[INFO] fetching crate hashmap2 0.2.0...
[INFO] testing hashmap2-0.2.0 against beta-2021-08-01 for beta-1.55-1
[INFO] extracting crate hashmap2 0.2.0 into /workspace/builds/worker-69/source
[INFO] validating manifest of crates.io crate hashmap2 0.2.0 on toolchain beta-2021-08-01
[INFO] running `Command { std: "/workspace/cargo-home/bin/cargo" "+beta-2021-08-01" "metadata" "--manifest-path" "Cargo.toml" "--no-deps", kill_on_drop: false }`
[INFO] started tweaking crates.io crate hashmap2 0.2.0
[INFO] finished tweaking crates.io crate hashmap2 0.2.0
[INFO] tweaked toml for crates.io crate hashmap2 0.2.0 written to /workspace/builds/worker-69/source/Cargo.toml
[INFO] running `Command { std: "/workspace/cargo-home/bin/cargo" "+beta-2021-08-01" "generate-lockfile" "--manifest-path" "Cargo.toml" "-Zno-index-update", kill_on_drop: false }`
[INFO] running `Command { std: "/workspace/cargo-home/bin/cargo" "+beta-2021-08-01" "fetch" "--manifest-path" "Cargo.toml", kill_on_drop: false }`
[INFO] running `Command { std: "docker" "create" "-v" "/var/lib/crater-agent-workspace/builds/worker-69/target:/opt/rustwide/target:rw,Z" "-v" "/var/lib/crater-agent-workspace/builds/worker-69/source:/opt/rustwide/workdir:ro,Z" "-v" "/var/lib/crater-agent-workspace/cargo-home:/opt/rustwide/cargo-home:ro,Z" "-v" "/var/lib/crater-agent-workspace/rustup-home:/opt/rustwide/rustup-home:ro,Z" "-e" "SOURCE_DIR=/opt/rustwide/workdir" "-e" "CARGO_TARGET_DIR=/opt/rustwide/target" "-e" "CARGO_HOME=/opt/rustwide/cargo-home" "-e" "RUSTUP_HOME=/opt/rustwide/rustup-home" "-w" "/opt/rustwide/workdir" "-m" "1610612736" "--user" "0:0" "--network" "none" "ghcr.io/rust-lang/crates-build-env/linux@sha256:34b6a614d2c27851fe6cbf88fbd1137609cefab8b10d0615aaeb6fd47975d74e" "/opt/rustwide/cargo-home/bin/cargo" "+beta-2021-08-01" "metadata" "--no-deps" "--format-version=1", kill_on_drop: false }`
[INFO] [stdout] 63fae5a10bd8c335394cb9ea46edea8b9f32da309eb5d72286d592ab3e421e7f
[INFO] running `Command { std: "docker" "start" "-a" "63fae5a10bd8c335394cb9ea46edea8b9f32da309eb5d72286d592ab3e421e7f", kill_on_drop: false }`
[INFO] running `Command { std: "docker" "inspect" "63fae5a10bd8c335394cb9ea46edea8b9f32da309eb5d72286d592ab3e421e7f", kill_on_drop: false }`
[INFO] running `Command { std: "docker" "rm" "-f" "63fae5a10bd8c335394cb9ea46edea8b9f32da309eb5d72286d592ab3e421e7f", kill_on_drop: false }`
[INFO] [stdout] 63fae5a10bd8c335394cb9ea46edea8b9f32da309eb5d72286d592ab3e421e7f
[INFO] running `Command { std: "docker" "create" "-v" "/var/lib/crater-agent-workspace/builds/worker-69/target:/opt/rustwide/target:rw,Z" "-v" "/var/lib/crater-agent-workspace/builds/worker-69/source:/opt/rustwide/workdir:ro,Z" "-v" "/var/lib/crater-agent-workspace/cargo-home:/opt/rustwide/cargo-home:ro,Z" "-v" "/var/lib/crater-agent-workspace/rustup-home:/opt/rustwide/rustup-home:ro,Z" "-e" "SOURCE_DIR=/opt/rustwide/workdir" "-e" "CARGO_TARGET_DIR=/opt/rustwide/target" "-e" "CARGO_INCREMENTAL=0" "-e" "RUST_BACKTRACE=full" "-e" "RUSTFLAGS=--cap-lints=warn" "-e" "CARGO_HOME=/opt/rustwide/cargo-home" "-e" "RUSTUP_HOME=/opt/rustwide/rustup-home" "-w" "/opt/rustwide/workdir" "-m" "1610612736" "--user" "0:0" "--network" "none" "ghcr.io/rust-lang/crates-build-env/linux@sha256:34b6a614d2c27851fe6cbf88fbd1137609cefab8b10d0615aaeb6fd47975d74e" "/opt/rustwide/cargo-home/bin/cargo" "+beta-2021-08-01" "build" "--frozen" "--message-format=json", kill_on_drop: false }`
[INFO] [stdout] b591012a838ee5ca5230b5c2978602faefb81c1f8f0a4da89a397af12a3f5458
[INFO] running `Command { std: "docker" "start" "-a" "b591012a838ee5ca5230b5c2978602faefb81c1f8f0a4da89a397af12a3f5458", kill_on_drop: false }`
[INFO] [stderr]    Compiling hashmap2 v0.2.0 (/opt/rustwide/workdir)
[INFO] [stdout] error[E0557]: feature has been removed
[INFO] [stdout]   --> src/lib.rs:12:5
[INFO] [stdout]    |
[INFO] [stdout] 12 |     dropck_parametricity,
[INFO] [stdout]    |     ^^^^^^^^^^^^^^^^^^^^ feature has been removed
[INFO] [stdout] 
[INFO] [stdout] 
[INFO] [stdout] error[E0557]: feature has been removed
[INFO] [stdout]   --> src/lib.rs:19:5
[INFO] [stdout]    |
[INFO] [stdout] 19 |     unsafe_no_drop_flag,
[INFO] [stdout]    |     ^^^^^^^^^^^^^^^^^^^ feature has been removed
[INFO] [stdout] 
[INFO] [stdout] 
[INFO] [stdout] error[E0432]: unresolved import `alloc::heap`
[INFO] [stdout]   --> src/table.rs:11:12
[INFO] [stdout]    |
[INFO] [stdout] 11 | use alloc::heap::{allocate, deallocate, EMPTY};
[INFO] [stdout]    |            ^^^^ could not find `heap` in `alloc`
[INFO] [stdout] 
[INFO] [stdout] 
[INFO] [stdout] error[E0432]: unresolved import `std::num::wrapping`
[INFO] [stdout]   --> src/table.rs:18:15
[INFO] [stdout]    |
[INFO] [stdout] 18 | use std::num::wrapping::OverflowingOps;
[INFO] [stdout]    |               ^^^^^^^^ could not find `wrapping` in `num`
[INFO] [stdout] 
[INFO] [stdout] 
[INFO] [stdout] error[E0432]: unresolved import `std::collections::hash_state`
[INFO] [stdout]   --> src/table.rs:21:23
[INFO] [stdout]    |
[INFO] [stdout] 21 | use std::collections::hash_state::HashState;
[INFO] [stdout]    |                       ^^^^^^^^^^ could not find `hash_state` in `collections`
[INFO] [stdout] 
[INFO] [stdout] 
[INFO] [stdout] error[E0432]: unresolved import `std::borrow::IntoCow`
[INFO] [stdout]   --> src/lib.rs:34:27
[INFO] [stdout]    |
[INFO] [stdout] 34 | use std::borrow::{Borrow, IntoCow, Cow};
[INFO] [stdout]    |                           ^^^^^^^ no `IntoCow` in `borrow`
[INFO] [stdout] 
[INFO] [stdout] 
[INFO] [stdout] error[E0432]: unresolved import `std::collections::hash_state`
[INFO] [stdout]   --> src/lib.rs:59:23
[INFO] [stdout]    |
[INFO] [stdout] 59 | use std::collections::hash_state::HashState;
[INFO] [stdout]    |                       ^^^^^^^^^^ could not find `hash_state` in `collections`
[INFO] [stdout] 
[INFO] [stdout] 
[INFO] [stdout] error: cannot find attribute `unsafe_no_drop_flag` in this scope
[INFO] [stdout]   --> src/table.rs:63:3
[INFO] [stdout]    |
[INFO] [stdout] 63 | #[unsafe_no_drop_flag]
[INFO] [stdout]    |   ^^^^^^^^^^^^^^^^^^^
[INFO] [stdout] 
[INFO] [stdout] 
[INFO] [stdout] error: cannot find attribute `unsafe_destructor_blind_to_params` in this scope
[INFO] [stdout]     --> src/table.rs:1002:7
[INFO] [stdout]      |
[INFO] [stdout] 1002 |     #[unsafe_destructor_blind_to_params]
[INFO] [stdout]      |       ^^^^^^^^^^^^^^^^^^^^^^^^^^^^^^^^^
[INFO] [stdout] 
[INFO] [stdout] 
[INFO] [stdout] error[E0425]: cannot find function `oom` in crate `alloc`
[INFO] [stdout]    --> src/table.rs:612:40
[INFO] [stdout]     |
[INFO] [stdout] 612 |         if buffer.is_null() { ::alloc::oom() }
[INFO] [stdout]     |                                        ^^^ not found in `alloc`
[INFO] [stdout] 
[INFO] [stdout] 
[INFO] [stdout] error[E0425]: cannot find value `POST_DROP_USIZE` in module `mem`
[INFO] [stdout]     --> src/table.rs:1004:56
[INFO] [stdout]      |
[INFO] [stdout] 1004 |         if self.capacity == 0 || self.capacity == mem::POST_DROP_USIZE {
[INFO] [stdout]      |                                                        ^^^^^^^^^^^^^^^ not found in `mem`
[INFO] [stdout] 
[INFO] [stdout] 
[INFO] [stdout] error[E0554]: `#![feature]` may not be used on the beta release channel
[INFO] [stdout]   --> src/lib.rs:10:1
[INFO] [stdout]    |
[INFO] [stdout] 10 | / #![feature(
[INFO] [stdout] 11 | |     alloc,
[INFO] [stdout] 12 | |     dropck_parametricity,
[INFO] [stdout] 13 | |     filling_drop,
[INFO] [stdout] ...  |
[INFO] [stdout] 19 | |     unsafe_no_drop_flag,
[INFO] [stdout] 20 | |     wrapping)]
[INFO] [stdout]    | |______________^
[INFO] [stdout] 
[INFO] [stdout] 
[INFO] [stdout] warning: unnecessary parentheses around type
[INFO] [stdout]     --> src/lib.rs:1541:44
[INFO] [stdout]      |
[INFO] [stdout] 1541 |     #[inline] fn next(&mut self) -> Option<(&'a K)> { self.inner.next() }
[INFO] [stdout]      |                                            ^^^^^^^ help: remove these parentheses
[INFO] [stdout]      |
[INFO] [stdout]      = note: `#[warn(unused_parens)]` on by default
[INFO] [stdout] 
[INFO] [stdout] 
[INFO] [stdout] warning: unnecessary parentheses around type
[INFO] [stdout]     --> src/lib.rs:1551:44
[INFO] [stdout]      |
[INFO] [stdout] 1551 |     #[inline] fn next(&mut self) -> Option<(&'a V)> { self.inner.next() }
[INFO] [stdout]      |                                            ^^^^^^^ help: remove these parentheses
[INFO] [stdout] 
[INFO] [stdout] 
[INFO] [stdout] error: aborting due to 12 previous errors; 2 warnings emitted
[INFO] [stdout] 
[INFO] [stdout] 
[INFO] [stdout] Some errors have detailed explanations: E0425, E0432, E0554, E0557.
[INFO] [stdout] 
[INFO] [stdout] For more information about an error, try `rustc --explain E0425`.
[INFO] [stdout] 
[INFO] [stderr] error: could not compile `hashmap2` due to 13 previous errors; 2 warnings emitted
[INFO] running `Command { std: "docker" "inspect" "b591012a838ee5ca5230b5c2978602faefb81c1f8f0a4da89a397af12a3f5458", kill_on_drop: false }`
[INFO] running `Command { std: "docker" "rm" "-f" "b591012a838ee5ca5230b5c2978602faefb81c1f8f0a4da89a397af12a3f5458", kill_on_drop: false }`
[INFO] [stdout] b591012a838ee5ca5230b5c2978602faefb81c1f8f0a4da89a397af12a3f5458
