[INFO] fetching crate guestfs 0.1.0-compat1.40.0...
[INFO] testing guestfs-0.1.0-compat1.40.0 against 1.54.0 for beta-1.55-1
[INFO] extracting crate guestfs 0.1.0-compat1.40.0 into /workspace/builds/worker-69/source
[INFO] validating manifest of crates.io crate guestfs 0.1.0-compat1.40.0 on toolchain 1.54.0
[INFO] running `Command { std: "/workspace/cargo-home/bin/cargo" "+1.54.0" "metadata" "--manifest-path" "Cargo.toml" "--no-deps", kill_on_drop: false }`
[INFO] started tweaking crates.io crate guestfs 0.1.0-compat1.40.0
[INFO] finished tweaking crates.io crate guestfs 0.1.0-compat1.40.0
[INFO] tweaked toml for crates.io crate guestfs 0.1.0-compat1.40.0 written to /workspace/builds/worker-69/source/Cargo.toml
[INFO] running `Command { std: "/workspace/cargo-home/bin/cargo" "+1.54.0" "generate-lockfile" "--manifest-path" "Cargo.toml" "-Zno-index-update", kill_on_drop: false }`
[INFO] [stderr]     Blocking waiting for file lock on package cache
[INFO] running `Command { std: "/workspace/cargo-home/bin/cargo" "+1.54.0" "fetch" "--manifest-path" "Cargo.toml", kill_on_drop: false }`
[INFO] [stderr]     Blocking waiting for file lock on package cache
[INFO] [stderr]     Blocking waiting for file lock on package cache
[INFO] running `Command { std: "docker" "create" "-v" "/var/lib/crater-agent-workspace/builds/worker-69/target:/opt/rustwide/target:rw,Z" "-v" "/var/lib/crater-agent-workspace/builds/worker-69/source:/opt/rustwide/workdir:ro,Z" "-v" "/var/lib/crater-agent-workspace/cargo-home:/opt/rustwide/cargo-home:ro,Z" "-v" "/var/lib/crater-agent-workspace/rustup-home:/opt/rustwide/rustup-home:ro,Z" "-e" "SOURCE_DIR=/opt/rustwide/workdir" "-e" "CARGO_TARGET_DIR=/opt/rustwide/target" "-e" "CARGO_HOME=/opt/rustwide/cargo-home" "-e" "RUSTUP_HOME=/opt/rustwide/rustup-home" "-w" "/opt/rustwide/workdir" "-m" "1610612736" "--user" "0:0" "--network" "none" "ghcr.io/rust-lang/crates-build-env/linux@sha256:34b6a614d2c27851fe6cbf88fbd1137609cefab8b10d0615aaeb6fd47975d74e" "/opt/rustwide/cargo-home/bin/cargo" "+1.54.0" "metadata" "--no-deps" "--format-version=1", kill_on_drop: false }`
[INFO] [stdout] 86abcf3e72ddc8f85b107d4b019790a22363f53bd06093e6c5566d4dbce6eb41
[INFO] running `Command { std: "docker" "start" "-a" "86abcf3e72ddc8f85b107d4b019790a22363f53bd06093e6c5566d4dbce6eb41", kill_on_drop: false }`
[INFO] running `Command { std: "docker" "inspect" "86abcf3e72ddc8f85b107d4b019790a22363f53bd06093e6c5566d4dbce6eb41", kill_on_drop: false }`
[INFO] running `Command { std: "docker" "rm" "-f" "86abcf3e72ddc8f85b107d4b019790a22363f53bd06093e6c5566d4dbce6eb41", kill_on_drop: false }`
[INFO] [stdout] 86abcf3e72ddc8f85b107d4b019790a22363f53bd06093e6c5566d4dbce6eb41
[INFO] running `Command { std: "docker" "create" "-v" "/var/lib/crater-agent-workspace/builds/worker-69/target:/opt/rustwide/target:rw,Z" "-v" "/var/lib/crater-agent-workspace/builds/worker-69/source:/opt/rustwide/workdir:ro,Z" "-v" "/var/lib/crater-agent-workspace/cargo-home:/opt/rustwide/cargo-home:ro,Z" "-v" "/var/lib/crater-agent-workspace/rustup-home:/opt/rustwide/rustup-home:ro,Z" "-e" "SOURCE_DIR=/opt/rustwide/workdir" "-e" "CARGO_TARGET_DIR=/opt/rustwide/target" "-e" "CARGO_INCREMENTAL=0" "-e" "RUST_BACKTRACE=full" "-e" "RUSTFLAGS=--cap-lints=warn" "-e" "CARGO_HOME=/opt/rustwide/cargo-home" "-e" "RUSTUP_HOME=/opt/rustwide/rustup-home" "-w" "/opt/rustwide/workdir" "-m" "1610612736" "--user" "0:0" "--network" "none" "ghcr.io/rust-lang/crates-build-env/linux@sha256:34b6a614d2c27851fe6cbf88fbd1137609cefab8b10d0615aaeb6fd47975d74e" "/opt/rustwide/cargo-home/bin/cargo" "+1.54.0" "build" "--frozen" "--message-format=json", kill_on_drop: false }`
[INFO] [stdout] 6a87d161b311cc0052c0714fd2d049d3580e298b4666b2f41ef600a2b906c208
[INFO] running `Command { std: "docker" "start" "-a" "6a87d161b311cc0052c0714fd2d049d3580e298b4666b2f41ef600a2b906c208", kill_on_drop: false }`
[INFO] [stderr]    Compiling guestfs v0.1.0-compat1.40.0 (/opt/rustwide/workdir)
[INFO] [stdout] warning: panic message is not a string literal
[INFO] [stdout]   --> src/bin/event.rs:13:30
[INFO] [stdout]    |
[INFO] [stdout] 13 |             Err(e) => panic!(format!(" could not create handle {:?}", e)),
[INFO] [stdout]    |                              ^^^^^^^^^^^^^^^^^^^^^^^^^^^^^^^^^^^^^^^^^^^
[INFO] [stdout]    |
[INFO] [stdout]    = note: `#[warn(non_fmt_panic)]` on by default
[INFO] [stdout]    = note: this is no longer accepted in Rust 2021
[INFO] [stdout]    = note: the panic!() macro supports formatting, so there's no need for the format!() macro here
[INFO] [stdout] help: remove the `format!(..)` macro call
[INFO] [stdout]    |
[INFO] [stdout] 13 |             Err(e) => panic!(" could not create handle {:?}", e),
[INFO] [stdout]    |                             --                                --
[INFO] [stdout] 
[INFO] [stdout] 
[INFO] [stdout] warning: panic message is not a string literal
[INFO] [stdout]   --> src/bin/bindtests.rs:31:26
[INFO] [stdout]    |
[INFO] [stdout] 31 |         Err(e) => panic!(format!(" could not create handle {:?}", e)),
[INFO] [stdout]    |                          ^^^^^^^^^^^^^^^^^^^^^^^^^^^^^^^^^^^^^^^^^^^
[INFO] [stdout]    |
[INFO] [stdout]    = note: `#[warn(non_fmt_panic)]` on by default
[INFO] [stdout]    = note: this is no longer accepted in Rust 2021
[INFO] [stdout]    = note: the panic!() macro supports formatting, so there's no need for the format!() macro here
[INFO] [stdout] help: remove the `format!(..)` macro call
[INFO] [stdout]    |
[INFO] [stdout] 31 |         Err(e) => panic!(" could not create handle {:?}", e),
[INFO] [stdout]    |                         --                                --
[INFO] [stdout] 
[INFO] [stdout] 
[INFO] [stdout] warning: panic message is not a string literal
[INFO] [stdout]  --> src/bin/event_leak.rs:9:30
[INFO] [stdout]   |
[INFO] [stdout] 9 |             Err(e) => panic!(format!(" could not create handle {:?}", e)),
[INFO] [stdout]   |                              ^^^^^^^^^^^^^^^^^^^^^^^^^^^^^^^^^^^^^^^^^^^
[INFO] [stdout]   |
[INFO] [stdout]   = note: `#[warn(non_fmt_panic)]` on by default
[INFO] [stdout]   = note: this is no longer accepted in Rust 2021
[INFO] [stdout]   = note: the panic!() macro supports formatting, so there's no need for the format!() macro here
[INFO] [stdout] help: remove the `format!(..)` macro call
[INFO] [stdout]   |
[INFO] [stdout] 9 |             Err(e) => panic!(" could not create handle {:?}", e),
[INFO] [stdout]   |                             --                                --
[INFO] [stdout] 
[INFO] [stdout] 
[INFO] [stdout] error: linking with `cc` failed: exit status: 1
[INFO] [stdout]   |
[INFO] [stdout]   = note: "cc" "-m64" "/opt/rustwide/target/debug/deps/bindtests-d4dd464c1f6f84fb.bindtests.9jahs0fm-cgu.0.rcgu.o" "/opt/rustwide/target/debug/deps/bindtests-d4dd464c1f6f84fb.bindtests.9jahs0fm-cgu.1.rcgu.o" "/opt/rustwide/target/debug/deps/bindtests-d4dd464c1f6f84fb.bindtests.9jahs0fm-cgu.10.rcgu.o" "/opt/rustwide/target/debug/deps/bindtests-d4dd464c1f6f84fb.bindtests.9jahs0fm-cgu.11.rcgu.o" "/opt/rustwide/target/debug/deps/bindtests-d4dd464c1f6f84fb.bindtests.9jahs0fm-cgu.12.rcgu.o" "/opt/rustwide/target/debug/deps/bindtests-d4dd464c1f6f84fb.bindtests.9jahs0fm-cgu.13.rcgu.o" "/opt/rustwide/target/debug/deps/bindtests-d4dd464c1f6f84fb.bindtests.9jahs0fm-cgu.14.rcgu.o" "/opt/rustwide/target/debug/deps/bindtests-d4dd464c1f6f84fb.bindtests.9jahs0fm-cgu.15.rcgu.o" "/opt/rustwide/target/debug/deps/bindtests-d4dd464c1f6f84fb.bindtests.9jahs0fm-cgu.2.rcgu.o" "/opt/rustwide/target/debug/deps/bindtests-d4dd464c1f6f84fb.bindtests.9jahs0fm-cgu.3.rcgu.o" "/opt/rustwide/target/debug/deps/bindtests-d4dd464c1f6f84fb.bindtests.9jahs0fm-cgu.4.rcgu.o" "/opt/rustwide/target/debug/deps/bindtests-d4dd464c1f6f84fb.bindtests.9jahs0fm-cgu.5.rcgu.o" "/opt/rustwide/target/debug/deps/bindtests-d4dd464c1f6f84fb.bindtests.9jahs0fm-cgu.6.rcgu.o" "/opt/rustwide/target/debug/deps/bindtests-d4dd464c1f6f84fb.bindtests.9jahs0fm-cgu.7.rcgu.o" "/opt/rustwide/target/debug/deps/bindtests-d4dd464c1f6f84fb.bindtests.9jahs0fm-cgu.8.rcgu.o" "/opt/rustwide/target/debug/deps/bindtests-d4dd464c1f6f84fb.bindtests.9jahs0fm-cgu.9.rcgu.o" "/opt/rustwide/target/debug/deps/bindtests-d4dd464c1f6f84fb.12pyc3yub65uyg89.rcgu.o" "-Wl,--as-needed" "-L" "/opt/rustwide/target/debug/deps" "-L" "/opt/rustwide/rustup-home/toolchains/1.54.0-x86_64-unknown-linux-gnu/lib/rustlib/x86_64-unknown-linux-gnu/lib" "-Wl,-Bstatic" "/opt/rustwide/target/debug/deps/libguestfs-d8ed65387197c3a4.rlib" "-Wl,--start-group" "/opt/rustwide/rustup-home/toolchains/1.54.0-x86_64-unknown-linux-gnu/lib/rustlib/x86_64-unknown-linux-gnu/lib/libstd-2420485b9e5ef5e1.rlib" "/opt/rustwide/rustup-home/toolchains/1.54.0-x86_64-unknown-linux-gnu/lib/rustlib/x86_64-unknown-linux-gnu/lib/libpanic_unwind-785e3cb61c4b1960.rlib" "/opt/rustwide/rustup-home/toolchains/1.54.0-x86_64-unknown-linux-gnu/lib/rustlib/x86_64-unknown-linux-gnu/lib/libminiz_oxide-087191a88bdaa22d.rlib" "/opt/rustwide/rustup-home/toolchains/1.54.0-x86_64-unknown-linux-gnu/lib/rustlib/x86_64-unknown-linux-gnu/lib/libadler-9981842c02975178.rlib" "/opt/rustwide/rustup-home/toolchains/1.54.0-x86_64-unknown-linux-gnu/lib/rustlib/x86_64-unknown-linux-gnu/lib/libobject-6fb405869b015fde.rlib" "/opt/rustwide/rustup-home/toolchains/1.54.0-x86_64-unknown-linux-gnu/lib/rustlib/x86_64-unknown-linux-gnu/lib/libaddr2line-d05c5c3c56004b7b.rlib" "/opt/rustwide/rustup-home/toolchains/1.54.0-x86_64-unknown-linux-gnu/lib/rustlib/x86_64-unknown-linux-gnu/lib/libgimli-42d74d2097528b38.rlib" "/opt/rustwide/rustup-home/toolchains/1.54.0-x86_64-unknown-linux-gnu/lib/rustlib/x86_64-unknown-linux-gnu/lib/libstd_detect-fb36534c113d2209.rlib" "/opt/rustwide/rustup-home/toolchains/1.54.0-x86_64-unknown-linux-gnu/lib/rustlib/x86_64-unknown-linux-gnu/lib/librustc_demangle-b56b9042c12b6535.rlib" "/opt/rustwide/rustup-home/toolchains/1.54.0-x86_64-unknown-linux-gnu/lib/rustlib/x86_64-unknown-linux-gnu/lib/libhashbrown-491902d6cb3e76df.rlib" "/opt/rustwide/rustup-home/toolchains/1.54.0-x86_64-unknown-linux-gnu/lib/rustlib/x86_64-unknown-linux-gnu/lib/librustc_std_workspace_alloc-61834e0981b8c367.rlib" "/opt/rustwide/rustup-home/toolchains/1.54.0-x86_64-unknown-linux-gnu/lib/rustlib/x86_64-unknown-linux-gnu/lib/libunwind-f78aa99d613a55bc.rlib" "/opt/rustwide/rustup-home/toolchains/1.54.0-x86_64-unknown-linux-gnu/lib/rustlib/x86_64-unknown-linux-gnu/lib/libcfg_if-53ee54cd7fed2c57.rlib" "/opt/rustwide/rustup-home/toolchains/1.54.0-x86_64-unknown-linux-gnu/lib/rustlib/x86_64-unknown-linux-gnu/lib/liblibc-544ecdbd6cda3c58.rlib" "/opt/rustwide/rustup-home/toolchains/1.54.0-x86_64-unknown-linux-gnu/lib/rustlib/x86_64-unknown-linux-gnu/lib/liballoc-379cc252b6943a79.rlib" "/opt/rustwide/rustup-home/toolchains/1.54.0-x86_64-unknown-linux-gnu/lib/rustlib/x86_64-unknown-linux-gnu/lib/librustc_std_workspace_core-8063eea38dcc5e62.rlib" "/opt/rustwide/rustup-home/toolchains/1.54.0-x86_64-unknown-linux-gnu/lib/rustlib/x86_64-unknown-linux-gnu/lib/libcore-5b228734afae15ee.rlib" "-Wl,--end-group" "/opt/rustwide/rustup-home/toolchains/1.54.0-x86_64-unknown-linux-gnu/lib/rustlib/x86_64-unknown-linux-gnu/lib/libcompiler_builtins-d6c7a399d95d173f.rlib" "-Wl,-Bdynamic" "-lguestfs" "-lgcc_s" "-lutil" "-lrt" "-lpthread" "-lm" "-ldl" "-lc" "-Wl,--eh-frame-hdr" "-Wl,-znoexecstack" "-L" "/opt/rustwide/rustup-home/toolchains/1.54.0-x86_64-unknown-linux-gnu/lib/rustlib/x86_64-unknown-linux-gnu/lib" "-o" "/opt/rustwide/target/debug/deps/bindtests-d4dd464c1f6f84fb" "-Wl,--gc-sections" "-pie" "-Wl,-zrelro" "-Wl,-znow" "-nodefaultlibs"
[INFO] [stdout]   = note: /usr/bin/ld: cannot find -lguestfs
[INFO] [stdout]           collect2: error: ld returned 1 exit status
[INFO] [stdout]           
[INFO] [stdout] 
[INFO] [stdout] 
[INFO] [stdout] error: aborting due to previous error; 1 warning emitted
[INFO] [stdout] 
[INFO] [stdout] 
[INFO] [stderr] error: could not compile `guestfs`
[INFO] [stderr] 
[INFO] [stderr] To learn more, run the command again with --verbose.
[INFO] [stderr] warning: build failed, waiting for other jobs to finish...
[INFO] [stdout] error: linking with `cc` failed: exit status: 1
[INFO] [stdout]   |
[INFO] [stdout]   = note: "cc" "-m64" "/opt/rustwide/target/debug/deps/event-abf427fbcdc3ae88.event.4ep7ok0m-cgu.0.rcgu.o" "/opt/rustwide/target/debug/deps/event-abf427fbcdc3ae88.event.4ep7ok0m-cgu.1.rcgu.o" "/opt/rustwide/target/debug/deps/event-abf427fbcdc3ae88.event.4ep7ok0m-cgu.10.rcgu.o" "/opt/rustwide/target/debug/deps/event-abf427fbcdc3ae88.event.4ep7ok0m-cgu.11.rcgu.o" "/opt/rustwide/target/debug/deps/event-abf427fbcdc3ae88.event.4ep7ok0m-cgu.12.rcgu.o" "/opt/rustwide/target/debug/deps/event-abf427fbcdc3ae88.event.4ep7ok0m-cgu.13.rcgu.o" "/opt/rustwide/target/debug/deps/event-abf427fbcdc3ae88.event.4ep7ok0m-cgu.14.rcgu.o" "/opt/rustwide/target/debug/deps/event-abf427fbcdc3ae88.event.4ep7ok0m-cgu.15.rcgu.o" "/opt/rustwide/target/debug/deps/event-abf427fbcdc3ae88.event.4ep7ok0m-cgu.2.rcgu.o" "/opt/rustwide/target/debug/deps/event-abf427fbcdc3ae88.event.4ep7ok0m-cgu.3.rcgu.o" "/opt/rustwide/target/debug/deps/event-abf427fbcdc3ae88.event.4ep7ok0m-cgu.4.rcgu.o" "/opt/rustwide/target/debug/deps/event-abf427fbcdc3ae88.event.4ep7ok0m-cgu.5.rcgu.o" "/opt/rustwide/target/debug/deps/event-abf427fbcdc3ae88.event.4ep7ok0m-cgu.6.rcgu.o" "/opt/rustwide/target/debug/deps/event-abf427fbcdc3ae88.event.4ep7ok0m-cgu.7.rcgu.o" "/opt/rustwide/target/debug/deps/event-abf427fbcdc3ae88.event.4ep7ok0m-cgu.8.rcgu.o" "/opt/rustwide/target/debug/deps/event-abf427fbcdc3ae88.event.4ep7ok0m-cgu.9.rcgu.o" "/opt/rustwide/target/debug/deps/event-abf427fbcdc3ae88.5ask8jo4wwrxi5f1.rcgu.o" "-Wl,--as-needed" "-L" "/opt/rustwide/target/debug/deps" "-L" "/opt/rustwide/rustup-home/toolchains/1.54.0-x86_64-unknown-linux-gnu/lib/rustlib/x86_64-unknown-linux-gnu/lib" "-Wl,-Bstatic" "/opt/rustwide/target/debug/deps/libguestfs-d8ed65387197c3a4.rlib" "-Wl,--start-group" "/opt/rustwide/rustup-home/toolchains/1.54.0-x86_64-unknown-linux-gnu/lib/rustlib/x86_64-unknown-linux-gnu/lib/libstd-2420485b9e5ef5e1.rlib" "/opt/rustwide/rustup-home/toolchains/1.54.0-x86_64-unknown-linux-gnu/lib/rustlib/x86_64-unknown-linux-gnu/lib/libpanic_unwind-785e3cb61c4b1960.rlib" "/opt/rustwide/rustup-home/toolchains/1.54.0-x86_64-unknown-linux-gnu/lib/rustlib/x86_64-unknown-linux-gnu/lib/libminiz_oxide-087191a88bdaa22d.rlib" "/opt/rustwide/rustup-home/toolchains/1.54.0-x86_64-unknown-linux-gnu/lib/rustlib/x86_64-unknown-linux-gnu/lib/libadler-9981842c02975178.rlib" "/opt/rustwide/rustup-home/toolchains/1.54.0-x86_64-unknown-linux-gnu/lib/rustlib/x86_64-unknown-linux-gnu/lib/libobject-6fb405869b015fde.rlib" "/opt/rustwide/rustup-home/toolchains/1.54.0-x86_64-unknown-linux-gnu/lib/rustlib/x86_64-unknown-linux-gnu/lib/libaddr2line-d05c5c3c56004b7b.rlib" "/opt/rustwide/rustup-home/toolchains/1.54.0-x86_64-unknown-linux-gnu/lib/rustlib/x86_64-unknown-linux-gnu/lib/libgimli-42d74d2097528b38.rlib" "/opt/rustwide/rustup-home/toolchains/1.54.0-x86_64-unknown-linux-gnu/lib/rustlib/x86_64-unknown-linux-gnu/lib/libstd_detect-fb36534c113d2209.rlib" "/opt/rustwide/rustup-home/toolchains/1.54.0-x86_64-unknown-linux-gnu/lib/rustlib/x86_64-unknown-linux-gnu/lib/librustc_demangle-b56b9042c12b6535.rlib" "/opt/rustwide/rustup-home/toolchains/1.54.0-x86_64-unknown-linux-gnu/lib/rustlib/x86_64-unknown-linux-gnu/lib/libhashbrown-491902d6cb3e76df.rlib" "/opt/rustwide/rustup-home/toolchains/1.54.0-x86_64-unknown-linux-gnu/lib/rustlib/x86_64-unknown-linux-gnu/lib/librustc_std_workspace_alloc-61834e0981b8c367.rlib" "/opt/rustwide/rustup-home/toolchains/1.54.0-x86_64-unknown-linux-gnu/lib/rustlib/x86_64-unknown-linux-gnu/lib/libunwind-f78aa99d613a55bc.rlib" "/opt/rustwide/rustup-home/toolchains/1.54.0-x86_64-unknown-linux-gnu/lib/rustlib/x86_64-unknown-linux-gnu/lib/libcfg_if-53ee54cd7fed2c57.rlib" "/opt/rustwide/rustup-home/toolchains/1.54.0-x86_64-unknown-linux-gnu/lib/rustlib/x86_64-unknown-linux-gnu/lib/liblibc-544ecdbd6cda3c58.rlib" "/opt/rustwide/rustup-home/toolchains/1.54.0-x86_64-unknown-linux-gnu/lib/rustlib/x86_64-unknown-linux-gnu/lib/liballoc-379cc252b6943a79.rlib" "/opt/rustwide/rustup-home/toolchains/1.54.0-x86_64-unknown-linux-gnu/lib/rustlib/x86_64-unknown-linux-gnu/lib/librustc_std_workspace_core-8063eea38dcc5e62.rlib" "/opt/rustwide/rustup-home/toolchains/1.54.0-x86_64-unknown-linux-gnu/lib/rustlib/x86_64-unknown-linux-gnu/lib/libcore-5b228734afae15ee.rlib" "-Wl,--end-group" "/opt/rustwide/rustup-home/toolchains/1.54.0-x86_64-unknown-linux-gnu/lib/rustlib/x86_64-unknown-linux-gnu/lib/libcompiler_builtins-d6c7a399d95d173f.rlib" "-Wl,-Bdynamic" "-lguestfs" "-lgcc_s" "-lutil" "-lrt" "-lpthread" "-lm" "-ldl" "-lc" "-Wl,--eh-frame-hdr" "-Wl,-znoexecstack" "-L" "/opt/rustwide/rustup-home/toolchains/1.54.0-x86_64-unknown-linux-gnu/lib/rustlib/x86_64-unknown-linux-gnu/lib" "-o" "/opt/rustwide/target/debug/deps/event-abf427fbcdc3ae88" "-Wl,--gc-sections" "-pie" "-Wl,-zrelro" "-Wl,-znow" "-nodefaultlibs"
[INFO] [stdout]   = note: /usr/bin/ld: cannot find -lguestfs
[INFO] [stdout]           collect2: error: ld returned 1 exit status
[INFO] [stdout]           
[INFO] [stdout] 
[INFO] [stdout] 
[INFO] [stdout] error: aborting due to previous error; 1 warning emitted
[INFO] [stdout] 
[INFO] [stdout] 
[INFO] [stderr] error: build failed
[INFO] [stdout] error: linking with `cc` failed: exit status: 1
[INFO] [stdout]   |
[INFO] [stdout]   = note: "cc" "-m64" "/opt/rustwide/target/debug/deps/event_leak-dbdfd834edbf7412.event_leak.exsuu14n-cgu.0.rcgu.o" "/opt/rustwide/target/debug/deps/event_leak-dbdfd834edbf7412.event_leak.exsuu14n-cgu.1.rcgu.o" "/opt/rustwide/target/debug/deps/event_leak-dbdfd834edbf7412.event_leak.exsuu14n-cgu.10.rcgu.o" "/opt/rustwide/target/debug/deps/event_leak-dbdfd834edbf7412.event_leak.exsuu14n-cgu.11.rcgu.o" "/opt/rustwide/target/debug/deps/event_leak-dbdfd834edbf7412.event_leak.exsuu14n-cgu.12.rcgu.o" "/opt/rustwide/target/debug/deps/event_leak-dbdfd834edbf7412.event_leak.exsuu14n-cgu.13.rcgu.o" "/opt/rustwide/target/debug/deps/event_leak-dbdfd834edbf7412.event_leak.exsuu14n-cgu.14.rcgu.o" "/opt/rustwide/target/debug/deps/event_leak-dbdfd834edbf7412.event_leak.exsuu14n-cgu.15.rcgu.o" "/opt/rustwide/target/debug/deps/event_leak-dbdfd834edbf7412.event_leak.exsuu14n-cgu.2.rcgu.o" "/opt/rustwide/target/debug/deps/event_leak-dbdfd834edbf7412.event_leak.exsuu14n-cgu.3.rcgu.o" "/opt/rustwide/target/debug/deps/event_leak-dbdfd834edbf7412.event_leak.exsuu14n-cgu.4.rcgu.o" "/opt/rustwide/target/debug/deps/event_leak-dbdfd834edbf7412.event_leak.exsuu14n-cgu.5.rcgu.o" "/opt/rustwide/target/debug/deps/event_leak-dbdfd834edbf7412.event_leak.exsuu14n-cgu.6.rcgu.o" "/opt/rustwide/target/debug/deps/event_leak-dbdfd834edbf7412.event_leak.exsuu14n-cgu.7.rcgu.o" "/opt/rustwide/target/debug/deps/event_leak-dbdfd834edbf7412.event_leak.exsuu14n-cgu.8.rcgu.o" "/opt/rustwide/target/debug/deps/event_leak-dbdfd834edbf7412.event_leak.exsuu14n-cgu.9.rcgu.o" "/opt/rustwide/target/debug/deps/event_leak-dbdfd834edbf7412.2tt0anfzivs3rpwn.rcgu.o" "-Wl,--as-needed" "-L" "/opt/rustwide/target/debug/deps" "-L" "/opt/rustwide/rustup-home/toolchains/1.54.0-x86_64-unknown-linux-gnu/lib/rustlib/x86_64-unknown-linux-gnu/lib" "-Wl,-Bstatic" "/opt/rustwide/target/debug/deps/libguestfs-d8ed65387197c3a4.rlib" "-Wl,--start-group" "/opt/rustwide/rustup-home/toolchains/1.54.0-x86_64-unknown-linux-gnu/lib/rustlib/x86_64-unknown-linux-gnu/lib/libstd-2420485b9e5ef5e1.rlib" "/opt/rustwide/rustup-home/toolchains/1.54.0-x86_64-unknown-linux-gnu/lib/rustlib/x86_64-unknown-linux-gnu/lib/libpanic_unwind-785e3cb61c4b1960.rlib" "/opt/rustwide/rustup-home/toolchains/1.54.0-x86_64-unknown-linux-gnu/lib/rustlib/x86_64-unknown-linux-gnu/lib/libminiz_oxide-087191a88bdaa22d.rlib" "/opt/rustwide/rustup-home/toolchains/1.54.0-x86_64-unknown-linux-gnu/lib/rustlib/x86_64-unknown-linux-gnu/lib/libadler-9981842c02975178.rlib" "/opt/rustwide/rustup-home/toolchains/1.54.0-x86_64-unknown-linux-gnu/lib/rustlib/x86_64-unknown-linux-gnu/lib/libobject-6fb405869b015fde.rlib" "/opt/rustwide/rustup-home/toolchains/1.54.0-x86_64-unknown-linux-gnu/lib/rustlib/x86_64-unknown-linux-gnu/lib/libaddr2line-d05c5c3c56004b7b.rlib" "/opt/rustwide/rustup-home/toolchains/1.54.0-x86_64-unknown-linux-gnu/lib/rustlib/x86_64-unknown-linux-gnu/lib/libgimli-42d74d2097528b38.rlib" "/opt/rustwide/rustup-home/toolchains/1.54.0-x86_64-unknown-linux-gnu/lib/rustlib/x86_64-unknown-linux-gnu/lib/libstd_detect-fb36534c113d2209.rlib" "/opt/rustwide/rustup-home/toolchains/1.54.0-x86_64-unknown-linux-gnu/lib/rustlib/x86_64-unknown-linux-gnu/lib/librustc_demangle-b56b9042c12b6535.rlib" "/opt/rustwide/rustup-home/toolchains/1.54.0-x86_64-unknown-linux-gnu/lib/rustlib/x86_64-unknown-linux-gnu/lib/libhashbrown-491902d6cb3e76df.rlib" "/opt/rustwide/rustup-home/toolchains/1.54.0-x86_64-unknown-linux-gnu/lib/rustlib/x86_64-unknown-linux-gnu/lib/librustc_std_workspace_alloc-61834e0981b8c367.rlib" "/opt/rustwide/rustup-home/toolchains/1.54.0-x86_64-unknown-linux-gnu/lib/rustlib/x86_64-unknown-linux-gnu/lib/libunwind-f78aa99d613a55bc.rlib" "/opt/rustwide/rustup-home/toolchains/1.54.0-x86_64-unknown-linux-gnu/lib/rustlib/x86_64-unknown-linux-gnu/lib/libcfg_if-53ee54cd7fed2c57.rlib" "/opt/rustwide/rustup-home/toolchains/1.54.0-x86_64-unknown-linux-gnu/lib/rustlib/x86_64-unknown-linux-gnu/lib/liblibc-544ecdbd6cda3c58.rlib" "/opt/rustwide/rustup-home/toolchains/1.54.0-x86_64-unknown-linux-gnu/lib/rustlib/x86_64-unknown-linux-gnu/lib/liballoc-379cc252b6943a79.rlib" "/opt/rustwide/rustup-home/toolchains/1.54.0-x86_64-unknown-linux-gnu/lib/rustlib/x86_64-unknown-linux-gnu/lib/librustc_std_workspace_core-8063eea38dcc5e62.rlib" "/opt/rustwide/rustup-home/toolchains/1.54.0-x86_64-unknown-linux-gnu/lib/rustlib/x86_64-unknown-linux-gnu/lib/libcore-5b228734afae15ee.rlib" "-Wl,--end-group" "/opt/rustwide/rustup-home/toolchains/1.54.0-x86_64-unknown-linux-gnu/lib/rustlib/x86_64-unknown-linux-gnu/lib/libcompiler_builtins-d6c7a399d95d173f.rlib" "-Wl,-Bdynamic" "-lguestfs" "-lgcc_s" "-lutil" "-lrt" "-lpthread" "-lm" "-ldl" "-lc" "-Wl,--eh-frame-hdr" "-Wl,-znoexecstack" "-L" "/opt/rustwide/rustup-home/toolchains/1.54.0-x86_64-unknown-linux-gnu/lib/rustlib/x86_64-unknown-linux-gnu/lib" "-o" "/opt/rustwide/target/debug/deps/event_leak-dbdfd834edbf7412" "-Wl,--gc-sections" "-pie" "-Wl,-zrelro" "-Wl,-znow" "-nodefaultlibs"
[INFO] [stdout]   = note: /usr/bin/ld: cannot find -lguestfs
[INFO] [stdout]           collect2: error: ld returned 1 exit status
[INFO] [stdout]           
[INFO] [stdout] 
[INFO] [stdout] 
[INFO] [stdout] error: aborting due to previous error; 1 warning emitted
[INFO] [stdout] 
[INFO] [stdout] 
[INFO] running `Command { std: "docker" "inspect" "6a87d161b311cc0052c0714fd2d049d3580e298b4666b2f41ef600a2b906c208", kill_on_drop: false }`
[INFO] running `Command { std: "docker" "rm" "-f" "6a87d161b311cc0052c0714fd2d049d3580e298b4666b2f41ef600a2b906c208", kill_on_drop: false }`
[INFO] [stdout] 6a87d161b311cc0052c0714fd2d049d3580e298b4666b2f41ef600a2b906c208
