[INFO] fetching crate groundhog 0.2.5...
[INFO] testing groundhog-0.2.5 against 1.54.0 for beta-1.55-1
[INFO] extracting crate groundhog 0.2.5 into /workspace/builds/worker-61/source
[INFO] validating manifest of crates.io crate groundhog 0.2.5 on toolchain 1.54.0
[INFO] running `Command { std: "/workspace/cargo-home/bin/cargo" "+1.54.0" "metadata" "--manifest-path" "Cargo.toml" "--no-deps", kill_on_drop: false }`
[INFO] started tweaking crates.io crate groundhog 0.2.5
[INFO] finished tweaking crates.io crate groundhog 0.2.5
[INFO] tweaked toml for crates.io crate groundhog 0.2.5 written to /workspace/builds/worker-61/source/Cargo.toml
[INFO] running `Command { std: "/workspace/cargo-home/bin/cargo" "+1.54.0" "generate-lockfile" "--manifest-path" "Cargo.toml" "-Zno-index-update", kill_on_drop: false }`
[INFO] [stderr]     Blocking waiting for file lock on package cache
[INFO] running `Command { std: "/workspace/cargo-home/bin/cargo" "+1.54.0" "fetch" "--manifest-path" "Cargo.toml", kill_on_drop: false }`
[INFO] [stderr]     Blocking waiting for file lock on package cache
[INFO] running `Command { std: "docker" "create" "-v" "/var/lib/crater-agent-workspace/builds/worker-61/target:/opt/rustwide/target:rw,Z" "-v" "/var/lib/crater-agent-workspace/builds/worker-61/source:/opt/rustwide/workdir:ro,Z" "-v" "/var/lib/crater-agent-workspace/cargo-home:/opt/rustwide/cargo-home:ro,Z" "-v" "/var/lib/crater-agent-workspace/rustup-home:/opt/rustwide/rustup-home:ro,Z" "-e" "SOURCE_DIR=/opt/rustwide/workdir" "-e" "CARGO_TARGET_DIR=/opt/rustwide/target" "-e" "CARGO_HOME=/opt/rustwide/cargo-home" "-e" "RUSTUP_HOME=/opt/rustwide/rustup-home" "-w" "/opt/rustwide/workdir" "-m" "1610612736" "--user" "0:0" "--network" "none" "ghcr.io/rust-lang/crates-build-env/linux@sha256:34b6a614d2c27851fe6cbf88fbd1137609cefab8b10d0615aaeb6fd47975d74e" "/opt/rustwide/cargo-home/bin/cargo" "+1.54.0" "metadata" "--no-deps" "--format-version=1", kill_on_drop: false }`
[INFO] [stdout] 416aced95ade91f3799746ce4c1513b52f8a722b9551155ed4b5c6c456b8171e
[INFO] running `Command { std: "docker" "start" "-a" "416aced95ade91f3799746ce4c1513b52f8a722b9551155ed4b5c6c456b8171e", kill_on_drop: false }`
[INFO] running `Command { std: "docker" "inspect" "416aced95ade91f3799746ce4c1513b52f8a722b9551155ed4b5c6c456b8171e", kill_on_drop: false }`
[INFO] running `Command { std: "docker" "rm" "-f" "416aced95ade91f3799746ce4c1513b52f8a722b9551155ed4b5c6c456b8171e", kill_on_drop: false }`
[INFO] [stdout] 416aced95ade91f3799746ce4c1513b52f8a722b9551155ed4b5c6c456b8171e
[INFO] running `Command { std: "docker" "create" "-v" "/var/lib/crater-agent-workspace/builds/worker-61/target:/opt/rustwide/target:rw,Z" "-v" "/var/lib/crater-agent-workspace/builds/worker-61/source:/opt/rustwide/workdir:ro,Z" "-v" "/var/lib/crater-agent-workspace/cargo-home:/opt/rustwide/cargo-home:ro,Z" "-v" "/var/lib/crater-agent-workspace/rustup-home:/opt/rustwide/rustup-home:ro,Z" "-e" "SOURCE_DIR=/opt/rustwide/workdir" "-e" "CARGO_TARGET_DIR=/opt/rustwide/target" "-e" "CARGO_INCREMENTAL=0" "-e" "RUST_BACKTRACE=full" "-e" "RUSTFLAGS=--cap-lints=warn" "-e" "CARGO_HOME=/opt/rustwide/cargo-home" "-e" "RUSTUP_HOME=/opt/rustwide/rustup-home" "-w" "/opt/rustwide/workdir" "-m" "1610612736" "--user" "0:0" "--network" "none" "ghcr.io/rust-lang/crates-build-env/linux@sha256:34b6a614d2c27851fe6cbf88fbd1137609cefab8b10d0615aaeb6fd47975d74e" "/opt/rustwide/cargo-home/bin/cargo" "+1.54.0" "build" "--frozen" "--message-format=json", kill_on_drop: false }`
[INFO] [stdout] fa8a8a0160283753c1bf61b86025fd597748fc423f3b65cacde7257a54461eb4
[INFO] running `Command { std: "docker" "start" "-a" "fa8a8a0160283753c1bf61b86025fd597748fc423f3b65cacde7257a54461eb4", kill_on_drop: false }`
[INFO] [stderr]     Blocking waiting for file lock on package cache
[INFO] [stderr]    Compiling groundhog v0.2.5 (/opt/rustwide/workdir)
[INFO] [stderr]     Finished dev [unoptimized + debuginfo] target(s) in 0.33s
[INFO] running `Command { std: "docker" "inspect" "fa8a8a0160283753c1bf61b86025fd597748fc423f3b65cacde7257a54461eb4", kill_on_drop: false }`
[INFO] running `Command { std: "docker" "rm" "-f" "fa8a8a0160283753c1bf61b86025fd597748fc423f3b65cacde7257a54461eb4", kill_on_drop: false }`
[INFO] [stdout] fa8a8a0160283753c1bf61b86025fd597748fc423f3b65cacde7257a54461eb4
[INFO] running `Command { std: "docker" "create" "-v" "/var/lib/crater-agent-workspace/builds/worker-61/target:/opt/rustwide/target:rw,Z" "-v" "/var/lib/crater-agent-workspace/builds/worker-61/source:/opt/rustwide/workdir:ro,Z" "-v" "/var/lib/crater-agent-workspace/cargo-home:/opt/rustwide/cargo-home:ro,Z" "-v" "/var/lib/crater-agent-workspace/rustup-home:/opt/rustwide/rustup-home:ro,Z" "-e" "SOURCE_DIR=/opt/rustwide/workdir" "-e" "CARGO_TARGET_DIR=/opt/rustwide/target" "-e" "CARGO_INCREMENTAL=0" "-e" "RUST_BACKTRACE=full" "-e" "RUSTFLAGS=--cap-lints=warn" "-e" "CARGO_HOME=/opt/rustwide/cargo-home" "-e" "RUSTUP_HOME=/opt/rustwide/rustup-home" "-w" "/opt/rustwide/workdir" "-m" "1610612736" "--user" "0:0" "--network" "none" "ghcr.io/rust-lang/crates-build-env/linux@sha256:34b6a614d2c27851fe6cbf88fbd1137609cefab8b10d0615aaeb6fd47975d74e" "/opt/rustwide/cargo-home/bin/cargo" "+1.54.0" "test" "--frozen" "--no-run" "--message-format=json", kill_on_drop: false }`
[INFO] [stdout] 566f614d188388acca3de316569d18d537b62d043e497e9caa96ce17a1810006
[INFO] running `Command { std: "docker" "start" "-a" "566f614d188388acca3de316569d18d537b62d043e497e9caa96ce17a1810006", kill_on_drop: false }`
[INFO] [stderr]     Blocking waiting for file lock on package cache
[INFO] [stderr]    Compiling groundhog v0.2.5 (/opt/rustwide/workdir)
[INFO] [stdout] error[E0433]: failed to resolve: use of undeclared crate or module `once_cell`
[INFO] [stdout]  --> src/std_timer.rs:4:5
[INFO] [stdout]   |
[INFO] [stdout] 4 | use once_cell::sync::Lazy;
[INFO] [stdout]   |     ^^^^^^^^^ use of undeclared crate or module `once_cell`
[INFO] [stdout] 
[INFO] [stdout] 
[INFO] [stdout] error[E0412]: cannot find type `Lazy` in this scope
[INFO] [stdout]  --> src/std_timer.rs:5:12
[INFO] [stdout]   |
[INFO] [stdout] 5 | static T0: Lazy<Instant> = Lazy::new(|| {
[INFO] [stdout]   |            ^^^^ not found in this scope
[INFO] [stdout]   |
[INFO] [stdout] help: consider importing one of these items
[INFO] [stdout]   |
[INFO] [stdout] 1 | use core::lazy::Lazy;
[INFO] [stdout]   |
[INFO] [stdout] 1 | use std::lazy::Lazy;
[INFO] [stdout]   |
[INFO] [stdout] 
[INFO] [stdout] 
[INFO] [stdout] error[E0433]: failed to resolve: use of undeclared type `Lazy`
[INFO] [stdout]  --> src/std_timer.rs:5:28
[INFO] [stdout]   |
[INFO] [stdout] 5 | static T0: Lazy<Instant> = Lazy::new(|| {
[INFO] [stdout]   |                            ^^^^ not found in this scope
[INFO] [stdout]   |
[INFO] [stdout] help: consider importing one of these items
[INFO] [stdout]   |
[INFO] [stdout] 1 | use core::lazy::Lazy;
[INFO] [stdout]   |
[INFO] [stdout] 1 | use std::lazy::Lazy;
[INFO] [stdout]   |
[INFO] [stdout] 
[INFO] [stdout] 
[INFO] [stdout] error: aborting due to 3 previous errors
[INFO] [stdout] 
[INFO] [stdout] 
[INFO] [stdout] Some errors have detailed explanations: E0412, E0433.
[INFO] [stdout] 
[INFO] [stdout] For more information about an error, try `rustc --explain E0412`.
[INFO] [stdout] 
[INFO] [stderr] error: could not compile `groundhog`
[INFO] [stderr] 
[INFO] [stderr] To learn more, run the command again with --verbose.
[INFO] running `Command { std: "docker" "inspect" "566f614d188388acca3de316569d18d537b62d043e497e9caa96ce17a1810006", kill_on_drop: false }`
[INFO] running `Command { std: "docker" "rm" "-f" "566f614d188388acca3de316569d18d537b62d043e497e9caa96ce17a1810006", kill_on_drop: false }`
[INFO] [stdout] 566f614d188388acca3de316569d18d537b62d043e497e9caa96ce17a1810006
