[INFO] fetching crate grenad 0.2.0...
[INFO] testing grenad-0.2.0 against 1.54.0 for beta-1.55-1
[INFO] extracting crate grenad 0.2.0 into /workspace/builds/worker-13/source
[INFO] validating manifest of crates.io crate grenad 0.2.0 on toolchain 1.54.0
[INFO] running `Command { std: "/workspace/cargo-home/bin/cargo" "+1.54.0" "metadata" "--manifest-path" "Cargo.toml" "--no-deps", kill_on_drop: false }`
[INFO] started tweaking crates.io crate grenad 0.2.0
[INFO] finished tweaking crates.io crate grenad 0.2.0
[INFO] tweaked toml for crates.io crate grenad 0.2.0 written to /workspace/builds/worker-13/source/Cargo.toml
[INFO] running `Command { std: "/workspace/cargo-home/bin/cargo" "+1.54.0" "generate-lockfile" "--manifest-path" "Cargo.toml" "-Zno-index-update", kill_on_drop: false }`
[INFO] [stderr]     Blocking waiting for file lock on package cache
[INFO] running `Command { std: "/workspace/cargo-home/bin/cargo" "+1.54.0" "fetch" "--manifest-path" "Cargo.toml", kill_on_drop: false }`
[INFO] [stderr]     Blocking waiting for file lock on package cache
[INFO] [stderr]     Blocking waiting for file lock on package cache
[INFO] running `Command { std: "docker" "create" "-v" "/var/lib/crater-agent-workspace/builds/worker-13/target:/opt/rustwide/target:rw,Z" "-v" "/var/lib/crater-agent-workspace/builds/worker-13/source:/opt/rustwide/workdir:ro,Z" "-v" "/var/lib/crater-agent-workspace/cargo-home:/opt/rustwide/cargo-home:ro,Z" "-v" "/var/lib/crater-agent-workspace/rustup-home:/opt/rustwide/rustup-home:ro,Z" "-e" "SOURCE_DIR=/opt/rustwide/workdir" "-e" "CARGO_TARGET_DIR=/opt/rustwide/target" "-e" "CARGO_HOME=/opt/rustwide/cargo-home" "-e" "RUSTUP_HOME=/opt/rustwide/rustup-home" "-w" "/opt/rustwide/workdir" "-m" "1610612736" "--user" "0:0" "--network" "none" "ghcr.io/rust-lang/crates-build-env/linux@sha256:34b6a614d2c27851fe6cbf88fbd1137609cefab8b10d0615aaeb6fd47975d74e" "/opt/rustwide/cargo-home/bin/cargo" "+1.54.0" "metadata" "--no-deps" "--format-version=1", kill_on_drop: false }`
[INFO] [stdout] 031c656e4a9f8bcb986cf1f1b2d0a2c5a37e3c927f8909ead23199c13558240a
[INFO] running `Command { std: "docker" "start" "-a" "031c656e4a9f8bcb986cf1f1b2d0a2c5a37e3c927f8909ead23199c13558240a", kill_on_drop: false }`
[INFO] running `Command { std: "docker" "inspect" "031c656e4a9f8bcb986cf1f1b2d0a2c5a37e3c927f8909ead23199c13558240a", kill_on_drop: false }`
[INFO] running `Command { std: "docker" "rm" "-f" "031c656e4a9f8bcb986cf1f1b2d0a2c5a37e3c927f8909ead23199c13558240a", kill_on_drop: false }`
[INFO] [stdout] 031c656e4a9f8bcb986cf1f1b2d0a2c5a37e3c927f8909ead23199c13558240a
[INFO] running `Command { std: "docker" "create" "-v" "/var/lib/crater-agent-workspace/builds/worker-13/target:/opt/rustwide/target:rw,Z" "-v" "/var/lib/crater-agent-workspace/builds/worker-13/source:/opt/rustwide/workdir:ro,Z" "-v" "/var/lib/crater-agent-workspace/cargo-home:/opt/rustwide/cargo-home:ro,Z" "-v" "/var/lib/crater-agent-workspace/rustup-home:/opt/rustwide/rustup-home:ro,Z" "-e" "SOURCE_DIR=/opt/rustwide/workdir" "-e" "CARGO_TARGET_DIR=/opt/rustwide/target" "-e" "CARGO_INCREMENTAL=0" "-e" "RUST_BACKTRACE=full" "-e" "RUSTFLAGS=--cap-lints=warn" "-e" "CARGO_HOME=/opt/rustwide/cargo-home" "-e" "RUSTUP_HOME=/opt/rustwide/rustup-home" "-w" "/opt/rustwide/workdir" "-m" "1610612736" "--user" "0:0" "--network" "none" "ghcr.io/rust-lang/crates-build-env/linux@sha256:34b6a614d2c27851fe6cbf88fbd1137609cefab8b10d0615aaeb6fd47975d74e" "/opt/rustwide/cargo-home/bin/cargo" "+1.54.0" "build" "--frozen" "--message-format=json", kill_on_drop: false }`
[INFO] [stdout] 90b6e5b3082b88816e09887c5949261fcc88ae1ed2a071c0069ebd3ae9bc6903
[INFO] running `Command { std: "docker" "start" "-a" "90b6e5b3082b88816e09887c5949261fcc88ae1ed2a071c0069ebd3ae9bc6903", kill_on_drop: false }`
[INFO] [stderr]     Blocking waiting for file lock on package cache
[INFO] [stderr]    Compiling libc v0.2.98
[INFO] [stderr]    Compiling either v1.6.1
[INFO] [stderr]    Compiling glob v0.3.0
[INFO] [stderr]    Compiling zstd-safe v2.0.6+zstd.1.4.7
[INFO] [stderr]    Compiling snap v1.0.5
[INFO] [stderr]    Compiling remove_dir_all v0.5.3
[INFO] [stderr]    Compiling crc32fast v1.2.1
[INFO] [stderr]    Compiling bytemuck_derive v1.0.1
[INFO] [stderr]    Compiling itertools v0.9.0
[INFO] [stderr]    Compiling bytemuck v1.7.2
[INFO] [stderr]    Compiling jobserver v0.1.23
[INFO] [stderr]    Compiling getrandom v0.2.3
[INFO] [stderr]    Compiling nix v0.19.1
[INFO] [stderr]    Compiling flate2 v1.0.20
[INFO] [stderr]    Compiling cc v1.0.69
[INFO] [stderr]    Compiling rand_core v0.6.3
[INFO] [stderr]    Compiling rand_chacha v0.3.1
[INFO] [stderr]    Compiling rand v0.8.4
[INFO] [stderr]    Compiling zstd-sys v1.4.18+zstd.1.4.7
[INFO] [stderr]    Compiling tempfile v3.2.0
[INFO] [stderr]    Compiling zstd v0.5.4+zstd.1.4.7
[INFO] [stderr]    Compiling grenad v0.2.0 (/opt/rustwide/workdir)
[INFO] [stderr]     Finished dev [unoptimized + debuginfo] target(s) in 34.64s
[INFO] running `Command { std: "docker" "inspect" "90b6e5b3082b88816e09887c5949261fcc88ae1ed2a071c0069ebd3ae9bc6903", kill_on_drop: false }`
[INFO] running `Command { std: "docker" "rm" "-f" "90b6e5b3082b88816e09887c5949261fcc88ae1ed2a071c0069ebd3ae9bc6903", kill_on_drop: false }`
[INFO] [stdout] 90b6e5b3082b88816e09887c5949261fcc88ae1ed2a071c0069ebd3ae9bc6903
[INFO] running `Command { std: "docker" "create" "-v" "/var/lib/crater-agent-workspace/builds/worker-13/target:/opt/rustwide/target:rw,Z" "-v" "/var/lib/crater-agent-workspace/builds/worker-13/source:/opt/rustwide/workdir:ro,Z" "-v" "/var/lib/crater-agent-workspace/cargo-home:/opt/rustwide/cargo-home:ro,Z" "-v" "/var/lib/crater-agent-workspace/rustup-home:/opt/rustwide/rustup-home:ro,Z" "-e" "SOURCE_DIR=/opt/rustwide/workdir" "-e" "CARGO_TARGET_DIR=/opt/rustwide/target" "-e" "CARGO_INCREMENTAL=0" "-e" "RUST_BACKTRACE=full" "-e" "RUSTFLAGS=--cap-lints=warn" "-e" "CARGO_HOME=/opt/rustwide/cargo-home" "-e" "RUSTUP_HOME=/opt/rustwide/rustup-home" "-w" "/opt/rustwide/workdir" "-m" "1610612736" "--user" "0:0" "--network" "none" "ghcr.io/rust-lang/crates-build-env/linux@sha256:34b6a614d2c27851fe6cbf88fbd1137609cefab8b10d0615aaeb6fd47975d74e" "/opt/rustwide/cargo-home/bin/cargo" "+1.54.0" "test" "--frozen" "--no-run" "--message-format=json", kill_on_drop: false }`
[INFO] [stdout] 07454a03482b95e50f66348dea932bd3911561e1209cf9c3482493f0e53cf74e
[INFO] running `Command { std: "docker" "start" "-a" "07454a03482b95e50f66348dea932bd3911561e1209cf9c3482493f0e53cf74e", kill_on_drop: false }`
[INFO] [stderr]     Blocking waiting for file lock on package cache
[INFO] [stderr]    Compiling getrandom v0.1.16
[INFO] [stderr]    Compiling env_logger v0.7.1
[INFO] [stderr]    Compiling rand_core v0.5.1
[INFO] [stderr]    Compiling rand_chacha v0.2.2
[INFO] [stderr]    Compiling rand v0.7.3
[INFO] [stderr]    Compiling quickcheck v0.9.2
[INFO] [stderr]    Compiling grenad v0.2.0 (/opt/rustwide/workdir)
[INFO] [stdout] error[E0412]: cannot find type `Cow` in this scope
[INFO] [stdout]    --> src/merger.rs:204:43
[INFO] [stdout]     |
[INFO] [stdout] 204 |         fn merge<'a>(_key: &[u8], vals: &[Cow<'a, [u8]>]) -> Result<Cow<'a, [u8]>, Infallible> {
[INFO] [stdout]     |                                           ^^^ not found in this scope
[INFO] [stdout]     |
[INFO] [stdout] help: consider importing one of these items
[INFO] [stdout]     |
[INFO] [stdout] 198 |     use crate::merger::Cow;
[INFO] [stdout]     |
[INFO] [stdout] 198 |     use std::borrow::Cow;
[INFO] [stdout]     |
[INFO] [stdout] 
[INFO] [stdout] 
[INFO] [stdout] error[E0412]: cannot find type `Cow` in this scope
[INFO] [stdout]    --> src/merger.rs:204:69
[INFO] [stdout]     |
[INFO] [stdout] 204 |         fn merge<'a>(_key: &[u8], vals: &[Cow<'a, [u8]>]) -> Result<Cow<'a, [u8]>, Infallible> {
[INFO] [stdout]     |                                                                     ^^^ not found in this scope
[INFO] [stdout]     |
[INFO] [stdout] help: consider importing one of these items
[INFO] [stdout]     |
[INFO] [stdout] 198 |     use crate::merger::Cow;
[INFO] [stdout]     |
[INFO] [stdout] 198 |     use std::borrow::Cow;
[INFO] [stdout]     |
[INFO] [stdout] 
[INFO] [stdout] 
[INFO] [stdout] error[E0433]: failed to resolve: use of undeclared type `Writer`
[INFO] [stdout]    --> src/merger.rs:217:22
[INFO] [stdout]     |
[INFO] [stdout] 217 |             let wb = Writer::builder();
[INFO] [stdout]     |                      ^^^^^^ not found in this scope
[INFO] [stdout]     |
[INFO] [stdout] help: consider importing one of these items
[INFO] [stdout]     |
[INFO] [stdout] 198 |     use crate::Writer;
[INFO] [stdout]     |
[INFO] [stdout] 198 |     use zstd::stream::zio::Writer;
[INFO] [stdout]     |
[INFO] [stdout] 
[INFO] [stdout] 
[INFO] [stdout] error[E0433]: failed to resolve: use of undeclared type `FileFuse`
[INFO] [stdout]    --> src/merger.rs:229:24
[INFO] [stdout]     |
[INFO] [stdout] 229 |             let file = FileFuse::builder().shrink_size(4096).build(file);
[INFO] [stdout]     |                        ^^^^^^^^ not found in this scope
[INFO] [stdout]     |
[INFO] [stdout] help: consider importing this struct
[INFO] [stdout]     |
[INFO] [stdout] 198 |     use crate::FileFuse;
[INFO] [stdout]     |
[INFO] [stdout] 
[INFO] [stdout] 
[INFO] [stdout] error[E0433]: failed to resolve: use of undeclared type `Reader`
[INFO] [stdout]    --> src/merger.rs:230:26
[INFO] [stdout]     |
[INFO] [stdout] 230 |             let reader = Reader::new(file).unwrap();
[INFO] [stdout]     |                          ^^^^^^ not found in this scope
[INFO] [stdout]     |
[INFO] [stdout] help: consider importing one of these items
[INFO] [stdout]     |
[INFO] [stdout] 198 |     use crate::Reader;
[INFO] [stdout]     |
[INFO] [stdout] 198 |     use zstd::stream::zio::Reader;
[INFO] [stdout]     |
[INFO] [stdout] 
[INFO] [stdout] 
[INFO] [stdout] error[E0433]: failed to resolve: use of undeclared type `Merger`
[INFO] [stdout]    --> src/merger.rs:234:27
[INFO] [stdout]     |
[INFO] [stdout] 234 |         let mut builder = Merger::builder(merge);
[INFO] [stdout]     |                           ^^^^^^ not found in this scope
[INFO] [stdout]     |
[INFO] [stdout] help: consider importing this struct
[INFO] [stdout]     |
[INFO] [stdout] 198 |     use crate::Merger;
[INFO] [stdout]     |
[INFO] [stdout] 
[INFO] [stdout] 
[INFO] [stdout] error[E0433]: failed to resolve: use of undeclared type `Writer`
[INFO] [stdout]    --> src/merger.rs:239:26
[INFO] [stdout]     |
[INFO] [stdout] 239 |         let mut writer = Writer::builder().build(file3).unwrap();
[INFO] [stdout]     |                          ^^^^^^ not found in this scope
[INFO] [stdout]     |
[INFO] [stdout] help: consider importing one of these items
[INFO] [stdout]     |
[INFO] [stdout] 198 |     use crate::Writer;
[INFO] [stdout]     |
[INFO] [stdout] 198 |     use zstd::stream::zio::Writer;
[INFO] [stdout]     |
[INFO] [stdout] 
[INFO] [stdout] 
[INFO] [stdout] error[E0433]: failed to resolve: use of undeclared type `Reader`
[INFO] [stdout]    --> src/merger.rs:245:26
[INFO] [stdout]     |
[INFO] [stdout] 245 |         let mut reader = Reader::new(file).unwrap();
[INFO] [stdout]     |                          ^^^^^^ not found in this scope
[INFO] [stdout]     |
[INFO] [stdout] help: consider importing one of these items
[INFO] [stdout]     |
[INFO] [stdout] 198 |     use crate::Reader;
[INFO] [stdout]     |
[INFO] [stdout] 198 |     use zstd::stream::zio::Reader;
[INFO] [stdout]     |
[INFO] [stdout] 
[INFO] [stdout] 
[INFO] [stdout] warning: unused import: `Seek`
[INFO] [stdout]    --> src/merger.rs:202:23
[INFO] [stdout]     |
[INFO] [stdout] 202 |         use std::io::{Seek, SeekFrom};
[INFO] [stdout]     |                       ^^^^
[INFO] [stdout]     |
[INFO] [stdout]     = note: `#[warn(unused_imports)]` on by default
[INFO] [stdout] 
[INFO] [stdout] 
[INFO] [stdout] error: aborting due to 8 previous errors; 1 warning emitted
[INFO] [stdout] 
[INFO] [stdout] 
[INFO] [stdout] Some errors have detailed explanations: E0412, E0433.
[INFO] [stdout] 
[INFO] [stdout] For more information about an error, try `rustc --explain E0412`.
[INFO] [stdout] 
[INFO] [stderr] error: could not compile `grenad`
[INFO] [stderr] 
[INFO] [stderr] To learn more, run the command again with --verbose.
[INFO] running `Command { std: "docker" "inspect" "07454a03482b95e50f66348dea932bd3911561e1209cf9c3482493f0e53cf74e", kill_on_drop: false }`
[INFO] running `Command { std: "docker" "rm" "-f" "07454a03482b95e50f66348dea932bd3911561e1209cf9c3482493f0e53cf74e", kill_on_drop: false }`
[INFO] [stdout] 07454a03482b95e50f66348dea932bd3911561e1209cf9c3482493f0e53cf74e
