[INFO] fetching crate google-cloud-derive 0.2.1...
[INFO] testing google-cloud-derive-0.2.1 against beta-2021-08-01 for beta-1.55-1
[INFO] extracting crate google-cloud-derive 0.2.1 into /workspace/builds/worker-1/source
[INFO] validating manifest of crates.io crate google-cloud-derive 0.2.1 on toolchain beta-2021-08-01
[INFO] running `Command { std: "/workspace/cargo-home/bin/cargo" "+beta-2021-08-01" "metadata" "--manifest-path" "Cargo.toml" "--no-deps", kill_on_drop: false }`
[INFO] started tweaking crates.io crate google-cloud-derive 0.2.1
[INFO] removed 0 missing tests
[INFO] finished tweaking crates.io crate google-cloud-derive 0.2.1
[INFO] tweaked toml for crates.io crate google-cloud-derive 0.2.1 written to /workspace/builds/worker-1/source/Cargo.toml
[INFO] running `Command { std: "/workspace/cargo-home/bin/cargo" "+beta-2021-08-01" "generate-lockfile" "--manifest-path" "Cargo.toml" "-Zno-index-update", kill_on_drop: false }`
[INFO] running `Command { std: "/workspace/cargo-home/bin/cargo" "+beta-2021-08-01" "fetch" "--manifest-path" "Cargo.toml", kill_on_drop: false }`
[INFO] running `Command { std: "docker" "create" "-v" "/var/lib/crater-agent-workspace/builds/worker-1/target:/opt/rustwide/target:rw,Z" "-v" "/var/lib/crater-agent-workspace/builds/worker-1/source:/opt/rustwide/workdir:ro,Z" "-v" "/var/lib/crater-agent-workspace/cargo-home:/opt/rustwide/cargo-home:ro,Z" "-v" "/var/lib/crater-agent-workspace/rustup-home:/opt/rustwide/rustup-home:ro,Z" "-e" "SOURCE_DIR=/opt/rustwide/workdir" "-e" "CARGO_TARGET_DIR=/opt/rustwide/target" "-e" "CARGO_HOME=/opt/rustwide/cargo-home" "-e" "RUSTUP_HOME=/opt/rustwide/rustup-home" "-w" "/opt/rustwide/workdir" "-m" "1610612736" "--user" "0:0" "--network" "none" "ghcr.io/rust-lang/crates-build-env/linux@sha256:34b6a614d2c27851fe6cbf88fbd1137609cefab8b10d0615aaeb6fd47975d74e" "/opt/rustwide/cargo-home/bin/cargo" "+beta-2021-08-01" "metadata" "--no-deps" "--format-version=1", kill_on_drop: false }`
[INFO] [stdout] d9cfd0bc91bc9359e6762f54882194540e4fd38a9f0b8317e9c9aeccac85d84a
[INFO] [stderr] WARNING: Your kernel does not support swap limit capabilities or the cgroup is not mounted. Memory limited without swap.
[INFO] running `Command { std: "docker" "start" "-a" "d9cfd0bc91bc9359e6762f54882194540e4fd38a9f0b8317e9c9aeccac85d84a", kill_on_drop: false }`
[INFO] running `Command { std: "docker" "inspect" "d9cfd0bc91bc9359e6762f54882194540e4fd38a9f0b8317e9c9aeccac85d84a", kill_on_drop: false }`
[INFO] running `Command { std: "docker" "rm" "-f" "d9cfd0bc91bc9359e6762f54882194540e4fd38a9f0b8317e9c9aeccac85d84a", kill_on_drop: false }`
[INFO] [stdout] d9cfd0bc91bc9359e6762f54882194540e4fd38a9f0b8317e9c9aeccac85d84a
[INFO] running `Command { std: "docker" "create" "-v" "/var/lib/crater-agent-workspace/builds/worker-1/target:/opt/rustwide/target:rw,Z" "-v" "/var/lib/crater-agent-workspace/builds/worker-1/source:/opt/rustwide/workdir:ro,Z" "-v" "/var/lib/crater-agent-workspace/cargo-home:/opt/rustwide/cargo-home:ro,Z" "-v" "/var/lib/crater-agent-workspace/rustup-home:/opt/rustwide/rustup-home:ro,Z" "-e" "SOURCE_DIR=/opt/rustwide/workdir" "-e" "CARGO_TARGET_DIR=/opt/rustwide/target" "-e" "CARGO_INCREMENTAL=0" "-e" "RUST_BACKTRACE=full" "-e" "RUSTFLAGS=--cap-lints=warn" "-e" "CARGO_HOME=/opt/rustwide/cargo-home" "-e" "RUSTUP_HOME=/opt/rustwide/rustup-home" "-w" "/opt/rustwide/workdir" "-m" "1610612736" "--user" "0:0" "--network" "none" "ghcr.io/rust-lang/crates-build-env/linux@sha256:34b6a614d2c27851fe6cbf88fbd1137609cefab8b10d0615aaeb6fd47975d74e" "/opt/rustwide/cargo-home/bin/cargo" "+beta-2021-08-01" "build" "--frozen" "--message-format=json", kill_on_drop: false }`
[INFO] [stderr] WARNING: Your kernel does not support swap limit capabilities or the cgroup is not mounted. Memory limited without swap.
[INFO] [stdout] c230f2640459dc7007009dbf5b83bf63cea527d97ea71ad8a63f61034d3c24bb
[INFO] running `Command { std: "docker" "start" "-a" "c230f2640459dc7007009dbf5b83bf63cea527d97ea71ad8a63f61034d3c24bb", kill_on_drop: false }`
[INFO] [stderr]    Compiling google-cloud-derive v0.2.1 (/opt/rustwide/workdir)
[INFO] [stderr]     Finished dev [unoptimized + debuginfo] target(s) in 2.53s
[INFO] running `Command { std: "docker" "inspect" "c230f2640459dc7007009dbf5b83bf63cea527d97ea71ad8a63f61034d3c24bb", kill_on_drop: false }`
[INFO] running `Command { std: "docker" "rm" "-f" "c230f2640459dc7007009dbf5b83bf63cea527d97ea71ad8a63f61034d3c24bb", kill_on_drop: false }`
[INFO] [stdout] c230f2640459dc7007009dbf5b83bf63cea527d97ea71ad8a63f61034d3c24bb
[INFO] running `Command { std: "docker" "create" "-v" "/var/lib/crater-agent-workspace/builds/worker-1/target:/opt/rustwide/target:rw,Z" "-v" "/var/lib/crater-agent-workspace/builds/worker-1/source:/opt/rustwide/workdir:ro,Z" "-v" "/var/lib/crater-agent-workspace/cargo-home:/opt/rustwide/cargo-home:ro,Z" "-v" "/var/lib/crater-agent-workspace/rustup-home:/opt/rustwide/rustup-home:ro,Z" "-e" "SOURCE_DIR=/opt/rustwide/workdir" "-e" "CARGO_TARGET_DIR=/opt/rustwide/target" "-e" "CARGO_INCREMENTAL=0" "-e" "RUST_BACKTRACE=full" "-e" "RUSTFLAGS=--cap-lints=warn" "-e" "CARGO_HOME=/opt/rustwide/cargo-home" "-e" "RUSTUP_HOME=/opt/rustwide/rustup-home" "-w" "/opt/rustwide/workdir" "-m" "1610612736" "--user" "0:0" "--network" "none" "ghcr.io/rust-lang/crates-build-env/linux@sha256:34b6a614d2c27851fe6cbf88fbd1137609cefab8b10d0615aaeb6fd47975d74e" "/opt/rustwide/cargo-home/bin/cargo" "+beta-2021-08-01" "test" "--frozen" "--no-run" "--message-format=json", kill_on_drop: false }`
[INFO] [stdout] bdebb6d7ff933a21e9e9954d14c7671110639b7cb842f3174f8878b170fa4320
[INFO] [stderr] WARNING: Your kernel does not support swap limit capabilities or the cgroup is not mounted. Memory limited without swap.
[INFO] running `Command { std: "docker" "start" "-a" "bdebb6d7ff933a21e9e9954d14c7671110639b7cb842f3174f8878b170fa4320", kill_on_drop: false }`
[INFO] [stderr]    Compiling trybuild v1.0.43
[INFO] [stderr]    Compiling serde v1.0.127
[INFO] [stderr]    Compiling serde_json v1.0.66
[INFO] [stderr]    Compiling toml v0.5.8
[INFO] [stderr]    Compiling google-cloud-derive v0.2.1 (/opt/rustwide/workdir)
[INFO] [stdout] error[E0433]: failed to resolve: use of undeclared crate or module `google_cloud`
[INFO] [stdout]  --> tests/03-enums.rs:1:5
[INFO] [stdout]   |
[INFO] [stdout] 1 | use google_cloud::datastore::{FromValue, IntoValue};
[INFO] [stdout]   |     ^^^^^^^^^^^^ use of undeclared crate or module `google_cloud`
[INFO] [stdout] 
[INFO] [stdout] 
[INFO] [stdout] error[E0433]: failed to resolve: use of undeclared crate or module `google_cloud`
[INFO] [stdout]  --> tests/03-enums.rs:2:5
[INFO] [stdout]   |
[INFO] [stdout] 2 | use google_cloud::error::ConvertError;
[INFO] [stdout]   |     ^^^^^^^^^^^^ use of undeclared crate or module `google_cloud`
[INFO] [stdout] 
[INFO] [stdout] 
[INFO] [stdout] error[E0433]: failed to resolve: use of undeclared crate or module `google_cloud`
[INFO] [stdout]  --> tests/01-simple.rs:1:5
[INFO] [stdout]   |
[INFO] [stdout] 1 | use google_cloud::datastore::{FromValue, IntoValue};
[INFO] [stdout]   |     ^^^^^^^^^^^^ use of undeclared crate or module `google_cloud`
[INFO] [stdout] 
[INFO] [stdout] 
[INFO] [stdout] error[E0433]: failed to resolve: use of undeclared crate or module `google_cloud`
[INFO] [stdout]  --> tests/01-simple.rs:2:5
[INFO] [stdout]   |
[INFO] [stdout] 2 | use google_cloud::error::ConvertError;
[INFO] [stdout]   |     ^^^^^^^^^^^^ use of undeclared crate or module `google_cloud`
[INFO] [stdout] 
[INFO] [stdout] 
[INFO] [stdout] error[E0433]: failed to resolve: use of undeclared crate or module `google_cloud`
[INFO] [stdout]  --> tests/02-nested.rs:1:5
[INFO] [stdout]   |
[INFO] [stdout] 1 | use google_cloud::datastore::{FromValue, IntoValue};
[INFO] [stdout]   |     ^^^^^^^^^^^^ use of undeclared crate or module `google_cloud`
[INFO] [stdout] 
[INFO] [stdout] 
[INFO] [stdout] error[E0433]: failed to resolve: use of undeclared crate or module `google_cloud`
[INFO] [stdout]  --> tests/02-nested.rs:2:5
[INFO] [stdout]   |
[INFO] [stdout] 2 | use google_cloud::error::ConvertError;
[INFO] [stdout]   |     ^^^^^^^^^^^^ use of undeclared crate or module `google_cloud`
[INFO] [stdout] 
[INFO] [stdout] 
[INFO] [stdout] error: cannot find derive macro `FromValue` in this scope
[INFO] [stdout]  --> tests/03-enums.rs:4:17
[INFO] [stdout]   |
[INFO] [stdout] 4 | #[derive(Debug, FromValue, IntoValue)]
[INFO] [stdout]   |                 ^^^^^^^^^
[INFO] [stdout] 
[INFO] [stdout] 
[INFO] [stdout] error: cannot find derive macro `IntoValue` in this scope
[INFO] [stdout]  --> tests/03-enums.rs:4:28
[INFO] [stdout]   |
[INFO] [stdout] 4 | #[derive(Debug, FromValue, IntoValue)]
[INFO] [stdout]   |                            ^^^^^^^^^
[INFO] [stdout] 
[INFO] [stdout] 
[INFO] [stdout] error: cannot find attribute `datastore` in this scope
[INFO] [stdout]  --> tests/03-enums.rs:5:3
[INFO] [stdout]   |
[INFO] [stdout] 5 | #[datastore(rename_all = "SCREAMING-KEBAB-CASE")]
[INFO] [stdout]   |   ^^^^^^^^^
[INFO] [stdout] 
[INFO] [stdout] 
[INFO] [stdout] error[E0412]: cannot find type `ConvertError` in this scope
[INFO] [stdout]   --> tests/03-enums.rs:21:32
[INFO] [stdout]    |
[INFO] [stdout] 21 |     let recovered: Result<Foo, ConvertError> = Foo::from_value(converted);
[INFO] [stdout]    |                                ^^^^^^^^^^^^ not found in this scope
[INFO] [stdout] 
[INFO] [stdout] 
[INFO] [stdout] error: cannot find derive macro `FromValue` in this scope
[INFO] [stdout]  --> tests/02-nested.rs:4:17
[INFO] [stdout]   |
[INFO] [stdout] 4 | #[derive(Debug, FromValue, IntoValue)]
[INFO] [stdout]   |                 ^^^^^^^^^
[INFO] [stdout] 
[INFO] [stdout] 
[INFO] [stdout] error: cannot find derive macro `IntoValue` in this scope
[INFO] [stdout]  --> tests/02-nested.rs:4:28
[INFO] [stdout]   |
[INFO] [stdout] 4 | #[derive(Debug, FromValue, IntoValue)]
[INFO] [stdout]   |                            ^^^^^^^^^
[INFO] [stdout] 
[INFO] [stdout] 
[INFO] [stdout] error: cannot find derive macro `FromValue` in this scope
[INFO] [stdout]   --> tests/02-nested.rs:10:17
[INFO] [stdout]    |
[INFO] [stdout] 10 | #[derive(Debug, FromValue, IntoValue)]
[INFO] [stdout]    |                 ^^^^^^^^^
[INFO] [stdout] 
[INFO] [stdout] 
[INFO] [stdout] error: cannot find derive macro `IntoValue` in this scope
[INFO] [stdout]   --> tests/02-nested.rs:10:28
[INFO] [stdout]    |
[INFO] [stdout] 10 | #[derive(Debug, FromValue, IntoValue)]
[INFO] [stdout]    |                            ^^^^^^^^^
[INFO] [stdout] 
[INFO] [stdout] 
[INFO] [stdout] error[E0412]: cannot find type `ConvertError` in this scope
[INFO] [stdout]   --> tests/02-nested.rs:27:32
[INFO] [stdout]    |
[INFO] [stdout] 27 |     let recovered: Result<Foo, ConvertError> = Foo::from_value(converted);
[INFO] [stdout]    |                                ^^^^^^^^^^^^ not found in this scope
[INFO] [stdout] 
[INFO] [stdout] 
[INFO] [stdout] error[E0599]: no method named `into_value` found for enum `Foo` in the current scope
[INFO] [stdout]   --> tests/03-enums.rs:18:25
[INFO] [stdout]    |
[INFO] [stdout] 6  | pub enum Foo {
[INFO] [stdout]    | ------------ method `into_value` not found for this
[INFO] [stdout] ...
[INFO] [stdout] 18 |     let converted = foo.into_value();
[INFO] [stdout]    |                         ^^^^^^^^^^ method not found in `Foo`
[INFO] [stdout] 
[INFO] [stdout] 
[INFO] [stdout] error[E0599]: no variant or associated item named `from_value` found for enum `Foo` in the current scope
[INFO] [stdout]   --> tests/03-enums.rs:21:53
[INFO] [stdout]    |
[INFO] [stdout] 6  | pub enum Foo {
[INFO] [stdout]    | ------------ variant or associated item `from_value` not found here
[INFO] [stdout] ...
[INFO] [stdout] 21 |     let recovered: Result<Foo, ConvertError> = Foo::from_value(converted);
[INFO] [stdout]    |                                                     ^^^^^^^^^^ variant or associated item not found in `Foo`
[INFO] [stdout]    |
[INFO] [stdout]    = help: items from traits can only be used if the trait is implemented and in scope
[INFO] [stdout]    = note: the following trait defines an item `from_value`, perhaps you need to implement it:
[INFO] [stdout]            candidate #1: `darling::FromMeta`
[INFO] [stdout] 
[INFO] [stdout] 
[INFO] [stdout] error: aborting due to 8 previous errors
[INFO] [stdout] 
[INFO] [stdout] 
[INFO] [stdout] Some errors have detailed explanations: E0412, E0433, E0599.
[INFO] [stdout] 
[INFO] [stdout] For more information about an error, try `rustc --explain E0412`.
[INFO] [stdout] 
[INFO] [stdout] error: cannot find derive macro `FromValue` in this scope
[INFO] [stdout]  --> tests/01-simple.rs:4:17
[INFO] [stdout]   |
[INFO] [stdout] 4 | #[derive(Debug, FromValue, IntoValue)]
[INFO] [stdout]   |                 ^^^^^^^^^
[INFO] [stdout] 
[INFO] [stdout] 
[INFO] [stdout] error: cannot find derive macro `IntoValue` in this scope
[INFO] [stdout]  --> tests/01-simple.rs:4:28
[INFO] [stdout]   |
[INFO] [stdout] 4 | #[derive(Debug, FromValue, IntoValue)]
[INFO] [stdout]   |                            ^^^^^^^^^
[INFO] [stdout] 
[INFO] [stdout] 
[INFO] [stderr] error: could not compile `google-cloud-derive` due to 9 previous errors
[INFO] [stderr] warning: build failed, waiting for other jobs to finish...
[INFO] [stdout] error[E0412]: cannot find type `ConvertError` in this scope
[INFO] [stdout]   --> tests/01-simple.rs:22:32
[INFO] [stdout]    |
[INFO] [stdout] 22 |     let recovered: Result<Foo, ConvertError> = Foo::from_value(converted);
[INFO] [stdout]    |                                ^^^^^^^^^^^^ not found in this scope
[INFO] [stdout] 
[INFO] [stdout] 
[INFO] [stdout] error[E0599]: no method named `into_value` found for struct `Foo` in the current scope
[INFO] [stdout]   --> tests/02-nested.rs:24:25
[INFO] [stdout]    |
[INFO] [stdout] 5  | pub struct Foo {
[INFO] [stdout]    | -------------- method `into_value` not found for this
[INFO] [stdout] ...
[INFO] [stdout] 24 |     let converted = foo.into_value();
[INFO] [stdout]    |                         ^^^^^^^^^^ method not found in `Foo`
[INFO] [stdout] 
[INFO] [stdout] 
[INFO] [stdout] error[E0599]: no function or associated item named `from_value` found for struct `Foo` in the current scope
[INFO] [stdout]   --> tests/02-nested.rs:27:53
[INFO] [stdout]    |
[INFO] [stdout] 5  | pub struct Foo {
[INFO] [stdout]    | -------------- function or associated item `from_value` not found for this
[INFO] [stdout] ...
[INFO] [stdout] 27 |     let recovered: Result<Foo, ConvertError> = Foo::from_value(converted);
[INFO] [stdout]    |                                                     ^^^^^^^^^^ function or associated item not found in `Foo`
[INFO] [stdout]    |
[INFO] [stdout]    = help: items from traits can only be used if the trait is implemented and in scope
[INFO] [stdout]    = note: the following trait defines an item `from_value`, perhaps you need to implement it:
[INFO] [stdout]            candidate #1: `darling::FromMeta`
[INFO] [stdout] 
[INFO] [stdout] 
[INFO] [stdout] error: aborting due to 9 previous errors
[INFO] [stdout] 
[INFO] [stdout] 
[INFO] [stdout] Some errors have detailed explanations: E0412, E0433, E0599.
[INFO] [stdout] 
[INFO] [stdout] For more information about an error, try `rustc --explain E0412`.
[INFO] [stdout] 
[INFO] [stdout] error[E0599]: no method named `into_value` found for struct `Foo` in the current scope
[INFO] [stdout]   --> tests/01-simple.rs:19:25
[INFO] [stdout]    |
[INFO] [stdout] 5  | pub struct Foo {
[INFO] [stdout]    | -------------- method `into_value` not found for this
[INFO] [stdout] ...
[INFO] [stdout] 19 |     let converted = foo.into_value();
[INFO] [stdout]    |                         ^^^^^^^^^^ method not found in `Foo`
[INFO] [stdout] 
[INFO] [stdout] 
[INFO] [stdout] error[E0599]: no function or associated item named `from_value` found for struct `Foo` in the current scope
[INFO] [stdout]   --> tests/01-simple.rs:22:53
[INFO] [stdout]    |
[INFO] [stdout] 5  | pub struct Foo {
[INFO] [stdout]    | -------------- function or associated item `from_value` not found for this
[INFO] [stdout] ...
[INFO] [stdout] 22 |     let recovered: Result<Foo, ConvertError> = Foo::from_value(converted);
[INFO] [stdout]    |                                                     ^^^^^^^^^^ function or associated item not found in `Foo`
[INFO] [stdout]    |
[INFO] [stdout]    = help: items from traits can only be used if the trait is implemented and in scope
[INFO] [stdout]    = note: the following trait defines an item `from_value`, perhaps you need to implement it:
[INFO] [stdout]            candidate #1: `darling::FromMeta`
[INFO] [stdout] 
[INFO] [stdout] 
[INFO] [stdout] error: aborting due to 7 previous errors
[INFO] [stdout] 
[INFO] [stdout] 
[INFO] [stdout] Some errors have detailed explanations: E0412, E0433, E0599.
[INFO] [stdout] 
[INFO] [stdout] For more information about an error, try `rustc --explain E0412`.
[INFO] [stdout] 
[INFO] [stderr] error: build failed
[INFO] running `Command { std: "docker" "inspect" "bdebb6d7ff933a21e9e9954d14c7671110639b7cb842f3174f8878b170fa4320", kill_on_drop: false }`
[INFO] running `Command { std: "docker" "rm" "-f" "bdebb6d7ff933a21e9e9954d14c7671110639b7cb842f3174f8878b170fa4320", kill_on_drop: false }`
[INFO] [stdout] bdebb6d7ff933a21e9e9954d14c7671110639b7cb842f3174f8878b170fa4320
