[INFO] fetching crate gmc_bind64 0.1.0...
[INFO] testing gmc_bind64-0.1.0 against beta-2021-08-01 for beta-1.55-1
[INFO] extracting crate gmc_bind64 0.1.0 into /workspace/builds/worker-0/source
[INFO] validating manifest of crates.io crate gmc_bind64 0.1.0 on toolchain beta-2021-08-01
[INFO] running `Command { std: "/workspace/cargo-home/bin/cargo" "+beta-2021-08-01" "metadata" "--manifest-path" "Cargo.toml" "--no-deps", kill_on_drop: false }`
[INFO] started tweaking crates.io crate gmc_bind64 0.1.0
[INFO] finished tweaking crates.io crate gmc_bind64 0.1.0
[INFO] tweaked toml for crates.io crate gmc_bind64 0.1.0 written to /workspace/builds/worker-0/source/Cargo.toml
[INFO] running `Command { std: "/workspace/cargo-home/bin/cargo" "+beta-2021-08-01" "generate-lockfile" "--manifest-path" "Cargo.toml" "-Zno-index-update", kill_on_drop: false }`
[INFO] running `Command { std: "/workspace/cargo-home/bin/cargo" "+beta-2021-08-01" "fetch" "--manifest-path" "Cargo.toml", kill_on_drop: false }`
[INFO] [stderr]  Downloading crates ...
[INFO] [stderr]   Downloaded ink_lang_macro v3.0.0-rc4
[INFO] [stderr]   Downloaded ink_lang v3.0.0-rc4
[INFO] [stderr]   Downloaded ink_lang_codegen v3.0.0-rc4
[INFO] [stderr]   Downloaded ink_lang_ir v3.0.0-rc4
[INFO] [stderr]   Downloaded ink_allocator v3.0.0-rc4
[INFO] [stderr]   Downloaded ink_primitives v3.0.0-rc4
[INFO] [stderr]   Downloaded scale-info-derive v0.4.0
[INFO] [stderr]   Downloaded ink_metadata v3.0.0-rc4
[INFO] [stderr]   Downloaded ink_prelude v3.0.0-rc4
[INFO] [stderr]   Downloaded ink_storage v3.0.0-rc4
[INFO] [stderr]   Downloaded ink_storage_derive v3.0.0-rc4
[INFO] [stderr]   Downloaded scale-info-derive v0.2.1
[INFO] [stderr]   Downloaded ink_env v3.0.0-rc4
[INFO] [stderr]   Downloaded scale-info v0.6.0
[INFO] [stderr]   Downloaded scale-info v0.4.1
[INFO] running `Command { std: "docker" "create" "-v" "/var/lib/crater-agent-workspace/builds/worker-0/target:/opt/rustwide/target:rw,Z" "-v" "/var/lib/crater-agent-workspace/builds/worker-0/source:/opt/rustwide/workdir:ro,Z" "-v" "/var/lib/crater-agent-workspace/cargo-home:/opt/rustwide/cargo-home:ro,Z" "-v" "/var/lib/crater-agent-workspace/rustup-home:/opt/rustwide/rustup-home:ro,Z" "-e" "SOURCE_DIR=/opt/rustwide/workdir" "-e" "CARGO_TARGET_DIR=/opt/rustwide/target" "-e" "CARGO_HOME=/opt/rustwide/cargo-home" "-e" "RUSTUP_HOME=/opt/rustwide/rustup-home" "-w" "/opt/rustwide/workdir" "-m" "1610612736" "--user" "0:0" "--network" "none" "ghcr.io/rust-lang/crates-build-env/linux@sha256:34b6a614d2c27851fe6cbf88fbd1137609cefab8b10d0615aaeb6fd47975d74e" "/opt/rustwide/cargo-home/bin/cargo" "+beta-2021-08-01" "metadata" "--no-deps" "--format-version=1", kill_on_drop: false }`
[INFO] [stdout] b8b95bd33546255ac8ee26ba6d5be992c16015f070b34dd72a31bf9c3cf2ee1d
[INFO] [stderr] WARNING: Your kernel does not support swap limit capabilities or the cgroup is not mounted. Memory limited without swap.
[INFO] running `Command { std: "docker" "start" "-a" "b8b95bd33546255ac8ee26ba6d5be992c16015f070b34dd72a31bf9c3cf2ee1d", kill_on_drop: false }`
[INFO] running `Command { std: "docker" "inspect" "b8b95bd33546255ac8ee26ba6d5be992c16015f070b34dd72a31bf9c3cf2ee1d", kill_on_drop: false }`
[INFO] running `Command { std: "docker" "rm" "-f" "b8b95bd33546255ac8ee26ba6d5be992c16015f070b34dd72a31bf9c3cf2ee1d", kill_on_drop: false }`
[INFO] [stdout] b8b95bd33546255ac8ee26ba6d5be992c16015f070b34dd72a31bf9c3cf2ee1d
[INFO] running `Command { std: "docker" "create" "-v" "/var/lib/crater-agent-workspace/builds/worker-0/target:/opt/rustwide/target:rw,Z" "-v" "/var/lib/crater-agent-workspace/builds/worker-0/source:/opt/rustwide/workdir:ro,Z" "-v" "/var/lib/crater-agent-workspace/cargo-home:/opt/rustwide/cargo-home:ro,Z" "-v" "/var/lib/crater-agent-workspace/rustup-home:/opt/rustwide/rustup-home:ro,Z" "-e" "SOURCE_DIR=/opt/rustwide/workdir" "-e" "CARGO_TARGET_DIR=/opt/rustwide/target" "-e" "CARGO_INCREMENTAL=0" "-e" "RUST_BACKTRACE=full" "-e" "RUSTFLAGS=--cap-lints=warn" "-e" "CARGO_HOME=/opt/rustwide/cargo-home" "-e" "RUSTUP_HOME=/opt/rustwide/rustup-home" "-w" "/opt/rustwide/workdir" "-m" "1610612736" "--user" "0:0" "--network" "none" "ghcr.io/rust-lang/crates-build-env/linux@sha256:34b6a614d2c27851fe6cbf88fbd1137609cefab8b10d0615aaeb6fd47975d74e" "/opt/rustwide/cargo-home/bin/cargo" "+beta-2021-08-01" "build" "--frozen" "--message-format=json", kill_on_drop: false }`
[INFO] [stderr] WARNING: Your kernel does not support swap limit capabilities or the cgroup is not mounted. Memory limited without swap.
[INFO] [stdout] cb742a2dabb0c0bef0f39fbbadb63577cec13ef4ad2d9b9c8849e3c0018d62fc
[INFO] running `Command { std: "docker" "start" "-a" "cb742a2dabb0c0bef0f39fbbadb63577cec13ef4ad2d9b9c8849e3c0018d62fc", kill_on_drop: false }`
[INFO] [stderr]    Compiling byte-slice-cast v1.0.0
[INFO] [stderr]    Compiling sp-std v3.0.0
[INFO] [stderr]    Compiling array-init v2.0.0
[INFO] [stderr]    Compiling byte-slice-cast v0.3.5
[INFO] [stderr]    Compiling ink_prelude v3.0.0-rc4
[INFO] [stderr]    Compiling ink_allocator v3.0.0-rc4
[INFO] [stderr]    Compiling bitvec v0.17.4
[INFO] [stderr]    Compiling bitvec v0.20.4
[INFO] [stderr]    Compiling syn v1.0.74
[INFO] [stderr]    Compiling clap v2.33.3
[INFO] [stderr]    Compiling integer-sqrt v0.1.5
[INFO] [stderr]    Compiling plotters v0.3.1
[INFO] [stderr]    Compiling rayon v1.5.1
[INFO] [stderr]    Compiling rand v0.8.4
[INFO] [stderr]    Compiling ink_lang_ir v3.0.0-rc4
[INFO] [stderr]    Compiling synstructure v0.12.5
[INFO] [stderr]    Compiling serde_derive v1.0.127
[INFO] [stderr]    Compiling thiserror-impl v1.0.26
[INFO] [stderr]    Compiling impl-trait-for-tuples v0.2.1
[INFO] [stderr]    Compiling derive_more v0.99.16
[INFO] [stderr]    Compiling sp-debug-derive v3.0.0
[INFO] [stderr]    Compiling ink_storage_derive v3.0.0-rc4
[INFO] [stderr]    Compiling scale-info-derive v0.2.1
[INFO] [stderr]    Compiling thiserror v1.0.26
[INFO] [stderr]    Compiling serde v1.0.127
[INFO] [stderr]    Compiling toml v0.5.8
[INFO] [stderr]    Compiling impl-serde v0.3.1
[INFO] [stderr]    Compiling serde_json v1.0.66
[INFO] [stderr]    Compiling bstr v0.2.16
[INFO] [stderr]    Compiling serde_cbor v0.11.1
[INFO] [stderr]    Compiling csv v1.1.6
[INFO] [stderr]    Compiling tinytemplate v1.2.1
[INFO] [stderr]    Compiling proc-macro-crate v1.0.0
[INFO] [stderr]    Compiling proc-macro-crate v0.1.5
[INFO] [stderr]    Compiling parity-scale-codec-derive v2.2.0
[INFO] [stderr]    Compiling scale-info-derive v0.4.0
[INFO] [stderr]    Compiling parity-scale-codec-derive v1.2.3
[INFO] [stderr]    Compiling criterion v0.3.5
[INFO] [stderr]    Compiling parity-scale-codec v1.3.7
[INFO] [stderr]    Compiling parity-scale-codec v2.2.0
[INFO] [stderr]    Compiling scale-info v0.6.0
[INFO] [stderr]    Compiling sp-arithmetic v3.0.0
[INFO] [stderr]    Compiling ink_lang_codegen v3.0.0-rc4
[INFO] [stderr]    Compiling ink_primitives v3.0.0-rc4
[INFO] [stderr]    Compiling ink_metadata v3.0.0-rc4
[INFO] [stderr]    Compiling ink_lang_macro v3.0.0-rc4
[INFO] [stderr]    Compiling ink_env v3.0.0-rc4
[INFO] [stderr]    Compiling ink_storage v3.0.0-rc4
[INFO] [stderr]    Compiling scale-info v0.4.1
[INFO] [stderr]    Compiling ink_lang v3.0.0-rc4
[INFO] [stderr]    Compiling gmc_bind64 v0.1.0 (/opt/rustwide/workdir)
[INFO] [stdout] error[E0277]: the trait bound `__ink_ConstructorDispatchEnum: parity_scale_codec::codec::WrapperTypeDecode` is not satisfied
[INFO] [stdout]    --> lib.rs:5:1
[INFO] [stdout]     |
[INFO] [stdout] 5   | #[ink::contract]
[INFO] [stdout]     | ^^^^^^^^^^^^^^^^ the trait `parity_scale_codec::codec::WrapperTypeDecode` is not implemented for `__ink_ConstructorDispatchEnum`
[INFO] [stdout]     | 
[INFO] [stdout]    ::: /opt/rustwide/cargo-home/registry/src/github.com-1ecc6299db9ec823/ink_env-3.0.0-rc4/src/api.rs:508:8
[INFO] [stdout]     |
[INFO] [stdout] 508 |     T: scale::Decode,
[INFO] [stdout]     |        ------------- required by this bound in `decode_input`
[INFO] [stdout]     |
[INFO] [stdout]     = note: required because of the requirements on the impl of `parity_scale_codec::codec::Decode` for `__ink_ConstructorDispatchEnum`
[INFO] [stdout]     = note: this error originates in the attribute macro `ink::contract` (in Nightly builds, run with -Z macro-backtrace for more info)
[INFO] [stdout] 
[INFO] [stdout] 
[INFO] [stdout] error[E0277]: the trait bound `__ink_MessageDispatchEnum: parity_scale_codec::codec::WrapperTypeDecode` is not satisfied
[INFO] [stdout]    --> lib.rs:5:1
[INFO] [stdout]     |
[INFO] [stdout] 5   | #[ink::contract]
[INFO] [stdout]     | ^^^^^^^^^^^^^^^^ the trait `parity_scale_codec::codec::WrapperTypeDecode` is not implemented for `__ink_MessageDispatchEnum`
[INFO] [stdout]     | 
[INFO] [stdout]    ::: /opt/rustwide/cargo-home/registry/src/github.com-1ecc6299db9ec823/ink_env-3.0.0-rc4/src/api.rs:508:8
[INFO] [stdout]     |
[INFO] [stdout] 508 |     T: scale::Decode,
[INFO] [stdout]     |        ------------- required by this bound in `decode_input`
[INFO] [stdout]     |
[INFO] [stdout]     = note: required because of the requirements on the impl of `parity_scale_codec::codec::Decode` for `__ink_MessageDispatchEnum`
[INFO] [stdout]     = note: this error originates in the attribute macro `ink::contract` (in Nightly builds, run with -Z macro-backtrace for more info)
[INFO] [stdout] 
[INFO] [stdout] 
[INFO] [stdout] error[E0277]: the trait bound `ink_env::AccountId: parity_scale_codec::codec::WrapperTypeDecode` is not satisfied
[INFO] [stdout]    --> lib.rs:5:1
[INFO] [stdout]     |
[INFO] [stdout] 5   | #[ink::contract]
[INFO] [stdout]     | ^^^^^^^^^^^^^^^^ the trait `parity_scale_codec::codec::WrapperTypeDecode` is not implemented for `ink_env::AccountId`
[INFO] [stdout]     | 
[INFO] [stdout]    ::: /opt/rustwide/cargo-home/registry/src/github.com-1ecc6299db9ec823/parity-scale-codec-1.3.7/src/codec.rs:311:18
[INFO] [stdout]     |
[INFO] [stdout] 311 |     fn decode<I: Input>(value: &mut I) -> Result<Self, Error>;
[INFO] [stdout]     |                  ----- required by this bound in `parity_scale_codec::Decode::decode`
[INFO] [stdout]     |
[INFO] [stdout]     = note: required because of the requirements on the impl of `parity_scale_codec::Decode` for `ink_env::AccountId`
[INFO] [stdout]     = note: this error originates in the attribute macro `ink::contract` (in Nightly builds, run with -Z macro-backtrace for more info)
[INFO] [stdout] 
[INFO] [stdout] 
[INFO] [stdout] error: aborting due to 3 previous errors
[INFO] [stdout] 
[INFO] [stdout] 
[INFO] [stdout] For more information about this error, try `rustc --explain E0277`.
[INFO] [stdout] 
[INFO] [stderr] error: could not compile `gmc_bind64` due to 4 previous errors
[INFO] running `Command { std: "docker" "inspect" "cb742a2dabb0c0bef0f39fbbadb63577cec13ef4ad2d9b9c8849e3c0018d62fc", kill_on_drop: false }`
[INFO] running `Command { std: "docker" "rm" "-f" "cb742a2dabb0c0bef0f39fbbadb63577cec13ef4ad2d9b9c8849e3c0018d62fc", kill_on_drop: false }`
[INFO] [stdout] cb742a2dabb0c0bef0f39fbbadb63577cec13ef4ad2d9b9c8849e3c0018d62fc
