[INFO] fetching crate githuber 0.2.6...
[INFO] testing githuber-0.2.6 against beta-2021-08-01 for beta-1.55-1
[INFO] extracting crate githuber 0.2.6 into /workspace/builds/worker-3/source
[INFO] validating manifest of crates.io crate githuber 0.2.6 on toolchain beta-2021-08-01
[INFO] running `Command { std: "/workspace/cargo-home/bin/cargo" "+beta-2021-08-01" "metadata" "--manifest-path" "Cargo.toml" "--no-deps", kill_on_drop: false }`
[INFO] started tweaking crates.io crate githuber 0.2.6
[INFO] finished tweaking crates.io crate githuber 0.2.6
[INFO] tweaked toml for crates.io crate githuber 0.2.6 written to /workspace/builds/worker-3/source/Cargo.toml
[INFO] running `Command { std: "/workspace/cargo-home/bin/cargo" "+beta-2021-08-01" "generate-lockfile" "--manifest-path" "Cargo.toml" "-Zno-index-update", kill_on_drop: false }`
[INFO] running `Command { std: "/workspace/cargo-home/bin/cargo" "+beta-2021-08-01" "fetch" "--manifest-path" "Cargo.toml", kill_on_drop: false }`
[INFO] [stderr]     Blocking waiting for file lock on package cache
[INFO] running `Command { std: "docker" "create" "-v" "/var/lib/crater-agent-workspace/builds/worker-3/target:/opt/rustwide/target:rw,Z" "-v" "/var/lib/crater-agent-workspace/builds/worker-3/source:/opt/rustwide/workdir:ro,Z" "-v" "/var/lib/crater-agent-workspace/cargo-home:/opt/rustwide/cargo-home:ro,Z" "-v" "/var/lib/crater-agent-workspace/rustup-home:/opt/rustwide/rustup-home:ro,Z" "-e" "SOURCE_DIR=/opt/rustwide/workdir" "-e" "CARGO_TARGET_DIR=/opt/rustwide/target" "-e" "CARGO_HOME=/opt/rustwide/cargo-home" "-e" "RUSTUP_HOME=/opt/rustwide/rustup-home" "-w" "/opt/rustwide/workdir" "-m" "1610612736" "--user" "0:0" "--network" "none" "ghcr.io/rust-lang/crates-build-env/linux@sha256:34b6a614d2c27851fe6cbf88fbd1137609cefab8b10d0615aaeb6fd47975d74e" "/opt/rustwide/cargo-home/bin/cargo" "+beta-2021-08-01" "metadata" "--no-deps" "--format-version=1", kill_on_drop: false }`
[INFO] [stdout] 15a4456bec3773d8dd8b2af7472b477d23995177eff19a849854524747da9fae
[INFO] [stderr] WARNING: Your kernel does not support swap limit capabilities or the cgroup is not mounted. Memory limited without swap.
[INFO] running `Command { std: "docker" "start" "-a" "15a4456bec3773d8dd8b2af7472b477d23995177eff19a849854524747da9fae", kill_on_drop: false }`
[INFO] running `Command { std: "docker" "inspect" "15a4456bec3773d8dd8b2af7472b477d23995177eff19a849854524747da9fae", kill_on_drop: false }`
[INFO] running `Command { std: "docker" "rm" "-f" "15a4456bec3773d8dd8b2af7472b477d23995177eff19a849854524747da9fae", kill_on_drop: false }`
[INFO] [stdout] 15a4456bec3773d8dd8b2af7472b477d23995177eff19a849854524747da9fae
[INFO] running `Command { std: "docker" "create" "-v" "/var/lib/crater-agent-workspace/builds/worker-3/target:/opt/rustwide/target:rw,Z" "-v" "/var/lib/crater-agent-workspace/builds/worker-3/source:/opt/rustwide/workdir:ro,Z" "-v" "/var/lib/crater-agent-workspace/cargo-home:/opt/rustwide/cargo-home:ro,Z" "-v" "/var/lib/crater-agent-workspace/rustup-home:/opt/rustwide/rustup-home:ro,Z" "-e" "SOURCE_DIR=/opt/rustwide/workdir" "-e" "CARGO_TARGET_DIR=/opt/rustwide/target" "-e" "CARGO_INCREMENTAL=0" "-e" "RUST_BACKTRACE=full" "-e" "RUSTFLAGS=--cap-lints=warn" "-e" "CARGO_HOME=/opt/rustwide/cargo-home" "-e" "RUSTUP_HOME=/opt/rustwide/rustup-home" "-w" "/opt/rustwide/workdir" "-m" "1610612736" "--user" "0:0" "--network" "none" "ghcr.io/rust-lang/crates-build-env/linux@sha256:34b6a614d2c27851fe6cbf88fbd1137609cefab8b10d0615aaeb6fd47975d74e" "/opt/rustwide/cargo-home/bin/cargo" "+beta-2021-08-01" "build" "--frozen" "--message-format=json", kill_on_drop: false }`
[INFO] [stdout] e7bbed252df498bac2d8b12e72f8ca342257afcc4590840dc3ef4827e522104e
[INFO] [stderr] WARNING: Your kernel does not support swap limit capabilities or the cgroup is not mounted. Memory limited without swap.
[INFO] running `Command { std: "docker" "start" "-a" "e7bbed252df498bac2d8b12e72f8ca342257afcc4590840dc3ef4827e522104e", kill_on_drop: false }`
[INFO] [stderr]    Compiling curl v0.4.38
[INFO] [stderr]    Compiling isahc v1.4.0
[INFO] [stderr]    Compiling libnghttp2-sys v0.1.6+1.43.0
[INFO] [stderr]    Compiling curl-sys v0.4.45+curl-7.78.0
[INFO] [stderr]    Compiling libz-sys v1.1.3
[INFO] [stderr]    Compiling polling v2.1.0
[INFO] [stderr]    Compiling sluice v0.5.4
[INFO] [stderr]    Compiling darling_core v0.12.4
[INFO] [stderr]    Compiling tracing-futures v0.2.5
[INFO] [stderr]    Compiling darling_macro v0.12.4
[INFO] [stderr]    Compiling darling v0.12.4
[INFO] [stderr]    Compiling derive_builder_core v0.10.2
[INFO] [stderr]    Compiling derive_builder_macro v0.10.2
[INFO] [stderr]    Compiling derive_builder v0.10.2
[INFO] [stderr]    Compiling githuber v0.2.6 (/opt/rustwide/workdir)
[INFO] [stderr]     Finished dev [unoptimized + debuginfo] target(s) in 23.21s
[INFO] running `Command { std: "docker" "inspect" "e7bbed252df498bac2d8b12e72f8ca342257afcc4590840dc3ef4827e522104e", kill_on_drop: false }`
[INFO] running `Command { std: "docker" "rm" "-f" "e7bbed252df498bac2d8b12e72f8ca342257afcc4590840dc3ef4827e522104e", kill_on_drop: false }`
[INFO] [stdout] e7bbed252df498bac2d8b12e72f8ca342257afcc4590840dc3ef4827e522104e
[INFO] running `Command { std: "docker" "create" "-v" "/var/lib/crater-agent-workspace/builds/worker-3/target:/opt/rustwide/target:rw,Z" "-v" "/var/lib/crater-agent-workspace/builds/worker-3/source:/opt/rustwide/workdir:ro,Z" "-v" "/var/lib/crater-agent-workspace/cargo-home:/opt/rustwide/cargo-home:ro,Z" "-v" "/var/lib/crater-agent-workspace/rustup-home:/opt/rustwide/rustup-home:ro,Z" "-e" "SOURCE_DIR=/opt/rustwide/workdir" "-e" "CARGO_TARGET_DIR=/opt/rustwide/target" "-e" "CARGO_INCREMENTAL=0" "-e" "RUST_BACKTRACE=full" "-e" "RUSTFLAGS=--cap-lints=warn" "-e" "CARGO_HOME=/opt/rustwide/cargo-home" "-e" "RUSTUP_HOME=/opt/rustwide/rustup-home" "-w" "/opt/rustwide/workdir" "-m" "1610612736" "--user" "0:0" "--network" "none" "ghcr.io/rust-lang/crates-build-env/linux@sha256:34b6a614d2c27851fe6cbf88fbd1137609cefab8b10d0615aaeb6fd47975d74e" "/opt/rustwide/cargo-home/bin/cargo" "+beta-2021-08-01" "test" "--frozen" "--no-run" "--message-format=json", kill_on_drop: false }`
[INFO] [stdout] 855f5338f65704639332911694ee7029536f147bd457aa730d463394e8bf5dd1
[INFO] [stderr] WARNING: Your kernel does not support swap limit capabilities or the cgroup is not mounted. Memory limited without swap.
[INFO] running `Command { std: "docker" "start" "-a" "855f5338f65704639332911694ee7029536f147bd457aa730d463394e8bf5dd1", kill_on_drop: false }`
[INFO] [stderr]    Compiling githuber v0.2.6 (/opt/rustwide/workdir)
[INFO] [stdout] error[E0432]: unresolved import `crate::responses::issue`
[INFO] [stdout]   --> src/requests/issues/create_an_issue.rs:81:25
[INFO] [stdout]    |
[INFO] [stdout] 81 |     use crate::{responses::issue::Issue, Githuber};
[INFO] [stdout]    |                            ^^^^^ could not find `issue` in `responses`
[INFO] [stdout] 
[INFO] [stdout] 
[INFO] [stdout] warning: unused import: `isahc::ReadResponseExt`
[INFO] [stdout]   --> src/requests/issues/create_an_issue.rs:79:6
[INFO] [stdout]    |
[INFO] [stdout] 79 |     use isahc::ReadResponseExt;
[INFO] [stdout]    |         ^^^^^^^^^^^^^^^^^^^^^^
[INFO] [stdout]    |
[INFO] [stdout]    = note: `#[warn(unused_imports)]` on by default
[INFO] [stdout] 
[INFO] [stdout] 
[INFO] [stdout] warning: unused import: `isahc::ReadResponseExt`
[INFO] [stdout]   --> src/requests/issues/create_an_issue_comment.rs:47:6
[INFO] [stdout]    |
[INFO] [stdout] 47 |     use isahc::ReadResponseExt;
[INFO] [stdout]    |         ^^^^^^^^^^^^^^^^^^^^^^
[INFO] [stdout] 
[INFO] [stdout] 
[INFO] [stdout] error[E0599]: no function or associated item named `from_env` found for struct `Githuber` in the current scope
[INFO] [stdout]   --> src/requests/issues/create_an_issue.rs:83:27
[INFO] [stdout]    |
[INFO] [stdout] 83 |     let githuber = Githuber::from_env();
[INFO] [stdout]    |                              ^^^^^^^^ function or associated item not found in `Githuber`
[INFO] [stdout]    | 
[INFO] [stdout]   ::: src/lib.rs:63:1
[INFO] [stdout]    |
[INFO] [stdout] 63 | pub struct Githuber {
[INFO] [stdout]    | ------------------- function or associated item `from_env` not found for this
[INFO] [stdout] 
[INFO] [stdout] 
[INFO] [stdout] error[E0599]: no function or associated item named `from_env` found for struct `Githuber` in the current scope
[INFO] [stdout]   --> src/requests/issues/create_an_issue_comment.rs:52:27
[INFO] [stdout]    |
[INFO] [stdout] 52 |     let githuber = Githuber::from_env();
[INFO] [stdout]    |                              ^^^^^^^^ function or associated item not found in `Githuber`
[INFO] [stdout]    | 
[INFO] [stdout]   ::: src/lib.rs:63:1
[INFO] [stdout]    |
[INFO] [stdout] 63 | pub struct Githuber {
[INFO] [stdout]    | ------------------- function or associated item `from_env` not found for this
[INFO] [stdout] 
[INFO] [stdout] 
[INFO] [stdout] error: aborting due to 3 previous errors; 2 warnings emitted
[INFO] [stdout] 
[INFO] [stdout] 
[INFO] [stdout] Some errors have detailed explanations: E0432, E0599.
[INFO] [stdout] 
[INFO] [stdout] For more information about an error, try `rustc --explain E0432`.
[INFO] [stdout] 
[INFO] [stderr] error: could not compile `githuber` due to 4 previous errors; 2 warnings emitted
[INFO] running `Command { std: "docker" "inspect" "855f5338f65704639332911694ee7029536f147bd457aa730d463394e8bf5dd1", kill_on_drop: false }`
[INFO] running `Command { std: "docker" "rm" "-f" "855f5338f65704639332911694ee7029536f147bd457aa730d463394e8bf5dd1", kill_on_drop: false }`
[INFO] [stdout] 855f5338f65704639332911694ee7029536f147bd457aa730d463394e8bf5dd1
