[INFO] fetching crate giit_rbpf 0.2.19...
[INFO] testing giit_rbpf-0.2.19 against beta-2021-08-01 for beta-1.55-1
[INFO] extracting crate giit_rbpf 0.2.19 into /workspace/builds/worker-1/source
[INFO] validating manifest of crates.io crate giit_rbpf 0.2.19 on toolchain beta-2021-08-01
[INFO] running `Command { std: "/workspace/cargo-home/bin/cargo" "+beta-2021-08-01" "metadata" "--manifest-path" "Cargo.toml" "--no-deps", kill_on_drop: false }`
[INFO] started tweaking crates.io crate giit_rbpf 0.2.19
[INFO] finished tweaking crates.io crate giit_rbpf 0.2.19
[INFO] tweaked toml for crates.io crate giit_rbpf 0.2.19 written to /workspace/builds/worker-1/source/Cargo.toml
[INFO] crate crates.io crate giit_rbpf 0.2.19 already has a lockfile, it will not be regenerated
[INFO] running `Command { std: "/workspace/cargo-home/bin/cargo" "+beta-2021-08-01" "fetch" "--manifest-path" "Cargo.toml", kill_on_drop: false }`
[INFO] [stderr]  Downloading crates ...
[INFO] [stderr]   Downloaded hash32 v0.1.0
[INFO] running `Command { std: "docker" "create" "-v" "/var/lib/crater-agent-workspace/builds/worker-1/target:/opt/rustwide/target:rw,Z" "-v" "/var/lib/crater-agent-workspace/builds/worker-1/source:/opt/rustwide/workdir:ro,Z" "-v" "/var/lib/crater-agent-workspace/cargo-home:/opt/rustwide/cargo-home:ro,Z" "-v" "/var/lib/crater-agent-workspace/rustup-home:/opt/rustwide/rustup-home:ro,Z" "-e" "SOURCE_DIR=/opt/rustwide/workdir" "-e" "CARGO_TARGET_DIR=/opt/rustwide/target" "-e" "CARGO_HOME=/opt/rustwide/cargo-home" "-e" "RUSTUP_HOME=/opt/rustwide/rustup-home" "-w" "/opt/rustwide/workdir" "-m" "1610612736" "--user" "0:0" "--network" "none" "ghcr.io/rust-lang/crates-build-env/linux@sha256:34b6a614d2c27851fe6cbf88fbd1137609cefab8b10d0615aaeb6fd47975d74e" "/opt/rustwide/cargo-home/bin/cargo" "+beta-2021-08-01" "metadata" "--no-deps" "--format-version=1", kill_on_drop: false }`
[INFO] [stdout] 947841b04e84c53fd526b2a6d6b4e4f8f4ab74b205c35523bfa01dab9c415e73
[INFO] [stderr] WARNING: Your kernel does not support swap limit capabilities or the cgroup is not mounted. Memory limited without swap.
[INFO] running `Command { std: "docker" "start" "-a" "947841b04e84c53fd526b2a6d6b4e4f8f4ab74b205c35523bfa01dab9c415e73", kill_on_drop: false }`
[INFO] running `Command { std: "docker" "inspect" "947841b04e84c53fd526b2a6d6b4e4f8f4ab74b205c35523bfa01dab9c415e73", kill_on_drop: false }`
[INFO] running `Command { std: "docker" "rm" "-f" "947841b04e84c53fd526b2a6d6b4e4f8f4ab74b205c35523bfa01dab9c415e73", kill_on_drop: false }`
[INFO] [stdout] 947841b04e84c53fd526b2a6d6b4e4f8f4ab74b205c35523bfa01dab9c415e73
[INFO] running `Command { std: "docker" "create" "-v" "/var/lib/crater-agent-workspace/builds/worker-1/target:/opt/rustwide/target:rw,Z" "-v" "/var/lib/crater-agent-workspace/builds/worker-1/source:/opt/rustwide/workdir:ro,Z" "-v" "/var/lib/crater-agent-workspace/cargo-home:/opt/rustwide/cargo-home:ro,Z" "-v" "/var/lib/crater-agent-workspace/rustup-home:/opt/rustwide/rustup-home:ro,Z" "-e" "SOURCE_DIR=/opt/rustwide/workdir" "-e" "CARGO_TARGET_DIR=/opt/rustwide/target" "-e" "CARGO_INCREMENTAL=0" "-e" "RUST_BACKTRACE=full" "-e" "RUSTFLAGS=--cap-lints=warn" "-e" "CARGO_HOME=/opt/rustwide/cargo-home" "-e" "RUSTUP_HOME=/opt/rustwide/rustup-home" "-w" "/opt/rustwide/workdir" "-m" "1610612736" "--user" "0:0" "--network" "none" "ghcr.io/rust-lang/crates-build-env/linux@sha256:34b6a614d2c27851fe6cbf88fbd1137609cefab8b10d0615aaeb6fd47975d74e" "/opt/rustwide/cargo-home/bin/cargo" "+beta-2021-08-01" "build" "--frozen" "--message-format=json", kill_on_drop: false }`
[INFO] [stdout] c7e54ef55eddf8ab7a0797f9ea73c31f8ec9ba601b7971a723d477976f45356b
[INFO] [stderr] WARNING: Your kernel does not support swap limit capabilities or the cgroup is not mounted. Memory limited without swap.
[INFO] running `Command { std: "docker" "start" "-a" "c7e54ef55eddf8ab7a0797f9ea73c31f8ec9ba601b7971a723d477976f45356b", kill_on_drop: false }`
[INFO] [stderr]    Compiling cfg-if v0.1.6
[INFO] [stderr]    Compiling byteorder v1.2.7
[INFO] [stderr]    Compiling proc-macro2 v1.0.27
[INFO] [stderr]    Compiling getrandom v0.1.14
[INFO] [stderr]    Compiling log v0.4.6
[INFO] [stderr]    Compiling hash32 v0.1.0
[INFO] [stderr]    Compiling combine v3.8.1
[INFO] [stderr]    Compiling quote v1.0.3
[INFO] [stderr]    Compiling rand_core v0.5.1
[INFO] [stderr]    Compiling syn v1.0.73
[INFO] [stderr]    Compiling rand_chacha v0.2.2
[INFO] [stderr]    Compiling rand_pcg v0.2.1
[INFO] [stderr]    Compiling rand v0.7.3
[INFO] [stderr]    Compiling scroll_derive v0.10.1
[INFO] [stderr]    Compiling thiserror-impl v1.0.26
[INFO] [stderr]    Compiling scroll v0.10.1
[INFO] [stderr]    Compiling thiserror v1.0.26
[INFO] [stderr]    Compiling goblin v0.4.2
[INFO] [stderr]    Compiling giit_rbpf v0.2.19 (/opt/rustwide/workdir)
[INFO] [stderr]     Finished dev [unoptimized + debuginfo] target(s) in 22.35s
[INFO] running `Command { std: "docker" "inspect" "c7e54ef55eddf8ab7a0797f9ea73c31f8ec9ba601b7971a723d477976f45356b", kill_on_drop: false }`
[INFO] running `Command { std: "docker" "rm" "-f" "c7e54ef55eddf8ab7a0797f9ea73c31f8ec9ba601b7971a723d477976f45356b", kill_on_drop: false }`
[INFO] [stdout] c7e54ef55eddf8ab7a0797f9ea73c31f8ec9ba601b7971a723d477976f45356b
[INFO] running `Command { std: "docker" "create" "-v" "/var/lib/crater-agent-workspace/builds/worker-1/target:/opt/rustwide/target:rw,Z" "-v" "/var/lib/crater-agent-workspace/builds/worker-1/source:/opt/rustwide/workdir:ro,Z" "-v" "/var/lib/crater-agent-workspace/cargo-home:/opt/rustwide/cargo-home:ro,Z" "-v" "/var/lib/crater-agent-workspace/rustup-home:/opt/rustwide/rustup-home:ro,Z" "-e" "SOURCE_DIR=/opt/rustwide/workdir" "-e" "CARGO_TARGET_DIR=/opt/rustwide/target" "-e" "CARGO_INCREMENTAL=0" "-e" "RUST_BACKTRACE=full" "-e" "RUSTFLAGS=--cap-lints=warn" "-e" "CARGO_HOME=/opt/rustwide/cargo-home" "-e" "RUSTUP_HOME=/opt/rustwide/rustup-home" "-w" "/opt/rustwide/workdir" "-m" "1610612736" "--user" "0:0" "--network" "none" "ghcr.io/rust-lang/crates-build-env/linux@sha256:34b6a614d2c27851fe6cbf88fbd1137609cefab8b10d0615aaeb6fd47975d74e" "/opt/rustwide/cargo-home/bin/cargo" "+beta-2021-08-01" "test" "--frozen" "--no-run" "--message-format=json", kill_on_drop: false }`
[INFO] [stderr] WARNING: Your kernel does not support swap limit capabilities or the cgroup is not mounted. Memory limited without swap.
[INFO] [stdout] 8d366c6c6085e31cbec06312cd7f243ebd2374086c36b2039f3d02796fbf3c68
[INFO] running `Command { std: "docker" "start" "-a" "8d366c6c6085e31cbec06312cd7f243ebd2374086c36b2039f3d02796fbf3c68", kill_on_drop: false }`
[INFO] [stderr]    Compiling giit_rbpf v0.2.19 (/opt/rustwide/workdir)
[INFO] [stdout] error[E0463]: can't find crate for `test_utils`
[INFO] [stdout]   --> tests/ubpf_execution.rs:11:1
[INFO] [stdout]    |
[INFO] [stdout] 11 | extern crate test_utils;
[INFO] [stdout]    | ^^^^^^^^^^^^^^^^^^^^^^^^ can't find crate
[INFO] [stdout] 
[INFO] [stdout] 
[INFO] [stdout] error: aborting due to previous error
[INFO] [stdout] 
[INFO] [stdout] 
[INFO] [stdout] For more information about this error, try `rustc --explain E0463`.
[INFO] [stdout] 
[INFO] [stdout] error[E0463]: can't find crate for `test_utils`
[INFO] [stdout]  --> tests/assembler.rs:8:1
[INFO] [stdout]   |
[INFO] [stdout] 8 | extern crate test_utils;
[INFO] [stdout]   | ^^^^^^^^^^^^^^^^^^^^^^^^ can't find crate
[INFO] [stdout] 
[INFO] [stdout] 
[INFO] [stderr] error: could not compile `giit_rbpf` due to 2 previous errors
[INFO] [stderr] warning: build failed, waiting for other jobs to finish...
[INFO] [stdout] error: aborting due to previous error
[INFO] [stdout] 
[INFO] [stdout] 
[INFO] [stdout] For more information about this error, try `rustc --explain E0463`.
[INFO] [stdout] 
[INFO] [stdout] error[E0463]: can't find crate for `test_utils`
[INFO] [stdout]   --> tests/misc.rs:23:1
[INFO] [stdout]    |
[INFO] [stdout] 23 | extern crate test_utils;
[INFO] [stdout]    | ^^^^^^^^^^^^^^^^^^^^^^^^ can't find crate
[INFO] [stdout] 
[INFO] [stdout] 
[INFO] [stdout] error: aborting due to previous error
[INFO] [stdout] 
[INFO] [stdout] 
[INFO] [stdout] For more information about this error, try `rustc --explain E0463`.
[INFO] [stdout] 
[INFO] [stderr] error: build failed
[INFO] running `Command { std: "docker" "inspect" "8d366c6c6085e31cbec06312cd7f243ebd2374086c36b2039f3d02796fbf3c68", kill_on_drop: false }`
[INFO] running `Command { std: "docker" "rm" "-f" "8d366c6c6085e31cbec06312cd7f243ebd2374086c36b2039f3d02796fbf3c68", kill_on_drop: false }`
[INFO] [stdout] 8d366c6c6085e31cbec06312cd7f243ebd2374086c36b2039f3d02796fbf3c68
