[INFO] fetching crate ghetto-lock 0.2.1...
[INFO] testing ghetto-lock-0.2.1 against beta-2021-08-01 for beta-1.55-1
[INFO] extracting crate ghetto-lock 0.2.1 into /workspace/builds/worker-7/source
[INFO] validating manifest of crates.io crate ghetto-lock 0.2.1 on toolchain beta-2021-08-01
[INFO] running `Command { std: "/workspace/cargo-home/bin/cargo" "+beta-2021-08-01" "metadata" "--manifest-path" "Cargo.toml" "--no-deps", kill_on_drop: false }`
[INFO] started tweaking crates.io crate ghetto-lock 0.2.1
[INFO] finished tweaking crates.io crate ghetto-lock 0.2.1
[INFO] tweaked toml for crates.io crate ghetto-lock 0.2.1 written to /workspace/builds/worker-7/source/Cargo.toml
[INFO] running `Command { std: "/workspace/cargo-home/bin/cargo" "+beta-2021-08-01" "generate-lockfile" "--manifest-path" "Cargo.toml" "-Zno-index-update", kill_on_drop: false }`
[INFO] running `Command { std: "/workspace/cargo-home/bin/cargo" "+beta-2021-08-01" "fetch" "--manifest-path" "Cargo.toml", kill_on_drop: false }`
[INFO] [stderr]  Downloading crates ...
[INFO] [stderr]   Downloaded memcache v0.14.0
[INFO] [stderr]   Downloaded enum_dispatch v0.2.4
[INFO] running `Command { std: "docker" "create" "-v" "/var/lib/crater-agent-workspace/builds/worker-7/target:/opt/rustwide/target:rw,Z" "-v" "/var/lib/crater-agent-workspace/builds/worker-7/source:/opt/rustwide/workdir:ro,Z" "-v" "/var/lib/crater-agent-workspace/cargo-home:/opt/rustwide/cargo-home:ro,Z" "-v" "/var/lib/crater-agent-workspace/rustup-home:/opt/rustwide/rustup-home:ro,Z" "-e" "SOURCE_DIR=/opt/rustwide/workdir" "-e" "CARGO_TARGET_DIR=/opt/rustwide/target" "-e" "CARGO_HOME=/opt/rustwide/cargo-home" "-e" "RUSTUP_HOME=/opt/rustwide/rustup-home" "-w" "/opt/rustwide/workdir" "-m" "1610612736" "--user" "0:0" "--network" "none" "ghcr.io/rust-lang/crates-build-env/linux@sha256:34b6a614d2c27851fe6cbf88fbd1137609cefab8b10d0615aaeb6fd47975d74e" "/opt/rustwide/cargo-home/bin/cargo" "+beta-2021-08-01" "metadata" "--no-deps" "--format-version=1", kill_on_drop: false }`
[INFO] [stderr] WARNING: Your kernel does not support swap limit capabilities or the cgroup is not mounted. Memory limited without swap.
[INFO] [stdout] a43571c4f3bd8069a08be8bfa903f32e2ec121a6f7d29f44c303c6fd69cc0280
[INFO] running `Command { std: "docker" "start" "-a" "a43571c4f3bd8069a08be8bfa903f32e2ec121a6f7d29f44c303c6fd69cc0280", kill_on_drop: false }`
[INFO] running `Command { std: "docker" "inspect" "a43571c4f3bd8069a08be8bfa903f32e2ec121a6f7d29f44c303c6fd69cc0280", kill_on_drop: false }`
[INFO] running `Command { std: "docker" "rm" "-f" "a43571c4f3bd8069a08be8bfa903f32e2ec121a6f7d29f44c303c6fd69cc0280", kill_on_drop: false }`
[INFO] [stdout] a43571c4f3bd8069a08be8bfa903f32e2ec121a6f7d29f44c303c6fd69cc0280
[INFO] running `Command { std: "docker" "create" "-v" "/var/lib/crater-agent-workspace/builds/worker-7/target:/opt/rustwide/target:rw,Z" "-v" "/var/lib/crater-agent-workspace/builds/worker-7/source:/opt/rustwide/workdir:ro,Z" "-v" "/var/lib/crater-agent-workspace/cargo-home:/opt/rustwide/cargo-home:ro,Z" "-v" "/var/lib/crater-agent-workspace/rustup-home:/opt/rustwide/rustup-home:ro,Z" "-e" "SOURCE_DIR=/opt/rustwide/workdir" "-e" "CARGO_TARGET_DIR=/opt/rustwide/target" "-e" "CARGO_INCREMENTAL=0" "-e" "RUST_BACKTRACE=full" "-e" "RUSTFLAGS=--cap-lints=warn" "-e" "CARGO_HOME=/opt/rustwide/cargo-home" "-e" "RUSTUP_HOME=/opt/rustwide/rustup-home" "-w" "/opt/rustwide/workdir" "-m" "1610612736" "--user" "0:0" "--network" "none" "ghcr.io/rust-lang/crates-build-env/linux@sha256:34b6a614d2c27851fe6cbf88fbd1137609cefab8b10d0615aaeb6fd47975d74e" "/opt/rustwide/cargo-home/bin/cargo" "+beta-2021-08-01" "build" "--frozen" "--message-format=json", kill_on_drop: false }`
[INFO] [stdout] 7f5ebdaee9dbc2ed747c611033c877e5d4555ad145257fec67aba3926f7266f5
[INFO] [stderr] WARNING: Your kernel does not support swap limit capabilities or the cgroup is not mounted. Memory limited without swap.
[INFO] running `Command { std: "docker" "start" "-a" "7f5ebdaee9dbc2ed747c611033c877e5d4555ad145257fec67aba3926f7266f5", kill_on_drop: false }`
[INFO] [stderr]    Compiling enum_dispatch v0.2.4
[INFO] [stdout] error[E0433]: failed to resolve: could not find `export` in `syn`
[INFO] [stdout]   --> /opt/rustwide/cargo-home/registry/src/github.com-1ecc6299db9ec823/enum_dispatch-0.2.4/src/enum_dispatch_item.rs:58:11
[INFO] [stdout]    |
[INFO] [stdout] 58 | impl syn::export::quote::ToTokens for EnumDispatchItem {
[INFO] [stdout]    |           ^^^^^^ could not find `export` in `syn`
[INFO] [stdout] 
[INFO] [stdout] 
[INFO] [stdout] error[E0433]: failed to resolve: could not find `export` in `syn`
[INFO] [stdout]   --> /opt/rustwide/cargo-home/registry/src/github.com-1ecc6299db9ec823/enum_dispatch-0.2.4/src/enum_dispatch_variant.rs:51:11
[INFO] [stdout]    |
[INFO] [stdout] 51 | impl syn::export::quote::ToTokens for EnumDispatchVariant {
[INFO] [stdout]    |           ^^^^^^ could not find `export` in `syn`
[INFO] [stdout] 
[INFO] [stdout] 
[INFO] [stdout] error[E0433]: failed to resolve: could not find `export` in `syn`
[INFO] [stdout]    --> /opt/rustwide/cargo-home/registry/src/github.com-1ecc6299db9ec823/enum_dispatch-0.2.4/src/expansion.rs:243:69
[INFO] [stdout]     |
[INFO] [stdout] 243 |                         ident: syn::Ident::new("self", syn::export::Span::call_site()),
[INFO] [stdout]     |                                                                     ^^^^ not found in `syn::export`
[INFO] [stdout]     |
[INFO] [stdout] help: consider importing one of these items
[INFO] [stdout]     |
[INFO] [stdout] 3   | use crate::expansion::proc_macro::Span;
[INFO] [stdout]     |
[INFO] [stdout] 3   | use crate::expansion::proc_macro::bridge::server::Span;
[INFO] [stdout]     |
[INFO] [stdout] 3   | use crate::expansion::syn::__private::Span;
[INFO] [stdout]     |
[INFO] [stdout] 3   | use proc_macro2::Span;
[INFO] [stdout]     |
[INFO] [stdout]       and 4 other candidates
[INFO] [stdout] 
[INFO] [stdout] 
[INFO] [stdout] error: aborting due to 3 previous errors
[INFO] [stdout] 
[INFO] [stdout] 
[INFO] [stdout] For more information about this error, try `rustc --explain E0433`.
[INFO] [stdout] 
[INFO] [stderr] error: could not compile `enum_dispatch` due to 4 previous errors
[INFO] running `Command { std: "docker" "inspect" "7f5ebdaee9dbc2ed747c611033c877e5d4555ad145257fec67aba3926f7266f5", kill_on_drop: false }`
[INFO] running `Command { std: "docker" "rm" "-f" "7f5ebdaee9dbc2ed747c611033c877e5d4555ad145257fec67aba3926f7266f5", kill_on_drop: false }`
[INFO] [stdout] 7f5ebdaee9dbc2ed747c611033c877e5d4555ad145257fec67aba3926f7266f5
