[INFO] fetching crate geojson-antimeridian-cut 0.1.0-alpha.1...
[INFO] testing geojson-antimeridian-cut-0.1.0-alpha.1 against beta-2021-08-01 for beta-1.55-1
[INFO] extracting crate geojson-antimeridian-cut 0.1.0-alpha.1 into /workspace/builds/worker-81/source
[INFO] validating manifest of crates.io crate geojson-antimeridian-cut 0.1.0-alpha.1 on toolchain beta-2021-08-01
[INFO] running `Command { std: "/workspace/cargo-home/bin/cargo" "+beta-2021-08-01" "metadata" "--manifest-path" "Cargo.toml" "--no-deps", kill_on_drop: false }`
[INFO] started tweaking crates.io crate geojson-antimeridian-cut 0.1.0-alpha.1
[INFO] finished tweaking crates.io crate geojson-antimeridian-cut 0.1.0-alpha.1
[INFO] tweaked toml for crates.io crate geojson-antimeridian-cut 0.1.0-alpha.1 written to /workspace/builds/worker-81/source/Cargo.toml
[INFO] running `Command { std: "/workspace/cargo-home/bin/cargo" "+beta-2021-08-01" "generate-lockfile" "--manifest-path" "Cargo.toml" "-Zno-index-update", kill_on_drop: false }`
[INFO] [stderr]     Blocking waiting for file lock on package cache
[INFO] running `Command { std: "/workspace/cargo-home/bin/cargo" "+beta-2021-08-01" "fetch" "--manifest-path" "Cargo.toml", kill_on_drop: false }`
[INFO] [stderr]     Blocking waiting for file lock on package cache
[INFO] running `Command { std: "docker" "create" "-v" "/var/lib/crater-agent-workspace/builds/worker-81/target:/opt/rustwide/target:rw,Z" "-v" "/var/lib/crater-agent-workspace/builds/worker-81/source:/opt/rustwide/workdir:ro,Z" "-v" "/var/lib/crater-agent-workspace/cargo-home:/opt/rustwide/cargo-home:ro,Z" "-v" "/var/lib/crater-agent-workspace/rustup-home:/opt/rustwide/rustup-home:ro,Z" "-e" "SOURCE_DIR=/opt/rustwide/workdir" "-e" "CARGO_TARGET_DIR=/opt/rustwide/target" "-e" "CARGO_HOME=/opt/rustwide/cargo-home" "-e" "RUSTUP_HOME=/opt/rustwide/rustup-home" "-w" "/opt/rustwide/workdir" "-m" "1610612736" "--user" "0:0" "--network" "none" "ghcr.io/rust-lang/crates-build-env/linux@sha256:34b6a614d2c27851fe6cbf88fbd1137609cefab8b10d0615aaeb6fd47975d74e" "/opt/rustwide/cargo-home/bin/cargo" "+beta-2021-08-01" "metadata" "--no-deps" "--format-version=1", kill_on_drop: false }`
[INFO] [stdout] a34f744ea28d4393b134795f6dc4777bfa793d9b5257b59b11803f0263f925f8
[INFO] running `Command { std: "docker" "start" "-a" "a34f744ea28d4393b134795f6dc4777bfa793d9b5257b59b11803f0263f925f8", kill_on_drop: false }`
[INFO] running `Command { std: "docker" "inspect" "a34f744ea28d4393b134795f6dc4777bfa793d9b5257b59b11803f0263f925f8", kill_on_drop: false }`
[INFO] running `Command { std: "docker" "rm" "-f" "a34f744ea28d4393b134795f6dc4777bfa793d9b5257b59b11803f0263f925f8", kill_on_drop: false }`
[INFO] [stdout] a34f744ea28d4393b134795f6dc4777bfa793d9b5257b59b11803f0263f925f8
[INFO] running `Command { std: "docker" "create" "-v" "/var/lib/crater-agent-workspace/builds/worker-81/target:/opt/rustwide/target:rw,Z" "-v" "/var/lib/crater-agent-workspace/builds/worker-81/source:/opt/rustwide/workdir:ro,Z" "-v" "/var/lib/crater-agent-workspace/cargo-home:/opt/rustwide/cargo-home:ro,Z" "-v" "/var/lib/crater-agent-workspace/rustup-home:/opt/rustwide/rustup-home:ro,Z" "-e" "SOURCE_DIR=/opt/rustwide/workdir" "-e" "CARGO_TARGET_DIR=/opt/rustwide/target" "-e" "CARGO_INCREMENTAL=0" "-e" "RUST_BACKTRACE=full" "-e" "RUSTFLAGS=--cap-lints=warn" "-e" "CARGO_HOME=/opt/rustwide/cargo-home" "-e" "RUSTUP_HOME=/opt/rustwide/rustup-home" "-w" "/opt/rustwide/workdir" "-m" "1610612736" "--user" "0:0" "--network" "none" "ghcr.io/rust-lang/crates-build-env/linux@sha256:34b6a614d2c27851fe6cbf88fbd1137609cefab8b10d0615aaeb6fd47975d74e" "/opt/rustwide/cargo-home/bin/cargo" "+beta-2021-08-01" "build" "--frozen" "--message-format=json", kill_on_drop: false }`
[INFO] [stdout] b1d2792c62f167c7dc8ad76dfceed255301a78474e6e2b3621a32acd6cfaf4c9
[INFO] running `Command { std: "docker" "start" "-a" "b1d2792c62f167c7dc8ad76dfceed255301a78474e6e2b3621a32acd6cfaf4c9", kill_on_drop: false }`
[INFO] [stderr]     Blocking waiting for file lock on package cache
[INFO] [stderr]    Compiling serde v1.0.127
[INFO] [stderr]    Compiling ryu v1.0.5
[INFO] [stderr]    Compiling autocfg v1.0.1
[INFO] [stderr]    Compiling serde_json v1.0.66
[INFO] [stderr]    Compiling itoa v0.4.7
[INFO] [stderr]    Compiling num-traits v0.2.14
[INFO] [stderr]    Compiling geojson v0.16.0
[INFO] [stderr]    Compiling geojson-antimeridian-cut v0.1.0-alpha.1 (/opt/rustwide/workdir)
[INFO] [stderr]     Finished dev [unoptimized + debuginfo] target(s) in 9.93s
[INFO] running `Command { std: "docker" "inspect" "b1d2792c62f167c7dc8ad76dfceed255301a78474e6e2b3621a32acd6cfaf4c9", kill_on_drop: false }`
[INFO] running `Command { std: "docker" "rm" "-f" "b1d2792c62f167c7dc8ad76dfceed255301a78474e6e2b3621a32acd6cfaf4c9", kill_on_drop: false }`
[INFO] [stdout] b1d2792c62f167c7dc8ad76dfceed255301a78474e6e2b3621a32acd6cfaf4c9
[INFO] running `Command { std: "docker" "create" "-v" "/var/lib/crater-agent-workspace/builds/worker-81/target:/opt/rustwide/target:rw,Z" "-v" "/var/lib/crater-agent-workspace/builds/worker-81/source:/opt/rustwide/workdir:ro,Z" "-v" "/var/lib/crater-agent-workspace/cargo-home:/opt/rustwide/cargo-home:ro,Z" "-v" "/var/lib/crater-agent-workspace/rustup-home:/opt/rustwide/rustup-home:ro,Z" "-e" "SOURCE_DIR=/opt/rustwide/workdir" "-e" "CARGO_TARGET_DIR=/opt/rustwide/target" "-e" "CARGO_INCREMENTAL=0" "-e" "RUST_BACKTRACE=full" "-e" "RUSTFLAGS=--cap-lints=warn" "-e" "CARGO_HOME=/opt/rustwide/cargo-home" "-e" "RUSTUP_HOME=/opt/rustwide/rustup-home" "-w" "/opt/rustwide/workdir" "-m" "1610612736" "--user" "0:0" "--network" "none" "ghcr.io/rust-lang/crates-build-env/linux@sha256:34b6a614d2c27851fe6cbf88fbd1137609cefab8b10d0615aaeb6fd47975d74e" "/opt/rustwide/cargo-home/bin/cargo" "+beta-2021-08-01" "test" "--frozen" "--no-run" "--message-format=json", kill_on_drop: false }`
[INFO] [stdout] d03152d6fbe7ad2fcc5bb500b688336ccee943131df205b2c20a8a3019f0dad4
[INFO] running `Command { std: "docker" "start" "-a" "d03152d6fbe7ad2fcc5bb500b688336ccee943131df205b2c20a8a3019f0dad4", kill_on_drop: false }`
[INFO] [stderr]    Compiling geojson-antimeridian-cut v0.1.0-alpha.1 (/opt/rustwide/workdir)
[INFO] [stdout] error[E0277]: the trait bound `geojson::Geometry: From<serde_json::Value>` is not satisfied
[INFO] [stdout]   --> src/geometry.rs:45:14
[INFO] [stdout]    |
[INFO] [stdout] 45 |             .try_into()
[INFO] [stdout]    |              ^^^^^^^^ the trait `From<serde_json::Value>` is not implemented for `geojson::Geometry`
[INFO] [stdout]    |
[INFO] [stdout]    = note: required because of the requirements on the impl of `Into<geojson::Geometry>` for `serde_json::Value`
[INFO] [stdout]    = note: required because of the requirements on the impl of `TryFrom<serde_json::Value>` for `geojson::Geometry`
[INFO] [stdout]    = note: required because of the requirements on the impl of `std::convert::TryInto<geojson::Geometry>` for `serde_json::Value`
[INFO] [stdout] 
[INFO] [stdout] 
[INFO] [stdout] error[E0277]: the trait bound `geojson::Geometry: From<serde_json::Value>` is not satisfied
[INFO] [stdout]   --> src/geometry.rs:58:14
[INFO] [stdout]    |
[INFO] [stdout] 58 |             .try_into()
[INFO] [stdout]    |              ^^^^^^^^ the trait `From<serde_json::Value>` is not implemented for `geojson::Geometry`
[INFO] [stdout]    |
[INFO] [stdout]    = note: required because of the requirements on the impl of `Into<geojson::Geometry>` for `serde_json::Value`
[INFO] [stdout]    = note: required because of the requirements on the impl of `TryFrom<serde_json::Value>` for `geojson::Geometry`
[INFO] [stdout]    = note: required because of the requirements on the impl of `std::convert::TryInto<geojson::Geometry>` for `serde_json::Value`
[INFO] [stdout] 
[INFO] [stdout] 
[INFO] [stdout] error[E0277]: the trait bound `geojson::Geometry: From<serde_json::Value>` is not satisfied
[INFO] [stdout]   --> src/geometry.rs:68:14
[INFO] [stdout]    |
[INFO] [stdout] 68 |             .try_into()
[INFO] [stdout]    |              ^^^^^^^^ the trait `From<serde_json::Value>` is not implemented for `geojson::Geometry`
[INFO] [stdout]    |
[INFO] [stdout]    = note: required because of the requirements on the impl of `Into<geojson::Geometry>` for `serde_json::Value`
[INFO] [stdout]    = note: required because of the requirements on the impl of `TryFrom<serde_json::Value>` for `geojson::Geometry`
[INFO] [stdout]    = note: required because of the requirements on the impl of `std::convert::TryInto<geojson::Geometry>` for `serde_json::Value`
[INFO] [stdout] 
[INFO] [stdout] 
[INFO] [stdout] error[E0277]: the trait bound `geojson::Geometry: From<serde_json::Value>` is not satisfied
[INFO] [stdout]   --> src/geometry.rs:81:14
[INFO] [stdout]    |
[INFO] [stdout] 81 |             .try_into()
[INFO] [stdout]    |              ^^^^^^^^ the trait `From<serde_json::Value>` is not implemented for `geojson::Geometry`
[INFO] [stdout]    |
[INFO] [stdout]    = note: required because of the requirements on the impl of `Into<geojson::Geometry>` for `serde_json::Value`
[INFO] [stdout]    = note: required because of the requirements on the impl of `TryFrom<serde_json::Value>` for `geojson::Geometry`
[INFO] [stdout]    = note: required because of the requirements on the impl of `std::convert::TryInto<geojson::Geometry>` for `serde_json::Value`
[INFO] [stdout] 
[INFO] [stdout] 
[INFO] [stdout] error[E0277]: the trait bound `geojson::Geometry: From<serde_json::Value>` is not satisfied
[INFO] [stdout]   --> src/geometry.rs:91:14
[INFO] [stdout]    |
[INFO] [stdout] 91 |             .try_into()
[INFO] [stdout]    |              ^^^^^^^^ the trait `From<serde_json::Value>` is not implemented for `geojson::Geometry`
[INFO] [stdout]    |
[INFO] [stdout]    = note: required because of the requirements on the impl of `Into<geojson::Geometry>` for `serde_json::Value`
[INFO] [stdout]    = note: required because of the requirements on the impl of `TryFrom<serde_json::Value>` for `geojson::Geometry`
[INFO] [stdout]    = note: required because of the requirements on the impl of `std::convert::TryInto<geojson::Geometry>` for `serde_json::Value`
[INFO] [stdout] 
[INFO] [stdout] 
[INFO] [stdout] error[E0277]: the trait bound `geojson::Geometry: From<serde_json::Value>` is not satisfied
[INFO] [stdout]    --> src/geometry.rs:108:14
[INFO] [stdout]     |
[INFO] [stdout] 108 |             .try_into()
[INFO] [stdout]     |              ^^^^^^^^ the trait `From<serde_json::Value>` is not implemented for `geojson::Geometry`
[INFO] [stdout]     |
[INFO] [stdout]     = note: required because of the requirements on the impl of `Into<geojson::Geometry>` for `serde_json::Value`
[INFO] [stdout]     = note: required because of the requirements on the impl of `TryFrom<serde_json::Value>` for `geojson::Geometry`
[INFO] [stdout]     = note: required because of the requirements on the impl of `std::convert::TryInto<geojson::Geometry>` for `serde_json::Value`
[INFO] [stdout] 
[INFO] [stdout] 
[INFO] [stdout] error[E0277]: the trait bound `geojson::Geometry: From<serde_json::Value>` is not satisfied
[INFO] [stdout]    --> src/geometry.rs:119:14
[INFO] [stdout]     |
[INFO] [stdout] 119 |             .try_into()
[INFO] [stdout]     |              ^^^^^^^^ the trait `From<serde_json::Value>` is not implemented for `geojson::Geometry`
[INFO] [stdout]     |
[INFO] [stdout]     = note: required because of the requirements on the impl of `Into<geojson::Geometry>` for `serde_json::Value`
[INFO] [stdout]     = note: required because of the requirements on the impl of `TryFrom<serde_json::Value>` for `geojson::Geometry`
[INFO] [stdout]     = note: required because of the requirements on the impl of `std::convert::TryInto<geojson::Geometry>` for `serde_json::Value`
[INFO] [stdout] 
[INFO] [stdout] 
[INFO] [stdout] error[E0277]: the trait bound `geojson::Geometry: From<serde_json::Value>` is not satisfied
[INFO] [stdout]    --> src/geometry.rs:139:14
[INFO] [stdout]     |
[INFO] [stdout] 139 |             .try_into()
[INFO] [stdout]     |              ^^^^^^^^ the trait `From<serde_json::Value>` is not implemented for `geojson::Geometry`
[INFO] [stdout]     |
[INFO] [stdout]     = note: required because of the requirements on the impl of `Into<geojson::Geometry>` for `serde_json::Value`
[INFO] [stdout]     = note: required because of the requirements on the impl of `TryFrom<serde_json::Value>` for `geojson::Geometry`
[INFO] [stdout]     = note: required because of the requirements on the impl of `std::convert::TryInto<geojson::Geometry>` for `serde_json::Value`
[INFO] [stdout] 
[INFO] [stdout] 
[INFO] [stdout] error[E0277]: the trait bound `geojson::Geometry: From<serde_json::Value>` is not satisfied
[INFO] [stdout]    --> src/geometry.rs:156:14
[INFO] [stdout]     |
[INFO] [stdout] 156 |             .try_into()
[INFO] [stdout]     |              ^^^^^^^^ the trait `From<serde_json::Value>` is not implemented for `geojson::Geometry`
[INFO] [stdout]     |
[INFO] [stdout]     = note: required because of the requirements on the impl of `Into<geojson::Geometry>` for `serde_json::Value`
[INFO] [stdout]     = note: required because of the requirements on the impl of `TryFrom<serde_json::Value>` for `geojson::Geometry`
[INFO] [stdout]     = note: required because of the requirements on the impl of `std::convert::TryInto<geojson::Geometry>` for `serde_json::Value`
[INFO] [stdout] 
[INFO] [stdout] 
[INFO] [stdout] error[E0277]: the trait bound `geojson::Geometry: From<serde_json::Value>` is not satisfied
[INFO] [stdout]    --> src/geometry.rs:167:14
[INFO] [stdout]     |
[INFO] [stdout] 167 |             .try_into()
[INFO] [stdout]     |              ^^^^^^^^ the trait `From<serde_json::Value>` is not implemented for `geojson::Geometry`
[INFO] [stdout]     |
[INFO] [stdout]     = note: required because of the requirements on the impl of `Into<geojson::Geometry>` for `serde_json::Value`
[INFO] [stdout]     = note: required because of the requirements on the impl of `TryFrom<serde_json::Value>` for `geojson::Geometry`
[INFO] [stdout]     = note: required because of the requirements on the impl of `std::convert::TryInto<geojson::Geometry>` for `serde_json::Value`
[INFO] [stdout] 
[INFO] [stdout] 
[INFO] [stdout] error[E0277]: the trait bound `geojson::Geometry: From<serde_json::Value>` is not satisfied
[INFO] [stdout]    --> src/geometry.rs:184:14
[INFO] [stdout]     |
[INFO] [stdout] 184 |             .try_into()
[INFO] [stdout]     |              ^^^^^^^^ the trait `From<serde_json::Value>` is not implemented for `geojson::Geometry`
[INFO] [stdout]     |
[INFO] [stdout]     = note: required because of the requirements on the impl of `Into<geojson::Geometry>` for `serde_json::Value`
[INFO] [stdout]     = note: required because of the requirements on the impl of `TryFrom<serde_json::Value>` for `geojson::Geometry`
[INFO] [stdout]     = note: required because of the requirements on the impl of `std::convert::TryInto<geojson::Geometry>` for `serde_json::Value`
[INFO] [stdout] 
[INFO] [stdout] 
[INFO] [stdout] error[E0277]: the trait bound `geojson::Geometry: From<serde_json::Value>` is not satisfied
[INFO] [stdout]    --> src/geometry.rs:196:14
[INFO] [stdout]     |
[INFO] [stdout] 196 |             .try_into()
[INFO] [stdout]     |              ^^^^^^^^ the trait `From<serde_json::Value>` is not implemented for `geojson::Geometry`
[INFO] [stdout]     |
[INFO] [stdout]     = note: required because of the requirements on the impl of `Into<geojson::Geometry>` for `serde_json::Value`
[INFO] [stdout]     = note: required because of the requirements on the impl of `TryFrom<serde_json::Value>` for `geojson::Geometry`
[INFO] [stdout]     = note: required because of the requirements on the impl of `std::convert::TryInto<geojson::Geometry>` for `serde_json::Value`
[INFO] [stdout] 
[INFO] [stdout] 
[INFO] [stdout] error[E0277]: the trait bound `geojson::Geometry: From<serde_json::Value>` is not satisfied
[INFO] [stdout]    --> src/geometry.rs:219:14
[INFO] [stdout]     |
[INFO] [stdout] 219 |             .try_into()
[INFO] [stdout]     |              ^^^^^^^^ the trait `From<serde_json::Value>` is not implemented for `geojson::Geometry`
[INFO] [stdout]     |
[INFO] [stdout]     = note: required because of the requirements on the impl of `Into<geojson::Geometry>` for `serde_json::Value`
[INFO] [stdout]     = note: required because of the requirements on the impl of `TryFrom<serde_json::Value>` for `geojson::Geometry`
[INFO] [stdout]     = note: required because of the requirements on the impl of `std::convert::TryInto<geojson::Geometry>` for `serde_json::Value`
[INFO] [stdout] 
[INFO] [stdout] 
[INFO] [stdout] error[E0277]: the trait bound `geojson::Geometry: From<serde_json::Value>` is not satisfied
[INFO] [stdout]    --> src/geometry.rs:238:14
[INFO] [stdout]     |
[INFO] [stdout] 238 |             .try_into()
[INFO] [stdout]     |              ^^^^^^^^ the trait `From<serde_json::Value>` is not implemented for `geojson::Geometry`
[INFO] [stdout]     |
[INFO] [stdout]     = note: required because of the requirements on the impl of `Into<geojson::Geometry>` for `serde_json::Value`
[INFO] [stdout]     = note: required because of the requirements on the impl of `TryFrom<serde_json::Value>` for `geojson::Geometry`
[INFO] [stdout]     = note: required because of the requirements on the impl of `std::convert::TryInto<geojson::Geometry>` for `serde_json::Value`
[INFO] [stdout] 
[INFO] [stdout] 
[INFO] [stdout] error[E0277]: the trait bound `geojson::Geometry: From<serde_json::Value>` is not satisfied
[INFO] [stdout]    --> src/geometry.rs:260:14
[INFO] [stdout]     |
[INFO] [stdout] 260 |             .try_into()
[INFO] [stdout]     |              ^^^^^^^^ the trait `From<serde_json::Value>` is not implemented for `geojson::Geometry`
[INFO] [stdout]     |
[INFO] [stdout]     = note: required because of the requirements on the impl of `Into<geojson::Geometry>` for `serde_json::Value`
[INFO] [stdout]     = note: required because of the requirements on the impl of `TryFrom<serde_json::Value>` for `geojson::Geometry`
[INFO] [stdout]     = note: required because of the requirements on the impl of `std::convert::TryInto<geojson::Geometry>` for `serde_json::Value`
[INFO] [stdout] 
[INFO] [stdout] 
[INFO] [stdout] error[E0277]: the trait bound `geojson::Geometry: From<serde_json::Value>` is not satisfied
[INFO] [stdout]    --> src/geometry.rs:281:14
[INFO] [stdout]     |
[INFO] [stdout] 281 |             .try_into()
[INFO] [stdout]     |              ^^^^^^^^ the trait `From<serde_json::Value>` is not implemented for `geojson::Geometry`
[INFO] [stdout]     |
[INFO] [stdout]     = note: required because of the requirements on the impl of `Into<geojson::Geometry>` for `serde_json::Value`
[INFO] [stdout]     = note: required because of the requirements on the impl of `TryFrom<serde_json::Value>` for `geojson::Geometry`
[INFO] [stdout]     = note: required because of the requirements on the impl of `std::convert::TryInto<geojson::Geometry>` for `serde_json::Value`
[INFO] [stdout] 
[INFO] [stdout] 
[INFO] [stdout] error[E0277]: the trait bound `geojson::Geometry: From<serde_json::Value>` is not satisfied
[INFO] [stdout]    --> src/geometry.rs:303:14
[INFO] [stdout]     |
[INFO] [stdout] 303 |             .try_into()
[INFO] [stdout]     |              ^^^^^^^^ the trait `From<serde_json::Value>` is not implemented for `geojson::Geometry`
[INFO] [stdout]     |
[INFO] [stdout]     = note: required because of the requirements on the impl of `Into<geojson::Geometry>` for `serde_json::Value`
[INFO] [stdout]     = note: required because of the requirements on the impl of `TryFrom<serde_json::Value>` for `geojson::Geometry`
[INFO] [stdout]     = note: required because of the requirements on the impl of `std::convert::TryInto<geojson::Geometry>` for `serde_json::Value`
[INFO] [stdout] 
[INFO] [stdout] 
[INFO] [stdout] error[E0277]: the trait bound `geojson::Geometry: From<serde_json::Value>` is not satisfied
[INFO] [stdout]    --> src/geometry.rs:324:14
[INFO] [stdout]     |
[INFO] [stdout] 324 |             .try_into()
[INFO] [stdout]     |              ^^^^^^^^ the trait `From<serde_json::Value>` is not implemented for `geojson::Geometry`
[INFO] [stdout]     |
[INFO] [stdout]     = note: required because of the requirements on the impl of `Into<geojson::Geometry>` for `serde_json::Value`
[INFO] [stdout]     = note: required because of the requirements on the impl of `TryFrom<serde_json::Value>` for `geojson::Geometry`
[INFO] [stdout]     = note: required because of the requirements on the impl of `std::convert::TryInto<geojson::Geometry>` for `serde_json::Value`
[INFO] [stdout] 
[INFO] [stdout] 
[INFO] [stdout] error[E0277]: the trait bound `geojson::Geometry: From<serde_json::Value>` is not satisfied
[INFO] [stdout]    --> src/geometry.rs:346:14
[INFO] [stdout]     |
[INFO] [stdout] 346 |             .try_into()
[INFO] [stdout]     |              ^^^^^^^^ the trait `From<serde_json::Value>` is not implemented for `geojson::Geometry`
[INFO] [stdout]     |
[INFO] [stdout]     = note: required because of the requirements on the impl of `Into<geojson::Geometry>` for `serde_json::Value`
[INFO] [stdout]     = note: required because of the requirements on the impl of `TryFrom<serde_json::Value>` for `geojson::Geometry`
[INFO] [stdout]     = note: required because of the requirements on the impl of `std::convert::TryInto<geojson::Geometry>` for `serde_json::Value`
[INFO] [stdout] 
[INFO] [stdout] 
[INFO] [stdout] error[E0277]: the trait bound `geojson::Geometry: From<serde_json::Value>` is not satisfied
[INFO] [stdout]    --> src/geometry.rs:365:14
[INFO] [stdout]     |
[INFO] [stdout] 365 |             .try_into()
[INFO] [stdout]     |              ^^^^^^^^ the trait `From<serde_json::Value>` is not implemented for `geojson::Geometry`
[INFO] [stdout]     |
[INFO] [stdout]     = note: required because of the requirements on the impl of `Into<geojson::Geometry>` for `serde_json::Value`
[INFO] [stdout]     = note: required because of the requirements on the impl of `TryFrom<serde_json::Value>` for `geojson::Geometry`
[INFO] [stdout]     = note: required because of the requirements on the impl of `std::convert::TryInto<geojson::Geometry>` for `serde_json::Value`
[INFO] [stdout] 
[INFO] [stdout] 
[INFO] [stdout] error[E0277]: the trait bound `geojson::Geometry: From<serde_json::Value>` is not satisfied
[INFO] [stdout]    --> src/geometry.rs:387:14
[INFO] [stdout]     |
[INFO] [stdout] 387 |             .try_into()
[INFO] [stdout]     |              ^^^^^^^^ the trait `From<serde_json::Value>` is not implemented for `geojson::Geometry`
[INFO] [stdout]     |
[INFO] [stdout]     = note: required because of the requirements on the impl of `Into<geojson::Geometry>` for `serde_json::Value`
[INFO] [stdout]     = note: required because of the requirements on the impl of `TryFrom<serde_json::Value>` for `geojson::Geometry`
[INFO] [stdout]     = note: required because of the requirements on the impl of `std::convert::TryInto<geojson::Geometry>` for `serde_json::Value`
[INFO] [stdout] 
[INFO] [stdout] 
[INFO] [stdout] error[E0277]: the trait bound `geojson::Geometry: From<serde_json::Value>` is not satisfied
[INFO] [stdout]    --> src/geometry.rs:410:14
[INFO] [stdout]     |
[INFO] [stdout] 410 |             .try_into()
[INFO] [stdout]     |              ^^^^^^^^ the trait `From<serde_json::Value>` is not implemented for `geojson::Geometry`
[INFO] [stdout]     |
[INFO] [stdout]     = note: required because of the requirements on the impl of `Into<geojson::Geometry>` for `serde_json::Value`
[INFO] [stdout]     = note: required because of the requirements on the impl of `TryFrom<serde_json::Value>` for `geojson::Geometry`
[INFO] [stdout]     = note: required because of the requirements on the impl of `std::convert::TryInto<geojson::Geometry>` for `serde_json::Value`
[INFO] [stdout] 
[INFO] [stdout] 
[INFO] [stdout] error[E0277]: the trait bound `geojson::Geometry: From<serde_json::Value>` is not satisfied
[INFO] [stdout]    --> src/geometry.rs:450:14
[INFO] [stdout]     |
[INFO] [stdout] 450 |             .try_into()
[INFO] [stdout]     |              ^^^^^^^^ the trait `From<serde_json::Value>` is not implemented for `geojson::Geometry`
[INFO] [stdout]     |
[INFO] [stdout]     = note: required because of the requirements on the impl of `Into<geojson::Geometry>` for `serde_json::Value`
[INFO] [stdout]     = note: required because of the requirements on the impl of `TryFrom<serde_json::Value>` for `geojson::Geometry`
[INFO] [stdout]     = note: required because of the requirements on the impl of `std::convert::TryInto<geojson::Geometry>` for `serde_json::Value`
[INFO] [stdout] 
[INFO] [stdout] 
[INFO] [stdout] error[E0277]: the trait bound `geojson::Geometry: From<serde_json::Value>` is not satisfied
[INFO] [stdout]    --> src/geometry.rs:482:14
[INFO] [stdout]     |
[INFO] [stdout] 482 |             .try_into()
[INFO] [stdout]     |              ^^^^^^^^ the trait `From<serde_json::Value>` is not implemented for `geojson::Geometry`
[INFO] [stdout]     |
[INFO] [stdout]     = note: required because of the requirements on the impl of `Into<geojson::Geometry>` for `serde_json::Value`
[INFO] [stdout]     = note: required because of the requirements on the impl of `TryFrom<serde_json::Value>` for `geojson::Geometry`
[INFO] [stdout]     = note: required because of the requirements on the impl of `std::convert::TryInto<geojson::Geometry>` for `serde_json::Value`
[INFO] [stdout] 
[INFO] [stdout] 
[INFO] [stdout] error[E0277]: the trait bound `geojson::Geometry: From<serde_json::Value>` is not satisfied
[INFO] [stdout]    --> src/geometry.rs:507:14
[INFO] [stdout]     |
[INFO] [stdout] 507 |             .try_into()
[INFO] [stdout]     |              ^^^^^^^^ the trait `From<serde_json::Value>` is not implemented for `geojson::Geometry`
[INFO] [stdout]     |
[INFO] [stdout]     = note: required because of the requirements on the impl of `Into<geojson::Geometry>` for `serde_json::Value`
[INFO] [stdout]     = note: required because of the requirements on the impl of `TryFrom<serde_json::Value>` for `geojson::Geometry`
[INFO] [stdout]     = note: required because of the requirements on the impl of `std::convert::TryInto<geojson::Geometry>` for `serde_json::Value`
[INFO] [stdout] 
[INFO] [stdout] 
[INFO] [stdout] error[E0277]: the trait bound `geojson::Geometry: From<serde_json::Value>` is not satisfied
[INFO] [stdout]    --> src/geometry.rs:535:14
[INFO] [stdout]     |
[INFO] [stdout] 535 |             .try_into()
[INFO] [stdout]     |              ^^^^^^^^ the trait `From<serde_json::Value>` is not implemented for `geojson::Geometry`
[INFO] [stdout]     |
[INFO] [stdout]     = note: required because of the requirements on the impl of `Into<geojson::Geometry>` for `serde_json::Value`
[INFO] [stdout]     = note: required because of the requirements on the impl of `TryFrom<serde_json::Value>` for `geojson::Geometry`
[INFO] [stdout]     = note: required because of the requirements on the impl of `std::convert::TryInto<geojson::Geometry>` for `serde_json::Value`
[INFO] [stdout] 
[INFO] [stdout] 
[INFO] [stdout] error[E0277]: the trait bound `geojson::Geometry: From<serde_json::Value>` is not satisfied
[INFO] [stdout]    --> src/geometry.rs:559:14
[INFO] [stdout]     |
[INFO] [stdout] 559 |             .try_into()
[INFO] [stdout]     |              ^^^^^^^^ the trait `From<serde_json::Value>` is not implemented for `geojson::Geometry`
[INFO] [stdout]     |
[INFO] [stdout]     = note: required because of the requirements on the impl of `Into<geojson::Geometry>` for `serde_json::Value`
[INFO] [stdout]     = note: required because of the requirements on the impl of `TryFrom<serde_json::Value>` for `geojson::Geometry`
[INFO] [stdout]     = note: required because of the requirements on the impl of `std::convert::TryInto<geojson::Geometry>` for `serde_json::Value`
[INFO] [stdout] 
[INFO] [stdout] 
[INFO] [stdout] error[E0277]: the trait bound `geojson::Geometry: From<serde_json::Value>` is not satisfied
[INFO] [stdout]    --> src/geometry.rs:582:14
[INFO] [stdout]     |
[INFO] [stdout] 582 |             .try_into()
[INFO] [stdout]     |              ^^^^^^^^ the trait `From<serde_json::Value>` is not implemented for `geojson::Geometry`
[INFO] [stdout]     |
[INFO] [stdout]     = note: required because of the requirements on the impl of `Into<geojson::Geometry>` for `serde_json::Value`
[INFO] [stdout]     = note: required because of the requirements on the impl of `TryFrom<serde_json::Value>` for `geojson::Geometry`
[INFO] [stdout]     = note: required because of the requirements on the impl of `std::convert::TryInto<geojson::Geometry>` for `serde_json::Value`
[INFO] [stdout] 
[INFO] [stdout] 
[INFO] [stdout] error[E0277]: the trait bound `geojson::Geometry: From<serde_json::Value>` is not satisfied
[INFO] [stdout]    --> src/geometry.rs:610:14
[INFO] [stdout]     |
[INFO] [stdout] 610 |             .try_into()
[INFO] [stdout]     |              ^^^^^^^^ the trait `From<serde_json::Value>` is not implemented for `geojson::Geometry`
[INFO] [stdout]     |
[INFO] [stdout]     = note: required because of the requirements on the impl of `Into<geojson::Geometry>` for `serde_json::Value`
[INFO] [stdout]     = note: required because of the requirements on the impl of `TryFrom<serde_json::Value>` for `geojson::Geometry`
[INFO] [stdout]     = note: required because of the requirements on the impl of `std::convert::TryInto<geojson::Geometry>` for `serde_json::Value`
[INFO] [stdout] 
[INFO] [stdout] 
[INFO] [stdout] error[E0277]: the trait bound `geojson::Geometry: From<serde_json::Value>` is not satisfied
[INFO] [stdout]    --> src/geometry.rs:646:14
[INFO] [stdout]     |
[INFO] [stdout] 646 |             .try_into()
[INFO] [stdout]     |              ^^^^^^^^ the trait `From<serde_json::Value>` is not implemented for `geojson::Geometry`
[INFO] [stdout]     |
[INFO] [stdout]     = note: required because of the requirements on the impl of `Into<geojson::Geometry>` for `serde_json::Value`
[INFO] [stdout]     = note: required because of the requirements on the impl of `TryFrom<serde_json::Value>` for `geojson::Geometry`
[INFO] [stdout]     = note: required because of the requirements on the impl of `std::convert::TryInto<geojson::Geometry>` for `serde_json::Value`
[INFO] [stdout] 
[INFO] [stdout] 
[INFO] [stdout] error: aborting due to 30 previous errors
[INFO] [stdout] 
[INFO] [stdout] 
[INFO] [stdout] For more information about this error, try `rustc --explain E0277`.
[INFO] [stdout] 
[INFO] [stderr] error: could not compile `geojson-antimeridian-cut` due to 31 previous errors
[INFO] running `Command { std: "docker" "inspect" "d03152d6fbe7ad2fcc5bb500b688336ccee943131df205b2c20a8a3019f0dad4", kill_on_drop: false }`
[INFO] running `Command { std: "docker" "rm" "-f" "d03152d6fbe7ad2fcc5bb500b688336ccee943131df205b2c20a8a3019f0dad4", kill_on_drop: false }`
[INFO] [stdout] d03152d6fbe7ad2fcc5bb500b688336ccee943131df205b2c20a8a3019f0dad4
