[INFO] fetching crate generic-dns-update 1.1.4...
[INFO] testing generic-dns-update-1.1.4 against beta-2021-08-01 for beta-1.55-1
[INFO] extracting crate generic-dns-update 1.1.4 into /workspace/builds/worker-109/source
[INFO] validating manifest of crates.io crate generic-dns-update 1.1.4 on toolchain beta-2021-08-01
[INFO] running `Command { std: "/workspace/cargo-home/bin/cargo" "+beta-2021-08-01" "metadata" "--manifest-path" "Cargo.toml" "--no-deps", kill_on_drop: false }`
[INFO] started tweaking crates.io crate generic-dns-update 1.1.4
[INFO] finished tweaking crates.io crate generic-dns-update 1.1.4
[INFO] tweaked toml for crates.io crate generic-dns-update 1.1.4 written to /workspace/builds/worker-109/source/Cargo.toml
[INFO] running `Command { std: "/workspace/cargo-home/bin/cargo" "+beta-2021-08-01" "generate-lockfile" "--manifest-path" "Cargo.toml" "-Zno-index-update", kill_on_drop: false }`
[INFO] running `Command { std: "/workspace/cargo-home/bin/cargo" "+beta-2021-08-01" "fetch" "--manifest-path" "Cargo.toml", kill_on_drop: false }`
[INFO] [stderr] warning: An explicit [[bin]] section is specified in Cargo.toml which currently
[INFO] [stderr] disables Cargo from automatically inferring other binary targets.
[INFO] [stderr] This inference behavior will change in the Rust 2018 edition and the following
[INFO] [stderr] files will be included as a binary target:
[INFO] [stderr] 
[INFO] [stderr] * /workspace/builds/worker-109/source/src/main.rs
[INFO] [stderr] 
[INFO] [stderr] This is likely to break cargo build or cargo test as these files may not be
[INFO] [stderr] ready to be compiled as a binary target today. You can future-proof yourself
[INFO] [stderr] and disable this warning by adding `autobins = false` to your [package]
[INFO] [stderr] section. You may also move the files to a location where Cargo would not
[INFO] [stderr] automatically infer them to be a target, such as in subfolders.
[INFO] [stderr] 
[INFO] [stderr] For more information on this warning you can consult
[INFO] [stderr] https://github.com/rust-lang/cargo/issues/5330
[INFO] [stderr] warning: path `/workspace/builds/worker-109/source/src/main.rs` was erroneously implicitly accepted for binary `gdu`,
[INFO] [stderr] please set bin.path in Cargo.toml
[INFO] running `Command { std: "docker" "create" "-v" "/var/lib/crater-agent-workspace/builds/worker-109/target:/opt/rustwide/target:rw,Z" "-v" "/var/lib/crater-agent-workspace/builds/worker-109/source:/opt/rustwide/workdir:ro,Z" "-v" "/var/lib/crater-agent-workspace/cargo-home:/opt/rustwide/cargo-home:ro,Z" "-v" "/var/lib/crater-agent-workspace/rustup-home:/opt/rustwide/rustup-home:ro,Z" "-e" "SOURCE_DIR=/opt/rustwide/workdir" "-e" "CARGO_TARGET_DIR=/opt/rustwide/target" "-e" "CARGO_HOME=/opt/rustwide/cargo-home" "-e" "RUSTUP_HOME=/opt/rustwide/rustup-home" "-w" "/opt/rustwide/workdir" "-m" "1610612736" "--user" "0:0" "--network" "none" "ghcr.io/rust-lang/crates-build-env/linux@sha256:34b6a614d2c27851fe6cbf88fbd1137609cefab8b10d0615aaeb6fd47975d74e" "/opt/rustwide/cargo-home/bin/cargo" "+beta-2021-08-01" "metadata" "--no-deps" "--format-version=1", kill_on_drop: false }`
[INFO] [stdout] 9eea99ebee711929ed356ea07bcdd98ceee33c81df3921b3aa385d00aabc085c
[INFO] running `Command { std: "docker" "start" "-a" "9eea99ebee711929ed356ea07bcdd98ceee33c81df3921b3aa385d00aabc085c", kill_on_drop: false }`
[INFO] running `Command { std: "docker" "inspect" "9eea99ebee711929ed356ea07bcdd98ceee33c81df3921b3aa385d00aabc085c", kill_on_drop: false }`
[INFO] running `Command { std: "docker" "rm" "-f" "9eea99ebee711929ed356ea07bcdd98ceee33c81df3921b3aa385d00aabc085c", kill_on_drop: false }`
[INFO] [stdout] 9eea99ebee711929ed356ea07bcdd98ceee33c81df3921b3aa385d00aabc085c
[INFO] running `Command { std: "docker" "create" "-v" "/var/lib/crater-agent-workspace/builds/worker-109/target:/opt/rustwide/target:rw,Z" "-v" "/var/lib/crater-agent-workspace/builds/worker-109/source:/opt/rustwide/workdir:ro,Z" "-v" "/var/lib/crater-agent-workspace/cargo-home:/opt/rustwide/cargo-home:ro,Z" "-v" "/var/lib/crater-agent-workspace/rustup-home:/opt/rustwide/rustup-home:ro,Z" "-e" "SOURCE_DIR=/opt/rustwide/workdir" "-e" "CARGO_TARGET_DIR=/opt/rustwide/target" "-e" "CARGO_INCREMENTAL=0" "-e" "RUST_BACKTRACE=full" "-e" "RUSTFLAGS=--cap-lints=warn" "-e" "CARGO_HOME=/opt/rustwide/cargo-home" "-e" "RUSTUP_HOME=/opt/rustwide/rustup-home" "-w" "/opt/rustwide/workdir" "-m" "1610612736" "--user" "0:0" "--network" "none" "ghcr.io/rust-lang/crates-build-env/linux@sha256:34b6a614d2c27851fe6cbf88fbd1137609cefab8b10d0615aaeb6fd47975d74e" "/opt/rustwide/cargo-home/bin/cargo" "+beta-2021-08-01" "build" "--frozen" "--message-format=json", kill_on_drop: false }`
[INFO] [stdout] 7c80e74c59516ab051b53cb737f04a1beccb40038ccdcb167e38656c034aedec
[INFO] running `Command { std: "docker" "start" "-a" "7c80e74c59516ab051b53cb737f04a1beccb40038ccdcb167e38656c034aedec", kill_on_drop: false }`
[INFO] [stderr] warning: An explicit [[bin]] section is specified in Cargo.toml which currently
[INFO] [stderr] disables Cargo from automatically inferring other binary targets.
[INFO] [stderr] This inference behavior will change in the Rust 2018 edition and the following
[INFO] [stderr] files will be included as a binary target:
[INFO] [stderr] 
[INFO] [stderr] * /opt/rustwide/workdir/src/main.rs
[INFO] [stderr] 
[INFO] [stderr] This is likely to break cargo build or cargo test as these files may not be
[INFO] [stderr] ready to be compiled as a binary target today. You can future-proof yourself
[INFO] [stderr] and disable this warning by adding `autobins = false` to your [package]
[INFO] [stderr] section. You may also move the files to a location where Cargo would not
[INFO] [stderr] automatically infer them to be a target, such as in subfolders.
[INFO] [stderr] 
[INFO] [stderr] For more information on this warning you can consult
[INFO] [stderr] https://github.com/rust-lang/cargo/issues/5330
[INFO] [stderr] warning: path `/opt/rustwide/workdir/src/main.rs` was erroneously implicitly accepted for binary `gdu`,
[INFO] [stderr] please set bin.path in Cargo.toml
[INFO] [stderr]    Compiling winapi-build v0.1.1
[INFO] [stderr]    Compiling log v0.4.14
[INFO] [stderr]    Compiling futures-core v0.3.16
[INFO] [stderr]    Compiling winapi v0.2.8
[INFO] [stderr]    Compiling pin-project-lite v0.2.7
[INFO] [stderr]    Compiling futures-task v0.3.16
[INFO] [stderr]    Compiling httparse v1.4.1
[INFO] [stderr]    Compiling futures-channel v0.3.16
[INFO] [stderr]    Compiling bytes v1.0.1
[INFO] [stderr]    Compiling fnv v1.0.7
[INFO] [stderr]    Compiling pin-utils v0.1.0
[INFO] [stderr]    Compiling unicode-width v0.1.8
[INFO] [stderr]    Compiling utf8-ranges v0.1.3
[INFO] [stderr]    Compiling regex-syntax v0.3.9
[INFO] [stderr]    Compiling try-lock v0.2.3
[INFO] [stderr]    Compiling tower-service v0.3.1
[INFO] [stderr]    Compiling strsim v0.8.0
[INFO] [stderr]    Compiling httpdate v1.0.1
[INFO] [stderr]    Compiling vec_map v0.8.2
[INFO] [stderr]    Compiling ansi_term v0.11.0
[INFO] [stderr]    Compiling rustc-serialize v0.3.24
[INFO] [stderr]    Compiling num-traits v0.2.14
[INFO] [stderr]    Compiling num-integer v0.1.44
[INFO] [stderr]    Compiling num-bigint v0.4.0
[INFO] [stderr]    Compiling tokio v1.9.0
[INFO] [stderr]    Compiling num-rational v0.4.0
[INFO] [stderr]    Compiling num-iter v0.1.42
[INFO] [stderr]    Compiling futures-util v0.3.16
[INFO] [stderr]    Compiling tracing-core v0.1.18
[INFO] [stderr]    Compiling memchr v0.1.11
[INFO] [stderr]    Compiling atty v0.2.14
[INFO] [stderr]    Compiling time v0.1.44
[INFO] [stderr]    Compiling xml-rs v0.1.26
[INFO] [stderr]    Compiling textwrap v0.11.0
[INFO] [stdout] error: no rules expected the token `flags`
[INFO] [stdout]    --> /opt/rustwide/cargo-home/registry/src/github.com-1ecc6299db9ec823/xml-rs-0.1.26/src/writer/emitter.rs:115:5
[INFO] [stdout]     |
[INFO] [stdout] 115 |     flags IndentFlags: u8 {
[INFO] [stdout]     |     ^^^^^ no rules expected this token in macro call
[INFO] [stdout] 
[INFO] [stdout] 
[INFO] [stdout] error[E0433]: failed to resolve: use of undeclared type `IndentFlags`
[INFO] [stdout]   --> /opt/rustwide/cargo-home/registry/src/github.com-1ecc6299db9ec823/xml-rs-0.1.26/src/writer/emitter.rs:77:32
[INFO] [stdout]    |
[INFO] [stdout] 77 |             indent_stack: vec!(IndentFlags::empty()),
[INFO] [stdout]    |                                ^^^^^^^^^^^ use of undeclared type `IndentFlags`
[INFO] [stdout] 
[INFO] [stdout] 
[INFO] [stdout] error[E0412]: cannot find type `IndentFlags` in this scope
[INFO] [stdout]   --> /opt/rustwide/cargo-home/registry/src/github.com-1ecc6299db9ec823/xml-rs-0.1.26/src/writer/emitter.rs:64:23
[INFO] [stdout]    |
[INFO] [stdout] 58 | pub struct Emitter {
[INFO] [stdout]    |                   - help: you might be missing a type parameter: `<IndentFlags>`
[INFO] [stdout] ...
[INFO] [stdout] 64 |     indent_stack: Vec<IndentFlags>,
[INFO] [stdout]    |                       ^^^^^^^^^^^ not found in this scope
[INFO] [stdout] 
[INFO] [stdout] 
[INFO] [stdout] error[E0425]: cannot find value `WROTE_TEXT` in this scope
[INFO] [stdout]    --> /opt/rustwide/cargo-home/registry/src/github.com-1ecc6299db9ec823/xml-rs-0.1.26/src/writer/emitter.rs:131:52
[INFO] [stdout]     |
[INFO] [stdout] 131 |         self.indent_stack.last().unwrap().contains(WROTE_TEXT)
[INFO] [stdout]     |                                                    ^^^^^^^^^^ not found in this scope
[INFO] [stdout] 
[INFO] [stdout] 
[INFO] [stdout] error[E0425]: cannot find value `WROTE_MARKUP` in this scope
[INFO] [stdout]    --> /opt/rustwide/cargo-home/registry/src/github.com-1ecc6299db9ec823/xml-rs-0.1.26/src/writer/emitter.rs:136:52
[INFO] [stdout]     |
[INFO] [stdout] 136 |         self.indent_stack.last().unwrap().contains(WROTE_MARKUP)
[INFO] [stdout]     |                                                    ^^^^^^^^^^^^ not found in this scope
[INFO] [stdout] 
[INFO] [stdout] 
[INFO] [stdout] error[E0425]: cannot find value `WROTE_TEXT` in this scope
[INFO] [stdout]    --> /opt/rustwide/cargo-home/registry/src/github.com-1ecc6299db9ec823/xml-rs-0.1.26/src/writer/emitter.rs:141:50
[INFO] [stdout]     |
[INFO] [stdout] 141 |         *self.indent_stack.last_mut().unwrap() = WROTE_TEXT;
[INFO] [stdout]     |                                                  ^^^^^^^^^^ not found in this scope
[INFO] [stdout] 
[INFO] [stdout] 
[INFO] [stdout] error[E0425]: cannot find value `WROTE_MARKUP` in this scope
[INFO] [stdout]    --> /opt/rustwide/cargo-home/registry/src/github.com-1ecc6299db9ec823/xml-rs-0.1.26/src/writer/emitter.rs:146:50
[INFO] [stdout]     |
[INFO] [stdout] 146 |         *self.indent_stack.last_mut().unwrap() = WROTE_MARKUP;
[INFO] [stdout]     |                                                  ^^^^^^^^^^^^ not found in this scope
[INFO] [stdout] 
[INFO] [stdout] 
[INFO] [stdout] error[E0425]: cannot find value `WROTE_NOTHING` in this scope
[INFO] [stdout]    --> /opt/rustwide/cargo-home/registry/src/github.com-1ecc6299db9ec823/xml-rs-0.1.26/src/writer/emitter.rs:151:50
[INFO] [stdout]     |
[INFO] [stdout] 151 |         *self.indent_stack.last_mut().unwrap() = WROTE_NOTHING;
[INFO] [stdout]     |                                                  ^^^^^^^^^^^^^ not found in this scope
[INFO] [stdout] 
[INFO] [stdout] 
[INFO] [stdout] error[E0425]: cannot find value `WROTE_NOTHING` in this scope
[INFO] [stdout]    --> /opt/rustwide/cargo-home/registry/src/github.com-1ecc6299db9ec823/xml-rs-0.1.26/src/writer/emitter.rs:179:32
[INFO] [stdout]     |
[INFO] [stdout] 179 |         self.indent_stack.push(WROTE_NOTHING);
[INFO] [stdout]     |                                ^^^^^^^^^^^^^ not found in this scope
[INFO] [stdout] 
[INFO] [stdout] 
[INFO] [stderr]    Compiling kernel32-sys v0.2.2
[INFO] [stderr]    Compiling aho-corasick v0.5.3
[INFO] [stderr]    Compiling clap v2.33.3
[INFO] [stdout] error: aborting due to 9 previous errors
[INFO] [stdout] 
[INFO] [stdout] 
[INFO] [stdout] Some errors have detailed explanations: E0412, E0425, E0433.
[INFO] [stdout] 
[INFO] [stdout] For more information about an error, try `rustc --explain E0412`.
[INFO] [stdout] 
[INFO] [stderr] error: could not compile `xml-rs` due to 10 previous errors
[INFO] [stderr] warning: build failed, waiting for other jobs to finish...
[INFO] [stderr] error: build failed
[INFO] running `Command { std: "docker" "inspect" "7c80e74c59516ab051b53cb737f04a1beccb40038ccdcb167e38656c034aedec", kill_on_drop: false }`
[INFO] running `Command { std: "docker" "rm" "-f" "7c80e74c59516ab051b53cb737f04a1beccb40038ccdcb167e38656c034aedec", kill_on_drop: false }`
[INFO] [stdout] 7c80e74c59516ab051b53cb737f04a1beccb40038ccdcb167e38656c034aedec
