[INFO] fetching crate gecko 0.1.6...
[INFO] testing gecko-0.1.6 against 1.54.0 for beta-1.55-1
[INFO] extracting crate gecko 0.1.6 into /workspace/builds/worker-87/source
[INFO] validating manifest of crates.io crate gecko 0.1.6 on toolchain 1.54.0
[INFO] running `Command { std: "/workspace/cargo-home/bin/cargo" "+1.54.0" "metadata" "--manifest-path" "Cargo.toml" "--no-deps", kill_on_drop: false }`
[INFO] started tweaking crates.io crate gecko 0.1.6
[INFO] finished tweaking crates.io crate gecko 0.1.6
[INFO] tweaked toml for crates.io crate gecko 0.1.6 written to /workspace/builds/worker-87/source/Cargo.toml
[INFO] running `Command { std: "/workspace/cargo-home/bin/cargo" "+1.54.0" "generate-lockfile" "--manifest-path" "Cargo.toml" "-Zno-index-update", kill_on_drop: false }`
[INFO] [stderr]     Blocking waiting for file lock on package cache
[INFO] running `Command { std: "/workspace/cargo-home/bin/cargo" "+1.54.0" "fetch" "--manifest-path" "Cargo.toml", kill_on_drop: false }`
[INFO] [stderr]     Blocking waiting for file lock on package cache
[INFO] [stderr]     Blocking waiting for file lock on package cache
[INFO] running `Command { std: "docker" "create" "-v" "/var/lib/crater-agent-workspace/builds/worker-87/target:/opt/rustwide/target:rw,Z" "-v" "/var/lib/crater-agent-workspace/builds/worker-87/source:/opt/rustwide/workdir:ro,Z" "-v" "/var/lib/crater-agent-workspace/cargo-home:/opt/rustwide/cargo-home:ro,Z" "-v" "/var/lib/crater-agent-workspace/rustup-home:/opt/rustwide/rustup-home:ro,Z" "-e" "SOURCE_DIR=/opt/rustwide/workdir" "-e" "CARGO_TARGET_DIR=/opt/rustwide/target" "-e" "CARGO_HOME=/opt/rustwide/cargo-home" "-e" "RUSTUP_HOME=/opt/rustwide/rustup-home" "-w" "/opt/rustwide/workdir" "-m" "1610612736" "--user" "0:0" "--network" "none" "ghcr.io/rust-lang/crates-build-env/linux@sha256:34b6a614d2c27851fe6cbf88fbd1137609cefab8b10d0615aaeb6fd47975d74e" "/opt/rustwide/cargo-home/bin/cargo" "+1.54.0" "metadata" "--no-deps" "--format-version=1", kill_on_drop: false }`
[INFO] [stdout] 42bb7337f5a22ccd3b6972c0c11d9589ad9449ed4e914c73f476aa9738e6d6ba
[INFO] running `Command { std: "docker" "start" "-a" "42bb7337f5a22ccd3b6972c0c11d9589ad9449ed4e914c73f476aa9738e6d6ba", kill_on_drop: false }`
[INFO] running `Command { std: "docker" "inspect" "42bb7337f5a22ccd3b6972c0c11d9589ad9449ed4e914c73f476aa9738e6d6ba", kill_on_drop: false }`
[INFO] running `Command { std: "docker" "rm" "-f" "42bb7337f5a22ccd3b6972c0c11d9589ad9449ed4e914c73f476aa9738e6d6ba", kill_on_drop: false }`
[INFO] [stdout] 42bb7337f5a22ccd3b6972c0c11d9589ad9449ed4e914c73f476aa9738e6d6ba
[INFO] running `Command { std: "docker" "create" "-v" "/var/lib/crater-agent-workspace/builds/worker-87/target:/opt/rustwide/target:rw,Z" "-v" "/var/lib/crater-agent-workspace/builds/worker-87/source:/opt/rustwide/workdir:ro,Z" "-v" "/var/lib/crater-agent-workspace/cargo-home:/opt/rustwide/cargo-home:ro,Z" "-v" "/var/lib/crater-agent-workspace/rustup-home:/opt/rustwide/rustup-home:ro,Z" "-e" "SOURCE_DIR=/opt/rustwide/workdir" "-e" "CARGO_TARGET_DIR=/opt/rustwide/target" "-e" "CARGO_INCREMENTAL=0" "-e" "RUST_BACKTRACE=full" "-e" "RUSTFLAGS=--cap-lints=warn" "-e" "CARGO_HOME=/opt/rustwide/cargo-home" "-e" "RUSTUP_HOME=/opt/rustwide/rustup-home" "-w" "/opt/rustwide/workdir" "-m" "1610612736" "--user" "0:0" "--network" "none" "ghcr.io/rust-lang/crates-build-env/linux@sha256:34b6a614d2c27851fe6cbf88fbd1137609cefab8b10d0615aaeb6fd47975d74e" "/opt/rustwide/cargo-home/bin/cargo" "+1.54.0" "build" "--frozen" "--message-format=json", kill_on_drop: false }`
[INFO] [stdout] ae24434becc7aa97879e17322ac0e7bb122715aae348552347a3b5152ff1633e
[INFO] running `Command { std: "docker" "start" "-a" "ae24434becc7aa97879e17322ac0e7bb122715aae348552347a3b5152ff1633e", kill_on_drop: false }`
[INFO] [stderr]     Blocking waiting for file lock on package cache
[INFO] [stderr]    Compiling libc v0.2.98
[INFO] [stderr]    Compiling cfg-if v1.0.0
[INFO] [stderr]    Compiling log v0.4.14
[INFO] [stderr]    Compiling pkg-config v0.3.19
[INFO] [stderr]    Compiling syn v1.0.74
[INFO] [stderr]    Compiling cc v1.0.69
[INFO] [stderr]    Compiling pin-project-lite v0.2.7
[INFO] [stderr]    Compiling futures-core v0.3.16
[INFO] [stderr]    Compiling once_cell v1.8.0
[INFO] [stderr]    Compiling memchr v2.4.0
[INFO] [stderr]    Compiling bytes v1.0.1
[INFO] [stderr]    Compiling scopeguard v1.1.0
[INFO] [stderr]    Compiling smallvec v1.6.1
[INFO] [stderr]    Compiling itoa v0.4.7
[INFO] [stderr]    Compiling futures-task v0.3.16
[INFO] [stderr]    Compiling bitflags v1.2.1
[INFO] [stderr]    Compiling matches v0.1.8
[INFO] [stderr]    Compiling lazy_static v1.4.0
[INFO] [stderr]    Compiling fnv v1.0.7
[INFO] [stderr]    Compiling openssl v0.10.35
[INFO] [stderr]    Compiling foreign-types-shared v0.1.1
[INFO] [stderr]    Compiling native-tls v0.2.7
[INFO] [stderr]    Compiling tinyvec_macros v0.1.0
[INFO] [stderr]    Compiling serde v1.0.127
[INFO] [stderr]    Compiling httparse v1.4.1
[INFO] [stderr]    Compiling ryu v1.0.5
[INFO] [stderr]    Compiling futures-channel v0.3.16
[INFO] [stderr]    Compiling pin-utils v0.1.0
[INFO] [stderr]    Compiling futures-sink v0.3.16
[INFO] [stderr]    Compiling hashbrown v0.11.2
[INFO] [stderr]    Compiling percent-encoding v2.1.0
[INFO] [stderr]    Compiling openssl-probe v0.1.4
[INFO] [stderr]    Compiling slab v0.4.4
[INFO] [stderr]    Compiling try-lock v0.2.3
[INFO] [stderr]    Compiling tower-service v0.3.1
[INFO] [stderr]    Compiling encoding_rs v0.8.28
[INFO] [stderr]    Compiling httpdate v1.0.1
[INFO] [stderr]    Compiling serde_json v1.0.66
[INFO] [stderr]    Compiling ipnet v2.3.1
[INFO] [stderr]    Compiling mime v0.3.16
[INFO] [stderr]    Compiling base64 v0.13.0
[INFO] [stderr]    Compiling json v0.12.4
[INFO] [stderr]    Compiling tokio v1.9.0
[INFO] [stderr]    Compiling futures-util v0.3.16
[INFO] [stderr]    Compiling indexmap v1.7.0
[INFO] [stderr]    Compiling instant v0.1.10
[INFO] [stderr]    Compiling foreign-types v0.3.2
[INFO] [stderr]    Compiling lock_api v0.4.4
[INFO] [stderr]    Compiling tracing-core v0.1.18
[INFO] [stderr]    Compiling form_urlencoded v1.0.1
[INFO] [stderr]    Compiling unicode-bidi v0.3.5
[INFO] [stderr]    Compiling tinyvec v1.3.1
[INFO] [stderr]    Compiling http v0.2.4
[INFO] [stderr]    Compiling tracing v0.1.26
[INFO] [stderr]    Compiling openssl-sys v0.9.65
[INFO] [stderr]    Compiling unicode-normalization v0.1.19
[INFO] [stderr]    Compiling want v0.3.0
[INFO] [stderr]    Compiling parking_lot_core v0.8.3
[INFO] [stderr]    Compiling num_cpus v1.13.0
[INFO] [stderr]    Compiling mio v0.7.13
[INFO] [stderr]    Compiling signal-hook-registry v1.4.0
[INFO] [stderr]    Compiling socket2 v0.4.1
[INFO] [stderr]    Compiling parking_lot v0.11.1
[INFO] [stderr]    Compiling idna v0.2.3
[INFO] [stderr]    Compiling http-body v0.4.2
[INFO] [stderr]    Compiling url v2.2.2
[INFO] [stderr]    Compiling serde_urlencoded v0.7.0
[INFO] [stderr]    Compiling tokio-macros v1.3.0
[INFO] [stderr]    Compiling tokio-util v0.6.7
[INFO] [stderr]    Compiling tokio-native-tls v0.3.0
[INFO] [stderr]    Compiling h2 v0.3.3
[INFO] [stderr]    Compiling hyper v0.14.11
[INFO] [stderr]    Compiling hyper-tls v0.5.0
[INFO] [stderr]    Compiling reqwest v0.11.4
[INFO] [stderr]    Compiling gecko v0.1.6 (/opt/rustwide/workdir)
[INFO] [stderr]     Finished dev [unoptimized + debuginfo] target(s) in 44.41s
[INFO] running `Command { std: "docker" "inspect" "ae24434becc7aa97879e17322ac0e7bb122715aae348552347a3b5152ff1633e", kill_on_drop: false }`
[INFO] running `Command { std: "docker" "rm" "-f" "ae24434becc7aa97879e17322ac0e7bb122715aae348552347a3b5152ff1633e", kill_on_drop: false }`
[INFO] [stdout] ae24434becc7aa97879e17322ac0e7bb122715aae348552347a3b5152ff1633e
[INFO] running `Command { std: "docker" "create" "-v" "/var/lib/crater-agent-workspace/builds/worker-87/target:/opt/rustwide/target:rw,Z" "-v" "/var/lib/crater-agent-workspace/builds/worker-87/source:/opt/rustwide/workdir:ro,Z" "-v" "/var/lib/crater-agent-workspace/cargo-home:/opt/rustwide/cargo-home:ro,Z" "-v" "/var/lib/crater-agent-workspace/rustup-home:/opt/rustwide/rustup-home:ro,Z" "-e" "SOURCE_DIR=/opt/rustwide/workdir" "-e" "CARGO_TARGET_DIR=/opt/rustwide/target" "-e" "CARGO_INCREMENTAL=0" "-e" "RUST_BACKTRACE=full" "-e" "RUSTFLAGS=--cap-lints=warn" "-e" "CARGO_HOME=/opt/rustwide/cargo-home" "-e" "RUSTUP_HOME=/opt/rustwide/rustup-home" "-w" "/opt/rustwide/workdir" "-m" "1610612736" "--user" "0:0" "--network" "none" "ghcr.io/rust-lang/crates-build-env/linux@sha256:34b6a614d2c27851fe6cbf88fbd1137609cefab8b10d0615aaeb6fd47975d74e" "/opt/rustwide/cargo-home/bin/cargo" "+1.54.0" "test" "--frozen" "--no-run" "--message-format=json", kill_on_drop: false }`
[INFO] [stdout] 720ad3b3ae0dc7ec472f446a6d7549f308a7b5113daca955c756a1e5bb44c5a1
[INFO] running `Command { std: "docker" "start" "-a" "720ad3b3ae0dc7ec472f446a6d7549f308a7b5113daca955c756a1e5bb44c5a1", kill_on_drop: false }`
[INFO] [stderr]    Compiling gecko v0.1.6 (/opt/rustwide/workdir)
[INFO] [stdout] warning: unused import: `gecko::Route`
[INFO] [stdout]  --> tests/generic.rs:2:5
[INFO] [stdout]   |
[INFO] [stdout] 2 | use gecko::Route;
[INFO] [stdout]   |     ^^^^^^^^^^^^
[INFO] [stdout]   |
[INFO] [stdout]   = note: `#[warn(unused_imports)]` on by default
[INFO] [stdout] 
[INFO] [stdout] 
[INFO] [stdout] warning: unused variable: `resp`
[INFO] [stdout]  --> tests/generic.rs:6:9
[INFO] [stdout]   |
[INFO] [stdout] 6 |     let resp = gecko_api.get_json(resource).await;
[INFO] [stdout]   |         ^^^^ help: if this is intentional, prefix it with an underscore: `_resp`
[INFO] [stdout]   |
[INFO] [stdout]   = note: `#[warn(unused_variables)]` on by default
[INFO] [stdout] 
[INFO] [stdout] 
[INFO] [stdout] warning: unused import: `gecko::Route`
[INFO] [stdout]  --> tests/generic.rs:2:5
[INFO] [stdout]   |
[INFO] [stdout] 2 | use gecko::Route;
[INFO] [stdout]   |     ^^^^^^^^^^^^
[INFO] [stdout]   |
[INFO] [stdout]   = note: `#[warn(unused_imports)]` on by default
[INFO] [stdout] 
[INFO] [stdout] 
[INFO] [stdout] warning: unused import: `gecko::Route`
[INFO] [stdout]  --> tests/generic.rs:2:5
[INFO] [stdout]   |
[INFO] [stdout] 2 | use gecko::Route;
[INFO] [stdout]   |     ^^^^^^^^^^^^
[INFO] [stdout]   |
[INFO] [stdout]   = note: `#[warn(unused_imports)]` on by default
[INFO] [stdout] 
[INFO] [stdout] 
[INFO] [stdout] warning: unused import: `gecko::Route`
[INFO] [stdout]  --> tests/generic.rs:2:5
[INFO] [stdout]   |
[INFO] [stdout] 2 | use gecko::Route;
[INFO] [stdout]   |     ^^^^^^^^^^^^
[INFO] [stdout]   |
[INFO] [stdout]   = note: `#[warn(unused_imports)]` on by default
[INFO] [stdout] 
[INFO] [stdout] 
[INFO] [stdout] warning: unused import: `gecko::Route`
[INFO] [stdout]  --> tests/generic.rs:2:5
[INFO] [stdout]   |
[INFO] [stdout] 2 | use gecko::Route;
[INFO] [stdout]   |     ^^^^^^^^^^^^
[INFO] [stdout]   |
[INFO] [stdout]   = note: `#[warn(unused_imports)]` on by default
[INFO] [stdout] 
[INFO] [stdout] 
[INFO] [stdout] warning: unused import: `gecko::Route`
[INFO] [stdout]  --> tests/generic.rs:2:5
[INFO] [stdout]   |
[INFO] [stdout] 2 | use gecko::Route;
[INFO] [stdout]   |     ^^^^^^^^^^^^
[INFO] [stdout]   |
[INFO] [stdout]   = note: `#[warn(unused_imports)]` on by default
[INFO] [stdout] 
[INFO] [stdout] 
[INFO] [stdout] warning: unused variable: `resp`
[INFO] [stdout]  --> tests/generic.rs:6:9
[INFO] [stdout]   |
[INFO] [stdout] 6 |     let resp = gecko_api.get_json(resource).await;
[INFO] [stdout]   |         ^^^^ help: if this is intentional, prefix it with an underscore: `_resp`
[INFO] [stdout]   |
[INFO] [stdout]   = note: `#[warn(unused_variables)]` on by default
[INFO] [stdout] 
[INFO] [stdout] 
[INFO] [stdout] warning: unused variable: `resp`
[INFO] [stdout]  --> tests/generic.rs:6:9
[INFO] [stdout]   |
[INFO] [stdout] 6 |     let resp = gecko_api.get_json(resource).await;
[INFO] [stdout]   |         ^^^^ help: if this is intentional, prefix it with an underscore: `_resp`
[INFO] [stdout]   |
[INFO] [stdout]   = note: `#[warn(unused_variables)]` on by default
[INFO] [stdout] 
[INFO] [stdout] 
[INFO] [stdout] warning: unused import: `gecko::Route`
[INFO] [stdout]  --> tests/generic.rs:2:5
[INFO] [stdout]   |
[INFO] [stdout] 2 | use gecko::Route;
[INFO] [stdout]   |     ^^^^^^^^^^^^
[INFO] [stdout]   |
[INFO] [stdout]   = note: `#[warn(unused_imports)]` on by default
[INFO] [stdout] 
[INFO] [stdout] 
[INFO] [stdout] warning: unused import: `gecko::Route`
[INFO] [stdout]  --> tests/generic.rs:2:5
[INFO] [stdout]   |
[INFO] [stdout] 2 | use gecko::Route;
[INFO] [stdout]   |     ^^^^^^^^^^^^
[INFO] [stdout]   |
[INFO] [stdout]   = note: `#[warn(unused_imports)]` on by default
[INFO] [stdout] 
[INFO] [stdout] 
[INFO] [stdout] warning: unused import: `gecko::Route`
[INFO] [stdout]  --> tests/generic.rs:2:5
[INFO] [stdout]   |
[INFO] [stdout] 2 | use gecko::Route;
[INFO] [stdout]   |     ^^^^^^^^^^^^
[INFO] [stdout]   |
[INFO] [stdout]   = note: `#[warn(unused_imports)]` on by default
[INFO] [stdout] 
[INFO] [stdout] 
[INFO] [stdout] warning: unused import: `gecko::Route`
[INFO] [stdout]  --> tests/generic.rs:2:5
[INFO] [stdout]   |
[INFO] [stdout] 2 | use gecko::Route;
[INFO] [stdout]   |     ^^^^^^^^^^^^
[INFO] [stdout]   |
[INFO] [stdout]   = note: `#[warn(unused_imports)]` on by default
[INFO] [stdout] 
[INFO] [stdout] 
[INFO] [stdout] warning: unused import: `gecko::Route`
[INFO] [stdout]  --> tests/generic.rs:2:5
[INFO] [stdout]   |
[INFO] [stdout] 2 | use gecko::Route;
[INFO] [stdout]   |     ^^^^^^^^^^^^
[INFO] [stdout]   |
[INFO] [stdout]   = note: `#[warn(unused_imports)]` on by default
[INFO] [stdout] 
[INFO] [stdout] 
[INFO] [stdout] warning: unused variable: `resp`
[INFO] [stdout]  --> tests/generic.rs:6:9
[INFO] [stdout]   |
[INFO] [stdout] 6 |     let resp = gecko_api.get_json(resource).await;
[INFO] [stdout]   |         ^^^^ help: if this is intentional, prefix it with an underscore: `_resp`
[INFO] [stdout]   |
[INFO] [stdout]   = note: `#[warn(unused_variables)]` on by default
[INFO] [stdout] 
[INFO] [stdout] 
[INFO] [stdout] warning: unused import: `gecko::Route`
[INFO] [stdout]  --> tests/generic.rs:2:5
[INFO] [stdout]   |
[INFO] [stdout] 2 | use gecko::Route;
[INFO] [stdout]   |     ^^^^^^^^^^^^
[INFO] [stdout]   |
[INFO] [stdout]   = note: `#[warn(unused_imports)]` on by default
[INFO] [stdout] 
[INFO] [stdout] 
[INFO] [stdout] warning: unused variable: `i`
[INFO] [stdout]   --> tests/bench.rs:10:9
[INFO] [stdout]    |
[INFO] [stdout] 10 |     for i in 0..101 {
[INFO] [stdout]    |         ^ help: if this is intentional, prefix it with an underscore: `_i`
[INFO] [stdout]    |
[INFO] [stdout]    = note: `#[warn(unused_variables)]` on by default
[INFO] [stdout] 
[INFO] [stdout] 
[INFO] [stdout] warning: unused import: `gecko::Route`
[INFO] [stdout]  --> tests/generic.rs:2:5
[INFO] [stdout]   |
[INFO] [stdout] 2 | use gecko::Route;
[INFO] [stdout]   |     ^^^^^^^^^^^^
[INFO] [stdout]   |
[INFO] [stdout]   = note: `#[warn(unused_imports)]` on by default
[INFO] [stdout] 
[INFO] [stdout] 
[INFO] [stdout] warning: unused `Result` that must be used
[INFO] [stdout]   --> tests/bench.rs:11:9
[INFO] [stdout]    |
[INFO] [stdout] 11 |         gecko_api.get_json(&resource).await;
[INFO] [stdout]    |         ^^^^^^^^^^^^^^^^^^^^^^^^^^^^^^^^^^^^
[INFO] [stdout]    |
[INFO] [stdout]    = note: `#[warn(unused_must_use)]` on by default
[INFO] [stdout]    = note: this `Result` may be an `Err` variant, which should be handled
[INFO] [stdout] 
[INFO] [stdout] 
[INFO] [stdout] warning: unused variable: `resp`
[INFO] [stdout]  --> tests/generic.rs:6:9
[INFO] [stdout]   |
[INFO] [stdout] 6 |     let resp = gecko_api.get_json(resource).await;
[INFO] [stdout]   |         ^^^^ help: if this is intentional, prefix it with an underscore: `_resp`
[INFO] [stdout]   |
[INFO] [stdout]   = note: `#[warn(unused_variables)]` on by default
[INFO] [stdout] 
[INFO] [stdout] 
[INFO] [stdout] warning: unused variable: `resp`
[INFO] [stdout]  --> tests/generic.rs:6:9
[INFO] [stdout]   |
[INFO] [stdout] 6 |     let resp = gecko_api.get_json(resource).await;
[INFO] [stdout]   |         ^^^^ help: if this is intentional, prefix it with an underscore: `_resp`
[INFO] [stdout]   |
[INFO] [stdout]   = note: `#[warn(unused_variables)]` on by default
[INFO] [stdout] 
[INFO] [stdout] 
[INFO] [stdout] warning: unused import: `gecko::Route`
[INFO] [stdout]  --> tests/generic.rs:2:5
[INFO] [stdout]   |
[INFO] [stdout] 2 | use gecko::Route;
[INFO] [stdout]   |     ^^^^^^^^^^^^
[INFO] [stdout]   |
[INFO] [stdout]   = note: `#[warn(unused_imports)]` on by default
[INFO] [stdout] 
[INFO] [stdout] 
[INFO] [stdout] warning: unused import: `gecko::Route`
[INFO] [stdout]  --> tests/generic.rs:2:5
[INFO] [stdout]   |
[INFO] [stdout] 2 | use gecko::Route;
[INFO] [stdout]   |     ^^^^^^^^^^^^
[INFO] [stdout]   |
[INFO] [stdout]   = note: `#[warn(unused_imports)]` on by default
[INFO] [stdout] 
[INFO] [stdout] 
[INFO] [stdout] warning: unused variable: `resp`
[INFO] [stdout]  --> tests/generic.rs:6:9
[INFO] [stdout]   |
[INFO] [stdout] 6 |     let resp = gecko_api.get_json(resource).await;
[INFO] [stdout]   |         ^^^^ help: if this is intentional, prefix it with an underscore: `_resp`
[INFO] [stdout]   |
[INFO] [stdout]   = note: `#[warn(unused_variables)]` on by default
[INFO] [stdout] 
[INFO] [stdout] 
[INFO] [stdout] warning: unused variable: `resp`
[INFO] [stdout]  --> tests/generic.rs:6:9
[INFO] [stdout]   |
[INFO] [stdout] 6 |     let resp = gecko_api.get_json(resource).await;
[INFO] [stdout]   |         ^^^^ help: if this is intentional, prefix it with an underscore: `_resp`
[INFO] [stdout]   |
[INFO] [stdout]   = note: `#[warn(unused_variables)]` on by default
[INFO] [stdout] 
[INFO] [stdout] 
[INFO] [stdout] warning: unused variable: `resp`
[INFO] [stdout]  --> tests/generic.rs:6:9
[INFO] [stdout]   |
[INFO] [stdout] 6 |     let resp = gecko_api.get_json(resource).await;
[INFO] [stdout]   |         ^^^^ help: if this is intentional, prefix it with an underscore: `_resp`
[INFO] [stdout]   |
[INFO] [stdout]   = note: `#[warn(unused_variables)]` on by default
[INFO] [stdout] 
[INFO] [stdout] 
[INFO] [stdout] warning: unused variable: `resp`
[INFO] [stdout]  --> tests/generic.rs:6:9
[INFO] [stdout]   |
[INFO] [stdout] 6 |     let resp = gecko_api.get_json(resource).await;
[INFO] [stdout]   |         ^^^^ help: if this is intentional, prefix it with an underscore: `_resp`
[INFO] [stdout]   |
[INFO] [stdout]   = note: `#[warn(unused_variables)]` on by default
[INFO] [stdout] 
[INFO] [stdout] 
[INFO] [stdout] warning: unused import: `gecko::Route`
[INFO] [stdout]  --> tests/generic.rs:2:5
[INFO] [stdout]   |
[INFO] [stdout] 2 | use gecko::Route;
[INFO] [stdout]   |     ^^^^^^^^^^^^
[INFO] [stdout]   |
[INFO] [stdout]   = note: `#[warn(unused_imports)]` on by default
[INFO] [stdout] 
[INFO] [stdout] 
[INFO] [stdout] warning: unused variable: `resp`
[INFO] [stdout]  --> tests/generic.rs:6:9
[INFO] [stdout]   |
[INFO] [stdout] 6 |     let resp = gecko_api.get_json(resource).await;
[INFO] [stdout]   |         ^^^^ help: if this is intentional, prefix it with an underscore: `_resp`
[INFO] [stdout]   |
[INFO] [stdout]   = note: `#[warn(unused_variables)]` on by default
[INFO] [stdout] 
[INFO] [stdout] 
[INFO] [stdout] warning: unused variable: `resp`
[INFO] [stdout]  --> tests/generic.rs:6:9
[INFO] [stdout]   |
[INFO] [stdout] 6 |     let resp = gecko_api.get_json(resource).await;
[INFO] [stdout]   |         ^^^^ help: if this is intentional, prefix it with an underscore: `_resp`
[INFO] [stdout]   |
[INFO] [stdout]   = note: `#[warn(unused_variables)]` on by default
[INFO] [stdout] 
[INFO] [stdout] 
[INFO] [stdout] warning: unused variable: `resp`
[INFO] [stdout]  --> tests/generic.rs:6:9
[INFO] [stdout]   |
[INFO] [stdout] 6 |     let resp = gecko_api.get_json(resource).await;
[INFO] [stdout]   |         ^^^^ help: if this is intentional, prefix it with an underscore: `_resp`
[INFO] [stdout]   |
[INFO] [stdout]   = note: `#[warn(unused_variables)]` on by default
[INFO] [stdout] 
[INFO] [stdout] 
[INFO] [stdout] warning: unused variable: `resp`
[INFO] [stdout]  --> tests/generic.rs:6:9
[INFO] [stdout]   |
[INFO] [stdout] 6 |     let resp = gecko_api.get_json(resource).await;
[INFO] [stdout]   |         ^^^^ help: if this is intentional, prefix it with an underscore: `_resp`
[INFO] [stdout]   |
[INFO] [stdout]   = note: `#[warn(unused_variables)]` on by default
[INFO] [stdout] 
[INFO] [stdout] 
[INFO] [stdout] warning: unused variable: `resp`
[INFO] [stdout]  --> tests/generic.rs:6:9
[INFO] [stdout]   |
[INFO] [stdout] 6 |     let resp = gecko_api.get_json(resource).await;
[INFO] [stdout]   |         ^^^^ help: if this is intentional, prefix it with an underscore: `_resp`
[INFO] [stdout]   |
[INFO] [stdout]   = note: `#[warn(unused_variables)]` on by default
[INFO] [stdout] 
[INFO] [stdout] 
[INFO] [stdout] warning: unused variable: `resp`
[INFO] [stdout]  --> tests/generic.rs:6:9
[INFO] [stdout]   |
[INFO] [stdout] 6 |     let resp = gecko_api.get_json(resource).await;
[INFO] [stdout]   |         ^^^^ help: if this is intentional, prefix it with an underscore: `_resp`
[INFO] [stdout]   |
[INFO] [stdout]   = note: `#[warn(unused_variables)]` on by default
[INFO] [stdout] 
[INFO] [stdout] 
[INFO] [stdout] warning: static is never used: `ID`
[INFO] [stdout]  --> tests/indexes.rs:4:1
[INFO] [stdout]   |
[INFO] [stdout] 4 | static ID: &str = "DFN";
[INFO] [stdout]   | ^^^^^^^^^^^^^^^^^^^^^^^^
[INFO] [stdout]   |
[INFO] [stdout]   = note: `#[warn(dead_code)]` on by default
[INFO] [stdout] 
[INFO] [stdout] 
[INFO] [stdout] warning: static is never used: `MARKET_ID`
[INFO] [stdout]  --> tests/indexes.rs:5:1
[INFO] [stdout]   |
[INFO] [stdout] 5 | static MARKET_ID: &str = "DFN";
[INFO] [stdout]   | ^^^^^^^^^^^^^^^^^^^^^^^^^^^^^^^
[INFO] [stdout] 
[INFO] [stdout] 
[INFO] [stdout] warning: 2 warnings emitted
[INFO] [stdout] 
[INFO] [stdout] 
[INFO] [stderr] error: could not compile `gecko`
[INFO] [stderr] 
[INFO] [stderr] Caused by:
[INFO] [stderr]   process didn't exit successfully: `rustc --crate-name coins --edition=2018 tests/coins.rs --error-format=json --json=diagnostic-rendered-ansi --emit=dep-info,link -C embed-bitcode=no -C debuginfo=2 --test -C metadata=018be4d41c8c1c4c -C extra-filename=-018be4d41c8c1c4c --out-dir /opt/rustwide/target/debug/deps -L dependency=/opt/rustwide/target/debug/deps --extern gecko=/opt/rustwide/target/debug/deps/libgecko-809b81da0876ce92.rlib --extern json=/opt/rustwide/target/debug/deps/libjson-f31fa805eda0f372.rlib --extern reqwest=/opt/rustwide/target/debug/deps/libreqwest-e82b34cd6b0b3557.rlib --extern serde_json=/opt/rustwide/target/debug/deps/libserde_json-6c5fd2acb78d0e80.rlib --extern tokio=/opt/rustwide/target/debug/deps/libtokio-f622bdbefb2b20ce.rlib --cap-lints=warn` (signal: 9, SIGKILL: kill)
[INFO] [stderr] warning: build failed, waiting for other jobs to finish...
[INFO] [stdout] error: linking with `cc` failed: exit status: 1
[INFO] [stdout]   |
[INFO] [stdout]   = note: "cc" "-m64" "/opt/rustwide/target/debug/deps/status_updates-85622b14c9cc933c.status_updates.vv22j4mi-cgu.0.rcgu.o" "/opt/rustwide/target/debug/deps/status_updates-85622b14c9cc933c.status_updates.vv22j4mi-cgu.1.rcgu.o" "/opt/rustwide/target/debug/deps/status_updates-85622b14c9cc933c.status_updates.vv22j4mi-cgu.10.rcgu.o" "/opt/rustwide/target/debug/deps/status_updates-85622b14c9cc933c.status_updates.vv22j4mi-cgu.11.rcgu.o" "/opt/rustwide/target/debug/deps/status_updates-85622b14c9cc933c.status_updates.vv22j4mi-cgu.12.rcgu.o" "/opt/rustwide/target/debug/deps/status_updates-85622b14c9cc933c.status_updates.vv22j4mi-cgu.13.rcgu.o" "/opt/rustwide/target/debug/deps/status_updates-85622b14c9cc933c.status_updates.vv22j4mi-cgu.14.rcgu.o" "/opt/rustwide/target/debug/deps/status_updates-85622b14c9cc933c.status_updates.vv22j4mi-cgu.15.rcgu.o" "/opt/rustwide/target/debug/deps/status_updates-85622b14c9cc933c.status_updates.vv22j4mi-cgu.2.rcgu.o" "/opt/rustwide/target/debug/deps/status_updates-85622b14c9cc933c.status_updates.vv22j4mi-cgu.3.rcgu.o" "/opt/rustwide/target/debug/deps/status_updates-85622b14c9cc933c.status_updates.vv22j4mi-cgu.4.rcgu.o" "/opt/rustwide/target/debug/deps/status_updates-85622b14c9cc933c.status_updates.vv22j4mi-cgu.5.rcgu.o" "/opt/rustwide/target/debug/deps/status_updates-85622b14c9cc933c.status_updates.vv22j4mi-cgu.6.rcgu.o" "/opt/rustwide/target/debug/deps/status_updates-85622b14c9cc933c.status_updates.vv22j4mi-cgu.7.rcgu.o" "/opt/rustwide/target/debug/deps/status_updates-85622b14c9cc933c.status_updates.vv22j4mi-cgu.8.rcgu.o" "/opt/rustwide/target/debug/deps/status_updates-85622b14c9cc933c.status_updates.vv22j4mi-cgu.9.rcgu.o" "/opt/rustwide/target/debug/deps/status_updates-85622b14c9cc933c.58asz2dwbkspfnxn.rcgu.o" "-Wl,--as-needed" "-L" "/opt/rustwide/target/debug/deps" "-L" "/opt/rustwide/rustup-home/toolchains/1.54.0-x86_64-unknown-linux-gnu/lib/rustlib/x86_64-unknown-linux-gnu/lib" "-Wl,-Bstatic" "/opt/rustwide/rustup-home/toolchains/1.54.0-x86_64-unknown-linux-gnu/lib/rustlib/x86_64-unknown-linux-gnu/lib/libtest-3599c5491d44663f.rlib" "/opt/rustwide/rustup-home/toolchains/1.54.0-x86_64-unknown-linux-gnu/lib/rustlib/x86_64-unknown-linux-gnu/lib/libterm-1d56ea45a67842c8.rlib" "/opt/rustwide/rustup-home/toolchains/1.54.0-x86_64-unknown-linux-gnu/lib/rustlib/x86_64-unknown-linux-gnu/lib/libgetopts-9749f7c936ebf9a7.rlib" "/opt/rustwide/rustup-home/toolchains/1.54.0-x86_64-unknown-linux-gnu/lib/rustlib/x86_64-unknown-linux-gnu/lib/libunicode_width-627a220173eefff1.rlib" "/opt/rustwide/rustup-home/toolchains/1.54.0-x86_64-unknown-linux-gnu/lib/rustlib/x86_64-unknown-linux-gnu/lib/librustc_std_workspace_std-16ed15e5bfe21b9b.rlib" "/opt/rustwide/target/debug/deps/libgecko-809b81da0876ce92.rlib" "/opt/rustwide/target/debug/deps/libreqwest-e82b34cd6b0b3557.rlib" "/opt/rustwide/target/debug/deps/libhyper_tls-d475f0afbb002045.rlib" "/opt/rustwide/target/debug/deps/libserde_urlencoded-6c2d97e538a7f86f.rlib" "/opt/rustwide/target/debug/deps/libipnet-6757a43fea3f5c50.rlib" "/opt/rustwide/target/debug/deps/libtokio_native_tls-1105a08bbb9f4a23.rlib" "/opt/rustwide/target/debug/deps/libmime-12522ef5c2462da9.rlib" "/opt/rustwide/target/debug/deps/libencoding_rs-51e21ce37bda7a9c.rlib" "/opt/rustwide/target/debug/deps/libserde_json-6c5fd2acb78d0e80.rlib" "/opt/rustwide/target/debug/deps/libryu-059aa1fbb24cd15e.rlib" "/opt/rustwide/target/debug/deps/libserde-1d37970d7e69b8e5.rlib" "/opt/rustwide/target/debug/deps/libbase64-5c7414cfb92860e8.rlib" "/opt/rustwide/target/debug/deps/libnative_tls-ebcaaad7d8022330.rlib" "/opt/rustwide/target/debug/deps/libopenssl_probe-a7953e41b0152cb3.rlib" "/opt/rustwide/target/debug/deps/libopenssl-e78f95034d8ce49e.rlib" "/opt/rustwide/target/debug/deps/libbitflags-f89ae4b715176e2d.rlib" "/opt/rustwide/target/debug/deps/libforeign_types-6dd7ccee81750d2f.rlib" "/opt/rustwide/target/debug/deps/libforeign_types_shared-1812f2e1ab1a4883.rlib" "/opt/rustwide/target/debug/deps/libopenssl_sys-01352ca891cb3f6a.rlib" "/opt/rustwide/target/debug/deps/libhyper-b2f6b69e3057f48e.rlib" "/opt/rustwide/target/debug/deps/libwant-8978c7a581707af0.rlib" "/opt/rustwide/target/debug/deps/libtry_lock-a39996d6fbbee158.rlib" "/opt/rustwide/target/debug/deps/libsocket2-da2d8f53b0eae62c.rlib" "/opt/rustwide/target/debug/deps/libh2-5636aeb8c2690fa3.rlib" "/opt/rustwide/target/debug/deps/libindexmap-0db8233feb291027.rlib" "/opt/rustwide/target/debug/deps/libhashbrown-8c5395ff9e9a0462.rlib" "/opt/rustwide/target/debug/deps/libslab-f0931e7482d64922.rlib" "/opt/rustwide/target/debug/deps/libtokio_util-1823a2192faa63a6.rlib" "/opt/rustwide/target/debug/deps/libfutures_sink-888229fc48e582a3.rlib" "/opt/rustwide/target/debug/deps/libhttparse-1c870db38feb2e5b.rlib" "/opt/rustwide/target/debug/deps/libtower_service-6686e1e00a5b1c4a.rlib" "/opt/rustwide/target/debug/deps/libfutures_channel-f27136eabe005019.rlib" "/opt/rustwide/target/debug/deps/libtracing-883ff2a8782a115c.rlib" "/opt/rustwide/target/debug/deps/libtracing_core-0e11f0c341661672.rlib" "/opt/rustwide/target/debug/deps/libfutures_util-1793935511bff767.rlib" "/opt/rustwide/target/debug/deps/libfutures_task-ecd4a40c20bb7b60.rlib" "/opt/rustwide/target/debug/deps/libpin_utils-576e633f12357c97.rlib" "/opt/rustwide/target/debug/deps/libtokio-f622bdbefb2b20ce.rlib" "/opt/rustwide/target/debug/deps/libsignal_hook_registry-73321e025c961684.rlib" "/opt/rustwide/target/debug/deps/libnum_cpus-69b489850d458ebd.rlib" "/opt/rustwide/target/debug/deps/libmemchr-1f0d97dc9aa3dd56.rlib" "/opt/rustwide/target/debug/deps/libonce_cell-a76c90beb999d50a.rlib" "/opt/rustwide/target/debug/deps/libmio-84c5abcaa8986b68.rlib" "/opt/rustwide/target/debug/deps/libparking_lot-4f6e52c6a861f5a1.rlib" "/opt/rustwide/target/debug/deps/libparking_lot_core-1c147056409a7f5c.rlib" "/opt/rustwide/target/debug/deps/liblibc-ef703b7b559de845.rlib" "/opt/rustwide/target/debug/deps/libsmallvec-cd9632e27e802452.rlib" "/opt/rustwide/target/debug/deps/liblock_api-f86aff73bc72d24a.rlib" "/opt/rustwide/target/debug/deps/libscopeguard-7a1710762e6687e9.rlib" "/opt/rustwide/target/debug/deps/libinstant-33a6cd153ae26c88.rlib" "/opt/rustwide/target/debug/deps/libhttp_body-c26cb3c30835db9b.rlib" "/opt/rustwide/target/debug/deps/libpin_project_lite-ed06e07546a7102f.rlib" "/opt/rustwide/target/debug/deps/liblog-975203197fcf8dc1.rlib" "/opt/rustwide/target/debug/deps/libcfg_if-38c8a3e888ecb06a.rlib" "/opt/rustwide/target/debug/deps/libfutures_core-28804fd28ce97755.rlib" "/opt/rustwide/target/debug/deps/liblazy_static-5c53d641eb010a81.rlib" "/opt/rustwide/target/debug/deps/liburl-98505fcfc663a9d7.rlib" "/opt/rustwide/target/debug/deps/libidna-144743a1c87fc8e9.rlib" "/opt/rustwide/target/debug/deps/libunicode_normalization-f88ccced2be4bc93.rlib" "/opt/rustwide/target/debug/deps/libtinyvec-b0b99c866aca13aa.rlib" "/opt/rustwide/target/debug/deps/libtinyvec_macros-f6b5563d3767ea26.rlib" "/opt/rustwide/target/debug/deps/libunicode_bidi-cd5d16f1476c6336.rlib" "/opt/rustwide/target/debug/deps/libform_urlencoded-64c48050f569228e.rlib" "/opt/rustwide/target/debug/deps/libpercent_encoding-549c334c22432c49.rlib" "/opt/rustwide/target/debug/deps/libmatches-5bfcef5685786a07.rlib" "/opt/rustwide/target/debug/deps/libhttp-f934d99aebf29821.rlib" "/opt/rustwide/target/debug/deps/libitoa-9ccdb0b3e3d11258.rlib" "/opt/rustwide/target/debug/deps/libbytes-df7cac8fc38da202.rlib" "/opt/rustwide/target/debug/deps/libfnv-56e05e18a5751d51.rlib" "-Wl,--start-group" "/opt/rustwide/rustup-home/toolchains/1.54.0-x86_64-unknown-linux-gnu/lib/rustlib/x86_64-unknown-linux-gnu/lib/libstd-2420485b9e5ef5e1.rlib" "/opt/rustwide/rustup-home/toolchains/1.54.0-x86_64-unknown-linux-gnu/lib/rustlib/x86_64-unknown-linux-gnu/lib/libpanic_unwind-785e3cb61c4b1960.rlib" "/opt/rustwide/rustup-home/toolchains/1.54.0-x86_64-unknown-linux-gnu/lib/rustlib/x86_64-unknown-linux-gnu/lib/libminiz_oxide-087191a88bdaa22d.rlib" "/opt/rustwide/rustup-home/toolchains/1.54.0-x86_64-unknown-linux-gnu/lib/rustlib/x86_64-unknown-linux-gnu/lib/libadler-9981842c02975178.rlib" "/opt/rustwide/rustup-home/toolchains/1.54.0-x86_64-unknown-linux-gnu/lib/rustlib/x86_64-unknown-linux-gnu/lib/libobject-6fb405869b015fde.rlib" "/opt/rustwide/rustup-home/toolchains/1.54.0-x86_64-unknown-linux-gnu/lib/rustlib/x86_64-unknown-linux-gnu/lib/libaddr2line-d05c5c3c56004b7b.rlib" "/opt/rustwide/rustup-home/toolchains/1.54.0-x86_64-unknown-linux-gnu/lib/rustlib/x86_64-unknown-linux-gnu/lib/libgimli-42d74d2097528b38.rlib" "/opt/rustwide/rustup-home/toolchains/1.54.0-x86_64-unknown-linux-gnu/lib/rustlib/x86_64-unknown-linux-gnu/lib/libstd_detect-fb36534c113d2209.rlib" "/opt/rustwide/rustup-home/toolchains/1.54.0-x86_64-unknown-linux-gnu/lib/rustlib/x86_64-unknown-linux-gnu/lib/librustc_demangle-b56b9042c12b6535.rlib" "/opt/rustwide/rustup-home/toolchains/1.54.0-x86_64-unknown-linux-gnu/lib/rustlib/x86_64-unknown-linux-gnu/lib/libhashbrown-491902d6cb3e76df.rlib" "/opt/rustwide/rustup-home/toolchains/1.54.0-x86_64-unknown-linux-gnu/lib/rustlib/x86_64-unknown-linux-gnu/lib/librustc_std_workspace_alloc-61834e0981b8c367.rlib" "/opt/rustwide/rustup-home/toolchains/1.54.0-x86_64-unknown-linux-gnu/lib/rustlib/x86_64-unknown-linux-gnu/lib/libunwind-f78aa99d613a55bc.rlib" "/opt/rustwide/rustup-home/toolchains/1.54.0-x86_64-unknown-linux-gnu/lib/rustlib/x86_64-unknown-linux-gnu/lib/libcfg_if-53ee54cd7fed2c57.rlib" "/opt/rustwide/rustup-home/toolchains/1.54.0-x86_64-unknown-linux-gnu/lib/rustlib/x86_64-unknown-linux-gnu/lib/liblibc-544ecdbd6cda3c58.rlib" "/opt/rustwide/rustup-home/toolchains/1.54.0-x86_64-unknown-linux-gnu/lib/rustlib/x86_64-unknown-linux-gnu/lib/liballoc-379cc252b6943a79.rlib" "/opt/rustwide/rustup-home/toolchains/1.54.0-x86_64-unknown-linux-gnu/lib/rustlib/x86_64-unknown-linux-gnu/lib/librustc_std_workspace_core-8063eea38dcc5e62.rlib" "/opt/rustwide/rustup-home/toolchains/1.54.0-x86_64-unknown-linux-gnu/lib/rustlib/x86_64-unknown-linux-gnu/lib/libcore-5b228734afae15ee.rlib" "-Wl,--end-group" "/opt/rustwide/rustup-home/toolchains/1.54.0-x86_64-unknown-linux-gnu/lib/rustlib/x86_64-unknown-linux-gnu/lib/libcompiler_builtins-d6c7a399d95d173f.rlib" "-Wl,-Bdynamic" "-lssl" "-lcrypto" "-lgcc_s" "-lutil" "-lrt" "-lpthread" "-lm" "-ldl" "-lc" "-Wl,--eh-frame-hdr" "-Wl,-znoexecstack" "-L" "/opt/rustwide/rustup-home/toolchains/1.54.0-x86_64-unknown-linux-gnu/lib/rustlib/x86_64-unknown-linux-gnu/lib" "-o" "/opt/rustwide/target/debug/deps/status_updates-85622b14c9cc933c" "-Wl,--gc-sections" "-pie" "-Wl,-zrelro" "-Wl,-znow" "-nodefaultlibs"
[INFO] [stdout]   = note: collect2: fatal error: ld terminated with signal 9 [Killed]
[INFO] [stdout]           compilation terminated.
[INFO] [stdout]           
[INFO] [stdout] 
[INFO] [stdout] 
[INFO] [stdout] error: aborting due to previous error; 2 warnings emitted
[INFO] [stdout] 
[INFO] [stdout] 
[INFO] [stdout] error: linking with `cc` failed: exit status: 1
[INFO] [stdout]   |
[INFO] [stdout]   = note: "cc" "-m64" "/opt/rustwide/target/debug/deps/finance-22e3c98c8eff10a8.finance.bj0c9ezl-cgu.0.rcgu.o" "/opt/rustwide/target/debug/deps/finance-22e3c98c8eff10a8.finance.bj0c9ezl-cgu.1.rcgu.o" "/opt/rustwide/target/debug/deps/finance-22e3c98c8eff10a8.finance.bj0c9ezl-cgu.10.rcgu.o" "/opt/rustwide/target/debug/deps/finance-22e3c98c8eff10a8.finance.bj0c9ezl-cgu.11.rcgu.o" "/opt/rustwide/target/debug/deps/finance-22e3c98c8eff10a8.finance.bj0c9ezl-cgu.12.rcgu.o" "/opt/rustwide/target/debug/deps/finance-22e3c98c8eff10a8.finance.bj0c9ezl-cgu.13.rcgu.o" "/opt/rustwide/target/debug/deps/finance-22e3c98c8eff10a8.finance.bj0c9ezl-cgu.14.rcgu.o" "/opt/rustwide/target/debug/deps/finance-22e3c98c8eff10a8.finance.bj0c9ezl-cgu.15.rcgu.o" "/opt/rustwide/target/debug/deps/finance-22e3c98c8eff10a8.finance.bj0c9ezl-cgu.2.rcgu.o" "/opt/rustwide/target/debug/deps/finance-22e3c98c8eff10a8.finance.bj0c9ezl-cgu.3.rcgu.o" "/opt/rustwide/target/debug/deps/finance-22e3c98c8eff10a8.finance.bj0c9ezl-cgu.4.rcgu.o" "/opt/rustwide/target/debug/deps/finance-22e3c98c8eff10a8.finance.bj0c9ezl-cgu.5.rcgu.o" "/opt/rustwide/target/debug/deps/finance-22e3c98c8eff10a8.finance.bj0c9ezl-cgu.6.rcgu.o" "/opt/rustwide/target/debug/deps/finance-22e3c98c8eff10a8.finance.bj0c9ezl-cgu.7.rcgu.o" "/opt/rustwide/target/debug/deps/finance-22e3c98c8eff10a8.finance.bj0c9ezl-cgu.8.rcgu.o" "/opt/rustwide/target/debug/deps/finance-22e3c98c8eff10a8.finance.bj0c9ezl-cgu.9.rcgu.o" "/opt/rustwide/target/debug/deps/finance-22e3c98c8eff10a8.1kla5p6zlnmc61b4.rcgu.o" "-Wl,--as-needed" "-L" "/opt/rustwide/target/debug/deps" "-L" "/opt/rustwide/rustup-home/toolchains/1.54.0-x86_64-unknown-linux-gnu/lib/rustlib/x86_64-unknown-linux-gnu/lib" "-Wl,-Bstatic" "/opt/rustwide/rustup-home/toolchains/1.54.0-x86_64-unknown-linux-gnu/lib/rustlib/x86_64-unknown-linux-gnu/lib/libtest-3599c5491d44663f.rlib" "/opt/rustwide/rustup-home/toolchains/1.54.0-x86_64-unknown-linux-gnu/lib/rustlib/x86_64-unknown-linux-gnu/lib/libterm-1d56ea45a67842c8.rlib" "/opt/rustwide/rustup-home/toolchains/1.54.0-x86_64-unknown-linux-gnu/lib/rustlib/x86_64-unknown-linux-gnu/lib/libgetopts-9749f7c936ebf9a7.rlib" "/opt/rustwide/rustup-home/toolchains/1.54.0-x86_64-unknown-linux-gnu/lib/rustlib/x86_64-unknown-linux-gnu/lib/libunicode_width-627a220173eefff1.rlib" "/opt/rustwide/rustup-home/toolchains/1.54.0-x86_64-unknown-linux-gnu/lib/rustlib/x86_64-unknown-linux-gnu/lib/librustc_std_workspace_std-16ed15e5bfe21b9b.rlib" "/opt/rustwide/target/debug/deps/libgecko-809b81da0876ce92.rlib" "/opt/rustwide/target/debug/deps/libreqwest-e82b34cd6b0b3557.rlib" "/opt/rustwide/target/debug/deps/libhyper_tls-d475f0afbb002045.rlib" "/opt/rustwide/target/debug/deps/libserde_urlencoded-6c2d97e538a7f86f.rlib" "/opt/rustwide/target/debug/deps/libipnet-6757a43fea3f5c50.rlib" "/opt/rustwide/target/debug/deps/libtokio_native_tls-1105a08bbb9f4a23.rlib" "/opt/rustwide/target/debug/deps/libmime-12522ef5c2462da9.rlib" "/opt/rustwide/target/debug/deps/libencoding_rs-51e21ce37bda7a9c.rlib" "/opt/rustwide/target/debug/deps/libserde_json-6c5fd2acb78d0e80.rlib" "/opt/rustwide/target/debug/deps/libryu-059aa1fbb24cd15e.rlib" "/opt/rustwide/target/debug/deps/libserde-1d37970d7e69b8e5.rlib" "/opt/rustwide/target/debug/deps/libbase64-5c7414cfb92860e8.rlib" "/opt/rustwide/target/debug/deps/libnative_tls-ebcaaad7d8022330.rlib" "/opt/rustwide/target/debug/deps/libopenssl_probe-a7953e41b0152cb3.rlib" "/opt/rustwide/target/debug/deps/libopenssl-e78f95034d8ce49e.rlib" "/opt/rustwide/target/debug/deps/libbitflags-f89ae4b715176e2d.rlib" "/opt/rustwide/target/debug/deps/libforeign_types-6dd7ccee81750d2f.rlib" "/opt/rustwide/target/debug/deps/libforeign_types_shared-1812f2e1ab1a4883.rlib" "/opt/rustwide/target/debug/deps/libopenssl_sys-01352ca891cb3f6a.rlib" "/opt/rustwide/target/debug/deps/libhyper-b2f6b69e3057f48e.rlib" "/opt/rustwide/target/debug/deps/libwant-8978c7a581707af0.rlib" "/opt/rustwide/target/debug/deps/libtry_lock-a39996d6fbbee158.rlib" "/opt/rustwide/target/debug/deps/libsocket2-da2d8f53b0eae62c.rlib" "/opt/rustwide/target/debug/deps/libh2-5636aeb8c2690fa3.rlib" "/opt/rustwide/target/debug/deps/libindexmap-0db8233feb291027.rlib" "/opt/rustwide/target/debug/deps/libhashbrown-8c5395ff9e9a0462.rlib" "/opt/rustwide/target/debug/deps/libslab-f0931e7482d64922.rlib" "/opt/rustwide/target/debug/deps/libtokio_util-1823a2192faa63a6.rlib" "/opt/rustwide/target/debug/deps/libfutures_sink-888229fc48e582a3.rlib" "/opt/rustwide/target/debug/deps/libhttparse-1c870db38feb2e5b.rlib" "/opt/rustwide/target/debug/deps/libtower_service-6686e1e00a5b1c4a.rlib" "/opt/rustwide/target/debug/deps/libfutures_channel-f27136eabe005019.rlib" "/opt/rustwide/target/debug/deps/libtracing-883ff2a8782a115c.rlib" "/opt/rustwide/target/debug/deps/libtracing_core-0e11f0c341661672.rlib" "/opt/rustwide/target/debug/deps/libfutures_util-1793935511bff767.rlib" "/opt/rustwide/target/debug/deps/libfutures_task-ecd4a40c20bb7b60.rlib" "/opt/rustwide/target/debug/deps/libpin_utils-576e633f12357c97.rlib" "/opt/rustwide/target/debug/deps/libtokio-f622bdbefb2b20ce.rlib" "/opt/rustwide/target/debug/deps/libsignal_hook_registry-73321e025c961684.rlib" "/opt/rustwide/target/debug/deps/libnum_cpus-69b489850d458ebd.rlib" "/opt/rustwide/target/debug/deps/libmemchr-1f0d97dc9aa3dd56.rlib" "/opt/rustwide/target/debug/deps/libonce_cell-a76c90beb999d50a.rlib" "/opt/rustwide/target/debug/deps/libmio-84c5abcaa8986b68.rlib" "/opt/rustwide/target/debug/deps/libparking_lot-4f6e52c6a861f5a1.rlib" "/opt/rustwide/target/debug/deps/libparking_lot_core-1c147056409a7f5c.rlib" "/opt/rustwide/target/debug/deps/liblibc-ef703b7b559de845.rlib" "/opt/rustwide/target/debug/deps/libsmallvec-cd9632e27e802452.rlib" "/opt/rustwide/target/debug/deps/liblock_api-f86aff73bc72d24a.rlib" "/opt/rustwide/target/debug/deps/libscopeguard-7a1710762e6687e9.rlib" "/opt/rustwide/target/debug/deps/libinstant-33a6cd153ae26c88.rlib" "/opt/rustwide/target/debug/deps/libhttp_body-c26cb3c30835db9b.rlib" "/opt/rustwide/target/debug/deps/libpin_project_lite-ed06e07546a7102f.rlib" "/opt/rustwide/target/debug/deps/liblog-975203197fcf8dc1.rlib" "/opt/rustwide/target/debug/deps/libcfg_if-38c8a3e888ecb06a.rlib" "/opt/rustwide/target/debug/deps/libfutures_core-28804fd28ce97755.rlib" "/opt/rustwide/target/debug/deps/liblazy_static-5c53d641eb010a81.rlib" "/opt/rustwide/target/debug/deps/liburl-98505fcfc663a9d7.rlib" "/opt/rustwide/target/debug/deps/libidna-144743a1c87fc8e9.rlib" "/opt/rustwide/target/debug/deps/libunicode_normalization-f88ccced2be4bc93.rlib" "/opt/rustwide/target/debug/deps/libtinyvec-b0b99c866aca13aa.rlib" "/opt/rustwide/target/debug/deps/libtinyvec_macros-f6b5563d3767ea26.rlib" "/opt/rustwide/target/debug/deps/libunicode_bidi-cd5d16f1476c6336.rlib" "/opt/rustwide/target/debug/deps/libform_urlencoded-64c48050f569228e.rlib" "/opt/rustwide/target/debug/deps/libpercent_encoding-549c334c22432c49.rlib" "/opt/rustwide/target/debug/deps/libmatches-5bfcef5685786a07.rlib" "/opt/rustwide/target/debug/deps/libhttp-f934d99aebf29821.rlib" "/opt/rustwide/target/debug/deps/libitoa-9ccdb0b3e3d11258.rlib" "/opt/rustwide/target/debug/deps/libbytes-df7cac8fc38da202.rlib" "/opt/rustwide/target/debug/deps/libfnv-56e05e18a5751d51.rlib" "-Wl,--start-group" "/opt/rustwide/rustup-home/toolchains/1.54.0-x86_64-unknown-linux-gnu/lib/rustlib/x86_64-unknown-linux-gnu/lib/libstd-2420485b9e5ef5e1.rlib" "/opt/rustwide/rustup-home/toolchains/1.54.0-x86_64-unknown-linux-gnu/lib/rustlib/x86_64-unknown-linux-gnu/lib/libpanic_unwind-785e3cb61c4b1960.rlib" "/opt/rustwide/rustup-home/toolchains/1.54.0-x86_64-unknown-linux-gnu/lib/rustlib/x86_64-unknown-linux-gnu/lib/libminiz_oxide-087191a88bdaa22d.rlib" "/opt/rustwide/rustup-home/toolchains/1.54.0-x86_64-unknown-linux-gnu/lib/rustlib/x86_64-unknown-linux-gnu/lib/libadler-9981842c02975178.rlib" "/opt/rustwide/rustup-home/toolchains/1.54.0-x86_64-unknown-linux-gnu/lib/rustlib/x86_64-unknown-linux-gnu/lib/libobject-6fb405869b015fde.rlib" "/opt/rustwide/rustup-home/toolchains/1.54.0-x86_64-unknown-linux-gnu/lib/rustlib/x86_64-unknown-linux-gnu/lib/libaddr2line-d05c5c3c56004b7b.rlib" "/opt/rustwide/rustup-home/toolchains/1.54.0-x86_64-unknown-linux-gnu/lib/rustlib/x86_64-unknown-linux-gnu/lib/libgimli-42d74d2097528b38.rlib" "/opt/rustwide/rustup-home/toolchains/1.54.0-x86_64-unknown-linux-gnu/lib/rustlib/x86_64-unknown-linux-gnu/lib/libstd_detect-fb36534c113d2209.rlib" "/opt/rustwide/rustup-home/toolchains/1.54.0-x86_64-unknown-linux-gnu/lib/rustlib/x86_64-unknown-linux-gnu/lib/librustc_demangle-b56b9042c12b6535.rlib" "/opt/rustwide/rustup-home/toolchains/1.54.0-x86_64-unknown-linux-gnu/lib/rustlib/x86_64-unknown-linux-gnu/lib/libhashbrown-491902d6cb3e76df.rlib" "/opt/rustwide/rustup-home/toolchains/1.54.0-x86_64-unknown-linux-gnu/lib/rustlib/x86_64-unknown-linux-gnu/lib/librustc_std_workspace_alloc-61834e0981b8c367.rlib" "/opt/rustwide/rustup-home/toolchains/1.54.0-x86_64-unknown-linux-gnu/lib/rustlib/x86_64-unknown-linux-gnu/lib/libunwind-f78aa99d613a55bc.rlib" "/opt/rustwide/rustup-home/toolchains/1.54.0-x86_64-unknown-linux-gnu/lib/rustlib/x86_64-unknown-linux-gnu/lib/libcfg_if-53ee54cd7fed2c57.rlib" "/opt/rustwide/rustup-home/toolchains/1.54.0-x86_64-unknown-linux-gnu/lib/rustlib/x86_64-unknown-linux-gnu/lib/liblibc-544ecdbd6cda3c58.rlib" "/opt/rustwide/rustup-home/toolchains/1.54.0-x86_64-unknown-linux-gnu/lib/rustlib/x86_64-unknown-linux-gnu/lib/liballoc-379cc252b6943a79.rlib" "/opt/rustwide/rustup-home/toolchains/1.54.0-x86_64-unknown-linux-gnu/lib/rustlib/x86_64-unknown-linux-gnu/lib/librustc_std_workspace_core-8063eea38dcc5e62.rlib" "/opt/rustwide/rustup-home/toolchains/1.54.0-x86_64-unknown-linux-gnu/lib/rustlib/x86_64-unknown-linux-gnu/lib/libcore-5b228734afae15ee.rlib" "-Wl,--end-group" "/opt/rustwide/rustup-home/toolchains/1.54.0-x86_64-unknown-linux-gnu/lib/rustlib/x86_64-unknown-linux-gnu/lib/libcompiler_builtins-d6c7a399d95d173f.rlib" "-Wl,-Bdynamic" "-lssl" "-lcrypto" "-lgcc_s" "-lutil" "-lrt" "-lpthread" "-lm" "-ldl" "-lc" "-Wl,--eh-frame-hdr" "-Wl,-znoexecstack" "-L" "/opt/rustwide/rustup-home/toolchains/1.54.0-x86_64-unknown-linux-gnu/lib/rustlib/x86_64-unknown-linux-gnu/lib" "-o" "/opt/rustwide/target/debug/deps/finance-22e3c98c8eff10a8" "-Wl,--gc-sections" "-pie" "-Wl,-zrelro" "-Wl,-znow" "-nodefaultlibs"
[INFO] [stdout]   = note: collect2: fatal error: ld terminated with signal 9 [Killed]
[INFO] [stdout]           compilation terminated.
[INFO] [stdout]           
[INFO] [stdout] 
[INFO] [stdout] 
[INFO] [stdout] error: aborting due to previous error; 2 warnings emitted
[INFO] [stdout] 
[INFO] [stdout] 
[INFO] [stdout] error: linking with `cc` failed: exit status: 1
[INFO] [stdout]   |
[INFO] [stdout]   = note: "cc" "-m64" "/opt/rustwide/target/debug/deps/categories-307b7c67ae22543a.categories.cg4gp996-cgu.0.rcgu.o" "/opt/rustwide/target/debug/deps/categories-307b7c67ae22543a.categories.cg4gp996-cgu.1.rcgu.o" "/opt/rustwide/target/debug/deps/categories-307b7c67ae22543a.categories.cg4gp996-cgu.10.rcgu.o" "/opt/rustwide/target/debug/deps/categories-307b7c67ae22543a.categories.cg4gp996-cgu.11.rcgu.o" "/opt/rustwide/target/debug/deps/categories-307b7c67ae22543a.categories.cg4gp996-cgu.12.rcgu.o" "/opt/rustwide/target/debug/deps/categories-307b7c67ae22543a.categories.cg4gp996-cgu.13.rcgu.o" "/opt/rustwide/target/debug/deps/categories-307b7c67ae22543a.categories.cg4gp996-cgu.14.rcgu.o" "/opt/rustwide/target/debug/deps/categories-307b7c67ae22543a.categories.cg4gp996-cgu.15.rcgu.o" "/opt/rustwide/target/debug/deps/categories-307b7c67ae22543a.categories.cg4gp996-cgu.2.rcgu.o" "/opt/rustwide/target/debug/deps/categories-307b7c67ae22543a.categories.cg4gp996-cgu.3.rcgu.o" "/opt/rustwide/target/debug/deps/categories-307b7c67ae22543a.categories.cg4gp996-cgu.4.rcgu.o" "/opt/rustwide/target/debug/deps/categories-307b7c67ae22543a.categories.cg4gp996-cgu.5.rcgu.o" "/opt/rustwide/target/debug/deps/categories-307b7c67ae22543a.categories.cg4gp996-cgu.6.rcgu.o" "/opt/rustwide/target/debug/deps/categories-307b7c67ae22543a.categories.cg4gp996-cgu.7.rcgu.o" "/opt/rustwide/target/debug/deps/categories-307b7c67ae22543a.categories.cg4gp996-cgu.8.rcgu.o" "/opt/rustwide/target/debug/deps/categories-307b7c67ae22543a.categories.cg4gp996-cgu.9.rcgu.o" "/opt/rustwide/target/debug/deps/categories-307b7c67ae22543a.2mkcntsnn2l27rgw.rcgu.o" "-Wl,--as-needed" "-L" "/opt/rustwide/target/debug/deps" "-L" "/opt/rustwide/rustup-home/toolchains/1.54.0-x86_64-unknown-linux-gnu/lib/rustlib/x86_64-unknown-linux-gnu/lib" "-Wl,-Bstatic" "/opt/rustwide/rustup-home/toolchains/1.54.0-x86_64-unknown-linux-gnu/lib/rustlib/x86_64-unknown-linux-gnu/lib/libtest-3599c5491d44663f.rlib" "/opt/rustwide/rustup-home/toolchains/1.54.0-x86_64-unknown-linux-gnu/lib/rustlib/x86_64-unknown-linux-gnu/lib/libterm-1d56ea45a67842c8.rlib" "/opt/rustwide/rustup-home/toolchains/1.54.0-x86_64-unknown-linux-gnu/lib/rustlib/x86_64-unknown-linux-gnu/lib/libgetopts-9749f7c936ebf9a7.rlib" "/opt/rustwide/rustup-home/toolchains/1.54.0-x86_64-unknown-linux-gnu/lib/rustlib/x86_64-unknown-linux-gnu/lib/libunicode_width-627a220173eefff1.rlib" "/opt/rustwide/rustup-home/toolchains/1.54.0-x86_64-unknown-linux-gnu/lib/rustlib/x86_64-unknown-linux-gnu/lib/librustc_std_workspace_std-16ed15e5bfe21b9b.rlib" "/opt/rustwide/target/debug/deps/libgecko-809b81da0876ce92.rlib" "/opt/rustwide/target/debug/deps/libreqwest-e82b34cd6b0b3557.rlib" "/opt/rustwide/target/debug/deps/libhyper_tls-d475f0afbb002045.rlib" "/opt/rustwide/target/debug/deps/libserde_urlencoded-6c2d97e538a7f86f.rlib" "/opt/rustwide/target/debug/deps/libipnet-6757a43fea3f5c50.rlib" "/opt/rustwide/target/debug/deps/libtokio_native_tls-1105a08bbb9f4a23.rlib" "/opt/rustwide/target/debug/deps/libmime-12522ef5c2462da9.rlib" "/opt/rustwide/target/debug/deps/libencoding_rs-51e21ce37bda7a9c.rlib" "/opt/rustwide/target/debug/deps/libserde_json-6c5fd2acb78d0e80.rlib" "/opt/rustwide/target/debug/deps/libryu-059aa1fbb24cd15e.rlib" "/opt/rustwide/target/debug/deps/libserde-1d37970d7e69b8e5.rlib" "/opt/rustwide/target/debug/deps/libbase64-5c7414cfb92860e8.rlib" "/opt/rustwide/target/debug/deps/libnative_tls-ebcaaad7d8022330.rlib" "/opt/rustwide/target/debug/deps/libopenssl_probe-a7953e41b0152cb3.rlib" "/opt/rustwide/target/debug/deps/libopenssl-e78f95034d8ce49e.rlib" "/opt/rustwide/target/debug/deps/libbitflags-f89ae4b715176e2d.rlib" "/opt/rustwide/target/debug/deps/libforeign_types-6dd7ccee81750d2f.rlib" "/opt/rustwide/target/debug/deps/libforeign_types_shared-1812f2e1ab1a4883.rlib" "/opt/rustwide/target/debug/deps/libopenssl_sys-01352ca891cb3f6a.rlib" "/opt/rustwide/target/debug/deps/libhyper-b2f6b69e3057f48e.rlib" "/opt/rustwide/target/debug/deps/libwant-8978c7a581707af0.rlib" "/opt/rustwide/target/debug/deps/libtry_lock-a39996d6fbbee158.rlib" "/opt/rustwide/target/debug/deps/libsocket2-da2d8f53b0eae62c.rlib" "/opt/rustwide/target/debug/deps/libh2-5636aeb8c2690fa3.rlib" "/opt/rustwide/target/debug/deps/libindexmap-0db8233feb291027.rlib" "/opt/rustwide/target/debug/deps/libhashbrown-8c5395ff9e9a0462.rlib" "/opt/rustwide/target/debug/deps/libslab-f0931e7482d64922.rlib" "/opt/rustwide/target/debug/deps/libtokio_util-1823a2192faa63a6.rlib" "/opt/rustwide/target/debug/deps/libfutures_sink-888229fc48e582a3.rlib" "/opt/rustwide/target/debug/deps/libhttparse-1c870db38feb2e5b.rlib" "/opt/rustwide/target/debug/deps/libtower_service-6686e1e00a5b1c4a.rlib" "/opt/rustwide/target/debug/deps/libfutures_channel-f27136eabe005019.rlib" "/opt/rustwide/target/debug/deps/libtracing-883ff2a8782a115c.rlib" "/opt/rustwide/target/debug/deps/libtracing_core-0e11f0c341661672.rlib" "/opt/rustwide/target/debug/deps/libfutures_util-1793935511bff767.rlib" "/opt/rustwide/target/debug/deps/libfutures_task-ecd4a40c20bb7b60.rlib" "/opt/rustwide/target/debug/deps/libpin_utils-576e633f12357c97.rlib" "/opt/rustwide/target/debug/deps/libtokio-f622bdbefb2b20ce.rlib" "/opt/rustwide/target/debug/deps/libsignal_hook_registry-73321e025c961684.rlib" "/opt/rustwide/target/debug/deps/libnum_cpus-69b489850d458ebd.rlib" "/opt/rustwide/target/debug/deps/libmemchr-1f0d97dc9aa3dd56.rlib" "/opt/rustwide/target/debug/deps/libonce_cell-a76c90beb999d50a.rlib" "/opt/rustwide/target/debug/deps/libmio-84c5abcaa8986b68.rlib" "/opt/rustwide/target/debug/deps/libparking_lot-4f6e52c6a861f5a1.rlib" "/opt/rustwide/target/debug/deps/libparking_lot_core-1c147056409a7f5c.rlib" "/opt/rustwide/target/debug/deps/liblibc-ef703b7b559de845.rlib" "/opt/rustwide/target/debug/deps/libsmallvec-cd9632e27e802452.rlib" "/opt/rustwide/target/debug/deps/liblock_api-f86aff73bc72d24a.rlib" "/opt/rustwide/target/debug/deps/libscopeguard-7a1710762e6687e9.rlib" "/opt/rustwide/target/debug/deps/libinstant-33a6cd153ae26c88.rlib" "/opt/rustwide/target/debug/deps/libhttp_body-c26cb3c30835db9b.rlib" "/opt/rustwide/target/debug/deps/libpin_project_lite-ed06e07546a7102f.rlib" "/opt/rustwide/target/debug/deps/liblog-975203197fcf8dc1.rlib" "/opt/rustwide/target/debug/deps/libcfg_if-38c8a3e888ecb06a.rlib" "/opt/rustwide/target/debug/deps/libfutures_core-28804fd28ce97755.rlib" "/opt/rustwide/target/debug/deps/liblazy_static-5c53d641eb010a81.rlib" "/opt/rustwide/target/debug/deps/liburl-98505fcfc663a9d7.rlib" "/opt/rustwide/target/debug/deps/libidna-144743a1c87fc8e9.rlib" "/opt/rustwide/target/debug/deps/libunicode_normalization-f88ccced2be4bc93.rlib" "/opt/rustwide/target/debug/deps/libtinyvec-b0b99c866aca13aa.rlib" "/opt/rustwide/target/debug/deps/libtinyvec_macros-f6b5563d3767ea26.rlib" "/opt/rustwide/target/debug/deps/libunicode_bidi-cd5d16f1476c6336.rlib" "/opt/rustwide/target/debug/deps/libform_urlencoded-64c48050f569228e.rlib" "/opt/rustwide/target/debug/deps/libpercent_encoding-549c334c22432c49.rlib" "/opt/rustwide/target/debug/deps/libmatches-5bfcef5685786a07.rlib" "/opt/rustwide/target/debug/deps/libhttp-f934d99aebf29821.rlib" "/opt/rustwide/target/debug/deps/libitoa-9ccdb0b3e3d11258.rlib" "/opt/rustwide/target/debug/deps/libbytes-df7cac8fc38da202.rlib" "/opt/rustwide/target/debug/deps/libfnv-56e05e18a5751d51.rlib" "-Wl,--start-group" "/opt/rustwide/rustup-home/toolchains/1.54.0-x86_64-unknown-linux-gnu/lib/rustlib/x86_64-unknown-linux-gnu/lib/libstd-2420485b9e5ef5e1.rlib" "/opt/rustwide/rustup-home/toolchains/1.54.0-x86_64-unknown-linux-gnu/lib/rustlib/x86_64-unknown-linux-gnu/lib/libpanic_unwind-785e3cb61c4b1960.rlib" "/opt/rustwide/rustup-home/toolchains/1.54.0-x86_64-unknown-linux-gnu/lib/rustlib/x86_64-unknown-linux-gnu/lib/libminiz_oxide-087191a88bdaa22d.rlib" "/opt/rustwide/rustup-home/toolchains/1.54.0-x86_64-unknown-linux-gnu/lib/rustlib/x86_64-unknown-linux-gnu/lib/libadler-9981842c02975178.rlib" "/opt/rustwide/rustup-home/toolchains/1.54.0-x86_64-unknown-linux-gnu/lib/rustlib/x86_64-unknown-linux-gnu/lib/libobject-6fb405869b015fde.rlib" "/opt/rustwide/rustup-home/toolchains/1.54.0-x86_64-unknown-linux-gnu/lib/rustlib/x86_64-unknown-linux-gnu/lib/libaddr2line-d05c5c3c56004b7b.rlib" "/opt/rustwide/rustup-home/toolchains/1.54.0-x86_64-unknown-linux-gnu/lib/rustlib/x86_64-unknown-linux-gnu/lib/libgimli-42d74d2097528b38.rlib" "/opt/rustwide/rustup-home/toolchains/1.54.0-x86_64-unknown-linux-gnu/lib/rustlib/x86_64-unknown-linux-gnu/lib/libstd_detect-fb36534c113d2209.rlib" "/opt/rustwide/rustup-home/toolchains/1.54.0-x86_64-unknown-linux-gnu/lib/rustlib/x86_64-unknown-linux-gnu/lib/librustc_demangle-b56b9042c12b6535.rlib" "/opt/rustwide/rustup-home/toolchains/1.54.0-x86_64-unknown-linux-gnu/lib/rustlib/x86_64-unknown-linux-gnu/lib/libhashbrown-491902d6cb3e76df.rlib" "/opt/rustwide/rustup-home/toolchains/1.54.0-x86_64-unknown-linux-gnu/lib/rustlib/x86_64-unknown-linux-gnu/lib/librustc_std_workspace_alloc-61834e0981b8c367.rlib" "/opt/rustwide/rustup-home/toolchains/1.54.0-x86_64-unknown-linux-gnu/lib/rustlib/x86_64-unknown-linux-gnu/lib/libunwind-f78aa99d613a55bc.rlib" "/opt/rustwide/rustup-home/toolchains/1.54.0-x86_64-unknown-linux-gnu/lib/rustlib/x86_64-unknown-linux-gnu/lib/libcfg_if-53ee54cd7fed2c57.rlib" "/opt/rustwide/rustup-home/toolchains/1.54.0-x86_64-unknown-linux-gnu/lib/rustlib/x86_64-unknown-linux-gnu/lib/liblibc-544ecdbd6cda3c58.rlib" "/opt/rustwide/rustup-home/toolchains/1.54.0-x86_64-unknown-linux-gnu/lib/rustlib/x86_64-unknown-linux-gnu/lib/liballoc-379cc252b6943a79.rlib" "/opt/rustwide/rustup-home/toolchains/1.54.0-x86_64-unknown-linux-gnu/lib/rustlib/x86_64-unknown-linux-gnu/lib/librustc_std_workspace_core-8063eea38dcc5e62.rlib" "/opt/rustwide/rustup-home/toolchains/1.54.0-x86_64-unknown-linux-gnu/lib/rustlib/x86_64-unknown-linux-gnu/lib/libcore-5b228734afae15ee.rlib" "-Wl,--end-group" "/opt/rustwide/rustup-home/toolchains/1.54.0-x86_64-unknown-linux-gnu/lib/rustlib/x86_64-unknown-linux-gnu/lib/libcompiler_builtins-d6c7a399d95d173f.rlib" "-Wl,-Bdynamic" "-lssl" "-lcrypto" "-lgcc_s" "-lutil" "-lrt" "-lpthread" "-lm" "-ldl" "-lc" "-Wl,--eh-frame-hdr" "-Wl,-znoexecstack" "-L" "/opt/rustwide/rustup-home/toolchains/1.54.0-x86_64-unknown-linux-gnu/lib/rustlib/x86_64-unknown-linux-gnu/lib" "-o" "/opt/rustwide/target/debug/deps/categories-307b7c67ae22543a" "-Wl,--gc-sections" "-pie" "-Wl,-zrelro" "-Wl,-znow" "-nodefaultlibs"
[INFO] [stdout]   = note: collect2: fatal error: ld terminated with signal 9 [Killed]
[INFO] [stdout]           compilation terminated.
[INFO] [stdout]           
[INFO] [stdout] 
[INFO] [stdout] 
[INFO] [stdout] error: aborting due to previous error; 2 warnings emitted
[INFO] [stdout] 
[INFO] [stdout] 
[INFO] [stdout] warning: 4 warnings emitted
[INFO] [stdout] 
[INFO] [stdout] 
[INFO] [stdout] warning: 2 warnings emitted
[INFO] [stdout] 
[INFO] [stdout] 
[INFO] [stderr] error: build failed
[INFO] running `Command { std: "docker" "inspect" "720ad3b3ae0dc7ec472f446a6d7549f308a7b5113daca955c756a1e5bb44c5a1", kill_on_drop: false }`
[INFO] running `Command { std: "docker" "rm" "-f" "720ad3b3ae0dc7ec472f446a6d7549f308a7b5113daca955c756a1e5bb44c5a1", kill_on_drop: false }`
[INFO] [stdout] 720ad3b3ae0dc7ec472f446a6d7549f308a7b5113daca955c756a1e5bb44c5a1
