[INFO] fetching crate futures-preview 0.3.0-alpha.19...
[INFO] testing futures-preview-0.3.0-alpha.19 against beta-2021-08-01 for beta-1.55-1
[INFO] extracting crate futures-preview 0.3.0-alpha.19 into /workspace/builds/worker-33/source
[INFO] validating manifest of crates.io crate futures-preview 0.3.0-alpha.19 on toolchain beta-2021-08-01
[INFO] running `Command { std: "/workspace/cargo-home/bin/cargo" "+beta-2021-08-01" "metadata" "--manifest-path" "Cargo.toml" "--no-deps", kill_on_drop: false }`
[INFO] started tweaking crates.io crate futures-preview 0.3.0-alpha.19
[INFO] finished tweaking crates.io crate futures-preview 0.3.0-alpha.19
[INFO] tweaked toml for crates.io crate futures-preview 0.3.0-alpha.19 written to /workspace/builds/worker-33/source/Cargo.toml
[INFO] running `Command { std: "/workspace/cargo-home/bin/cargo" "+beta-2021-08-01" "generate-lockfile" "--manifest-path" "Cargo.toml" "-Zno-index-update", kill_on_drop: false }`
[INFO] [stderr]     Blocking waiting for file lock on package cache
[INFO] running `Command { std: "/workspace/cargo-home/bin/cargo" "+beta-2021-08-01" "fetch" "--manifest-path" "Cargo.toml", kill_on_drop: false }`
[INFO] running `Command { std: "docker" "create" "-v" "/var/lib/crater-agent-workspace/builds/worker-33/target:/opt/rustwide/target:rw,Z" "-v" "/var/lib/crater-agent-workspace/builds/worker-33/source:/opt/rustwide/workdir:ro,Z" "-v" "/var/lib/crater-agent-workspace/cargo-home:/opt/rustwide/cargo-home:ro,Z" "-v" "/var/lib/crater-agent-workspace/rustup-home:/opt/rustwide/rustup-home:ro,Z" "-e" "SOURCE_DIR=/opt/rustwide/workdir" "-e" "CARGO_TARGET_DIR=/opt/rustwide/target" "-e" "CARGO_HOME=/opt/rustwide/cargo-home" "-e" "RUSTUP_HOME=/opt/rustwide/rustup-home" "-w" "/opt/rustwide/workdir" "-m" "1610612736" "--user" "0:0" "--network" "none" "ghcr.io/rust-lang/crates-build-env/linux@sha256:34b6a614d2c27851fe6cbf88fbd1137609cefab8b10d0615aaeb6fd47975d74e" "/opt/rustwide/cargo-home/bin/cargo" "+beta-2021-08-01" "metadata" "--no-deps" "--format-version=1", kill_on_drop: false }`
[INFO] [stdout] 2363e175deb856c99ddc21ec3a10f0ff2ae7aaf18d4b5603248ede3fdd9435a3
[INFO] running `Command { std: "docker" "start" "-a" "2363e175deb856c99ddc21ec3a10f0ff2ae7aaf18d4b5603248ede3fdd9435a3", kill_on_drop: false }`
[INFO] running `Command { std: "docker" "inspect" "2363e175deb856c99ddc21ec3a10f0ff2ae7aaf18d4b5603248ede3fdd9435a3", kill_on_drop: false }`
[INFO] running `Command { std: "docker" "rm" "-f" "2363e175deb856c99ddc21ec3a10f0ff2ae7aaf18d4b5603248ede3fdd9435a3", kill_on_drop: false }`
[INFO] [stdout] 2363e175deb856c99ddc21ec3a10f0ff2ae7aaf18d4b5603248ede3fdd9435a3
[INFO] running `Command { std: "docker" "create" "-v" "/var/lib/crater-agent-workspace/builds/worker-33/target:/opt/rustwide/target:rw,Z" "-v" "/var/lib/crater-agent-workspace/builds/worker-33/source:/opt/rustwide/workdir:ro,Z" "-v" "/var/lib/crater-agent-workspace/cargo-home:/opt/rustwide/cargo-home:ro,Z" "-v" "/var/lib/crater-agent-workspace/rustup-home:/opt/rustwide/rustup-home:ro,Z" "-e" "SOURCE_DIR=/opt/rustwide/workdir" "-e" "CARGO_TARGET_DIR=/opt/rustwide/target" "-e" "CARGO_INCREMENTAL=0" "-e" "RUST_BACKTRACE=full" "-e" "RUSTFLAGS=--cap-lints=warn" "-e" "CARGO_HOME=/opt/rustwide/cargo-home" "-e" "RUSTUP_HOME=/opt/rustwide/rustup-home" "-w" "/opt/rustwide/workdir" "-m" "1610612736" "--user" "0:0" "--network" "none" "ghcr.io/rust-lang/crates-build-env/linux@sha256:34b6a614d2c27851fe6cbf88fbd1137609cefab8b10d0615aaeb6fd47975d74e" "/opt/rustwide/cargo-home/bin/cargo" "+beta-2021-08-01" "build" "--frozen" "--message-format=json", kill_on_drop: false }`
[INFO] [stdout] dee22beeff9b79969ff569b3f1882e0f045d4efebcfc9616c556f5d0d2285f57
[INFO] running `Command { std: "docker" "start" "-a" "dee22beeff9b79969ff569b3f1882e0f045d4efebcfc9616c556f5d0d2285f57", kill_on_drop: false }`
[INFO] [stderr]    Compiling futures-core-preview v0.3.0-alpha.19
[INFO] [stderr]    Compiling futures-sink-preview v0.3.0-alpha.19
[INFO] [stderr]    Compiling futures-io-preview v0.3.0-alpha.19
[INFO] [stderr]    Compiling num_cpus v1.13.0
[INFO] [stderr]    Compiling futures-channel-preview v0.3.0-alpha.19
[INFO] [stderr]    Compiling futures-util-preview v0.3.0-alpha.19
[INFO] [stderr]    Compiling futures-executor-preview v0.3.0-alpha.19
[INFO] [stderr]    Compiling futures-preview v0.3.0-alpha.19 (/opt/rustwide/workdir)
[INFO] [stderr]     Finished dev [unoptimized + debuginfo] target(s) in 4.60s
[INFO] running `Command { std: "docker" "inspect" "dee22beeff9b79969ff569b3f1882e0f045d4efebcfc9616c556f5d0d2285f57", kill_on_drop: false }`
[INFO] running `Command { std: "docker" "rm" "-f" "dee22beeff9b79969ff569b3f1882e0f045d4efebcfc9616c556f5d0d2285f57", kill_on_drop: false }`
[INFO] [stdout] dee22beeff9b79969ff569b3f1882e0f045d4efebcfc9616c556f5d0d2285f57
[INFO] running `Command { std: "docker" "create" "-v" "/var/lib/crater-agent-workspace/builds/worker-33/target:/opt/rustwide/target:rw,Z" "-v" "/var/lib/crater-agent-workspace/builds/worker-33/source:/opt/rustwide/workdir:ro,Z" "-v" "/var/lib/crater-agent-workspace/cargo-home:/opt/rustwide/cargo-home:ro,Z" "-v" "/var/lib/crater-agent-workspace/rustup-home:/opt/rustwide/rustup-home:ro,Z" "-e" "SOURCE_DIR=/opt/rustwide/workdir" "-e" "CARGO_TARGET_DIR=/opt/rustwide/target" "-e" "CARGO_INCREMENTAL=0" "-e" "RUST_BACKTRACE=full" "-e" "RUSTFLAGS=--cap-lints=warn" "-e" "CARGO_HOME=/opt/rustwide/cargo-home" "-e" "RUSTUP_HOME=/opt/rustwide/rustup-home" "-w" "/opt/rustwide/workdir" "-m" "1610612736" "--user" "0:0" "--network" "none" "ghcr.io/rust-lang/crates-build-env/linux@sha256:34b6a614d2c27851fe6cbf88fbd1137609cefab8b10d0615aaeb6fd47975d74e" "/opt/rustwide/cargo-home/bin/cargo" "+beta-2021-08-01" "test" "--frozen" "--no-run" "--message-format=json", kill_on_drop: false }`
[INFO] [stdout] c0d149b42bea94cabe6a5511bc1b4d5bb16ccbb35b87f9291281ef3232431c4f
[INFO] running `Command { std: "docker" "start" "-a" "c0d149b42bea94cabe6a5511bc1b4d5bb16ccbb35b87f9291281ef3232431c4f", kill_on_drop: false }`
[INFO] [stderr]    Compiling futures-preview v0.3.0-alpha.19 (/opt/rustwide/workdir)
[INFO] [stdout] error[E0433]: failed to resolve: use of undeclared crate or module `futures_test`
[INFO] [stdout]  --> tests/futures_unordered.rs:6:5
[INFO] [stdout]   |
[INFO] [stdout] 6 | use futures_test::future::FutureTestExt;
[INFO] [stdout]   |     ^^^^^^^^^^^^ use of undeclared crate or module `futures_test`
[INFO] [stdout] 
[INFO] [stdout] 
[INFO] [stdout] error[E0433]: failed to resolve: use of undeclared crate or module `futures_test`
[INFO] [stdout]  --> tests/basic_combinators.rs:2:5
[INFO] [stdout]   |
[INFO] [stdout] 2 | use futures_test::future::FutureTestExt;
[INFO] [stdout]   |     ^^^^^^^^^^^^ use of undeclared crate or module `futures_test`
[INFO] [stdout] 
[INFO] [stdout] 
[INFO] [stdout] error[E0433]: failed to resolve: use of undeclared crate or module `futures_test`
[INFO] [stdout]  --> tests/futures_unordered.rs:7:5
[INFO] [stdout]   |
[INFO] [stdout] 7 | use futures_test::task::noop_context;
[INFO] [stdout]   |     ^^^^^^^^^^^^ use of undeclared crate or module `futures_test`
[INFO] [stdout] 
[INFO] [stdout] 
[INFO] [stdout] error[E0432]: unresolved import `futures_test`
[INFO] [stdout]  --> tests/futures_unordered.rs:8:5
[INFO] [stdout]   |
[INFO] [stdout] 8 | use futures_test::{assert_stream_done, assert_stream_next};
[INFO] [stdout]   |     ^^^^^^^^^^^^ use of undeclared crate or module `futures_test`
[INFO] [stdout] 
[INFO] [stdout] 
[INFO] [stdout] error: cannot determine resolution for the macro `assert_stream_next`
[INFO] [stdout]    --> tests/futures_unordered.rs:173:5
[INFO] [stdout]     |
[INFO] [stdout] 173 |     assert_stream_next!(stream, ());
[INFO] [stdout]     |     ^^^^^^^^^^^^^^^^^^
[INFO] [stdout]     |
[INFO] [stdout]     = note: import resolution is stuck, try simplifying macro imports
[INFO] [stdout] 
[INFO] [stdout] 
[INFO] [stdout] error: cannot determine resolution for the macro `assert_stream_next`
[INFO] [stdout]    --> tests/futures_unordered.rs:174:5
[INFO] [stdout]     |
[INFO] [stdout] 174 |     assert_stream_next!(stream, ());
[INFO] [stdout]     |     ^^^^^^^^^^^^^^^^^^
[INFO] [stdout]     |
[INFO] [stdout]     = note: import resolution is stuck, try simplifying macro imports
[INFO] [stdout] 
[INFO] [stdout] 
[INFO] [stdout] error: cannot determine resolution for the macro `assert_stream_next`
[INFO] [stdout]    --> tests/futures_unordered.rs:175:5
[INFO] [stdout]     |
[INFO] [stdout] 175 |     assert_stream_next!(stream, ());
[INFO] [stdout]     |     ^^^^^^^^^^^^^^^^^^
[INFO] [stdout]     |
[INFO] [stdout]     = note: import resolution is stuck, try simplifying macro imports
[INFO] [stdout] 
[INFO] [stdout] 
[INFO] [stdout] error: cannot determine resolution for the macro `assert_stream_done`
[INFO] [stdout]    --> tests/futures_unordered.rs:176:5
[INFO] [stdout]     |
[INFO] [stdout] 176 |     assert_stream_done!(stream);
[INFO] [stdout]     |     ^^^^^^^^^^^^^^^^^^
[INFO] [stdout]     |
[INFO] [stdout]     = note: import resolution is stuck, try simplifying macro imports
[INFO] [stdout] 
[INFO] [stdout] 
[INFO] [stdout] error[E0425]: cannot find function `noop_context` in this scope
[INFO] [stdout]   --> tests/futures_unordered.rs:12:18
[INFO] [stdout]    |
[INFO] [stdout] 12 |     let mut cx = noop_context();
[INFO] [stdout]    |                  ^^^^^^^^^^^^ not found in this scope
[INFO] [stdout] 
[INFO] [stdout] 
[INFO] [stdout] error[E0425]: cannot find function `noop_context` in this scope
[INFO] [stdout]   --> tests/futures_unordered.rs:75:18
[INFO] [stdout]    |
[INFO] [stdout] 75 |     let mut cx = noop_context();
[INFO] [stdout]    |                  ^^^^^^^^^^^^ not found in this scope
[INFO] [stdout] 
[INFO] [stdout] 
[INFO] [stdout] error[E0425]: cannot find function `noop_context` in this scope
[INFO] [stdout]    --> tests/futures_unordered.rs:108:19
[INFO] [stdout]     |
[INFO] [stdout] 108 |     let cx = &mut noop_context();
[INFO] [stdout]     |                   ^^^^^^^^^^^^ not found in this scope
[INFO] [stdout] 
[INFO] [stdout] 
[INFO] [stdout] error[E0433]: failed to resolve: use of undeclared crate or module `futures_test`
[INFO] [stdout]  --> tests/io_read_until.rs:6:5
[INFO] [stdout]   |
[INFO] [stdout] 6 | use futures_test::io::AsyncReadTestExt;
[INFO] [stdout]   |     ^^^^^^^^^^^^ use of undeclared crate or module `futures_test`
[INFO] [stdout] 
[INFO] [stdout] 
[INFO] [stdout] error[E0433]: failed to resolve: use of undeclared crate or module `futures_test`
[INFO] [stdout]  --> tests/io_read_until.rs:7:5
[INFO] [stdout]   |
[INFO] [stdout] 7 | use futures_test::task::noop_context;
[INFO] [stdout]   |     ^^^^^^^^^^^^ use of undeclared crate or module `futures_test`
[INFO] [stdout] 
[INFO] [stdout] 
[INFO] [stdout] error[E0433]: failed to resolve: use of undeclared crate or module `futures_test`
[INFO] [stdout]  --> tests/sink.rs:9:5
[INFO] [stdout]   |
[INFO] [stdout] 9 | use futures_test::task::panic_context;
[INFO] [stdout]   |     ^^^^^^^^^^^^ use of undeclared crate or module `futures_test`
[INFO] [stdout] 
[INFO] [stdout] 
[INFO] [stdout] error[E0425]: cannot find function `noop_context` in this scope
[INFO] [stdout]   --> tests/io_read_until.rs:30:18
[INFO] [stdout]    |
[INFO] [stdout] 30 |     let mut cx = noop_context();
[INFO] [stdout]    |                  ^^^^^^^^^^^^ not found in this scope
[INFO] [stdout] 
[INFO] [stdout] 
[INFO] [stdout] error[E0425]: cannot find function `panic_context` in this scope
[INFO] [stdout]   --> tests/sink.rs:24:34
[INFO] [stdout]    |
[INFO] [stdout] 24 |     match s.poll_next_unpin(&mut panic_context()) {
[INFO] [stdout]    |                                  ^^^^^^^^^^^^^ not found in this scope
[INFO] [stdout] 
[INFO] [stdout] 
[INFO] [stdout] error[E0433]: failed to resolve: use of undeclared crate or module `futures_test`
[INFO] [stdout]  --> tests/io_lines.rs:6:5
[INFO] [stdout]   |
[INFO] [stdout] 6 | use futures_test::io::AsyncReadTestExt;
[INFO] [stdout]   |     ^^^^^^^^^^^^ use of undeclared crate or module `futures_test`
[INFO] [stdout] 
[INFO] [stdout] 
[INFO] [stdout] error[E0425]: cannot find function `panic_context` in this scope
[INFO] [stdout]    --> tests/sink.rs:453:23
[INFO] [stdout]     |
[INFO] [stdout] 453 |         let cx = &mut panic_context();
[INFO] [stdout]     |                       ^^^^^^^^^^^^^ not found in this scope
[INFO] [stdout] 
[INFO] [stdout] 
[INFO] [stdout] error[E0425]: cannot find function `panic_context` in this scope
[INFO] [stdout]    --> tests/sink.rs:479:23
[INFO] [stdout]     |
[INFO] [stdout] 479 |         let cx = &mut panic_context();
[INFO] [stdout]     |                       ^^^^^^^^^^^^^ not found in this scope
[INFO] [stdout] 
[INFO] [stdout] 
[INFO] [stdout] error[E0433]: failed to resolve: use of undeclared crate or module `futures_test`
[INFO] [stdout]  --> tests/io_lines.rs:7:5
[INFO] [stdout]   |
[INFO] [stdout] 7 | use futures_test::task::noop_context;
[INFO] [stdout]   |     ^^^^^^^^^^^^ use of undeclared crate or module `futures_test`
[INFO] [stdout] 
[INFO] [stdout] 
[INFO] [stdout] error[E0432]: unresolved imports `futures::pending`, `futures::poll`, `futures::join`, `futures::try_join`, `futures::select`
[INFO] [stdout]  --> tests/async_await_macros.rs:3:21
[INFO] [stdout]   |
[INFO] [stdout] 3 | use futures::{Poll, pending, pin_mut, poll, join, try_join, select};
[INFO] [stdout]   |                     ^^^^^^^           ^^^^  ^^^^  ^^^^^^^^  ^^^^^^ no `select` in the root
[INFO] [stdout]   |                     |                 |     |     |
[INFO] [stdout]   |                     |                 |     |     no `try_join` in the root
[INFO] [stdout]   |                     |                 |     no `join` in the root
[INFO] [stdout]   |                     |                 no `poll` in the root
[INFO] [stdout]   |                     |                 help: a similar name exists in the module: `Poll`
[INFO] [stdout]   |                     no `pending` in the root
[INFO] [stdout] 
[INFO] [stdout] 
[INFO] [stdout] error[E0433]: failed to resolve: use of undeclared crate or module `futures_test`
[INFO] [stdout]  --> tests/stream_select_all.rs:6:5
[INFO] [stdout]   |
[INFO] [stdout] 6 | use futures_test::task::noop_context;
[INFO] [stdout]   |     ^^^^^^^^^^^^ use of undeclared crate or module `futures_test`
[INFO] [stdout] 
[INFO] [stdout] 
[INFO] [stdout] error[E0433]: failed to resolve: use of undeclared crate or module `futures_test`
[INFO] [stdout]  --> tests/io_buf_writer.rs:5:5
[INFO] [stdout]   |
[INFO] [stdout] 5 | use futures_test::task::noop_context;
[INFO] [stdout]   |     ^^^^^^^^^^^^ use of undeclared crate or module `futures_test`
[INFO] [stdout] 
[INFO] [stdout] 
[INFO] [stdout] error: cannot determine resolution for the macro `try_join`
[INFO] [stdout]    --> tests/async_await_macros.rs:206:9
[INFO] [stdout]     |
[INFO] [stdout] 206 |         try_join!(
[INFO] [stdout]     |         ^^^^^^^^
[INFO] [stdout]     |
[INFO] [stdout]     = note: import resolution is stuck, try simplifying macro imports
[INFO] [stdout] 
[INFO] [stdout] 
[INFO] [stdout] error: cannot determine resolution for the macro `join`
[INFO] [stdout]    --> tests/async_await_macros.rs:199:9
[INFO] [stdout]     |
[INFO] [stdout] 199 |         join!(async {}, async {})
[INFO] [stdout]     |         ^^^^
[INFO] [stdout]     |
[INFO] [stdout]     = note: import resolution is stuck, try simplifying macro imports
[INFO] [stdout] 
[INFO] [stdout] 
[INFO] [stdout] error: cannot determine resolution for the macro `try_join`
[INFO] [stdout]    --> tests/async_await_macros.rs:191:9
[INFO] [stdout]     |
[INFO] [stdout] 191 |         try_join!(ready1, ready2)
[INFO] [stdout]     |         ^^^^^^^^
[INFO] [stdout]     |
[INFO] [stdout]     = note: import resolution is stuck, try simplifying macro imports
[INFO] [stdout] 
[INFO] [stdout] 
[INFO] [stdout] error: cannot determine resolution for the macro `try_join`
[INFO] [stdout]    --> tests/async_await_macros.rs:184:9
[INFO] [stdout]     |
[INFO] [stdout] 184 |         try_join!(ready)
[INFO] [stdout]     |         ^^^^^^^^
[INFO] [stdout]     |
[INFO] [stdout]     = note: import resolution is stuck, try simplifying macro imports
[INFO] [stdout] 
[INFO] [stdout] 
[INFO] [stdout] error: cannot determine resolution for the macro `join`
[INFO] [stdout]    --> tests/async_await_macros.rs:175:9
[INFO] [stdout]     |
[INFO] [stdout] 175 |         join!(ready1, ready2)
[INFO] [stdout]     |         ^^^^
[INFO] [stdout]     |
[INFO] [stdout]     = note: import resolution is stuck, try simplifying macro imports
[INFO] [stdout] 
[INFO] [stdout] 
[INFO] [stdout] error: cannot determine resolution for the macro `join`
[INFO] [stdout]    --> tests/async_await_macros.rs:168:9
[INFO] [stdout]     |
[INFO] [stdout] 168 |         join!(ready)
[INFO] [stdout]     |         ^^^^
[INFO] [stdout]     |
[INFO] [stdout]     = note: import resolution is stuck, try simplifying macro imports
[INFO] [stdout] 
[INFO] [stdout] 
[INFO] [stdout] error: cannot determine resolution for the macro `poll`
[INFO] [stdout]   --> tests/async_await_macros.rs:36:37
[INFO] [stdout]    |
[INFO] [stdout] 36 |         assert_eq!(Poll::Ready(()), poll!(&mut fut));
[INFO] [stdout]    |                                     ^^^^
[INFO] [stdout]    |
[INFO] [stdout]    = note: import resolution is stuck, try simplifying macro imports
[INFO] [stdout] 
[INFO] [stdout] 
[INFO] [stdout] error: cannot determine resolution for the macro `poll`
[INFO] [stdout]   --> tests/async_await_macros.rs:34:35
[INFO] [stdout]    |
[INFO] [stdout] 34 |         assert_eq!(Poll::Pending, poll!(&mut fut));
[INFO] [stdout]    |                                   ^^^^
[INFO] [stdout]    |
[INFO] [stdout]    = note: import resolution is stuck, try simplifying macro imports
[INFO] [stdout] 
[INFO] [stdout] 
[INFO] [stdout] error: cannot determine resolution for the macro `poll`
[INFO] [stdout]   --> tests/async_await_macros.rs:32:35
[INFO] [stdout]    |
[INFO] [stdout] 32 |         assert_eq!(Poll::Pending, poll!(&mut fut));
[INFO] [stdout]    |                                   ^^^^
[INFO] [stdout]    |
[INFO] [stdout]    = note: import resolution is stuck, try simplifying macro imports
[INFO] [stdout] 
[INFO] [stdout] 
[INFO] [stdout] error: cannot determine resolution for the macro `join`
[INFO] [stdout]   --> tests/async_await_macros.rs:26:19
[INFO] [stdout]    |
[INFO] [stdout] 26 |         let res = join!(rx1, rx2);
[INFO] [stdout]    |                   ^^^^
[INFO] [stdout]    |
[INFO] [stdout]    = note: import resolution is stuck, try simplifying macro imports
[INFO] [stdout] 
[INFO] [stdout] 
[INFO] [stdout] error[E0433]: failed to resolve: use of undeclared crate or module `futures_test`
[INFO] [stdout]  --> tests/futures_ordered.rs:5:5
[INFO] [stdout]   |
[INFO] [stdout] 5 | use futures_test::task::noop_context;
[INFO] [stdout]   |     ^^^^^^^^^^^^ use of undeclared crate or module `futures_test`
[INFO] [stdout] 
[INFO] [stdout] 
[INFO] [stdout] error: cannot determine resolution for the macro `poll`
[INFO] [stdout]   --> tests/async_await_macros.rs:16:37
[INFO] [stdout]    |
[INFO] [stdout] 16 |         assert_eq!(Poll::Ready(()), poll!(&mut pending_once));
[INFO] [stdout]    |                                     ^^^^
[INFO] [stdout]    |
[INFO] [stdout]    = note: import resolution is stuck, try simplifying macro imports
[INFO] [stdout] 
[INFO] [stdout] 
[INFO] [stdout] error: cannot determine resolution for the macro `poll`
[INFO] [stdout]   --> tests/async_await_macros.rs:15:35
[INFO] [stdout]    |
[INFO] [stdout] 15 |         assert_eq!(Poll::Pending, poll!(&mut pending_once));
[INFO] [stdout]    |                                   ^^^^
[INFO] [stdout]    |
[INFO] [stdout]    = note: import resolution is stuck, try simplifying macro imports
[INFO] [stdout] 
[INFO] [stdout] 
[INFO] [stdout] error: cannot determine resolution for the macro `pending`
[INFO] [stdout]   --> tests/async_await_macros.rs:12:32
[INFO] [stdout]    |
[INFO] [stdout] 12 |     let pending_once = async { pending!() };
[INFO] [stdout]    |                                ^^^^^^^
[INFO] [stdout]    |
[INFO] [stdout]    = note: import resolution is stuck, try simplifying macro imports
[INFO] [stdout] 
[INFO] [stdout] 
[INFO] [stdout] error: cannot determine resolution for the macro `select`
[INFO] [stdout]    --> tests/async_await_macros.rs:156:9
[INFO] [stdout]     |
[INFO] [stdout] 156 |         select! {
[INFO] [stdout]     |         ^^^^^^
[INFO] [stdout]     |
[INFO] [stdout]     = note: import resolution is stuck, try simplifying macro imports
[INFO] [stdout] 
[INFO] [stdout] 
[INFO] [stdout] error: cannot determine resolution for the macro `select`
[INFO] [stdout]    --> tests/async_await_macros.rs:147:9
[INFO] [stdout]     |
[INFO] [stdout] 147 |         select! {
[INFO] [stdout]     |         ^^^^^^
[INFO] [stdout]     |
[INFO] [stdout]     = note: import resolution is stuck, try simplifying macro imports
[INFO] [stdout] 
[INFO] [stdout] 
[INFO] [stdout] error: cannot determine resolution for the macro `select`
[INFO] [stdout]    --> tests/async_await_macros.rs:132:9
[INFO] [stdout]     |
[INFO] [stdout] 132 |         select! {
[INFO] [stdout]     |         ^^^^^^
[INFO] [stdout]     |
[INFO] [stdout]     = note: import resolution is stuck, try simplifying macro imports
[INFO] [stdout] 
[INFO] [stdout] 
[INFO] [stdout] error: cannot determine resolution for the macro `select`
[INFO] [stdout]    --> tests/async_await_macros.rs:111:9
[INFO] [stdout]     |
[INFO] [stdout] 111 |         select! {
[INFO] [stdout]     |         ^^^^^^
[INFO] [stdout]     |
[INFO] [stdout]     = note: import resolution is stuck, try simplifying macro imports
[INFO] [stdout] 
[INFO] [stdout] 
[INFO] [stdout] error: cannot determine resolution for the macro `select`
[INFO] [stdout]   --> tests/async_await_macros.rs:81:13
[INFO] [stdout]    |
[INFO] [stdout] 81 |             select! {
[INFO] [stdout]    |             ^^^^^^
[INFO] [stdout]    |
[INFO] [stdout]    = note: import resolution is stuck, try simplifying macro imports
[INFO] [stdout] 
[INFO] [stdout] 
[INFO] [stdout] error: cannot determine resolution for the macro `select`
[INFO] [stdout]   --> tests/async_await_macros.rs:69:9
[INFO] [stdout]    |
[INFO] [stdout] 69 |         select! {
[INFO] [stdout]    |         ^^^^^^
[INFO] [stdout]    |
[INFO] [stdout]    = note: import resolution is stuck, try simplifying macro imports
[INFO] [stdout] 
[INFO] [stdout] 
[INFO] [stdout] error: cannot determine resolution for the macro `select`
[INFO] [stdout]   --> tests/async_await_macros.rs:47:9
[INFO] [stdout]    |
[INFO] [stdout] 47 |         select! {
[INFO] [stdout]    |         ^^^^^^
[INFO] [stdout]    |
[INFO] [stdout]    = note: import resolution is stuck, try simplifying macro imports
[INFO] [stdout] 
[INFO] [stdout] 
[INFO] [stdout] error[E0433]: failed to resolve: use of undeclared crate or module `futures_test`
[INFO] [stdout]  --> tests/io_read_to_string.rs:6:5
[INFO] [stdout]   |
[INFO] [stdout] 6 | use futures_test::io::AsyncReadTestExt;
[INFO] [stdout]   |     ^^^^^^^^^^^^ use of undeclared crate or module `futures_test`
[INFO] [stdout] 
[INFO] [stdout] 
[INFO] [stdout] error[E0433]: failed to resolve: use of undeclared crate or module `futures_test`
[INFO] [stdout]  --> tests/eager_drop.rs:4:5
[INFO] [stdout]   |
[INFO] [stdout] 4 | use futures_test::future::FutureTestExt;
[INFO] [stdout]   |     ^^^^^^^^^^^^ use of undeclared crate or module `futures_test`
[INFO] [stdout] 
[INFO] [stdout] 
[INFO] [stdout] error[E0433]: failed to resolve: use of undeclared crate or module `futures_test`
[INFO] [stdout]  --> tests/io_read_to_string.rs:7:5
[INFO] [stdout]   |
[INFO] [stdout] 7 | use futures_test::task::noop_context;
[INFO] [stdout]   |     ^^^^^^^^^^^^ use of undeclared crate or module `futures_test`
[INFO] [stdout] 
[INFO] [stdout] 
[INFO] [stdout] error[E0432]: unresolved import `pin_utils`
[INFO] [stdout]  --> tests/eager_drop.rs:5:5
[INFO] [stdout]   |
[INFO] [stdout] 5 | use pin_utils::unsafe_pinned;
[INFO] [stdout]   |     ^^^^^^^^^ use of undeclared crate or module `pin_utils`
[INFO] [stdout] 
[INFO] [stdout] 
[INFO] [stdout] error[E0433]: failed to resolve: use of undeclared crate or module `futures_test`
[INFO] [stdout]  --> tests/stream_into_async_read.rs:5:5
[INFO] [stdout]   |
[INFO] [stdout] 5 | use futures_test::{task::noop_context, stream::StreamTestExt};
[INFO] [stdout]   |     ^^^^^^^^^^^^ use of undeclared crate or module `futures_test`
[INFO] [stdout] 
[INFO] [stdout] 
[INFO] [stdout] error[E0433]: failed to resolve: use of undeclared crate or module `futures_test`
[INFO] [stdout]  --> tests/abortable.rs:5:5
[INFO] [stdout]   |
[INFO] [stdout] 5 | use futures_test::task::new_count_waker;
[INFO] [stdout]   |     ^^^^^^^^^^^^ use of undeclared crate or module `futures_test`
[INFO] [stdout] 
[INFO] [stdout] 
[INFO] [stdout] error[E0433]: failed to resolve: use of undeclared crate or module `futures_test`
[INFO] [stdout]  --> tests/mutex.rs:6:5
[INFO] [stdout]   |
[INFO] [stdout] 6 | use futures_test::future::FutureTestExt;
[INFO] [stdout]   |     ^^^^^^^^^^^^ use of undeclared crate or module `futures_test`
[INFO] [stdout] 
[INFO] [stdout] 
[INFO] [stdout] error[E0433]: failed to resolve: use of undeclared crate or module `futures_test`
[INFO] [stdout]  --> tests/io_read_line.rs:6:5
[INFO] [stdout]   |
[INFO] [stdout] 6 | use futures_test::io::AsyncReadTestExt;
[INFO] [stdout]   |     ^^^^^^^^^^^^ use of undeclared crate or module `futures_test`
[INFO] [stdout] 
[INFO] [stdout] 
[INFO] [stdout] error[E0433]: failed to resolve: use of undeclared crate or module `futures_test`
[INFO] [stdout]  --> tests/mutex.rs:7:5
[INFO] [stdout]   |
[INFO] [stdout] 7 | use futures_test::task::{panic_context, new_count_waker};
[INFO] [stdout]   |     ^^^^^^^^^^^^ use of undeclared crate or module `futures_test`
[INFO] [stdout] 
[INFO] [stdout] 
[INFO] [stdout] error[E0433]: failed to resolve: use of undeclared crate or module `futures_test`
[INFO] [stdout]  --> tests/io_read_line.rs:7:5
[INFO] [stdout]   |
[INFO] [stdout] 7 | use futures_test::task::noop_context;
[INFO] [stdout]   |     ^^^^^^^^^^^^ use of undeclared crate or module `futures_test`
[INFO] [stdout] 
[INFO] [stdout] 
[INFO] [stdout] error: cannot determine resolution for the macro `unsafe_pinned`
[INFO] [stdout]   --> tests/eager_drop.rs:51:5
[INFO] [stdout]    |
[INFO] [stdout] 51 |     unsafe_pinned!(future: F);
[INFO] [stdout]    |     ^^^^^^^^^^^^^
[INFO] [stdout]    |
[INFO] [stdout]    = note: import resolution is stuck, try simplifying macro imports
[INFO] [stdout] 
[INFO] [stdout] 
[INFO] [stdout] error[E0432]: unresolved import `assert_matches`
[INFO] [stdout]  --> tests/io_cursor.rs:1:5
[INFO] [stdout]   |
[INFO] [stdout] 1 | use assert_matches::assert_matches;
[INFO] [stdout]   |     ^^^^^^^^^^^^^^ help: a similar path exists: `std::assert_matches`
[INFO] [stdout] 
[INFO] [stdout] 
[INFO] [stdout] error: cannot determine resolution for the macro `assert_matches`
[INFO] [stdout]   --> tests/io_cursor.rs:12:9
[INFO] [stdout]    |
[INFO] [stdout] 12 |         assert_matches!(Pin::new(&mut cursor).poll_write(cx, &[1, 2]), Poll::Ready(Ok(2)));
[INFO] [stdout]    |         ^^^^^^^^^^^^^^
[INFO] [stdout]    |
[INFO] [stdout]    = note: import resolution is stuck, try simplifying macro imports
[INFO] [stdout] 
[INFO] [stdout] 
[INFO] [stdout] error: cannot determine resolution for the macro `assert_matches`
[INFO] [stdout]   --> tests/io_cursor.rs:13:9
[INFO] [stdout]    |
[INFO] [stdout] 13 |         assert_matches!(Pin::new(&mut cursor).poll_write(cx, &[3, 4]), Poll::Ready(Ok(2)));
[INFO] [stdout]    |         ^^^^^^^^^^^^^^
[INFO] [stdout]    |
[INFO] [stdout]    = note: import resolution is stuck, try simplifying macro imports
[INFO] [stdout] 
[INFO] [stdout] 
[INFO] [stdout] error: cannot determine resolution for the macro `assert_matches`
[INFO] [stdout]   --> tests/io_cursor.rs:14:9
[INFO] [stdout]    |
[INFO] [stdout] 14 |         assert_matches!(Pin::new(&mut cursor).poll_write(cx, &[5, 6]), Poll::Ready(Ok(1)));
[INFO] [stdout]    |         ^^^^^^^^^^^^^^
[INFO] [stdout]    |
[INFO] [stdout]    = note: import resolution is stuck, try simplifying macro imports
[INFO] [stdout] 
[INFO] [stdout] 
[INFO] [stdout] error: cannot determine resolution for the macro `assert_matches`
[INFO] [stdout]   --> tests/io_cursor.rs:15:9
[INFO] [stdout]    |
[INFO] [stdout] 15 |         assert_matches!(Pin::new(&mut cursor).poll_write(cx, &[6, 7]), Poll::Ready(Ok(0)));
[INFO] [stdout]    |         ^^^^^^^^^^^^^^
[INFO] [stdout]    |
[INFO] [stdout]    = note: import resolution is stuck, try simplifying macro imports
[INFO] [stdout] 
[INFO] [stdout] 
[INFO] [stdout] error[E0433]: failed to resolve: use of undeclared crate or module `futures_test`
[INFO] [stdout]  --> tests/io_buf_reader.rs:8:5
[INFO] [stdout]   |
[INFO] [stdout] 8 | use futures_test::task::noop_context;
[INFO] [stdout]   |     ^^^^^^^^^^^^ use of undeclared crate or module `futures_test`
[INFO] [stdout] 
[INFO] [stdout] 
[INFO] [stdout] warning: unused import: `futures::Poll`
[INFO] [stdout]  --> tests/io_cursor.rs:2:5
[INFO] [stdout]   |
[INFO] [stdout] 2 | use futures::Poll;
[INFO] [stdout]   |     ^^^^^^^^^^^^^
[INFO] [stdout]   |
[INFO] [stdout]   = note: `#[warn(unused_imports)]` on by default
[INFO] [stdout] 
[INFO] [stdout] 
[INFO] [stdout] warning: unused import: `futures::io::AsyncWrite`
[INFO] [stdout]  --> tests/io_cursor.rs:4:5
[INFO] [stdout]   |
[INFO] [stdout] 4 | use futures::io::AsyncWrite;
[INFO] [stdout]   |     ^^^^^^^^^^^^^^^^^^^^^^^
[INFO] [stdout] 
[INFO] [stdout] 
[INFO] [stdout] warning: unused import: `std::pin::Pin`
[INFO] [stdout]  --> tests/io_cursor.rs:6:5
[INFO] [stdout]   |
[INFO] [stdout] 6 | use std::pin::Pin;
[INFO] [stdout]   |     ^^^^^^^^^^^^^
[INFO] [stdout] 
[INFO] [stdout] 
[INFO] [stdout] error[E0433]: failed to resolve: use of undeclared crate or module `futures_test`
[INFO] [stdout]  --> tests/ready_queue.rs:6:5
[INFO] [stdout]   |
[INFO] [stdout] 6 | use futures_test::task::noop_context;
[INFO] [stdout]   |     ^^^^^^^^^^^^ use of undeclared crate or module `futures_test`
[INFO] [stdout] 
[INFO] [stdout] 
[INFO] [stdout] error[E0433]: failed to resolve: use of undeclared crate or module `futures_test`
[INFO] [stdout]  --> tests/fuse.rs:3:5
[INFO] [stdout]   |
[INFO] [stdout] 3 | use futures_test::task::panic_waker;
[INFO] [stdout]   |     ^^^^^^^^^^^^ use of undeclared crate or module `futures_test`
[INFO] [stdout] 
[INFO] [stdout] 
[INFO] [stdout] error[E0425]: cannot find function `noop_context` in this scope
[INFO] [stdout]   --> tests/io_lines.rs:31:18
[INFO] [stdout]    |
[INFO] [stdout] 31 |     let mut cx = noop_context();
[INFO] [stdout]    |                  ^^^^^^^^^^^^ not found in this scope
[INFO] [stdout] 
[INFO] [stdout] 
[INFO] [stdout] error[E0425]: cannot find function `noop_context` in this scope
[INFO] [stdout]   --> tests/stream_select_all.rs:10:18
[INFO] [stdout]    |
[INFO] [stdout] 10 |     let mut cx = noop_context();
[INFO] [stdout]    |                  ^^^^^^^^^^^^ not found in this scope
[INFO] [stdout] 
[INFO] [stdout] 
[INFO] [stdout] error[E0425]: cannot find function `noop_context` in this scope
[INFO] [stdout]    --> tests/io_buf_writer.rs:112:18
[INFO] [stdout]     |
[INFO] [stdout] 112 |     let mut cx = noop_context();
[INFO] [stdout]     |                  ^^^^^^^^^^^^ not found in this scope
[INFO] [stdout] 
[INFO] [stdout] 
[INFO] [stdout] error[E0599]: no method named `interleave_pending` found for reference `&'static [u8; 2]` in the current scope
[INFO] [stdout]   --> tests/io_read_until.rs:40:25
[INFO] [stdout]    |
[INFO] [stdout] 40 |     let mut buf = b"12".interleave_pending();
[INFO] [stdout]    |                         ^^^^^^^^^^^^^^^^^^ method not found in `&'static [u8; 2]`
[INFO] [stdout] 
[INFO] [stdout] 
[INFO] [stdout] error[E0425]: cannot find function `noop_context` in this scope
[INFO] [stdout]   --> tests/io_read_to_string.rs:28:18
[INFO] [stdout]    |
[INFO] [stdout] 28 |     let mut cx = noop_context();
[INFO] [stdout]    |                  ^^^^^^^^^^^^ not found in this scope
[INFO] [stdout] 
[INFO] [stdout] 
[INFO] [stdout] error[E0425]: cannot find function `noop_context` in this scope
[INFO] [stdout]   --> tests/futures_ordered.rs:17:41
[INFO] [stdout]    |
[INFO] [stdout] 17 |     assert!(stream.poll_next_unpin(&mut noop_context()).is_pending());
[INFO] [stdout]    |                                         ^^^^^^^^^^^^ not found in this scope
[INFO] [stdout] 
[INFO] [stdout] 
[INFO] [stdout] error[E0599]: no method named `interleave_pending` found for struct `IntoAsyncRead` in the current scope
[INFO] [stdout]   --> tests/io_read_until.rs:48:10
[INFO] [stdout]    |
[INFO] [stdout] 48 |         .interleave_pending();
[INFO] [stdout]    |          ^^^^^^^^^^^^^^^^^^ method not found in `IntoAsyncRead<futures::stream::Map<futures::stream::Iter<std::vec::IntoIter<&[u8]>>, fn(&[u8]) -> Result<&[u8], std::io::Error> {Result::<&[u8], std::io::Error>::Ok}>>`
[INFO] [stdout] 
[INFO] [stdout] 
[INFO] [stdout] error[E0425]: cannot find function `new_count_waker` in this scope
[INFO] [stdout]   --> tests/abortable.rs:21:28
[INFO] [stdout]    |
[INFO] [stdout] 21 |     let (waker, counter) = new_count_waker();
[INFO] [stdout]    |                            ^^^^^^^^^^^^^^^ not found in this scope
[INFO] [stdout] 
[INFO] [stdout] 
[INFO] [stdout] error: aborting due to 5 previous errors; 3 warnings emitted
[INFO] [stdout] 
[INFO] [stdout] 
[INFO] [stdout] error[E0425]: cannot find function `panic_context` in this scope
[INFO] [stdout]   --> tests/mutex.rs:14:46
[INFO] [stdout]    |
[INFO] [stdout] 14 |         assert!(mutex.lock().poll_unpin(&mut panic_context()).is_ready());
[INFO] [stdout]    |                                              ^^^^^^^^^^^^^ not found in this scope
[INFO] [stdout] 
[INFO] [stdout] 
[INFO] [stdout] error[E0425]: cannot find function `noop_context` in this scope
[INFO] [stdout]   --> tests/io_read_line.rs:30:18
[INFO] [stdout]    |
[INFO] [stdout] 30 |     let mut cx = noop_context();
[INFO] [stdout]    |                  ^^^^^^^^^^^^ not found in this scope
[INFO] [stdout] 
[INFO] [stdout] 
[INFO] [stdout] error[E0425]: cannot find function `noop_context` in this scope
[INFO] [stdout]   --> tests/stream_into_async_read.rs:9:22
[INFO] [stdout]    |
[INFO] [stdout] 9  |         let mut cx = noop_context();
[INFO] [stdout]    |                      ^^^^^^^^^^^^ not found in this scope
[INFO] [stdout] ...
[INFO] [stdout] 53 |     assert_read!(reader, &mut buf, 3);
[INFO] [stdout]    |     ---------------------------------- in this macro invocation
[INFO] [stdout]    |
[INFO] [stdout]    = note: this error originates in the macro `assert_read` (in Nightly builds, run with -Z macro-backtrace for more info)
[INFO] [stdout] 
[INFO] [stdout] 
[INFO] [stdout] error[E0425]: cannot find function `noop_context` in this scope
[INFO] [stdout]   --> tests/stream_into_async_read.rs:9:22
[INFO] [stdout]    |
[INFO] [stdout] 9  |         let mut cx = noop_context();
[INFO] [stdout]    |                      ^^^^^^^^^^^^ not found in this scope
[INFO] [stdout] ...
[INFO] [stdout] 56 |     assert_read!(reader, &mut buf, 2);
[INFO] [stdout]    |     ---------------------------------- in this macro invocation
[INFO] [stdout]    |
[INFO] [stdout]    = note: this error originates in the macro `assert_read` (in Nightly builds, run with -Z macro-backtrace for more info)
[INFO] [stdout] 
[INFO] [stdout] 
[INFO] [stdout] error[E0425]: cannot find function `noop_context` in this scope
[INFO] [stdout]   --> tests/stream_into_async_read.rs:9:22
[INFO] [stdout]    |
[INFO] [stdout] 9  |         let mut cx = noop_context();
[INFO] [stdout]    |                      ^^^^^^^^^^^^ not found in this scope
[INFO] [stdout] ...
[INFO] [stdout] 59 |     assert_read!(reader, &mut buf, 3);
[INFO] [stdout]    |     ---------------------------------- in this macro invocation
[INFO] [stdout]    |
[INFO] [stdout]    = note: this error originates in the macro `assert_read` (in Nightly builds, run with -Z macro-backtrace for more info)
[INFO] [stdout] 
[INFO] [stdout] 
[INFO] [stdout] error[E0425]: cannot find function `noop_context` in this scope
[INFO] [stdout]   --> tests/stream_into_async_read.rs:9:22
[INFO] [stdout]    |
[INFO] [stdout] 9  |         let mut cx = noop_context();
[INFO] [stdout]    |                      ^^^^^^^^^^^^ not found in this scope
[INFO] [stdout] ...
[INFO] [stdout] 62 |     assert_read!(reader, &mut buf, 2);
[INFO] [stdout]    |     ---------------------------------- in this macro invocation
[INFO] [stdout]    |
[INFO] [stdout]    = note: this error originates in the macro `assert_read` (in Nightly builds, run with -Z macro-backtrace for more info)
[INFO] [stdout] 
[INFO] [stdout] 
[INFO] [stdout] error[E0425]: cannot find function `noop_context` in this scope
[INFO] [stdout]   --> tests/stream_into_async_read.rs:9:22
[INFO] [stdout]    |
[INFO] [stdout] 9  |         let mut cx = noop_context();
[INFO] [stdout]    |                      ^^^^^^^^^^^^ not found in this scope
[INFO] [stdout] ...
[INFO] [stdout] 65 |     assert_read!(reader, &mut buf, 3);
[INFO] [stdout]    |     ---------------------------------- in this macro invocation
[INFO] [stdout]    |
[INFO] [stdout]    = note: this error originates in the macro `assert_read` (in Nightly builds, run with -Z macro-backtrace for more info)
[INFO] [stdout] 
[INFO] [stdout] 
[INFO] [stdout] error[E0425]: cannot find function `noop_context` in this scope
[INFO] [stdout]   --> tests/stream_into_async_read.rs:9:22
[INFO] [stdout]    |
[INFO] [stdout] 9  |         let mut cx = noop_context();
[INFO] [stdout]    |                      ^^^^^^^^^^^^ not found in this scope
[INFO] [stdout] ...
[INFO] [stdout] 68 |     assert_read!(reader, &mut buf, 2);
[INFO] [stdout]    |     ---------------------------------- in this macro invocation
[INFO] [stdout]    |
[INFO] [stdout]    = note: this error originates in the macro `assert_read` (in Nightly builds, run with -Z macro-backtrace for more info)
[INFO] [stdout] 
[INFO] [stdout] 
[INFO] [stdout] error[E0425]: cannot find function `noop_context` in this scope
[INFO] [stdout]   --> tests/stream_into_async_read.rs:9:22
[INFO] [stdout]    |
[INFO] [stdout] 9  |         let mut cx = noop_context();
[INFO] [stdout]    |                      ^^^^^^^^^^^^ not found in this scope
[INFO] [stdout] ...
[INFO] [stdout] 71 |     assert_read!(reader, &mut buf, 0);
[INFO] [stdout]    |     ---------------------------------- in this macro invocation
[INFO] [stdout]    |
[INFO] [stdout]    = note: this error originates in the macro `assert_read` (in Nightly builds, run with -Z macro-backtrace for more info)
[INFO] [stdout] 
[INFO] [stdout] 
[INFO] [stdout] error[E0425]: cannot find function `noop_context` in this scope
[INFO] [stdout]   --> tests/stream_into_async_read.rs:29:22
[INFO] [stdout]    |
[INFO] [stdout] 29 |         let mut cx = noop_context();
[INFO] [stdout]    |                      ^^^^^^^^^^^^ not found in this scope
[INFO] [stdout] ...
[INFO] [stdout] 81 |     assert_fill_buf!(reader, &[1, 2, 3, 4, 5][..]);
[INFO] [stdout]    |     ----------------------------------------------- in this macro invocation
[INFO] [stdout]    |
[INFO] [stdout]    = note: this error originates in the macro `assert_fill_buf` (in Nightly builds, run with -Z macro-backtrace for more info)
[INFO] [stdout] 
[INFO] [stdout] 
[INFO] [stdout] error[E0425]: cannot find function `noop_context` in this scope
[INFO] [stdout]   --> tests/stream_into_async_read.rs:29:22
[INFO] [stdout]    |
[INFO] [stdout] 29 |         let mut cx = noop_context();
[INFO] [stdout]    |                      ^^^^^^^^^^^^ not found in this scope
[INFO] [stdout] ...
[INFO] [stdout] 84 |     assert_fill_buf!(reader, &[4, 5][..]);
[INFO] [stdout]    |     -------------------------------------- in this macro invocation
[INFO] [stdout]    |
[INFO] [stdout]    = note: this error originates in the macro `assert_fill_buf` (in Nightly builds, run with -Z macro-backtrace for more info)
[INFO] [stdout] 
[INFO] [stdout] 
[INFO] [stdout] error[E0425]: cannot find function `noop_context` in this scope
[INFO] [stdout]   --> tests/stream_into_async_read.rs:29:22
[INFO] [stdout]    |
[INFO] [stdout] 29 |         let mut cx = noop_context();
[INFO] [stdout]    |                      ^^^^^^^^^^^^ not found in this scope
[INFO] [stdout] ...
[INFO] [stdout] 87 |     assert_fill_buf!(reader, &[1, 2, 3, 4, 5][..]);
[INFO] [stdout]    |     ----------------------------------------------- in this macro invocation
[INFO] [stdout]    |
[INFO] [stdout]    = note: this error originates in the macro `assert_fill_buf` (in Nightly builds, run with -Z macro-backtrace for more info)
[INFO] [stdout] 
[INFO] [stdout] 
[INFO] [stdout] error[E0425]: cannot find function `noop_context` in this scope
[INFO] [stdout]   --> tests/stream_into_async_read.rs:29:22
[INFO] [stdout]    |
[INFO] [stdout] 29 |         let mut cx = noop_context();
[INFO] [stdout]    |                      ^^^^^^^^^^^^ not found in this scope
[INFO] [stdout] ...
[INFO] [stdout] 90 |     assert_fill_buf!(reader, &[3, 4, 5][..]);
[INFO] [stdout]    |     ----------------------------------------- in this macro invocation
[INFO] [stdout]    |
[INFO] [stdout]    = note: this error originates in the macro `assert_fill_buf` (in Nightly builds, run with -Z macro-backtrace for more info)
[INFO] [stdout] 
[INFO] [stdout] 
[INFO] [stdout] error[E0425]: cannot find function `noop_context` in this scope
[INFO] [stdout]   --> tests/stream_into_async_read.rs:29:22
[INFO] [stdout]    |
[INFO] [stdout] 29 |         let mut cx = noop_context();
[INFO] [stdout]    |                      ^^^^^^^^^^^^ not found in this scope
[INFO] [stdout] ...
[INFO] [stdout] 93 |     assert_fill_buf!(reader, &[][..]);
[INFO] [stdout]    |     ---------------------------------- in this macro invocation
[INFO] [stdout]    |
[INFO] [stdout]    = note: this error originates in the macro `assert_fill_buf` (in Nightly builds, run with -Z macro-backtrace for more info)
[INFO] [stdout] 
[INFO] [stdout] 
[INFO] [stdout] error[E0425]: cannot find function `new_count_waker` in this scope
[INFO] [stdout]   --> tests/mutex.rs:21:28
[INFO] [stdout]    |
[INFO] [stdout] 21 |     let (waker, counter) = new_count_waker();
[INFO] [stdout]    |                            ^^^^^^^^^^^^^^^ not found in this scope
[INFO] [stdout] 
[INFO] [stdout] 
[INFO] [stdout] error[E0425]: cannot find function `panic_context` in this scope
[INFO] [stdout]   --> tests/mutex.rs:22:45
[INFO] [stdout]    |
[INFO] [stdout] 22 |     let lock = mutex.lock().poll_unpin(&mut panic_context());
[INFO] [stdout]    |                                             ^^^^^^^^^^^^^ not found in this scope
[INFO] [stdout] 
[INFO] [stdout] 
[INFO] [stdout] error[E0425]: cannot find function `panic_context` in this scope
[INFO] [stdout]   --> tests/mutex.rs:33:36
[INFO] [stdout]    |
[INFO] [stdout] 33 |     assert!(waiter.poll_unpin(&mut panic_context()).is_ready());
[INFO] [stdout]    |                                    ^^^^^^^^^^^^^ not found in this scope
[INFO] [stdout] 
[INFO] [stdout] 
[INFO] [stdout] error: cannot find macro `try_join` in this scope
[INFO] [stdout]   --> tests/macro_comma_support.rs:39:9
[INFO] [stdout]    |
[INFO] [stdout] 39 |         try_join!(future1, future2,)
[INFO] [stdout]    |         ^^^^^^^^
[INFO] [stdout] 
[INFO] [stdout] 
[INFO] [stdout] error[E0425]: cannot find function `noop_context` in this scope
[INFO] [stdout]   --> tests/ready_queue.rs:83:27
[INFO] [stdout]    |
[INFO] [stdout] 83 |             let cx = &mut noop_context();
[INFO] [stdout]    |                           ^^^^^^^^^^^^ not found in this scope
[INFO] [stdout] 
[INFO] [stdout] 
[INFO] [stdout] error[E0425]: cannot find function `noop_context` in this scope
[INFO] [stdout]   --> tests/futures_ordered.rs:40:18
[INFO] [stdout]    |
[INFO] [stdout] 40 |     let mut cx = noop_context();
[INFO] [stdout]    |                  ^^^^^^^^^^^^ not found in this scope
[INFO] [stdout] 
[INFO] [stdout] 
[INFO] [stdout] error[E0425]: cannot find function `noop_context` in this scope
[INFO] [stdout]   --> tests/futures_ordered.rs:73:19
[INFO] [stdout]    |
[INFO] [stdout] 73 |     let cx = &mut noop_context();
[INFO] [stdout]    |                   ^^^^^^^^^^^^ not found in this scope
[INFO] [stdout] 
[INFO] [stdout] 
[INFO] [stdout] error[E0599]: no method named `run_in_background` found for struct `futures::future::Map` in the current scope
[INFO] [stdout]   --> tests/basic_combinators.rs:25:9
[INFO] [stdout]    |
[INFO] [stdout] 25 |     fut.run_in_background(); // Start it
[INFO] [stdout]    |         ^^^^^^^^^^^^^^^^^ method not found in `futures::future::Map<futures::future::Map<futures::future::Then<futures::future::Ready<{integer}>, futures::future::Ready<{integer}>, [closure@tests/basic_combinators.rs:12:15: 16:10]>, [closure@tests/basic_combinators.rs:16:16: 20:10]>, [closure@tests/basic_combinators.rs:20:16: 22:10]>`
[INFO] [stdout] 
[INFO] [stdout] 
[INFO] [stdout] error: cannot find macro `poll` in this scope
[INFO] [stdout]   --> tests/macro_comma_support.rs:21:17
[INFO] [stdout]    |
[INFO] [stdout] 21 |         let _ = poll!(async {}.boxed(),);
[INFO] [stdout]    |                 ^^^^
[INFO] [stdout] 
[INFO] [stdout] 
[INFO] [stdout] For more information about this error, try `rustc --explain E0432`.
[INFO] [stdout] 
[INFO] [stdout] error: cannot find macro `join` in this scope
[INFO] [stdout]   --> tests/macro_comma_support.rs:30:9
[INFO] [stdout]    |
[INFO] [stdout] 30 |         join!(future1, future2,);
[INFO] [stdout]    |         ^^^^
[INFO] [stdout] 
[INFO] [stdout] 
[INFO] [stdout] error[E0425]: cannot find function `panic_waker` in this scope
[INFO] [stdout]  --> tests/fuse.rs:8:17
[INFO] [stdout]   |
[INFO] [stdout] 8 |     let waker = panic_waker();
[INFO] [stdout]   |                 ^^^^^^^^^^^ not found in this scope
[INFO] [stdout] 
[INFO] [stdout] 
[INFO] [stdout] error: aborting due to 5 previous errors
[INFO] [stdout] 
[INFO] [stdout] 
[INFO] [stdout] Some errors have detailed explanations: E0425, E0433, E0599.
[INFO] [stdout] 
[INFO] [stdout] For more information about an error, try `rustc --explain E0425`.
[INFO] [stdout] 
[INFO] [stdout] error: aborting due to 2 previous errors
[INFO] [stdout] 
[INFO] [stdout] 
[INFO] [stdout] Some errors have detailed explanations: E0425, E0433.
[INFO] [stdout] 
[INFO] [stdout] For more information about an error, try `rustc --explain E0425`.
[INFO] [stdout] 
[INFO] [stdout] error[E0425]: cannot find function `noop_context` in this scope
[INFO] [stdout]   --> tests/io_buf_reader.rs:30:22
[INFO] [stdout]    |
[INFO] [stdout] 30 |         let mut cx = noop_context();
[INFO] [stdout]    |                      ^^^^^^^^^^^^ not found in this scope
[INFO] [stdout] ...
[INFO] [stdout] 93 |     assert_eq!(run_fill_buf!(reader).ok(), Some(&[0, 1][..]));
[INFO] [stdout]    |                --------------------- in this macro invocation
[INFO] [stdout]    |
[INFO] [stdout]    = note: this error originates in the macro `run_fill_buf` (in Nightly builds, run with -Z macro-backtrace for more info)
[INFO] [stdout] 
[INFO] [stdout] 
[INFO] [stdout] error[E0425]: cannot find function `noop_context` in this scope
[INFO] [stdout]   --> tests/io_buf_reader.rs:30:22
[INFO] [stdout]    |
[INFO] [stdout] 30 |         let mut cx = noop_context();
[INFO] [stdout]    |                      ^^^^^^^^^^^^ not found in this scope
[INFO] [stdout] ...
[INFO] [stdout] 95 |     assert_eq!(run_fill_buf!(reader).ok(), Some(&[0, 1][..]));
[INFO] [stdout]    |                --------------------- in this macro invocation
[INFO] [stdout]    |
[INFO] [stdout]    = note: this error originates in the macro `run_fill_buf` (in Nightly builds, run with -Z macro-backtrace for more info)
[INFO] [stdout] 
[INFO] [stdout] 
[INFO] [stdout] error: aborting due to 2 previous errors
[INFO] [stdout] 
[INFO] [stdout] 
[INFO] [stdout] Some errors have detailed explanations: E0425, E0433.
[INFO] [stdout] 
[INFO] [stdout] For more information about an error, try `rustc --explain E0425`.
[INFO] [stdout] 
[INFO] [stdout] error[E0425]: cannot find function `noop_context` in this scope
[INFO] [stdout]   --> tests/io_buf_reader.rs:30:22
[INFO] [stdout]    |
[INFO] [stdout] 30 |         let mut cx = noop_context();
[INFO] [stdout]    |                      ^^^^^^^^^^^^ not found in this scope
[INFO] [stdout] ...
[INFO] [stdout] 97 |     assert_eq!(run_fill_buf!(reader).ok(), Some(&[1, 2][..]));
[INFO] [stdout]    |                --------------------- in this macro invocation
[INFO] [stdout]    |
[INFO] [stdout]    = note: this error originates in the macro `run_fill_buf` (in Nightly builds, run with -Z macro-backtrace for more info)
[INFO] [stdout] 
[INFO] [stdout] 
[INFO] [stdout] error[E0425]: cannot find function `noop_context` in this scope
[INFO] [stdout]    --> tests/io_buf_reader.rs:41:22
[INFO] [stdout]     |
[INFO] [stdout] 41  |         let mut cx = noop_context();
[INFO] [stdout]     |                      ^^^^^^^^^^^^ not found in this scope
[INFO] [stdout] ...
[INFO] [stdout] 107 |     assert!(run_seek_relative!(reader, 3).is_ok());
[INFO] [stdout]     |             ----------------------------- in this macro invocation
[INFO] [stdout]     |
[INFO] [stdout]     = note: this error originates in the macro `run_seek_relative` (in Nightly builds, run with -Z macro-backtrace for more info)
[INFO] [stdout] 
[INFO] [stdout] 
[INFO] [stdout] error[E0425]: cannot find function `noop_context` in this scope
[INFO] [stdout]    --> tests/io_buf_reader.rs:30:22
[INFO] [stdout]     |
[INFO] [stdout] 30  |         let mut cx = noop_context();
[INFO] [stdout]     |                      ^^^^^^^^^^^^ not found in this scope
[INFO] [stdout] ...
[INFO] [stdout] 108 |     assert_eq!(run_fill_buf!(reader).ok(), Some(&[0, 1][..]));
[INFO] [stdout]     |                --------------------- in this macro invocation
[INFO] [stdout]     |
[INFO] [stdout]     = note: this error originates in the macro `run_fill_buf` (in Nightly builds, run with -Z macro-backtrace for more info)
[INFO] [stdout] 
[INFO] [stdout] 
[INFO] [stdout] error[E0425]: cannot find function `noop_context` in this scope
[INFO] [stdout]    --> tests/io_buf_reader.rs:41:22
[INFO] [stdout]     |
[INFO] [stdout] 41  |         let mut cx = noop_context();
[INFO] [stdout]     |                      ^^^^^^^^^^^^ not found in this scope
[INFO] [stdout] ...
[INFO] [stdout] 109 |     assert!(run_seek_relative!(reader, 0).is_ok());
[INFO] [stdout]     |             ----------------------------- in this macro invocation
[INFO] [stdout]     |
[INFO] [stdout]     = note: this error originates in the macro `run_seek_relative` (in Nightly builds, run with -Z macro-backtrace for more info)
[INFO] [stdout] 
[INFO] [stdout] 
[INFO] [stdout] error[E0425]: cannot find function `noop_context` in this scope
[INFO] [stdout]    --> tests/io_buf_reader.rs:30:22
[INFO] [stdout]     |
[INFO] [stdout] 30  |         let mut cx = noop_context();
[INFO] [stdout]     |                      ^^^^^^^^^^^^ not found in this scope
[INFO] [stdout] ...
[INFO] [stdout] 110 |     assert_eq!(run_fill_buf!(reader).ok(), Some(&[0, 1][..]));
[INFO] [stdout]     |                --------------------- in this macro invocation
[INFO] [stdout]     |
[INFO] [stdout]     = note: this error originates in the macro `run_fill_buf` (in Nightly builds, run with -Z macro-backtrace for more info)
[INFO] [stdout] 
[INFO] [stdout] 
[INFO] [stdout] error[E0425]: cannot find function `noop_context` in this scope
[INFO] [stdout]    --> tests/io_buf_reader.rs:41:22
[INFO] [stdout]     |
[INFO] [stdout] 41  |         let mut cx = noop_context();
[INFO] [stdout]     |                      ^^^^^^^^^^^^ not found in this scope
[INFO] [stdout] ...
[INFO] [stdout] 111 |     assert!(run_seek_relative!(reader, 1).is_ok());
[INFO] [stdout]     |             ----------------------------- in this macro invocation
[INFO] [stdout]     |
[INFO] [stdout]     = note: this error originates in the macro `run_seek_relative` (in Nightly builds, run with -Z macro-backtrace for more info)
[INFO] [stdout] 
[INFO] [stdout] 
[INFO] [stderr] error: could not compile `futures-preview` due to 3 previous errors
[INFO] [stdout] error[E0425]: cannot find function `noop_context` in this scope
[INFO] [stdout]    --> tests/io_buf_reader.rs:30:22
[INFO] [stdout]     |
[INFO] [stdout] 30  |         let mut cx = noop_context();
[INFO] [stdout]     |                      ^^^^^^^^^^^^ not found in this scope
[INFO] [stdout] ...
[INFO] [stdout] 112 |     assert_eq!(run_fill_buf!(reader).ok(), Some(&[1][..]));
[INFO] [stdout]     |                --------------------- in this macro invocation
[INFO] [stdout]     |
[INFO] [stdout]     = note: this error originates in the macro `run_fill_buf` (in Nightly builds, run with -Z macro-backtrace for more info)
[INFO] [stdout] 
[INFO] [stdout] 
[INFO] [stderr] warning: build failed, waiting for other jobs to finish...
[INFO] [stdout] error[E0425]: cannot find function `noop_context` in this scope
[INFO] [stdout]    --> tests/io_buf_reader.rs:41:22
[INFO] [stdout]     |
[INFO] [stdout] 41  |         let mut cx = noop_context();
[INFO] [stdout]     |                      ^^^^^^^^^^^^ not found in this scope
[INFO] [stdout] ...
[INFO] [stdout] 113 |     assert!(run_seek_relative!(reader, -1).is_ok());
[INFO] [stdout]     |             ------------------------------ in this macro invocation
[INFO] [stdout]     |
[INFO] [stdout]     = note: this error originates in the macro `run_seek_relative` (in Nightly builds, run with -Z macro-backtrace for more info)
[INFO] [stdout] 
[INFO] [stdout] 
[INFO] [stdout] error[E0425]: cannot find function `noop_context` in this scope
[INFO] [stdout]    --> tests/io_buf_reader.rs:30:22
[INFO] [stdout]     |
[INFO] [stdout] 30  |         let mut cx = noop_context();
[INFO] [stdout]     |                      ^^^^^^^^^^^^ not found in this scope
[INFO] [stdout] ...
[INFO] [stdout] 114 |     assert_eq!(run_fill_buf!(reader).ok(), Some(&[0, 1][..]));
[INFO] [stdout]     |                --------------------- in this macro invocation
[INFO] [stdout]     |
[INFO] [stdout]     = note: this error originates in the macro `run_fill_buf` (in Nightly builds, run with -Z macro-backtrace for more info)
[INFO] [stdout] 
[INFO] [stdout] 
[INFO] [stdout] error[E0425]: cannot find function `noop_context` in this scope
[INFO] [stdout]    --> tests/io_buf_reader.rs:41:22
[INFO] [stdout]     |
[INFO] [stdout] 41  |         let mut cx = noop_context();
[INFO] [stdout]     |                      ^^^^^^^^^^^^ not found in this scope
[INFO] [stdout] ...
[INFO] [stdout] 115 |     assert!(run_seek_relative!(reader, 2).is_ok());
[INFO] [stdout]     |             ----------------------------- in this macro invocation
[INFO] [stdout]     |
[INFO] [stdout]     = note: this error originates in the macro `run_seek_relative` (in Nightly builds, run with -Z macro-backtrace for more info)
[INFO] [stdout] 
[INFO] [stdout] 
[INFO] [stdout] error[E0425]: cannot find function `noop_context` in this scope
[INFO] [stdout]    --> tests/io_buf_reader.rs:30:22
[INFO] [stdout]     |
[INFO] [stdout] 30  |         let mut cx = noop_context();
[INFO] [stdout]     |                      ^^^^^^^^^^^^ not found in this scope
[INFO] [stdout] ...
[INFO] [stdout] 116 |     assert_eq!(run_fill_buf!(reader).ok(), Some(&[2, 3][..]));
[INFO] [stdout]     |                --------------------- in this macro invocation
[INFO] [stdout]     |
[INFO] [stdout]     = note: this error originates in the macro `run_fill_buf` (in Nightly builds, run with -Z macro-backtrace for more info)
[INFO] [stdout] 
[INFO] [stdout] 
[INFO] [stdout] error[E0425]: cannot find function `noop_context` in this scope
[INFO] [stdout]    --> tests/io_buf_reader.rs:30:22
[INFO] [stdout]     |
[INFO] [stdout] 30  |         let mut cx = noop_context();
[INFO] [stdout]     |                      ^^^^^^^^^^^^ not found in this scope
[INFO] [stdout] ...
[INFO] [stdout] 124 |     assert_eq!(run_fill_buf!(reader).ok(), Some(&[5, 6, 7][..]));
[INFO] [stdout]     |                --------------------- in this macro invocation
[INFO] [stdout]     |
[INFO] [stdout]     = note: this error originates in the macro `run_fill_buf` (in Nightly builds, run with -Z macro-backtrace for more info)
[INFO] [stdout] 
[INFO] [stdout] 
[INFO] [stdout] error[E0425]: cannot find function `noop_context` in this scope
[INFO] [stdout]    --> tests/io_buf_reader.rs:41:22
[INFO] [stdout]     |
[INFO] [stdout] 41  |         let mut cx = noop_context();
[INFO] [stdout]     |                      ^^^^^^^^^^^^ not found in this scope
[INFO] [stdout] ...
[INFO] [stdout] 131 |     assert!(run_seek_relative!(reader, -2).is_ok());
[INFO] [stdout]     |             ------------------------------ in this macro invocation
[INFO] [stdout]     |
[INFO] [stdout]     = note: this error originates in the macro `run_seek_relative` (in Nightly builds, run with -Z macro-backtrace for more info)
[INFO] [stdout] 
[INFO] [stdout] 
[INFO] [stdout] error[E0425]: cannot find function `noop_context` in this scope
[INFO] [stdout]    --> tests/io_buf_reader.rs:30:22
[INFO] [stdout]     |
[INFO] [stdout] 30  |         let mut cx = noop_context();
[INFO] [stdout]     |                      ^^^^^^^^^^^^ not found in this scope
[INFO] [stdout] ...
[INFO] [stdout] 142 |     assert_eq!(run_fill_buf!(reader).ok(), Some(&[5, 6, 7][..]));
[INFO] [stdout]     |                --------------------- in this macro invocation
[INFO] [stdout]     |
[INFO] [stdout]     = note: this error originates in the macro `run_fill_buf` (in Nightly builds, run with -Z macro-backtrace for more info)
[INFO] [stdout] 
[INFO] [stdout] 
[INFO] [stdout] error[E0425]: cannot find function `noop_context` in this scope
[INFO] [stdout]    --> tests/io_buf_reader.rs:41:22
[INFO] [stdout]     |
[INFO] [stdout] 41  |         let mut cx = noop_context();
[INFO] [stdout]     |                      ^^^^^^^^^^^^ not found in this scope
[INFO] [stdout] ...
[INFO] [stdout] 147 |     assert!(run_seek_relative!(reader, -2).is_ok());
[INFO] [stdout]     |             ------------------------------ in this macro invocation
[INFO] [stdout]     |
[INFO] [stdout]     = note: this error originates in the macro `run_seek_relative` (in Nightly builds, run with -Z macro-backtrace for more info)
[INFO] [stdout] 
[INFO] [stdout] 
[INFO] [stdout] error[E0425]: cannot find function `noop_context` in this scope
[INFO] [stdout]    --> tests/io_buf_reader.rs:30:22
[INFO] [stdout]     |
[INFO] [stdout] 30  |         let mut cx = noop_context();
[INFO] [stdout]     |                      ^^^^^^^^^^^^ not found in this scope
[INFO] [stdout] ...
[INFO] [stdout] 187 |     assert_eq!(run_fill_buf!(reader).ok(), Some(&[0, 1, 2, 3, 4][..]));
[INFO] [stdout]     |                --------------------- in this macro invocation
[INFO] [stdout]     |
[INFO] [stdout]     = note: this error originates in the macro `run_fill_buf` (in Nightly builds, run with -Z macro-backtrace for more info)
[INFO] [stdout] 
[INFO] [stdout] 
[INFO] [stdout] error[E0425]: cannot find function `noop_context` in this scope
[INFO] [stdout]    --> tests/io_buf_reader.rs:30:22
[INFO] [stdout]     |
[INFO] [stdout] 30  |         let mut cx = noop_context();
[INFO] [stdout]     |                      ^^^^^^^^^^^^ not found in this scope
[INFO] [stdout] ...
[INFO] [stdout] 189 |     assert_eq!(run_fill_buf!(reader).ok().map(|s| s.len()), Some(5));
[INFO] [stdout]     |                --------------------- in this macro invocation
[INFO] [stdout]     |
[INFO] [stdout]     = note: this error originates in the macro `run_fill_buf` (in Nightly builds, run with -Z macro-backtrace for more info)
[INFO] [stdout] 
[INFO] [stdout] 
[INFO] [stdout] error[E0425]: cannot find function `noop_context` in this scope
[INFO] [stdout]    --> tests/io_buf_reader.rs:30:22
[INFO] [stdout]     |
[INFO] [stdout] 30  |         let mut cx = noop_context();
[INFO] [stdout]     |                      ^^^^^^^^^^^^ not found in this scope
[INFO] [stdout] ...
[INFO] [stdout] 193 |     assert_eq!(run_fill_buf!(reader).ok().map(|s| s.len()), Some(5));
[INFO] [stdout]     |                --------------------- in this macro invocation
[INFO] [stdout]     |
[INFO] [stdout]     = note: this error originates in the macro `run_fill_buf` (in Nightly builds, run with -Z macro-backtrace for more info)
[INFO] [stdout] 
[INFO] [stdout] 
[INFO] [stdout] error[E0425]: cannot find function `noop_context` in this scope
[INFO] [stdout]    --> tests/io_buf_reader.rs:260:18
[INFO] [stdout]     |
[INFO] [stdout] 260 |     let mut cx = noop_context();
[INFO] [stdout]     |                  ^^^^^^^^^^^^ not found in this scope
[INFO] [stdout] 
[INFO] [stdout] 
[INFO] [stdout] error[E0425]: cannot find function `noop_context` in this scope
[INFO] [stdout]    --> tests/io_buf_reader.rs:30:22
[INFO] [stdout]     |
[INFO] [stdout] 30  |         let mut cx = noop_context();
[INFO] [stdout]     |                      ^^^^^^^^^^^^ not found in this scope
[INFO] [stdout] ...
[INFO] [stdout] 376 |     assert_eq!(run_fill_buf!(reader).ok(), Some(&[0, 1][..]));
[INFO] [stdout]     |                --------------------- in this macro invocation
[INFO] [stdout]     |
[INFO] [stdout]     = note: this error originates in the macro `run_fill_buf` (in Nightly builds, run with -Z macro-backtrace for more info)
[INFO] [stdout] 
[INFO] [stdout] 
[INFO] [stdout] error[E0425]: cannot find function `noop_context` in this scope
[INFO] [stdout]    --> tests/io_buf_reader.rs:30:22
[INFO] [stdout]     |
[INFO] [stdout] 30  |         let mut cx = noop_context();
[INFO] [stdout]     |                      ^^^^^^^^^^^^ not found in this scope
[INFO] [stdout] ...
[INFO] [stdout] 378 |     assert_eq!(run_fill_buf!(reader).ok(), Some(&[0, 1][..]));
[INFO] [stdout]     |                --------------------- in this macro invocation
[INFO] [stdout]     |
[INFO] [stdout]     = note: this error originates in the macro `run_fill_buf` (in Nightly builds, run with -Z macro-backtrace for more info)
[INFO] [stdout] 
[INFO] [stdout] 
[INFO] [stdout] error[E0425]: cannot find function `noop_context` in this scope
[INFO] [stdout]    --> tests/io_buf_reader.rs:30:22
[INFO] [stdout]     |
[INFO] [stdout] 30  |         let mut cx = noop_context();
[INFO] [stdout]     |                      ^^^^^^^^^^^^ not found in this scope
[INFO] [stdout] ...
[INFO] [stdout] 380 |     assert_eq!(run_fill_buf!(reader).ok(), Some(&[1, 2][..]));
[INFO] [stdout]     |                --------------------- in this macro invocation
[INFO] [stdout]     |
[INFO] [stdout]     = note: this error originates in the macro `run_fill_buf` (in Nightly builds, run with -Z macro-backtrace for more info)
[INFO] [stdout] 
[INFO] [stdout] 
[INFO] [stdout] error: aborting due to 2 previous errors
[INFO] [stdout] 
[INFO] [stdout] 
[INFO] [stdout] Some errors have detailed explanations: E0425, E0433.
[INFO] [stdout] 
[INFO] [stdout] For more information about an error, try `rustc --explain E0425`.
[INFO] [stdout] 
[INFO] [stdout] error: aborting due to 3 previous errors
[INFO] [stdout] 
[INFO] [stdout] 
[INFO] [stdout] error[E0599]: no method named `pending_once` found for struct `futures::future::Ready` in the current scope
[INFO] [stdout]    --> tests/futures_unordered.rs:171:33
[INFO] [stdout]     |
[INFO] [stdout] 171 |     let fut = future::ready(()).pending_once().assert_unmoved();
[INFO] [stdout]     |                                 ^^^^^^^^^^^^ method not found in `futures::future::Ready<()>`
[INFO] [stdout] 
[INFO] [stdout] 
[INFO] [stdout] error: aborting due to 11 previous errors
[INFO] [stdout] 
[INFO] [stdout] 
[INFO] [stdout] Some errors have detailed explanations: E0425, E0432, E0433, E0599.
[INFO] [stdout] 
[INFO] [stdout] For more information about an error, try `rustc --explain E0425`.
[INFO] [stdout] 
[INFO] [stdout] error: aborting due to 2 previous errors
[INFO] [stdout] 
[INFO] [stdout] 
[INFO] [stdout] Some errors have detailed explanations: E0425, E0433.
[INFO] [stdout] 
[INFO] [stdout] For more information about an error, try `rustc --explain E0425`.
[INFO] [stdout] 
[INFO] [stdout] error[E0599]: no method named `run_in_background` found for struct `futures::future::Map` in the current scope
[INFO] [stdout]   --> tests/eager_drop.rs:22:10
[INFO] [stdout]    |
[INFO] [stdout] 22 |         .run_in_background();
[INFO] [stdout]    |          ^^^^^^^^^^^^^^^^^ method not found in `futures::future::Map<futures::future::MapOk<futures::future::Ready<Result<i32, i32>>, [closure@tests/eager_drop.rs:17:17: 17:71]>, [closure@tests/eager_drop.rs:18:14: 21:10]>`
[INFO] [stdout] 
[INFO] [stdout] 
[INFO] [stdout] error[E0599]: no method named `run_in_background` found for struct `futures::future::Map` in the current scope
[INFO] [stdout]   --> tests/basic_combinators.rs:95:9
[INFO] [stdout]    |
[INFO] [stdout] 95 |     fut.run_in_background(); // Start it
[INFO] [stdout]    |         ^^^^^^^^^^^^^^^^^ method not found in `futures::future::Map<futures::future::MapErr<futures::future::MapOk<futures::future::OrElse<futures::future::AndThen<futures::future::Map<futures::future::MapErr<futures::future::MapOk<futures::future::OrElse<futures::future::AndThen<futures::future::Ready<Result<i32, i32>>, futures::future::Ready<Result<i32, i32>>, [closure@tests/basic_combinators.rs:44:19: 48:10]>, futures::future::Ready<Result<i32, i32>>, [closure@tests/basic_combinators.rs:49:18: 53:10]>, [closure@tests/basic_combinators.rs:54:17: 58:10]>, [closure@tests/basic_combinators.rs:59:18: 63:10]>, [closure@tests/basic_combinators.rs:64:14: 68:10]>, futures::future::Ready<Result<i32, i32>>, [closure@tests/basic_combinators.rs:69:19: 73:10]>, futures::future::Ready<Result<i32, i32>>, [closure@tests/basic_combinators.rs:74:18: 78:10]>, [closure@tests/basic_combinators.rs:79:17: 83:10]>, [closure@tests/basic_combinators.rs:84:18: 88:10]>, [closure@tests/basic_combinators.rs:89:14: 92:10]>`
[INFO] [stdout] 
[INFO] [stdout] 
[INFO] [stdout] error: aborting due to 4 previous errors
[INFO] [stdout] 
[INFO] [stdout] 
[INFO] [stdout] Some errors have detailed explanations: E0425, E0433.
[INFO] [stdout] 
[INFO] [stdout] For more information about an error, try `rustc --explain E0425`.
[INFO] [stdout] 
[INFO] [stdout] error: aborting due to 3 previous errors
[INFO] [stdout] 
[INFO] [stdout] 
[INFO] [stdout] error[E0599]: no method named `run_in_background` found for struct `futures::future::Map` in the current scope
[INFO] [stdout]   --> tests/eager_drop.rs:40:10
[INFO] [stdout]    |
[INFO] [stdout] 40 |         .run_in_background();
[INFO] [stdout]    |          ^^^^^^^^^^^^^^^^^ method not found in `futures::future::Map<futures::future::MapErr<futures::future::Ready<Result<i32, i32>>, [closure@tests/eager_drop.rs:35:18: 35:72]>, [closure@tests/eager_drop.rs:36:14: 39:10]>`
[INFO] [stdout] 
[INFO] [stdout] 
[INFO] [stdout] Some errors have detailed explanations: E0433, E0599.
[INFO] [stdout] 
[INFO] [stdout] For more information about an error, try `rustc --explain E0433`.
[INFO] [stdout] 
[INFO] [stdout] error[E0599]: no method named `future` found for struct `Pin<&mut FutureData<F, T>>` in the current scope
[INFO] [stdout]   --> tests/eager_drop.rs:58:14
[INFO] [stdout]    |
[INFO] [stdout] 58 |         self.future().poll(cx)
[INFO] [stdout]    |              ^^^^^^-- help: remove the arguments
[INFO] [stdout]    |              |
[INFO] [stdout]    |              field, not a method
[INFO] [stdout] 
[INFO] [stdout] 
[INFO] [stdout] error[E0599]: no method named `run_in_background` found for struct `futures::future::Then` in the current scope
[INFO] [stdout]   --> tests/eager_drop.rs:74:10
[INFO] [stdout]    |
[INFO] [stdout] 74 |         .run_in_background();
[INFO] [stdout]    |          ^^^^^^^^^^^^^^^^^ method not found in `futures::future::Then<FutureData<UnwrapOrElse<futures::channel::oneshot::Receiver<()>, [closure@tests/eager_drop.rs:68:57: 68:73]>, std::sync::mpsc::Sender<()>>, futures::future::Ready<()>, [closure@tests/eager_drop.rs:69:15: 73:10]>`
[INFO] [stdout] 
[INFO] [stdout] 
[INFO] [stdout] error[E0599]: no method named `run_in_background` found for struct `futures::future::AndThen` in the current scope
[INFO] [stdout]   --> tests/eager_drop.rs:93:10
[INFO] [stdout]    |
[INFO] [stdout] 93 |         .run_in_background();
[INFO] [stdout]    |          ^^^^^^^^^^^^^^^^^ method not found in `futures::future::AndThen<FutureData<UnwrapOrElse<futures::channel::oneshot::Receiver<Result<(), ()>>, [closure@tests/eager_drop.rs:87:57: 87:73]>, std::sync::mpsc::Sender<()>>, futures::future::Ready<Result<(), ()>>, [closure@tests/eager_drop.rs:88:19: 92:10]>`
[INFO] [stdout] 
[INFO] [stdout] 
[INFO] [stdout] error[E0599]: no method named `run_in_background` found for struct `futures::future::OrElse` in the current scope
[INFO] [stdout]    --> tests/eager_drop.rs:112:10
[INFO] [stdout]     |
[INFO] [stdout] 112 |         .run_in_background();
[INFO] [stdout]     |          ^^^^^^^^^^^^^^^^^ method not found in `futures::future::OrElse<FutureData<UnwrapOrElse<futures::channel::oneshot::Receiver<Result<(), ()>>, [closure@tests/eager_drop.rs:106:57: 106:73]>, std::sync::mpsc::Sender<()>>, futures::future::Ready<Result<(), ()>>, [closure@tests/eager_drop.rs:107:18: 111:10]>`
[INFO] [stdout] 
[INFO] [stdout] 
[INFO] [stdout] error: aborting due to 9 previous errors
[INFO] [stdout] 
[INFO] [stdout] 
[INFO] [stdout] Some errors have detailed explanations: E0432, E0433, E0599.
[INFO] [stdout] 
[INFO] [stdout] For more information about an error, try `rustc --explain E0432`.
[INFO] [stdout] 
[INFO] [stdout] error[E0599]: no method named `interleave_pending` found for struct `IntoAsyncRead` in the current scope
[INFO] [stdout]   --> tests/io_read_to_string.rs:41:10
[INFO] [stdout]    |
[INFO] [stdout] 41 |         .interleave_pending();
[INFO] [stdout]    |          ^^^^^^^^^^^^^^^^^^ method not found in `IntoAsyncRead<futures::stream::Map<futures::stream::Iter<std::vec::IntoIter<&[u8]>>, fn(&[u8]) -> Result<&[u8], std::io::Error> {Result::<&[u8], std::io::Error>::Ok}>>`
[INFO] [stdout] 
[INFO] [stdout] 
[INFO] [stdout] error: aborting due to 4 previous errors
[INFO] [stdout] 
[INFO] [stdout] 
[INFO] [stdout] Some errors have detailed explanations: E0425, E0433, E0599.
[INFO] [stdout] 
[INFO] [stdout] For more information about an error, try `rustc --explain E0425`.
[INFO] [stdout] 
[INFO] [stdout] warning: unused import: `futures::sink::SinkExt`
[INFO] [stdout]  --> tests/async_await_macros.rs:8:5
[INFO] [stdout]   |
[INFO] [stdout] 8 | use futures::sink::SinkExt;
[INFO] [stdout]   |     ^^^^^^^^^^^^^^^^^^^^^^
[INFO] [stdout]   |
[INFO] [stdout]   = note: `#[warn(unused_imports)]` on by default
[INFO] [stdout] 
[INFO] [stdout] 
[INFO] [stdout] error: aborting due to 21 previous errors; 1 warning emitted
[INFO] [stdout] 
[INFO] [stdout] 
[INFO] [stdout] For more information about this error, try `rustc --explain E0432`.
[INFO] [stdout] 
[INFO] [stdout] error[E0599]: no method named `interleave_pending` found for struct `IntoAsyncRead` in the current scope
[INFO] [stdout]   --> tests/io_lines.rs:50:10
[INFO] [stdout]    |
[INFO] [stdout] 50 |         .interleave_pending();
[INFO] [stdout]    |          ^^^^^^^^^^^^^^^^^^ method not found in `IntoAsyncRead<futures::stream::Map<futures::stream::Iter<std::vec::IntoIter<&[u8]>>, fn(&[u8]) -> Result<&[u8], std::io::Error> {Result::<&[u8], std::io::Error>::Ok}>>`
[INFO] [stdout] 
[INFO] [stdout] 
[INFO] [stdout] error[E0599]: no method named `interleave_pending` found for struct `IntoAsyncRead` in the current scope
[INFO] [stdout]   --> tests/io_lines.rs:58:10
[INFO] [stdout]    |
[INFO] [stdout] 58 |         .interleave_pending();
[INFO] [stdout]    |          ^^^^^^^^^^^^^^^^^^ method not found in `IntoAsyncRead<futures::stream::Map<futures::stream::Iter<std::vec::IntoIter<&[u8]>>, fn(&[u8]) -> Result<&[u8], std::io::Error> {Result::<&[u8], std::io::Error>::Ok}>>`
[INFO] [stdout] 
[INFO] [stdout] 
[INFO] [stdout] error: aborting due to 5 previous errors
[INFO] [stdout] 
[INFO] [stdout] 
[INFO] [stdout] Some errors have detailed explanations: E0425, E0433, E0599.
[INFO] [stdout] 
[INFO] [stdout] For more information about an error, try `rustc --explain E0425`.
[INFO] [stdout] 
[INFO] [stdout] error[E0433]: failed to resolve: use of undeclared crate or module `futures_test`
[INFO] [stdout]  --> tests/oneshot.rs:3:5
[INFO] [stdout]   |
[INFO] [stdout] 3 | use futures_test::future::FutureTestExt;
[INFO] [stdout]   |     ^^^^^^^^^^^^ use of undeclared crate or module `futures_test`
[INFO] [stdout] 
[INFO] [stdout] 
[INFO] [stdout] error[E0432]: unresolved import `pin_utils`
[INFO] [stdout]  --> tests/split.rs:5:5
[INFO] [stdout]   |
[INFO] [stdout] 5 | use pin_utils::unsafe_pinned;
[INFO] [stdout]   |     ^^^^^^^^^ use of undeclared crate or module `pin_utils`
[INFO] [stdout] 
[INFO] [stdout] 
[INFO] [stdout] error: cannot determine resolution for the macro `unsafe_pinned`
[INFO] [stdout]   --> tests/split.rs:14:5
[INFO] [stdout]    |
[INFO] [stdout] 14 |     unsafe_pinned!(stream: T);
[INFO] [stdout]    |     ^^^^^^^^^^^^^
[INFO] [stdout]    |
[INFO] [stdout]    = note: import resolution is stuck, try simplifying macro imports
[INFO] [stdout] 
[INFO] [stdout] 
[INFO] [stdout] error: cannot determine resolution for the macro `unsafe_pinned`
[INFO] [stdout]   --> tests/split.rs:15:5
[INFO] [stdout]    |
[INFO] [stdout] 15 |     unsafe_pinned!(sink: U);
[INFO] [stdout]    |     ^^^^^^^^^^^^^
[INFO] [stdout]    |
[INFO] [stdout]    = note: import resolution is stuck, try simplifying macro imports
[INFO] [stdout] 
[INFO] [stdout] 
[INFO] [stdout] error: aborting due to 4 previous errors
[INFO] [stdout] 
[INFO] [stdout] 
[INFO] [stdout] Some errors have detailed explanations: E0425, E0433.
[INFO] [stdout] 
[INFO] [stdout] For more information about an error, try `rustc --explain E0425`.
[INFO] [stdout] 
[INFO] [stdout] error: aborting due to 2 previous errors
[INFO] [stdout] 
[INFO] [stdout] 
[INFO] [stdout] Some errors have detailed explanations: E0425, E0433.
[INFO] [stdout] 
[INFO] [stdout] For more information about an error, try `rustc --explain E0425`.
[INFO] [stdout] 
[INFO] [stdout] error[E0599]: no method named `interleave_pending` found for struct `futures::stream::Iter` in the current scope
[INFO] [stdout]   --> tests/stream_into_async_read.rs:50:29
[INFO] [stdout]    |
[INFO] [stdout] 50 |     let mut reader = stream.interleave_pending().into_async_read();
[INFO] [stdout]    |                             ^^^^^^^^^^^^^^^^^^ method not found in `futures::stream::Iter<FlatMap<RangeInclusive<{integer}>, Vec<Result<Vec<{integer}>, _>>, [closure@tests/stream_into_async_read.rs:49:48: 49:93]>>`
[INFO] [stdout] 
[INFO] [stdout] 
[INFO] [stdout] error[E0599]: no method named `interleave_pending` found for reference `&'static [u8; 2]` in the current scope
[INFO] [stdout]   --> tests/io_read_line.rs:40:25
[INFO] [stdout]    |
[INFO] [stdout] 40 |     let mut buf = b"12".interleave_pending();
[INFO] [stdout]    |                         ^^^^^^^^^^^^^^^^^^ method not found in `&'static [u8; 2]`
[INFO] [stdout] 
[INFO] [stdout] 
[INFO] [stdout] error[E0599]: no method named `interleave_pending` found for struct `IntoAsyncRead` in the current scope
[INFO] [stdout]   --> tests/io_read_line.rs:48:10
[INFO] [stdout]    |
[INFO] [stdout] 48 |         .interleave_pending();
[INFO] [stdout]    |          ^^^^^^^^^^^^^^^^^^ method not found in `IntoAsyncRead<futures::stream::Map<futures::stream::Iter<std::vec::IntoIter<&[u8]>>, fn(&[u8]) -> Result<&[u8], std::io::Error> {Result::<&[u8], std::io::Error>::Ok}>>`
[INFO] [stdout] 
[INFO] [stdout] 
[INFO] [stdout] error[E0599]: no method named `poll_read` found for struct `Pin<&mut _>` in the current scope
[INFO] [stdout]   --> tests/stream_into_async_read.rs:11:42
[INFO] [stdout]    |
[INFO] [stdout] 11 |             match Pin::new(&mut $reader).poll_read(&mut cx, $buf) {
[INFO] [stdout]    |                                          ^^^^^^^^^ method not found in `Pin<&mut _>`
[INFO] [stdout] ...
[INFO] [stdout] 53 |     assert_read!(reader, &mut buf, 3);
[INFO] [stdout]    |     ---------------------------------- in this macro invocation
[INFO] [stdout]    |
[INFO] [stdout]    = note: `Pin::new(&mut $reader)` is a function, perhaps you wish to call it
[INFO] [stdout]    = note: this error originates in the macro `assert_read` (in Nightly builds, run with -Z macro-backtrace for more info)
[INFO] [stdout] 
[INFO] [stdout] 
[INFO] [stdout] error: aborting due to 5 previous errors
[INFO] [stdout] 
[INFO] [stdout] 
[INFO] [stdout] Some errors have detailed explanations: E0425, E0433, E0599.
[INFO] [stdout] 
[INFO] [stdout] For more information about an error, try `rustc --explain E0425`.
[INFO] [stdout] 
[INFO] [stdout] error[E0599]: no method named `pending_once` found for struct `futures::future::Ready` in the current scope
[INFO] [stdout]   --> tests/mutex.rs:53:23
[INFO] [stdout]    |
[INFO] [stdout] 53 |             ready(()).pending_once().await;
[INFO] [stdout]    |                       ^^^^^^^^^^^^ method not found in `futures::future::Ready<()>`
[INFO] [stdout] 
[INFO] [stdout] 
[INFO] [stdout] error: aborting due to 7 previous errors
[INFO] [stdout] 
[INFO] [stdout] 
[INFO] [stdout] Some errors have detailed explanations: E0425, E0433, E0599.
[INFO] [stdout] 
[INFO] [stdout] For more information about an error, try `rustc --explain E0425`.
[INFO] [stdout] 
[INFO] [stdout] error[E0433]: failed to resolve: use of undeclared crate or module `futures_test`
[INFO] [stdout]  --> tests/unfold.rs:4:5
[INFO] [stdout]   |
[INFO] [stdout] 4 | use futures_test::future::FutureTestExt;
[INFO] [stdout]   |     ^^^^^^^^^^^^ use of undeclared crate or module `futures_test`
[INFO] [stdout] 
[INFO] [stdout] 
[INFO] [stdout] error[E0432]: unresolved import `futures_test`
[INFO] [stdout]  --> tests/unfold.rs:5:5
[INFO] [stdout]   |
[INFO] [stdout] 5 | use futures_test::{
[INFO] [stdout]   |     ^^^^^^^^^^^^ use of undeclared crate or module `futures_test`
[INFO] [stdout] 
[INFO] [stdout] 
[INFO] [stdout] error: cannot determine resolution for the macro `assert_stream_pending`
[INFO] [stdout]   --> tests/unfold.rs:21:5
[INFO] [stdout]    |
[INFO] [stdout] 21 |     assert_stream_pending!(stream);
[INFO] [stdout]    |     ^^^^^^^^^^^^^^^^^^^^^
[INFO] [stdout]    |
[INFO] [stdout]    = note: import resolution is stuck, try simplifying macro imports
[INFO] [stdout] 
[INFO] [stdout] 
[INFO] [stdout] error: cannot determine resolution for the macro `assert_stream_next`
[INFO] [stdout]   --> tests/unfold.rs:23:5
[INFO] [stdout]    |
[INFO] [stdout] 23 |     assert_stream_next!(stream, 0);
[INFO] [stdout]    |     ^^^^^^^^^^^^^^^^^^
[INFO] [stdout]    |
[INFO] [stdout]    = note: import resolution is stuck, try simplifying macro imports
[INFO] [stdout] 
[INFO] [stdout] 
[INFO] [stdout] error: cannot determine resolution for the macro `assert_stream_pending`
[INFO] [stdout]   --> tests/unfold.rs:26:5
[INFO] [stdout]    |
[INFO] [stdout] 26 |     assert_stream_pending!(stream);
[INFO] [stdout]    |     ^^^^^^^^^^^^^^^^^^^^^
[INFO] [stdout]    |
[INFO] [stdout]    = note: import resolution is stuck, try simplifying macro imports
[INFO] [stdout] 
[INFO] [stdout] 
[INFO] [stdout] error: cannot determine resolution for the macro `assert_stream_next`
[INFO] [stdout]   --> tests/unfold.rs:27:5
[INFO] [stdout]    |
[INFO] [stdout] 27 |     assert_stream_next!(stream, 2);
[INFO] [stdout]    |     ^^^^^^^^^^^^^^^^^^
[INFO] [stdout]    |
[INFO] [stdout]    = note: import resolution is stuck, try simplifying macro imports
[INFO] [stdout] 
[INFO] [stdout] 
[INFO] [stdout] error: cannot determine resolution for the macro `assert_stream_pending`
[INFO] [stdout]   --> tests/unfold.rs:29:5
[INFO] [stdout]    |
[INFO] [stdout] 29 |     assert_stream_pending!(stream);
[INFO] [stdout]    |     ^^^^^^^^^^^^^^^^^^^^^
[INFO] [stdout]    |
[INFO] [stdout]    = note: import resolution is stuck, try simplifying macro imports
[INFO] [stdout] 
[INFO] [stdout] 
[INFO] [stdout] error: cannot determine resolution for the macro `assert_stream_next`
[INFO] [stdout]   --> tests/unfold.rs:30:5
[INFO] [stdout]    |
[INFO] [stdout] 30 |     assert_stream_next!(stream, 4);
[INFO] [stdout]    |     ^^^^^^^^^^^^^^^^^^
[INFO] [stdout]    |
[INFO] [stdout]    = note: import resolution is stuck, try simplifying macro imports
[INFO] [stdout] 
[INFO] [stdout] 
[INFO] [stdout] error: cannot determine resolution for the macro `assert_stream_pending`
[INFO] [stdout]   --> tests/unfold.rs:33:5
[INFO] [stdout]    |
[INFO] [stdout] 33 |     assert_stream_pending!(stream);
[INFO] [stdout]    |     ^^^^^^^^^^^^^^^^^^^^^
[INFO] [stdout]    |
[INFO] [stdout]    = note: import resolution is stuck, try simplifying macro imports
[INFO] [stdout] 
[INFO] [stdout] 
[INFO] [stdout] error: cannot determine resolution for the macro `assert_stream_done`
[INFO] [stdout]   --> tests/unfold.rs:34:5
[INFO] [stdout]    |
[INFO] [stdout] 34 |     assert_stream_done!(stream);
[INFO] [stdout]    |     ^^^^^^^^^^^^^^^^^^
[INFO] [stdout]    |
[INFO] [stdout]    = note: import resolution is stuck, try simplifying macro imports
[INFO] [stdout] 
[INFO] [stdout] 
[INFO] [stdout] error[E0599]: no method named `poll_read` found for struct `Pin<&mut _>` in the current scope
[INFO] [stdout]   --> tests/stream_into_async_read.rs:11:42
[INFO] [stdout]    |
[INFO] [stdout] 11 |             match Pin::new(&mut $reader).poll_read(&mut cx, $buf) {
[INFO] [stdout]    |                                          ^^^^^^^^^ method not found in `Pin<&mut _>`
[INFO] [stdout] ...
[INFO] [stdout] 56 |     assert_read!(reader, &mut buf, 2);
[INFO] [stdout]    |     ---------------------------------- in this macro invocation
[INFO] [stdout]    |
[INFO] [stdout]    = note: `Pin::new(&mut $reader)` is a function, perhaps you wish to call it
[INFO] [stdout]    = note: this error originates in the macro `assert_read` (in Nightly builds, run with -Z macro-backtrace for more info)
[INFO] [stdout] 
[INFO] [stdout] 
[INFO] [stdout] error[E0599]: no method named `poll_read` found for struct `Pin<&mut _>` in the current scope
[INFO] [stdout]   --> tests/stream_into_async_read.rs:11:42
[INFO] [stdout]    |
[INFO] [stdout] 11 |             match Pin::new(&mut $reader).poll_read(&mut cx, $buf) {
[INFO] [stdout]    |                                          ^^^^^^^^^ method not found in `Pin<&mut _>`
[INFO] [stdout] ...
[INFO] [stdout] 59 |     assert_read!(reader, &mut buf, 3);
[INFO] [stdout]    |     ---------------------------------- in this macro invocation
[INFO] [stdout]    |
[INFO] [stdout]    = note: `Pin::new(&mut $reader)` is a function, perhaps you wish to call it
[INFO] [stdout]    = note: this error originates in the macro `assert_read` (in Nightly builds, run with -Z macro-backtrace for more info)
[INFO] [stdout] 
[INFO] [stdout] 
[INFO] [stdout] error[E0599]: no method named `poll_read` found for struct `Pin<&mut _>` in the current scope
[INFO] [stdout]   --> tests/stream_into_async_read.rs:11:42
[INFO] [stdout]    |
[INFO] [stdout] 11 |             match Pin::new(&mut $reader).poll_read(&mut cx, $buf) {
[INFO] [stdout]    |                                          ^^^^^^^^^ method not found in `Pin<&mut _>`
[INFO] [stdout] ...
[INFO] [stdout] 62 |     assert_read!(reader, &mut buf, 2);
[INFO] [stdout]    |     ---------------------------------- in this macro invocation
[INFO] [stdout]    |
[INFO] [stdout]    = note: `Pin::new(&mut $reader)` is a function, perhaps you wish to call it
[INFO] [stdout]    = note: this error originates in the macro `assert_read` (in Nightly builds, run with -Z macro-backtrace for more info)
[INFO] [stdout] 
[INFO] [stdout] 
[INFO] [stdout] error[E0599]: no method named `poll_read` found for struct `Pin<&mut _>` in the current scope
[INFO] [stdout]   --> tests/stream_into_async_read.rs:11:42
[INFO] [stdout]    |
[INFO] [stdout] 11 |             match Pin::new(&mut $reader).poll_read(&mut cx, $buf) {
[INFO] [stdout]    |                                          ^^^^^^^^^ method not found in `Pin<&mut _>`
[INFO] [stdout] ...
[INFO] [stdout] 65 |     assert_read!(reader, &mut buf, 3);
[INFO] [stdout]    |     ---------------------------------- in this macro invocation
[INFO] [stdout]    |
[INFO] [stdout]    = note: `Pin::new(&mut $reader)` is a function, perhaps you wish to call it
[INFO] [stdout]    = note: this error originates in the macro `assert_read` (in Nightly builds, run with -Z macro-backtrace for more info)
[INFO] [stdout] 
[INFO] [stdout] 
[INFO] [stdout] error[E0599]: no method named `poll_read` found for struct `Pin<&mut _>` in the current scope
[INFO] [stdout]   --> tests/stream_into_async_read.rs:11:42
[INFO] [stdout]    |
[INFO] [stdout] 11 |             match Pin::new(&mut $reader).poll_read(&mut cx, $buf) {
[INFO] [stdout]    |                                          ^^^^^^^^^ method not found in `Pin<&mut _>`
[INFO] [stdout] ...
[INFO] [stdout] 68 |     assert_read!(reader, &mut buf, 2);
[INFO] [stdout]    |     ---------------------------------- in this macro invocation
[INFO] [stdout]    |
[INFO] [stdout]    = note: `Pin::new(&mut $reader)` is a function, perhaps you wish to call it
[INFO] [stdout]    = note: this error originates in the macro `assert_read` (in Nightly builds, run with -Z macro-backtrace for more info)
[INFO] [stdout] 
[INFO] [stdout] 
[INFO] [stdout] error[E0599]: no method named `poll_read` found for struct `Pin<&mut _>` in the current scope
[INFO] [stdout]   --> tests/stream_into_async_read.rs:11:42
[INFO] [stdout]    |
[INFO] [stdout] 11 |             match Pin::new(&mut $reader).poll_read(&mut cx, $buf) {
[INFO] [stdout]    |                                          ^^^^^^^^^ method not found in `Pin<&mut _>`
[INFO] [stdout] ...
[INFO] [stdout] 71 |     assert_read!(reader, &mut buf, 0);
[INFO] [stdout]    |     ---------------------------------- in this macro invocation
[INFO] [stdout]    |
[INFO] [stdout]    = note: `Pin::new(&mut $reader)` is a function, perhaps you wish to call it
[INFO] [stdout]    = note: this error originates in the macro `assert_read` (in Nightly builds, run with -Z macro-backtrace for more info)
[INFO] [stdout] 
[INFO] [stdout] 
[INFO] [stdout] error[E0599]: no method named `interleave_pending` found for struct `futures::stream::Iter` in the current scope
[INFO] [stdout]   --> tests/stream_into_async_read.rs:77:29
[INFO] [stdout]    |
[INFO] [stdout] 77 |     let mut reader = stream.interleave_pending().into_async_read();
[INFO] [stdout]    |                             ^^^^^^^^^^^^^^^^^^ method not found in `futures::stream::Iter<FlatMap<RangeInclusive<{integer}>, Vec<Result<Vec<{integer}>, _>>, [closure@tests/stream_into_async_read.rs:76:48: 76:93]>>`
[INFO] [stdout] 
[INFO] [stdout] 
[INFO] [stdout] error[E0599]: no method named `poll_fill_buf` found for struct `Pin<&mut Pin<&mut _>>` in the current scope
[INFO] [stdout]   --> tests/stream_into_async_read.rs:31:42
[INFO] [stdout]    |
[INFO] [stdout] 31 |             match Pin::new(&mut $reader).poll_fill_buf(&mut cx) {
[INFO] [stdout]    |                                          ^^^^^^^^^^^^^ method not found in `Pin<&mut Pin<&mut _>>`
[INFO] [stdout] ...
[INFO] [stdout] 81 |     assert_fill_buf!(reader, &[1, 2, 3, 4, 5][..]);
[INFO] [stdout]    |     ----------------------------------------------- in this macro invocation
[INFO] [stdout]    |
[INFO] [stdout]    = note: `Pin::new(&mut $reader)` is a function, perhaps you wish to call it
[INFO] [stdout]    = note: this error originates in the macro `assert_fill_buf` (in Nightly builds, run with -Z macro-backtrace for more info)
[INFO] [stdout] 
[INFO] [stdout] 
[INFO] [stdout] error[E0599]: no method named `as_mut` found for struct `Pin<&mut _>` in the current scope
[INFO] [stdout]   --> tests/stream_into_async_read.rs:82:12
[INFO] [stdout]    |
[INFO] [stdout] 82 |     reader.as_mut().consume(3);
[INFO] [stdout]    |            ^^^^^^ method not found in `Pin<&mut _>`
[INFO] [stdout]    |
[INFO] [stdout]    = note: the method was found for
[INFO] [stdout]            - `Pin<P>`
[INFO] [stdout]    = note: `reader` is a function, perhaps you wish to call it
[INFO] [stdout] 
[INFO] [stdout] 
[INFO] [stdout] error[E0599]: no method named `poll_fill_buf` found for struct `Pin<&mut Pin<&mut _>>` in the current scope
[INFO] [stdout]   --> tests/stream_into_async_read.rs:31:42
[INFO] [stdout]    |
[INFO] [stdout] 31 |             match Pin::new(&mut $reader).poll_fill_buf(&mut cx) {
[INFO] [stdout]    |                                          ^^^^^^^^^^^^^ method not found in `Pin<&mut Pin<&mut _>>`
[INFO] [stdout] ...
[INFO] [stdout] 84 |     assert_fill_buf!(reader, &[4, 5][..]);
[INFO] [stdout]    |     -------------------------------------- in this macro invocation
[INFO] [stdout]    |
[INFO] [stdout]    = note: `Pin::new(&mut $reader)` is a function, perhaps you wish to call it
[INFO] [stdout]    = note: this error originates in the macro `assert_fill_buf` (in Nightly builds, run with -Z macro-backtrace for more info)
[INFO] [stdout] 
[INFO] [stdout] 
[INFO] [stdout] error[E0599]: no method named `as_mut` found for struct `Pin<&mut _>` in the current scope
[INFO] [stdout]   --> tests/stream_into_async_read.rs:85:12
[INFO] [stdout]    |
[INFO] [stdout] 85 |     reader.as_mut().consume(2);
[INFO] [stdout]    |            ^^^^^^ method not found in `Pin<&mut _>`
[INFO] [stdout]    |
[INFO] [stdout]    = note: the method was found for
[INFO] [stdout]            - `Pin<P>`
[INFO] [stdout]    = note: `reader` is a function, perhaps you wish to call it
[INFO] [stdout] 
[INFO] [stdout] 
[INFO] [stdout] error[E0599]: no method named `poll_fill_buf` found for struct `Pin<&mut Pin<&mut _>>` in the current scope
[INFO] [stdout]   --> tests/stream_into_async_read.rs:31:42
[INFO] [stdout]    |
[INFO] [stdout] 31 |             match Pin::new(&mut $reader).poll_fill_buf(&mut cx) {
[INFO] [stdout]    |                                          ^^^^^^^^^^^^^ method not found in `Pin<&mut Pin<&mut _>>`
[INFO] [stdout] ...
[INFO] [stdout] 87 |     assert_fill_buf!(reader, &[1, 2, 3, 4, 5][..]);
[INFO] [stdout]    |     ----------------------------------------------- in this macro invocation
[INFO] [stdout]    |
[INFO] [stdout]    = note: `Pin::new(&mut $reader)` is a function, perhaps you wish to call it
[INFO] [stdout]    = note: this error originates in the macro `assert_fill_buf` (in Nightly builds, run with -Z macro-backtrace for more info)
[INFO] [stdout] 
[INFO] [stdout] 
[INFO] [stdout] error[E0599]: no method named `as_mut` found for struct `Pin<&mut _>` in the current scope
[INFO] [stdout]   --> tests/stream_into_async_read.rs:88:12
[INFO] [stdout]    |
[INFO] [stdout] 88 |     reader.as_mut().consume(2);
[INFO] [stdout]    |            ^^^^^^ method not found in `Pin<&mut _>`
[INFO] [stdout]    |
[INFO] [stdout]    = note: the method was found for
[INFO] [stdout]            - `Pin<P>`
[INFO] [stdout]    = note: `reader` is a function, perhaps you wish to call it
[INFO] [stdout] 
[INFO] [stdout] 
[INFO] [stdout] error[E0599]: no method named `poll_fill_buf` found for struct `Pin<&mut Pin<&mut _>>` in the current scope
[INFO] [stdout]   --> tests/stream_into_async_read.rs:31:42
[INFO] [stdout]    |
[INFO] [stdout] 31 |             match Pin::new(&mut $reader).poll_fill_buf(&mut cx) {
[INFO] [stdout]    |                                          ^^^^^^^^^^^^^ method not found in `Pin<&mut Pin<&mut _>>`
[INFO] [stdout] ...
[INFO] [stdout] 90 |     assert_fill_buf!(reader, &[3, 4, 5][..]);
[INFO] [stdout]    |     ----------------------------------------- in this macro invocation
[INFO] [stdout]    |
[INFO] [stdout]    = note: `Pin::new(&mut $reader)` is a function, perhaps you wish to call it
[INFO] [stdout]    = note: this error originates in the macro `assert_fill_buf` (in Nightly builds, run with -Z macro-backtrace for more info)
[INFO] [stdout] 
[INFO] [stdout] 
[INFO] [stdout] error[E0599]: no method named `as_mut` found for struct `Pin<&mut _>` in the current scope
[INFO] [stdout]   --> tests/stream_into_async_read.rs:91:12
[INFO] [stdout]    |
[INFO] [stdout] 91 |     reader.as_mut().consume(3);
[INFO] [stdout]    |            ^^^^^^ method not found in `Pin<&mut _>`
[INFO] [stdout]    |
[INFO] [stdout]    = note: the method was found for
[INFO] [stdout]            - `Pin<P>`
[INFO] [stdout]    = note: `reader` is a function, perhaps you wish to call it
[INFO] [stdout] 
[INFO] [stdout] 
[INFO] [stdout] error[E0599]: no method named `poll_fill_buf` found for struct `Pin<&mut Pin<&mut _>>` in the current scope
[INFO] [stdout]   --> tests/stream_into_async_read.rs:31:42
[INFO] [stdout]    |
[INFO] [stdout] 31 |             match Pin::new(&mut $reader).poll_fill_buf(&mut cx) {
[INFO] [stdout]    |                                          ^^^^^^^^^^^^^ method not found in `Pin<&mut Pin<&mut _>>`
[INFO] [stdout] ...
[INFO] [stdout] 93 |     assert_fill_buf!(reader, &[][..]);
[INFO] [stdout]    |     ---------------------------------- in this macro invocation
[INFO] [stdout]    |
[INFO] [stdout]    = note: `Pin::new(&mut $reader)` is a function, perhaps you wish to call it
[INFO] [stdout]    = note: this error originates in the macro `assert_fill_buf` (in Nightly builds, run with -Z macro-backtrace for more info)
[INFO] [stdout] 
[INFO] [stdout] 
[INFO] [stdout] warning: unused import: `AsyncRead`
[INFO] [stdout]  --> tests/stream_into_async_read.rs:2:19
[INFO] [stdout]   |
[INFO] [stdout] 2 | use futures::io::{AsyncRead, AsyncBufRead};
[INFO] [stdout]   |                   ^^^^^^^^^
[INFO] [stdout]   |
[INFO] [stdout]   = note: `#[warn(unused_imports)]` on by default
[INFO] [stdout] 
[INFO] [stdout] 
[INFO] [stdout] warning: unused import: `AsyncBufRead`
[INFO] [stdout]  --> tests/stream_into_async_read.rs:2:30
[INFO] [stdout]   |
[INFO] [stdout] 2 | use futures::io::{AsyncRead, AsyncBufRead};
[INFO] [stdout]   |                              ^^^^^^^^^^^^
[INFO] [stdout] 
[INFO] [stdout] 
[INFO] [stdout] warning: unused import: `TryStreamExt`
[INFO] [stdout]  --> tests/stream_into_async_read.rs:3:29
[INFO] [stdout]   |
[INFO] [stdout] 3 | use futures::stream::{self, TryStreamExt};
[INFO] [stdout]   |                             ^^^^^^^^^^^^
[INFO] [stdout] 
[INFO] [stdout] 
[INFO] [stdout] error: aborting due to 31 previous errors; 3 warnings emitted
[INFO] [stdout] 
[INFO] [stdout] 
[INFO] [stdout] Some errors have detailed explanations: E0425, E0433, E0599.
[INFO] [stdout] 
[INFO] [stdout] For more information about an error, try `rustc --explain E0425`.
[INFO] [stdout] 
[INFO] [stdout] error: aborting due to 25 previous errors
[INFO] [stdout] 
[INFO] [stdout] 
[INFO] [stdout] Some errors have detailed explanations: E0425, E0433.
[INFO] [stdout] 
[INFO] [stdout] For more information about an error, try `rustc --explain E0425`.
[INFO] [stdout] 
[INFO] [stdout] error[E0599]: no method named `pending_once` found for struct `futures::future::Ready` in the current scope
[INFO] [stdout]   --> tests/unfold.rs:13:57
[INFO] [stdout]    |
[INFO] [stdout] 13 |             future::ready(Some((state * 2, state + 1))).pending_once()
[INFO] [stdout]    |                                                         ^^^^^^^^^^^^ method not found in `futures::future::Ready<Option<({integer}, {integer})>>`
[INFO] [stdout] 
[INFO] [stdout] 
[INFO] [stdout] error[E0599]: no method named `pending_once` found for struct `futures::future::Ready` in the current scope
[INFO] [stdout]   --> tests/unfold.rs:15:33
[INFO] [stdout]    |
[INFO] [stdout] 15 |             future::ready(None).pending_once()
[INFO] [stdout]    |                                 ^^^^^^^^^^^^ method not found in `futures::future::Ready<Option<_>>`
[INFO] [stdout] 
[INFO] [stdout] 
[INFO] [stdout] error: aborting due to 12 previous errors
[INFO] [stdout] 
[INFO] [stdout] 
[INFO] [stdout] Some errors have detailed explanations: E0432, E0433, E0599.
[INFO] [stdout] 
[INFO] [stdout] For more information about an error, try `rustc --explain E0432`.
[INFO] [stdout] 
[INFO] [stdout] error[E0433]: failed to resolve: use of undeclared crate or module `futures_test`
[INFO] [stdout]  --> tests/stream_select_next_some.rs:5:5
[INFO] [stdout]   |
[INFO] [stdout] 5 | use futures_test::future::FutureTestExt;
[INFO] [stdout]   |     ^^^^^^^^^^^^ use of undeclared crate or module `futures_test`
[INFO] [stdout] 
[INFO] [stdout] 
[INFO] [stdout] error[E0433]: failed to resolve: use of undeclared crate or module `futures_test`
[INFO] [stdout]  --> tests/stream_select_next_some.rs:6:5
[INFO] [stdout]   |
[INFO] [stdout] 6 | use futures_test::task::new_count_waker;
[INFO] [stdout]   |     ^^^^^^^^^^^^ use of undeclared crate or module `futures_test`
[INFO] [stdout] 
[INFO] [stdout] 
[INFO] [stdout] error[E0432]: unresolved import `futures::select`
[INFO] [stdout]  --> tests/stream_select_next_some.rs:1:23
[INFO] [stdout]   |
[INFO] [stdout] 1 | use futures::{future, select};
[INFO] [stdout]   |                       ^^^^^^ no `select` in the root
[INFO] [stdout] 
[INFO] [stdout] 
[INFO] [stdout] error[E0432]: unresolved import `futures_util::select`
[INFO] [stdout]   --> tests/stream_select_next_some.rs:61:9
[INFO] [stdout]    |
[INFO] [stdout] 61 |     use futures_util::select;
[INFO] [stdout]    |         ^^^^^^^^^^^^^^^^^^^^ no `select` in the root
[INFO] [stdout] 
[INFO] [stdout] 
[INFO] [stdout] error: cannot determine resolution for the macro `select`
[INFO] [stdout]   --> tests/stream_select_next_some.rs:43:13
[INFO] [stdout]    |
[INFO] [stdout] 43 |             select! {
[INFO] [stdout]    |             ^^^^^^
[INFO] [stdout]    |
[INFO] [stdout]    = note: import resolution is stuck, try simplifying macro imports
[INFO] [stdout] 
[INFO] [stdout] 
[INFO] [stdout] error: cannot determine resolution for the macro `select`
[INFO] [stdout]   --> tests/stream_select_next_some.rs:72:13
[INFO] [stdout]    |
[INFO] [stdout] 72 |             select! {
[INFO] [stdout]    |             ^^^^^^
[INFO] [stdout]    |
[INFO] [stdout]    = note: import resolution is stuck, try simplifying macro imports
[INFO] [stdout] 
[INFO] [stdout] 
[INFO] [stdout] error[E0425]: cannot find function `new_count_waker` in this scope
[INFO] [stdout]   --> tests/stream_select_next_some.rs:10:28
[INFO] [stdout]    |
[INFO] [stdout] 10 |     let (waker, counter) = new_count_waker();
[INFO] [stdout]    |                            ^^^^^^^^^^^^^^^ not found in this scope
[INFO] [stdout] 
[INFO] [stdout] 
[INFO] [stdout] error[E0599]: no method named `run_in_background` found for struct `futures::future::MapOk` in the current scope
[INFO] [stdout]   --> tests/oneshot.rs:13:38
[INFO] [stdout]    |
[INFO] [stdout] 13 |     rx1.map_ok(move |x| tx2.send(x)).run_in_background();
[INFO] [stdout]    |                                      ^^^^^^^^^^^^^^^^^ method not found in `futures::future::MapOk<futures::channel::oneshot::Receiver<i32>, [closure@tests/oneshot.rs:13:16: 13:36]>`
[INFO] [stdout] 
[INFO] [stdout] 
[INFO] [stdout] error[E0599]: no method named `stream` found for struct `Pin<&mut Join<T, U>>` in the current scope
[INFO] [stdout]   --> tests/split.rs:25:14
[INFO] [stdout]    |
[INFO] [stdout] 25 |         self.stream().poll_next(cx)
[INFO] [stdout]    |              ^^^^^^-- help: remove the arguments
[INFO] [stdout]    |              |
[INFO] [stdout]    |              field, not a method
[INFO] [stdout] 
[INFO] [stdout] 
[INFO] [stdout] error[E0599]: no method named `sink` found for struct `Pin<&mut Join<T, U>>` in the current scope
[INFO] [stdout]   --> tests/split.rs:36:14
[INFO] [stdout]    |
[INFO] [stdout] 36 |         self.sink().poll_ready(cx)
[INFO] [stdout]    |              ^^^^-- help: remove the arguments
[INFO] [stdout]    |              |
[INFO] [stdout]    |              field, not a method
[INFO] [stdout] 
[INFO] [stdout] 
[INFO] [stdout] error[E0599]: no method named `run_in_background` found for struct `futures::future::MapOk` in the current scope
[INFO] [stdout]   --> tests/oneshot.rs:24:47
[INFO] [stdout]    |
[INFO] [stdout] 24 |     rx1.map_ok(move |x| tx2.send(x).unwrap()).run_in_background();
[INFO] [stdout]    |                                               ^^^^^^^^^^^^^^^^^ method not found in `futures::future::MapOk<futures::channel::oneshot::Receiver<i32>, [closure@tests/oneshot.rs:24:16: 24:45]>`
[INFO] [stdout] 
[INFO] [stdout] 
[INFO] [stdout] error[E0599]: no method named `sink` found for struct `Pin<&mut Join<T, U>>` in the current scope
[INFO] [stdout]   --> tests/split.rs:43:14
[INFO] [stdout]    |
[INFO] [stdout] 43 |         self.sink().start_send(item)
[INFO] [stdout]    |              ^^^^-- help: remove the arguments
[INFO] [stdout]    |              |
[INFO] [stdout]    |              field, not a method
[INFO] [stdout] 
[INFO] [stdout] 
[INFO] [stdout] error[E0599]: no method named `run_in_background` found for struct `futures::future::MapOk` in the current scope
[INFO] [stdout]   --> tests/oneshot.rs:33:47
[INFO] [stdout]    |
[INFO] [stdout] 33 |     rx1.map_ok(move |x| tx2.send(x).unwrap()).run_in_background();
[INFO] [stdout]    |                                               ^^^^^^^^^^^^^^^^^ method not found in `futures::future::MapOk<futures::channel::oneshot::Receiver<i32>, [closure@tests/oneshot.rs:33:16: 33:45]>`
[INFO] [stdout] 
[INFO] [stdout] 
[INFO] [stdout] error[E0599]: no method named `sink` found for struct `Pin<&mut Join<T, U>>` in the current scope
[INFO] [stdout]   --> tests/split.rs:50:14
[INFO] [stdout]    |
[INFO] [stdout] 50 |         self.sink().poll_flush(cx)
[INFO] [stdout]    |              ^^^^-- help: remove the arguments
[INFO] [stdout]    |              |
[INFO] [stdout]    |              field, not a method
[INFO] [stdout] 
[INFO] [stdout] 
[INFO] [stdout] error[E0599]: no method named `sink` found for struct `Pin<&mut Join<T, U>>` in the current scope
[INFO] [stdout]   --> tests/split.rs:57:14
[INFO] [stdout]    |
[INFO] [stdout] 57 |         self.sink().poll_close(cx)
[INFO] [stdout]    |              ^^^^-- help: remove the arguments
[INFO] [stdout]    |              |
[INFO] [stdout]    |              field, not a method
[INFO] [stdout] 
[INFO] [stdout] 
[INFO] [stdout] error[E0599]: no method named `run_in_background` found for struct `futures::future::Map` in the current scope
[INFO] [stdout]   --> tests/oneshot.rs:44:54
[INFO] [stdout]    |
[INFO] [stdout] 44 |     rx1.map(move |result| tx2.send(result).unwrap()).run_in_background();
[INFO] [stdout]    |                                                      ^^^^^^^^^^^^^^^^^ method not found in `futures::future::Map<futures::channel::oneshot::Receiver<i32>, [closure@tests/oneshot.rs:44:13: 44:52]>`
[INFO] [stdout] 
[INFO] [stdout] 
[INFO] [stdout] error[E0599]: no method named `run_in_background` found for struct `futures::future::Map` in the current scope
[INFO] [stdout]   --> tests/oneshot.rs:55:54
[INFO] [stdout]    |
[INFO] [stdout] 55 |     rx1.map(move |result| tx2.send(result).unwrap()).run_in_background();
[INFO] [stdout]    |                                                      ^^^^^^^^^^^^^^^^^ method not found in `futures::future::Map<futures::channel::oneshot::Receiver<i32>, [closure@tests/oneshot.rs:55:13: 55:52]>`
[INFO] [stdout] 
[INFO] [stdout] 
[INFO] [stdout] error: aborting due to 8 previous errors
[INFO] [stdout] 
[INFO] [stdout] 
[INFO] [stdout] Some errors have detailed explanations: E0432, E0599.
[INFO] [stdout] 
[INFO] [stdout] For more information about an error, try `rustc --explain E0432`.
[INFO] [stdout] 
[INFO] [stdout] error: aborting due to 6 previous errors
[INFO] [stdout] 
[INFO] [stdout] 
[INFO] [stdout] Some errors have detailed explanations: E0433, E0599.
[INFO] [stdout] 
[INFO] [stdout] For more information about an error, try `rustc --explain E0433`.
[INFO] [stdout] 
[INFO] [stdout] error[E0599]: no method named `pending_once` found for struct `futures::future::Ready` in the current scope
[INFO] [stdout]   --> tests/stream_select_next_some.rs:39:40
[INFO] [stdout]    |
[INFO] [stdout] 39 |         let mut fut = future::ready(1).pending_once();
[INFO] [stdout]    |                                        ^^^^^^^^^^^^ method not found in `futures::future::Ready<{integer}>`
[INFO] [stdout] 
[INFO] [stdout] 
[INFO] [stdout] warning: unreachable statement
[INFO] [stdout]   --> tests/stream_select_next_some.rs:54:9
[INFO] [stdout]    |
[INFO] [stdout] 42 | /         loop {
[INFO] [stdout] 43 | |             select! {
[INFO] [stdout] 44 | |                 num = fut => {
[INFO] [stdout] 45 | |                     total += num;
[INFO] [stdout] ...  |
[INFO] [stdout] 52 | |             }
[INFO] [stdout] 53 | |         }
[INFO] [stdout]    | |_________- any code following this expression is unreachable
[INFO] [stdout] 54 |           assert_eq!(total, 6);
[INFO] [stdout]    |           ^^^^^^^^^^^^^^^^^^^^^ unreachable statement
[INFO] [stdout]    |
[INFO] [stdout]    = note: `#[warn(unreachable_code)]` on by default
[INFO] [stdout]    = note: this warning originates in the macro `assert_eq` (in Nightly builds, run with -Z macro-backtrace for more info)
[INFO] [stdout] 
[INFO] [stdout] 
[INFO] [stdout] error[E0599]: no method named `pending_once` found for struct `futures::future::Ready` in the current scope
[INFO] [stdout]   --> tests/stream_select_next_some.rs:68:40
[INFO] [stdout]    |
[INFO] [stdout] 68 |         let mut fut = future::ready(1).pending_once();
[INFO] [stdout]    |                                        ^^^^^^^^^^^^ method not found in `futures::future::Ready<{integer}>`
[INFO] [stdout] 
[INFO] [stdout] 
[INFO] [stdout] warning: unreachable statement
[INFO] [stdout]   --> tests/stream_select_next_some.rs:83:9
[INFO] [stdout]    |
[INFO] [stdout] 71 | /         loop {
[INFO] [stdout] 72 | |             select! {
[INFO] [stdout] 73 | |                 num = fut => {
[INFO] [stdout] 74 | |                     total += num;
[INFO] [stdout] ...  |
[INFO] [stdout] 81 | |             }
[INFO] [stdout] 82 | |         }
[INFO] [stdout]    | |_________- any code following this expression is unreachable
[INFO] [stdout] 83 |           assert_eq!(total, 6);
[INFO] [stdout]    |           ^^^^^^^^^^^^^^^^^^^^^ unreachable statement
[INFO] [stdout]    |
[INFO] [stdout]    = note: this warning originates in the macro `assert_eq` (in Nightly builds, run with -Z macro-backtrace for more info)
[INFO] [stdout] 
[INFO] [stdout] 
[INFO] [stdout] error: aborting due to 9 previous errors; 2 warnings emitted
[INFO] [stdout] 
[INFO] [stdout] 
[INFO] [stdout] Some errors have detailed explanations: E0425, E0432, E0433, E0599.
[INFO] [stdout] 
[INFO] [stdout] For more information about an error, try `rustc --explain E0425`.
[INFO] [stdout] 
[INFO] [stderr] error: build failed
[INFO] running `Command { std: "docker" "inspect" "c0d149b42bea94cabe6a5511bc1b4d5bb16ccbb35b87f9291281ef3232431c4f", kill_on_drop: false }`
[INFO] running `Command { std: "docker" "rm" "-f" "c0d149b42bea94cabe6a5511bc1b4d5bb16ccbb35b87f9291281ef3232431c4f", kill_on_drop: false }`
[INFO] [stdout] c0d149b42bea94cabe6a5511bc1b4d5bb16ccbb35b87f9291281ef3232431c4f
