[INFO] fetching crate forest_bitfield 0.1.0...
[INFO] testing forest_bitfield-0.1.0 against 1.54.0 for beta-1.55-1
[INFO] extracting crate forest_bitfield 0.1.0 into /workspace/builds/worker-1/source
[INFO] validating manifest of crates.io crate forest_bitfield 0.1.0 on toolchain 1.54.0
[INFO] running `Command { std: "/workspace/cargo-home/bin/cargo" "+1.54.0" "metadata" "--manifest-path" "Cargo.toml" "--no-deps", kill_on_drop: false }`
[INFO] started tweaking crates.io crate forest_bitfield 0.1.0
[INFO] finished tweaking crates.io crate forest_bitfield 0.1.0
[INFO] tweaked toml for crates.io crate forest_bitfield 0.1.0 written to /workspace/builds/worker-1/source/Cargo.toml
[INFO] running `Command { std: "/workspace/cargo-home/bin/cargo" "+1.54.0" "generate-lockfile" "--manifest-path" "Cargo.toml" "-Zno-index-update", kill_on_drop: false }`
[INFO] running `Command { std: "/workspace/cargo-home/bin/cargo" "+1.54.0" "fetch" "--manifest-path" "Cargo.toml", kill_on_drop: false }`
[INFO] running `Command { std: "docker" "create" "-v" "/var/lib/crater-agent-workspace/builds/worker-1/target:/opt/rustwide/target:rw,Z" "-v" "/var/lib/crater-agent-workspace/builds/worker-1/source:/opt/rustwide/workdir:ro,Z" "-v" "/var/lib/crater-agent-workspace/cargo-home:/opt/rustwide/cargo-home:ro,Z" "-v" "/var/lib/crater-agent-workspace/rustup-home:/opt/rustwide/rustup-home:ro,Z" "-e" "SOURCE_DIR=/opt/rustwide/workdir" "-e" "CARGO_TARGET_DIR=/opt/rustwide/target" "-e" "CARGO_HOME=/opt/rustwide/cargo-home" "-e" "RUSTUP_HOME=/opt/rustwide/rustup-home" "-w" "/opt/rustwide/workdir" "-m" "1610612736" "--user" "0:0" "--network" "none" "ghcr.io/rust-lang/crates-build-env/linux@sha256:34b6a614d2c27851fe6cbf88fbd1137609cefab8b10d0615aaeb6fd47975d74e" "/opt/rustwide/cargo-home/bin/cargo" "+1.54.0" "metadata" "--no-deps" "--format-version=1", kill_on_drop: false }`
[INFO] [stdout] c7a1839da6af23a5fd33145747447c05d6a19244a9bff4e9b45c11d550659d9a
[INFO] [stderr] WARNING: Your kernel does not support swap limit capabilities or the cgroup is not mounted. Memory limited without swap.
[INFO] running `Command { std: "docker" "start" "-a" "c7a1839da6af23a5fd33145747447c05d6a19244a9bff4e9b45c11d550659d9a", kill_on_drop: false }`
[INFO] running `Command { std: "docker" "inspect" "c7a1839da6af23a5fd33145747447c05d6a19244a9bff4e9b45c11d550659d9a", kill_on_drop: false }`
[INFO] running `Command { std: "docker" "rm" "-f" "c7a1839da6af23a5fd33145747447c05d6a19244a9bff4e9b45c11d550659d9a", kill_on_drop: false }`
[INFO] [stdout] c7a1839da6af23a5fd33145747447c05d6a19244a9bff4e9b45c11d550659d9a
[INFO] running `Command { std: "docker" "create" "-v" "/var/lib/crater-agent-workspace/builds/worker-1/target:/opt/rustwide/target:rw,Z" "-v" "/var/lib/crater-agent-workspace/builds/worker-1/source:/opt/rustwide/workdir:ro,Z" "-v" "/var/lib/crater-agent-workspace/cargo-home:/opt/rustwide/cargo-home:ro,Z" "-v" "/var/lib/crater-agent-workspace/rustup-home:/opt/rustwide/rustup-home:ro,Z" "-e" "SOURCE_DIR=/opt/rustwide/workdir" "-e" "CARGO_TARGET_DIR=/opt/rustwide/target" "-e" "CARGO_INCREMENTAL=0" "-e" "RUST_BACKTRACE=full" "-e" "RUSTFLAGS=--cap-lints=warn" "-e" "CARGO_HOME=/opt/rustwide/cargo-home" "-e" "RUSTUP_HOME=/opt/rustwide/rustup-home" "-w" "/opt/rustwide/workdir" "-m" "1610612736" "--user" "0:0" "--network" "none" "ghcr.io/rust-lang/crates-build-env/linux@sha256:34b6a614d2c27851fe6cbf88fbd1137609cefab8b10d0615aaeb6fd47975d74e" "/opt/rustwide/cargo-home/bin/cargo" "+1.54.0" "build" "--frozen" "--message-format=json", kill_on_drop: false }`
[INFO] [stderr] WARNING: Your kernel does not support swap limit capabilities or the cgroup is not mounted. Memory limited without swap.
[INFO] [stdout] f0b453989e495aa771777c9af2e49b8d8670aaf51e6207edbb47903a82b14321
[INFO] running `Command { std: "docker" "start" "-a" "f0b453989e495aa771777c9af2e49b8d8670aaf51e6207edbb47903a82b14321", kill_on_drop: false }`
[INFO] [stderr]    Compiling data-encoding v2.3.2
[INFO] [stderr]    Compiling base-x v0.2.8
[INFO] [stderr]    Compiling unsigned-varint v0.5.1
[INFO] [stderr]    Compiling integer-encoding v2.1.3
[INFO] [stderr]    Compiling blake2b_simd v0.5.11
[INFO] [stderr]    Compiling syn v1.0.74
[INFO] [stderr]    Compiling proc-macro-error-attr v1.0.4
[INFO] [stderr]    Compiling ahash v0.5.10
[INFO] [stderr]    Compiling synstructure v0.12.5
[INFO] [stderr]    Compiling proc-macro-error v1.0.4
[INFO] [stderr]    Compiling serde_derive v1.0.127
[INFO] [stderr]    Compiling thiserror-impl v1.0.26
[INFO] [stderr]    Compiling data-encoding-macro-internal v0.1.10
[INFO] [stderr]    Compiling serde_tuple_macros v0.5.0
[INFO] [stderr]    Compiling serde_repr v0.1.7
[INFO] [stderr]    Compiling data-encoding-macro v0.1.12
[INFO] [stderr]    Compiling multibase v0.8.0
[INFO] [stderr]    Compiling multibase v0.9.1
[INFO] [stderr]    Compiling thiserror v1.0.26
[INFO] [stderr]    Compiling serde v1.0.127
[INFO] [stderr]    Compiling toml v0.5.8
[INFO] [stderr]    Compiling cs_serde_bytes v0.12.0
[INFO] [stderr]    Compiling cs_serde_cbor v0.12.0
[INFO] [stderr]    Compiling serde_tuple v0.5.0
[INFO] [stderr]    Compiling proc-macro-crate v1.0.0
[INFO] [stderr]    Compiling multihash-derive v0.7.2
[INFO] [stderr]    Compiling multihash v0.13.2
[INFO] [stderr]    Compiling cid v0.6.1
[INFO] [stderr]    Compiling forest_cid v0.3.0
[INFO] [stderr]    Compiling forest_encoding v0.2.1
[INFO] [stderr]    Compiling forest_bitfield v0.1.0 (/opt/rustwide/workdir)
[INFO] [stderr]     Finished dev [unoptimized + debuginfo] target(s) in 58.25s
[INFO] running `Command { std: "docker" "inspect" "f0b453989e495aa771777c9af2e49b8d8670aaf51e6207edbb47903a82b14321", kill_on_drop: false }`
[INFO] running `Command { std: "docker" "rm" "-f" "f0b453989e495aa771777c9af2e49b8d8670aaf51e6207edbb47903a82b14321", kill_on_drop: false }`
[INFO] [stdout] f0b453989e495aa771777c9af2e49b8d8670aaf51e6207edbb47903a82b14321
[INFO] running `Command { std: "docker" "create" "-v" "/var/lib/crater-agent-workspace/builds/worker-1/target:/opt/rustwide/target:rw,Z" "-v" "/var/lib/crater-agent-workspace/builds/worker-1/source:/opt/rustwide/workdir:ro,Z" "-v" "/var/lib/crater-agent-workspace/cargo-home:/opt/rustwide/cargo-home:ro,Z" "-v" "/var/lib/crater-agent-workspace/rustup-home:/opt/rustwide/rustup-home:ro,Z" "-e" "SOURCE_DIR=/opt/rustwide/workdir" "-e" "CARGO_TARGET_DIR=/opt/rustwide/target" "-e" "CARGO_INCREMENTAL=0" "-e" "RUST_BACKTRACE=full" "-e" "RUSTFLAGS=--cap-lints=warn" "-e" "CARGO_HOME=/opt/rustwide/cargo-home" "-e" "RUSTUP_HOME=/opt/rustwide/rustup-home" "-w" "/opt/rustwide/workdir" "-m" "1610612736" "--user" "0:0" "--network" "none" "ghcr.io/rust-lang/crates-build-env/linux@sha256:34b6a614d2c27851fe6cbf88fbd1137609cefab8b10d0615aaeb6fd47975d74e" "/opt/rustwide/cargo-home/bin/cargo" "+1.54.0" "test" "--frozen" "--no-run" "--message-format=json", kill_on_drop: false }`
[INFO] [stdout] f9fa1727a50018a0e6e27ddbe0cf69946c081b943ede6ee12d9be8c41d12b17a
[INFO] [stderr] WARNING: Your kernel does not support swap limit capabilities or the cgroup is not mounted. Memory limited without swap.
[INFO] running `Command { std: "docker" "start" "-a" "f9fa1727a50018a0e6e27ddbe0cf69946c081b943ede6ee12d9be8c41d12b17a", kill_on_drop: false }`
[INFO] [stderr]    Compiling bstr v0.2.16
[INFO] [stderr]    Compiling serde_json v1.0.66
[INFO] [stderr]    Compiling serde_cbor v0.11.1
[INFO] [stderr]    Compiling csv v1.1.6
[INFO] [stderr]    Compiling tinytemplate v1.2.1
[INFO] [stderr]    Compiling criterion v0.3.5
[INFO] [stderr]    Compiling forest_bitfield v0.1.0 (/opt/rustwide/workdir)
[INFO] [stdout] error[E0432]: unresolved imports `bitfield`, `bitfield::BitField`
[INFO] [stdout]  --> tests/bitfield_tests.rs:5:5
[INFO] [stdout]   |
[INFO] [stdout] 5 | use bitfield::{bitfield, BitField};
[INFO] [stdout]   |     ^^^^^^^^             ^^^^^^^^
[INFO] [stdout]   |     |
[INFO] [stdout]   |     use of undeclared crate or module `bitfield`
[INFO] [stdout] 
[INFO] [stdout] 
[INFO] [stdout] error: cannot determine resolution for the macro `bitfield`
[INFO] [stdout]   --> tests/bitfield_tests.rs:29:24
[INFO] [stdout]    |
[INFO] [stdout] 29 |     let bf: BitField = bitfield![0, 1, 0, 0, 1, 0, 0, 1, 0, 1, 1, 1, 0, 0];
[INFO] [stdout]    |                        ^^^^^^^^
[INFO] [stdout]    |
[INFO] [stdout]    = note: import resolution is stuck, try simplifying macro imports
[INFO] [stdout] 
[INFO] [stdout] 
[INFO] [stdout] error: cannot determine resolution for the macro `bitfield`
[INFO] [stdout]    --> tests/bitfield_tests.rs:167:25
[INFO] [stdout]     |
[INFO] [stdout] 167 |     let mut bit_field = bitfield![0, 0, 1, 1, 1, 0, 1, 1, 0, 1, 0, 0, 1, 1, 0, 0];
[INFO] [stdout]     |                         ^^^^^^^^
[INFO] [stdout]     |
[INFO] [stdout]     = note: import resolution is stuck, try simplifying macro imports
[INFO] [stdout] 
[INFO] [stdout] 
[INFO] [stdout] error: cannot determine resolution for the macro `bitfield`
[INFO] [stdout]    --> tests/bitfield_tests.rs:180:21
[INFO] [stdout]     |
[INFO] [stdout] 180 |     let bit_field = bitfield![0, 1, 0, 1, 1, 1, 1, 1, 1];
[INFO] [stdout]     |                     ^^^^^^^^
[INFO] [stdout]     |
[INFO] [stdout]     = note: import resolution is stuck, try simplifying macro imports
[INFO] [stdout] 
[INFO] [stdout] 
[INFO] [stdout] error[E0412]: cannot find type `BitField` in this scope
[INFO] [stdout]   --> tests/bitfield_tests.rs:18:13
[INFO] [stdout]    |
[INFO] [stdout] 18 |     let bf: BitField = vals.iter().copied().collect();
[INFO] [stdout]    |             ^^^^^^^^ not found in this scope
[INFO] [stdout]    |
[INFO] [stdout] help: consider importing this struct
[INFO] [stdout]    |
[INFO] [stdout] 4  | use forest_bitfield::BitField;
[INFO] [stdout]    |
[INFO] [stdout] 
[INFO] [stdout] 
[INFO] [stdout] error[E0412]: cannot find type `BitField` in this scope
[INFO] [stdout]   --> tests/bitfield_tests.rs:29:13
[INFO] [stdout]    |
[INFO] [stdout] 29 |     let bf: BitField = bitfield![0, 1, 0, 0, 1, 0, 0, 1, 0, 1, 1, 1, 0, 0];
[INFO] [stdout]    |             ^^^^^^^^ not found in this scope
[INFO] [stdout]    |
[INFO] [stdout] help: consider importing this struct
[INFO] [stdout]    |
[INFO] [stdout] 4  | use forest_bitfield::BitField;
[INFO] [stdout]    |
[INFO] [stdout] 
[INFO] [stdout] 
[INFO] [stdout] error[E0412]: cannot find type `BitField` in this scope
[INFO] [stdout]   --> tests/bitfield_tests.rs:39:17
[INFO] [stdout]    |
[INFO] [stdout] 39 |         let bf: BitField = vals.iter().copied().collect();
[INFO] [stdout]    |                 ^^^^^^^^ not found in this scope
[INFO] [stdout]    |
[INFO] [stdout] help: consider importing this struct
[INFO] [stdout]    |
[INFO] [stdout] 4  | use forest_bitfield::BitField;
[INFO] [stdout]    |
[INFO] [stdout] 
[INFO] [stdout] 
[INFO] [stdout] error[E0412]: cannot find type `BitField` in this scope
[INFO] [stdout]   --> tests/bitfield_tests.rs:53:56
[INFO] [stdout]    |
[INFO] [stdout] 53 | fn set_up_test_bitfields() -> (Vec<usize>, Vec<usize>, BitField, BitField) {
[INFO] [stdout]    |                                                        ^^^^^^^^ not found in this scope
[INFO] [stdout]    |
[INFO] [stdout] help: consider importing this struct
[INFO] [stdout]    |
[INFO] [stdout] 4  | use forest_bitfield::BitField;
[INFO] [stdout]    |
[INFO] [stdout] 
[INFO] [stdout] 
[INFO] [stdout] error[E0412]: cannot find type `BitField` in this scope
[INFO] [stdout]   --> tests/bitfield_tests.rs:53:66
[INFO] [stdout]    |
[INFO] [stdout] 53 | fn set_up_test_bitfields() -> (Vec<usize>, Vec<usize>, BitField, BitField) {
[INFO] [stdout]    |                                                                  ^^^^^^^^ not found in this scope
[INFO] [stdout]    |
[INFO] [stdout] help: consider importing this struct
[INFO] [stdout]    |
[INFO] [stdout] 4  | use forest_bitfield::BitField;
[INFO] [stdout]    |
[INFO] [stdout] 
[INFO] [stdout] 
[INFO] [stdout] error[E0412]: cannot find type `BitField` in this scope
[INFO] [stdout]   --> tests/bitfield_tests.rs:57:15
[INFO] [stdout]    |
[INFO] [stdout] 57 |     let bf_a: BitField = a.iter().copied().collect();
[INFO] [stdout]    |               ^^^^^^^^ not found in this scope
[INFO] [stdout]    |
[INFO] [stdout] help: consider importing this struct
[INFO] [stdout]    |
[INFO] [stdout] 4  | use forest_bitfield::BitField;
[INFO] [stdout]    |
[INFO] [stdout] 
[INFO] [stdout] 
[INFO] [stdout] error[E0412]: cannot find type `BitField` in this scope
[INFO] [stdout]   --> tests/bitfield_tests.rs:58:15
[INFO] [stdout]    |
[INFO] [stdout] 58 |     let bf_b: BitField = b.iter().copied().collect();
[INFO] [stdout]    |               ^^^^^^^^ not found in this scope
[INFO] [stdout]    |
[INFO] [stdout] help: consider importing this struct
[INFO] [stdout]    |
[INFO] [stdout] 4  | use forest_bitfield::BitField;
[INFO] [stdout]    |
[INFO] [stdout] 
[INFO] [stdout] 
[INFO] [stdout] error[E0433]: failed to resolve: use of undeclared type `BitField`
[INFO] [stdout]    --> tests/bitfield_tests.rs:102:16
[INFO] [stdout]     |
[INFO] [stdout] 102 |     let have = BitField::from_iter(vec![5, 6, 8, 10, 11, 13, 14, 17]);
[INFO] [stdout]     |                ^^^^^^^^ not found in this scope
[INFO] [stdout]     |
[INFO] [stdout] help: consider importing this struct
[INFO] [stdout]     |
[INFO] [stdout] 4   | use forest_bitfield::BitField;
[INFO] [stdout]     |
[INFO] [stdout] 
[INFO] [stdout] 
[INFO] [stdout] error[E0433]: failed to resolve: use of undeclared type `BitField`
[INFO] [stdout]    --> tests/bitfield_tests.rs:103:15
[INFO] [stdout]     |
[INFO] [stdout] 103 |     let s1 = &BitField::from_iter(vec![5, 6]) - &have;
[INFO] [stdout]     |               ^^^^^^^^ not found in this scope
[INFO] [stdout]     |
[INFO] [stdout] help: consider importing this struct
[INFO] [stdout]     |
[INFO] [stdout] 4   | use forest_bitfield::BitField;
[INFO] [stdout]     |
[INFO] [stdout] 
[INFO] [stdout] 
[INFO] [stdout] error[E0433]: failed to resolve: use of undeclared type `BitField`
[INFO] [stdout]    --> tests/bitfield_tests.rs:104:15
[INFO] [stdout]     |
[INFO] [stdout] 104 |     let s2 = &BitField::from_iter(vec![8, 10]) - &have;
[INFO] [stdout]     |               ^^^^^^^^ not found in this scope
[INFO] [stdout]     |
[INFO] [stdout] help: consider importing this struct
[INFO] [stdout]     |
[INFO] [stdout] 4   | use forest_bitfield::BitField;
[INFO] [stdout]     |
[INFO] [stdout] 
[INFO] [stdout] 
[INFO] [stdout] error[E0433]: failed to resolve: use of undeclared type `BitField`
[INFO] [stdout]    --> tests/bitfield_tests.rs:105:15
[INFO] [stdout]     |
[INFO] [stdout] 105 |     let s3 = &BitField::from_iter(vec![11, 13]) - &have;
[INFO] [stdout]     |               ^^^^^^^^ not found in this scope
[INFO] [stdout]     |
[INFO] [stdout] help: consider importing this struct
[INFO] [stdout]     |
[INFO] [stdout] 4   | use forest_bitfield::BitField;
[INFO] [stdout]     |
[INFO] [stdout] 
[INFO] [stdout] 
[INFO] [stdout] error[E0433]: failed to resolve: use of undeclared type `BitField`
[INFO] [stdout]    --> tests/bitfield_tests.rs:106:15
[INFO] [stdout]     |
[INFO] [stdout] 106 |     let s4 = &BitField::from_iter(vec![14, 17]) - &have;
[INFO] [stdout]     |               ^^^^^^^^ not found in this scope
[INFO] [stdout]     |
[INFO] [stdout] help: consider importing this struct
[INFO] [stdout]     |
[INFO] [stdout] 4   | use forest_bitfield::BitField;
[INFO] [stdout]     |
[INFO] [stdout] 
[INFO] [stdout] 
[INFO] [stdout] error[E0433]: failed to resolve: use of undeclared type `BitField`
[INFO] [stdout]    --> tests/bitfield_tests.rs:108:13
[INFO] [stdout]     |
[INFO] [stdout] 108 |     let u = BitField::union(&[s1, s2, s3, s4]);
[INFO] [stdout]     |             ^^^^^^^^ not found in this scope
[INFO] [stdout]     |
[INFO] [stdout] help: consider importing this struct
[INFO] [stdout]     |
[INFO] [stdout] 4   | use forest_bitfield::BitField;
[INFO] [stdout]     |
[INFO] [stdout] 
[INFO] [stdout] 
[INFO] [stdout] error[E0433]: failed to resolve: use of undeclared type `BitField`
[INFO] [stdout]    --> tests/bitfield_tests.rs:115:9
[INFO] [stdout]     |
[INFO] [stdout] 115 |         BitField::from_iter(vec![0, 4]).contains_any(&BitField::from_iter(vec![1, 3, 5])),
[INFO] [stdout]     |         ^^^^^^^^ not found in this scope
[INFO] [stdout]     |
[INFO] [stdout] help: consider importing this struct
[INFO] [stdout]     |
[INFO] [stdout] 4   | use forest_bitfield::BitField;
[INFO] [stdout]     |
[INFO] [stdout] 
[INFO] [stdout] 
[INFO] [stdout] error[E0433]: failed to resolve: use of undeclared type `BitField`
[INFO] [stdout]    --> tests/bitfield_tests.rs:115:55
[INFO] [stdout]     |
[INFO] [stdout] 115 |         BitField::from_iter(vec![0, 4]).contains_any(&BitField::from_iter(vec![1, 3, 5])),
[INFO] [stdout]     |                                                       ^^^^^^^^ not found in this scope
[INFO] [stdout]     |
[INFO] [stdout] help: consider importing this struct
[INFO] [stdout]     |
[INFO] [stdout] 4   | use forest_bitfield::BitField;
[INFO] [stdout]     |
[INFO] [stdout] 
[INFO] [stdout] 
[INFO] [stdout] error[E0433]: failed to resolve: use of undeclared type `BitField`
[INFO] [stdout]    --> tests/bitfield_tests.rs:120:9
[INFO] [stdout]     |
[INFO] [stdout] 120 |         BitField::from_iter(vec![0, 2, 5, 6]).contains_any(&BitField::from_iter(vec![1, 3, 5])),
[INFO] [stdout]     |         ^^^^^^^^ not found in this scope
[INFO] [stdout]     |
[INFO] [stdout] help: consider importing this struct
[INFO] [stdout]     |
[INFO] [stdout] 4   | use forest_bitfield::BitField;
[INFO] [stdout]     |
[INFO] [stdout] 
[INFO] [stdout] 
[INFO] [stdout] error[E0433]: failed to resolve: use of undeclared type `BitField`
[INFO] [stdout]    --> tests/bitfield_tests.rs:120:61
[INFO] [stdout]     |
[INFO] [stdout] 120 |         BitField::from_iter(vec![0, 2, 5, 6]).contains_any(&BitField::from_iter(vec![1, 3, 5])),
[INFO] [stdout]     |                                                             ^^^^^^^^ not found in this scope
[INFO] [stdout]     |
[INFO] [stdout] help: consider importing this struct
[INFO] [stdout]     |
[INFO] [stdout] 4   | use forest_bitfield::BitField;
[INFO] [stdout]     |
[INFO] [stdout] 
[INFO] [stdout] 
[INFO] [stdout] error[E0433]: failed to resolve: use of undeclared type `BitField`
[INFO] [stdout]    --> tests/bitfield_tests.rs:125:9
[INFO] [stdout]     |
[INFO] [stdout] 125 |         BitField::from_iter(vec![1, 2, 3]).contains_any(&BitField::from_iter(vec![1, 2, 3])),
[INFO] [stdout]     |         ^^^^^^^^ not found in this scope
[INFO] [stdout]     |
[INFO] [stdout] help: consider importing this struct
[INFO] [stdout]     |
[INFO] [stdout] 4   | use forest_bitfield::BitField;
[INFO] [stdout]     |
[INFO] [stdout] 
[INFO] [stdout] 
[INFO] [stdout] error[E0433]: failed to resolve: use of undeclared type `BitField`
[INFO] [stdout]    --> tests/bitfield_tests.rs:125:58
[INFO] [stdout]     |
[INFO] [stdout] 125 |         BitField::from_iter(vec![1, 2, 3]).contains_any(&BitField::from_iter(vec![1, 2, 3])),
[INFO] [stdout]     |                                                          ^^^^^^^^ not found in this scope
[INFO] [stdout]     |
[INFO] [stdout] help: consider importing this struct
[INFO] [stdout]     |
[INFO] [stdout] 4   | use forest_bitfield::BitField;
[INFO] [stdout]     |
[INFO] [stdout] 
[INFO] [stdout] 
[INFO] [stdout] error[E0433]: failed to resolve: use of undeclared type `BitField`
[INFO] [stdout]    --> tests/bitfield_tests.rs:133:9
[INFO] [stdout]     |
[INFO] [stdout] 133 |         BitField::from_iter(vec![0, 2, 4]).contains_all(&BitField::from_iter(vec![0, 2, 4, 5])),
[INFO] [stdout]     |         ^^^^^^^^ not found in this scope
[INFO] [stdout]     |
[INFO] [stdout] help: consider importing this struct
[INFO] [stdout]     |
[INFO] [stdout] 4   | use forest_bitfield::BitField;
[INFO] [stdout]     |
[INFO] [stdout] 
[INFO] [stdout] 
[INFO] [stdout] error[E0433]: failed to resolve: use of undeclared type `BitField`
[INFO] [stdout]    --> tests/bitfield_tests.rs:133:58
[INFO] [stdout]     |
[INFO] [stdout] 133 |         BitField::from_iter(vec![0, 2, 4]).contains_all(&BitField::from_iter(vec![0, 2, 4, 5])),
[INFO] [stdout]     |                                                          ^^^^^^^^ not found in this scope
[INFO] [stdout]     |
[INFO] [stdout] help: consider importing this struct
[INFO] [stdout]     |
[INFO] [stdout] 4   | use forest_bitfield::BitField;
[INFO] [stdout]     |
[INFO] [stdout] 
[INFO] [stdout] 
[INFO] [stdout] error[E0433]: failed to resolve: use of undeclared type `BitField`
[INFO] [stdout]    --> tests/bitfield_tests.rs:138:9
[INFO] [stdout]     |
[INFO] [stdout] 138 |         BitField::from_iter(vec![0, 2, 4, 5]).contains_all(&BitField::from_iter(vec![0, 2, 4])),
[INFO] [stdout]     |         ^^^^^^^^ not found in this scope
[INFO] [stdout]     |
[INFO] [stdout] help: consider importing this struct
[INFO] [stdout]     |
[INFO] [stdout] 4   | use forest_bitfield::BitField;
[INFO] [stdout]     |
[INFO] [stdout] 
[INFO] [stdout] 
[INFO] [stdout] error[E0433]: failed to resolve: use of undeclared type `BitField`
[INFO] [stdout]    --> tests/bitfield_tests.rs:138:61
[INFO] [stdout]     |
[INFO] [stdout] 138 |         BitField::from_iter(vec![0, 2, 4, 5]).contains_all(&BitField::from_iter(vec![0, 2, 4])),
[INFO] [stdout]     |                                                             ^^^^^^^^ not found in this scope
[INFO] [stdout]     |
[INFO] [stdout] help: consider importing this struct
[INFO] [stdout]     |
[INFO] [stdout] 4   | use forest_bitfield::BitField;
[INFO] [stdout]     |
[INFO] [stdout] 
[INFO] [stdout] 
[INFO] [stdout] error[E0433]: failed to resolve: use of undeclared type `BitField`
[INFO] [stdout]    --> tests/bitfield_tests.rs:143:9
[INFO] [stdout]     |
[INFO] [stdout] 143 |         BitField::from_iter(vec![1, 2, 3]).contains_all(&BitField::from_iter(vec![1, 2, 3])),
[INFO] [stdout]     |         ^^^^^^^^ not found in this scope
[INFO] [stdout]     |
[INFO] [stdout] help: consider importing this struct
[INFO] [stdout]     |
[INFO] [stdout] 4   | use forest_bitfield::BitField;
[INFO] [stdout]     |
[INFO] [stdout] 
[INFO] [stdout] 
[INFO] [stdout] error[E0433]: failed to resolve: use of undeclared type `BitField`
[INFO] [stdout]    --> tests/bitfield_tests.rs:143:58
[INFO] [stdout]     |
[INFO] [stdout] 143 |         BitField::from_iter(vec![1, 2, 3]).contains_all(&BitField::from_iter(vec![1, 2, 3])),
[INFO] [stdout]     |                                                          ^^^^^^^^ not found in this scope
[INFO] [stdout]     |
[INFO] [stdout] help: consider importing this struct
[INFO] [stdout]     |
[INFO] [stdout] 4   | use forest_bitfield::BitField;
[INFO] [stdout]     |
[INFO] [stdout] 
[INFO] [stdout] 
[INFO] [stdout] error[E0433]: failed to resolve: use of undeclared type `BitField`
[INFO] [stdout]    --> tests/bitfield_tests.rs:150:14
[INFO] [stdout]     |
[INFO] [stdout] 150 |     let a = &BitField::from_iter(vec![1, 2, 3]) & &BitField::from_iter(vec![1, 3, 4]);
[INFO] [stdout]     |              ^^^^^^^^ not found in this scope
[INFO] [stdout]     |
[INFO] [stdout] help: consider importing this struct
[INFO] [stdout]     |
[INFO] [stdout] 4   | use forest_bitfield::BitField;
[INFO] [stdout]     |
[INFO] [stdout] 
[INFO] [stdout] 
[INFO] [stdout] error[E0433]: failed to resolve: use of undeclared type `BitField`
[INFO] [stdout]    --> tests/bitfield_tests.rs:150:52
[INFO] [stdout]     |
[INFO] [stdout] 150 |     let a = &BitField::from_iter(vec![1, 2, 3]) & &BitField::from_iter(vec![1, 3, 4]);
[INFO] [stdout]     |                                                    ^^^^^^^^ not found in this scope
[INFO] [stdout]     |
[INFO] [stdout] help: consider importing this struct
[INFO] [stdout]     |
[INFO] [stdout] 4   | use forest_bitfield::BitField;
[INFO] [stdout]     |
[INFO] [stdout] 
[INFO] [stdout] 
[INFO] [stdout] error[E0433]: failed to resolve: use of undeclared type `BitField`
[INFO] [stdout]    --> tests/bitfield_tests.rs:153:17
[INFO] [stdout]     |
[INFO] [stdout] 153 |     let mut a = BitField::from_iter(vec![1, 2, 3]);
[INFO] [stdout]     |                 ^^^^^^^^ not found in this scope
[INFO] [stdout]     |
[INFO] [stdout] help: consider importing this struct
[INFO] [stdout]     |
[INFO] [stdout] 4   | use forest_bitfield::BitField;
[INFO] [stdout]     |
[INFO] [stdout] 
[INFO] [stdout] 
[INFO] [stdout] error[E0433]: failed to resolve: use of undeclared type `BitField`
[INFO] [stdout]    --> tests/bitfield_tests.rs:154:11
[INFO] [stdout]     |
[INFO] [stdout] 154 |     a &= &BitField::from_iter(vec![1, 3, 4]);
[INFO] [stdout]     |           ^^^^^^^^ not found in this scope
[INFO] [stdout]     |
[INFO] [stdout] help: consider importing this struct
[INFO] [stdout]     |
[INFO] [stdout] 4   | use forest_bitfield::BitField;
[INFO] [stdout]     |
[INFO] [stdout] 
[INFO] [stdout] 
[INFO] [stdout] error[E0433]: failed to resolve: use of undeclared type `BitField`
[INFO] [stdout]    --> tests/bitfield_tests.rs:157:14
[INFO] [stdout]     |
[INFO] [stdout] 157 |     let a = &BitField::from_iter(vec![1, 2, 3]) | &BitField::from_iter(vec![1, 3, 4]);
[INFO] [stdout]     |              ^^^^^^^^ not found in this scope
[INFO] [stdout]     |
[INFO] [stdout] help: consider importing this struct
[INFO] [stdout]     |
[INFO] [stdout] 4   | use forest_bitfield::BitField;
[INFO] [stdout]     |
[INFO] [stdout] 
[INFO] [stdout] 
[INFO] [stdout] error[E0433]: failed to resolve: use of undeclared type `BitField`
[INFO] [stdout]    --> tests/bitfield_tests.rs:157:52
[INFO] [stdout]     |
[INFO] [stdout] 157 |     let a = &BitField::from_iter(vec![1, 2, 3]) | &BitField::from_iter(vec![1, 3, 4]);
[INFO] [stdout]     |                                                    ^^^^^^^^ not found in this scope
[INFO] [stdout]     |
[INFO] [stdout] help: consider importing this struct
[INFO] [stdout]     |
[INFO] [stdout] 4   | use forest_bitfield::BitField;
[INFO] [stdout]     |
[INFO] [stdout] 
[INFO] [stdout] 
[INFO] [stdout] error[E0433]: failed to resolve: use of undeclared type `BitField`
[INFO] [stdout]    --> tests/bitfield_tests.rs:160:17
[INFO] [stdout]     |
[INFO] [stdout] 160 |     let mut a = BitField::from_iter(vec![1, 2, 3]);
[INFO] [stdout]     |                 ^^^^^^^^ not found in this scope
[INFO] [stdout]     |
[INFO] [stdout] help: consider importing this struct
[INFO] [stdout]     |
[INFO] [stdout] 4   | use forest_bitfield::BitField;
[INFO] [stdout]     |
[INFO] [stdout] 
[INFO] [stdout] 
[INFO] [stdout] error[E0433]: failed to resolve: use of undeclared type `BitField`
[INFO] [stdout]    --> tests/bitfield_tests.rs:161:11
[INFO] [stdout]     |
[INFO] [stdout] 161 |     a |= &BitField::from_iter(vec![1, 3, 4]);
[INFO] [stdout]     |           ^^^^^^^^ not found in this scope
[INFO] [stdout]     |
[INFO] [stdout] help: consider importing this struct
[INFO] [stdout]     |
[INFO] [stdout] 4   | use forest_bitfield::BitField;
[INFO] [stdout]     |
[INFO] [stdout] 
[INFO] [stdout] 
[INFO] [stdout] error[E0412]: cannot find type `BitField` in this scope
[INFO] [stdout]    --> tests/bitfield_tests.rs:182:23
[INFO] [stdout]     |
[INFO] [stdout] 182 |     let deserialized: BitField = encoding::from_slice(&cbor_bz).unwrap();
[INFO] [stdout]     |                       ^^^^^^^^ not found in this scope
[INFO] [stdout]     |
[INFO] [stdout] help: consider importing this struct
[INFO] [stdout]     |
[INFO] [stdout] 4   | use forest_bitfield::BitField;
[INFO] [stdout]     |
[INFO] [stdout] 
[INFO] [stdout] 
[INFO] [stdout] error[E0433]: failed to resolve: use of undeclared type `BitField`
[INFO] [stdout]    --> tests/bitfield_tests.rs:190:18
[INFO] [stdout]     |
[INFO] [stdout] 190 |     let mut bf = BitField::new();
[INFO] [stdout]     |                  ^^^^^^^^ not found in this scope
[INFO] [stdout]     |
[INFO] [stdout] help: consider importing this struct
[INFO] [stdout]     |
[INFO] [stdout] 4   | use forest_bitfield::BitField;
[INFO] [stdout]     |
[INFO] [stdout] 
[INFO] [stdout] 
[INFO] [stdout] error[E0412]: cannot find type `BitField` in this scope
[INFO] [stdout]    --> tests/bitfield_tests.rs:206:23
[INFO] [stdout]     |
[INFO] [stdout] 206 |     let deserialized: BitField = encoding::from_slice(&cbor_bz).unwrap();
[INFO] [stdout]     |                       ^^^^^^^^ not found in this scope
[INFO] [stdout]     |
[INFO] [stdout] help: consider importing this struct
[INFO] [stdout]     |
[INFO] [stdout] 4   | use forest_bitfield::BitField;
[INFO] [stdout]     |
[INFO] [stdout] 
[INFO] [stdout] 
[INFO] [stdout] error[E0433]: failed to resolve: use of undeclared type `BitField`
[INFO] [stdout]    --> tests/bitfield_tests.rs:218:18
[INFO] [stdout]     |
[INFO] [stdout] 218 |     let mut bf = BitField::new();
[INFO] [stdout]     |                  ^^^^^^^^ not found in this scope
[INFO] [stdout]     |
[INFO] [stdout] help: consider importing this struct
[INFO] [stdout]     |
[INFO] [stdout] 4   | use forest_bitfield::BitField;
[INFO] [stdout]     |
[INFO] [stdout] 
[INFO] [stdout] 
[INFO] [stdout] error[E0412]: cannot find type `BitField` in this scope
[INFO] [stdout]    --> tests/bitfield_tests.rs:223:23
[INFO] [stdout]     |
[INFO] [stdout] 223 |     let deserialized: BitField = encoding::from_slice(&cbor).unwrap();
[INFO] [stdout]     |                       ^^^^^^^^ not found in this scope
[INFO] [stdout]     |
[INFO] [stdout] help: consider importing this struct
[INFO] [stdout]     |
[INFO] [stdout] 4   | use forest_bitfield::BitField;
[INFO] [stdout]     |
[INFO] [stdout] 
[INFO] [stdout] 
[INFO] [stdout] warning: unused import: `std::iter::FromIterator`
[INFO] [stdout]  --> tests/bitfield_tests.rs:8:5
[INFO] [stdout]   |
[INFO] [stdout] 8 | use std::iter::FromIterator;
[INFO] [stdout]   |     ^^^^^^^^^^^^^^^^^^^^^^^
[INFO] [stdout]   |
[INFO] [stdout]   = note: `#[warn(unused_imports)]` on by default
[INFO] [stdout] 
[INFO] [stdout] 
[INFO] [stdout] error: aborting due to 42 previous errors; 1 warning emitted
[INFO] [stdout] 
[INFO] [stdout] 
[INFO] [stdout] Some errors have detailed explanations: E0412, E0432, E0433.
[INFO] [stdout] 
[INFO] [stdout] For more information about an error, try `rustc --explain E0412`.
[INFO] [stdout] 
[INFO] [stderr] error: could not compile `forest_bitfield`
[INFO] [stderr] 
[INFO] [stderr] To learn more, run the command again with --verbose.
[INFO] [stderr] warning: build failed, waiting for other jobs to finish...
[INFO] [stderr] error: build failed
[INFO] running `Command { std: "docker" "inspect" "f9fa1727a50018a0e6e27ddbe0cf69946c081b943ede6ee12d9be8c41d12b17a", kill_on_drop: false }`
[INFO] running `Command { std: "docker" "rm" "-f" "f9fa1727a50018a0e6e27ddbe0cf69946c081b943ede6ee12d9be8c41d12b17a", kill_on_drop: false }`
[INFO] [stdout] f9fa1727a50018a0e6e27ddbe0cf69946c081b943ede6ee12d9be8c41d12b17a
