[INFO] fetching crate fluence-sdk-test-macro-impl 0.1.5...
[INFO] testing fluence-sdk-test-macro-impl-0.1.5 against 1.54.0 for beta-1.55-1
[INFO] extracting crate fluence-sdk-test-macro-impl 0.1.5 into /workspace/builds/worker-10/source
[INFO] validating manifest of crates.io crate fluence-sdk-test-macro-impl 0.1.5 on toolchain 1.54.0
[INFO] running `Command { std: "/workspace/cargo-home/bin/cargo" "+1.54.0" "metadata" "--manifest-path" "Cargo.toml" "--no-deps", kill_on_drop: false }`
[INFO] started tweaking crates.io crate fluence-sdk-test-macro-impl 0.1.5
[INFO] finished tweaking crates.io crate fluence-sdk-test-macro-impl 0.1.5
[INFO] tweaked toml for crates.io crate fluence-sdk-test-macro-impl 0.1.5 written to /workspace/builds/worker-10/source/Cargo.toml
[INFO] running `Command { std: "/workspace/cargo-home/bin/cargo" "+1.54.0" "generate-lockfile" "--manifest-path" "Cargo.toml" "-Zno-index-update", kill_on_drop: false }`
[INFO] running `Command { std: "/workspace/cargo-home/bin/cargo" "+1.54.0" "fetch" "--manifest-path" "Cargo.toml", kill_on_drop: false }`
[INFO] running `Command { std: "docker" "create" "-v" "/var/lib/crater-agent-workspace/builds/worker-10/target:/opt/rustwide/target:rw,Z" "-v" "/var/lib/crater-agent-workspace/builds/worker-10/source:/opt/rustwide/workdir:ro,Z" "-v" "/var/lib/crater-agent-workspace/cargo-home:/opt/rustwide/cargo-home:ro,Z" "-v" "/var/lib/crater-agent-workspace/rustup-home:/opt/rustwide/rustup-home:ro,Z" "-e" "SOURCE_DIR=/opt/rustwide/workdir" "-e" "CARGO_TARGET_DIR=/opt/rustwide/target" "-e" "CARGO_HOME=/opt/rustwide/cargo-home" "-e" "RUSTUP_HOME=/opt/rustwide/rustup-home" "-w" "/opt/rustwide/workdir" "-m" "1610612736" "--user" "0:0" "--network" "none" "ghcr.io/rust-lang/crates-build-env/linux@sha256:34b6a614d2c27851fe6cbf88fbd1137609cefab8b10d0615aaeb6fd47975d74e" "/opt/rustwide/cargo-home/bin/cargo" "+1.54.0" "metadata" "--no-deps" "--format-version=1", kill_on_drop: false }`
[INFO] [stdout] 4c08c08c16328220cf3f684aa9384ca24272bb903f674f024e2648f8fc590d96
[INFO] [stderr] WARNING: Your kernel does not support swap limit capabilities or the cgroup is not mounted. Memory limited without swap.
[INFO] running `Command { std: "docker" "start" "-a" "4c08c08c16328220cf3f684aa9384ca24272bb903f674f024e2648f8fc590d96", kill_on_drop: false }`
[INFO] running `Command { std: "docker" "inspect" "4c08c08c16328220cf3f684aa9384ca24272bb903f674f024e2648f8fc590d96", kill_on_drop: false }`
[INFO] running `Command { std: "docker" "rm" "-f" "4c08c08c16328220cf3f684aa9384ca24272bb903f674f024e2648f8fc590d96", kill_on_drop: false }`
[INFO] [stdout] 4c08c08c16328220cf3f684aa9384ca24272bb903f674f024e2648f8fc590d96
[INFO] running `Command { std: "docker" "create" "-v" "/var/lib/crater-agent-workspace/builds/worker-10/target:/opt/rustwide/target:rw,Z" "-v" "/var/lib/crater-agent-workspace/builds/worker-10/source:/opt/rustwide/workdir:ro,Z" "-v" "/var/lib/crater-agent-workspace/cargo-home:/opt/rustwide/cargo-home:ro,Z" "-v" "/var/lib/crater-agent-workspace/rustup-home:/opt/rustwide/rustup-home:ro,Z" "-e" "SOURCE_DIR=/opt/rustwide/workdir" "-e" "CARGO_TARGET_DIR=/opt/rustwide/target" "-e" "CARGO_INCREMENTAL=0" "-e" "RUST_BACKTRACE=full" "-e" "RUSTFLAGS=--cap-lints=warn" "-e" "CARGO_HOME=/opt/rustwide/cargo-home" "-e" "RUSTUP_HOME=/opt/rustwide/rustup-home" "-w" "/opt/rustwide/workdir" "-m" "1610612736" "--user" "0:0" "--network" "none" "ghcr.io/rust-lang/crates-build-env/linux@sha256:34b6a614d2c27851fe6cbf88fbd1137609cefab8b10d0615aaeb6fd47975d74e" "/opt/rustwide/cargo-home/bin/cargo" "+1.54.0" "build" "--frozen" "--message-format=json", kill_on_drop: false }`
[INFO] [stdout] 4093ace745fd5a45e120248fa13cb7fc5907155a67f5f2a63c776466f22f5e78
[INFO] [stderr] WARNING: Your kernel does not support swap limit capabilities or the cgroup is not mounted. Memory limited without swap.
[INFO] running `Command { std: "docker" "start" "-a" "4093ace745fd5a45e120248fa13cb7fc5907155a67f5f2a63c776466f22f5e78", kill_on_drop: false }`
[INFO] [stderr]    Compiling serde v1.0.118
[INFO] [stderr]    Compiling target-lexicon v0.10.0
[INFO] [stderr]    Compiling nix v0.15.0
[INFO] [stderr]    Compiling cranelift-entity v0.59.0
[INFO] [stderr]    Compiling wasmparser v0.51.4
[INFO] [stderr]    Compiling cranelift-codegen-shared v0.59.0
[INFO] [stderr]    Compiling it-to-bytes v0.1.0
[INFO] [stderr]    Compiling safe-transmute v0.11.2
[INFO] [stderr]    Compiling id-arena v2.2.1
[INFO] [stderr]    Compiling wasmparser v0.59.0
[INFO] [stderr]    Compiling inventory v0.1.10
[INFO] [stderr]    Compiling erased-serde v0.3.16
[INFO] [stderr]    Compiling getrandom v0.1.16
[INFO] [stderr]    Compiling marine-utils v0.2.0
[INFO] [stderr]    Compiling cmd_lib v0.7.8
[INFO] [stderr]    Compiling blake3 v0.3.8
[INFO] [stderr]    Compiling proc-macro-error v1.0.4
[INFO] [stderr]    Compiling wast v8.0.0
[INFO] [stderr]    Compiling parking_lot_core v0.7.2
[INFO] [stderr]    Compiling errno v0.2.7
[INFO] [stderr]    Compiling page_size v0.4.2
[INFO] [stderr]    Compiling getrandom v0.2.3
[INFO] [stderr]    Compiling pwasm-utils v0.12.0
[INFO] [stderr]    Compiling raw-cpuid v7.0.4
[INFO] [stderr]    Compiling cranelift-codegen-meta v0.59.0
[INFO] [stderr]    Compiling cranelift-bforest v0.59.0
[INFO] [stderr]    Compiling nom v5.1.2
[INFO] [stderr]    Compiling crypto-mac v0.8.0
[INFO] [stderr]    Compiling serde_derive v1.0.118
[INFO] [stderr]    Compiling walrus-macro v0.18.0
[INFO] [stderr]    Compiling inventory-impl v0.1.10
[INFO] [stderr]    Compiling ghost v0.1.2
[INFO] [stderr]    Compiling typetag-impl v0.1.7
[INFO] [stderr]    Compiling parking_lot v0.10.2
[INFO] [stderr]    Compiling uuid v0.8.2
[INFO] [stderr]    Compiling rayon-core v1.9.1
[INFO] [stderr]    Compiling marine-timestamp-macro v0.6.9
[INFO] [stderr]    Compiling rayon v1.5.1
[INFO] [stderr]    Compiling wasmer-runtime-core-fl v0.17.1
[INFO] [stderr]    Compiling walrus v0.18.0
[INFO] [stderr]    Compiling cranelift-codegen v0.59.0
[INFO] [stderr]    Compiling indexmap v1.7.0
[INFO] [stderr]    Compiling serde_json v1.0.66
[INFO] [stderr]    Compiling serde_bytes v0.11.5
[INFO] [stderr]    Compiling serde-bench v0.0.7
[INFO] [stderr]    Compiling bincode v1.3.3
[INFO] [stderr]    Compiling fluence-it-types v0.3.0
[INFO] [stderr]    Compiling multimap v0.8.3
[INFO] [stderr]    Compiling toml v0.5.8
[INFO] [stderr]    Compiling generational-arena v0.2.8
[INFO] [stderr]    Compiling gimli v0.20.0
[INFO] [stderr]    Compiling it-lilo v0.1.0
[INFO] [stderr]    Compiling typetag v0.1.7
[INFO] [stderr]    Compiling wasmer-interface-types-fl v0.20.1
[INFO] [stderr]    Compiling marine-macro-impl v0.6.9
[INFO] [stderr]    Compiling cargo_toml v0.8.1
[INFO] [stderr]    Compiling marine-macro v0.6.9
[INFO] [stderr]    Compiling marine-it-interfaces v0.4.0
[INFO] [stderr]    Compiling fce-wit-interfaces v0.3.0
[INFO] [stderr]    Compiling fluence-sdk-main v0.6.9
[INFO] [stderr]    Compiling fluence v0.6.9
[INFO] [stderr]    Compiling marine-module-interface v0.1.4
[INFO] [stderr]    Compiling marine-module-info-parser v0.1.0
[INFO] [stderr]    Compiling wasmer-wasi-fl v0.17.1
[INFO] [stderr]    Compiling fce-wit-parser v0.5.0
[INFO] [stderr]    Compiling marine-it-parser v0.6.5
[INFO] [stderr]    Compiling marine-it-generator v0.5.3
[INFO] [stderr]    Compiling wasmer-clif-fork-frontend v0.59.0
[INFO] [stderr]    Compiling cranelift-native v0.59.0
[INFO] [stderr]    Compiling wasmer-clif-fork-wasm v0.59.0
[INFO] [stderr]    Compiling wasmer-clif-backend-fl v0.17.0
[INFO] [stderr]    Compiling wasmer-runtime-fl v0.17.1
[INFO] [stderr]    Compiling marine-runtime v0.5.1
[INFO] [stdout] error[E0554]: `#![feature]` may not be used on the stable release channel
[INFO] [stdout]   --> /opt/rustwide/cargo-home/registry/src/github.com-1ecc6299db9ec823/marine-runtime-0.5.1/src/lib.rs:17:1
[INFO] [stdout]    |
[INFO] [stdout] 17 | #![feature(get_mut_unchecked)]
[INFO] [stdout]    | ^^^^^^^^^^^^^^^^^^^^^^^^^^^^^^
[INFO] [stdout] 
[INFO] [stdout] 
[INFO] [stdout] error[E0554]: `#![feature]` may not be used on the stable release channel
[INFO] [stdout]   --> /opt/rustwide/cargo-home/registry/src/github.com-1ecc6299db9ec823/marine-runtime-0.5.1/src/lib.rs:18:1
[INFO] [stdout]    |
[INFO] [stdout] 18 | #![feature(new_uninit)]
[INFO] [stdout]    | ^^^^^^^^^^^^^^^^^^^^^^^
[INFO] [stdout] 
[INFO] [stdout] 
[INFO] [stdout] error[E0554]: `#![feature]` may not be used on the stable release channel
[INFO] [stdout]   --> /opt/rustwide/cargo-home/registry/src/github.com-1ecc6299db9ec823/marine-runtime-0.5.1/src/lib.rs:19:1
[INFO] [stdout]    |
[INFO] [stdout] 19 | #![feature(stmt_expr_attributes)]
[INFO] [stdout]    | ^^^^^^^^^^^^^^^^^^^^^^^^^^^^^^^^^
[INFO] [stdout] 
[INFO] [stdout] 
[INFO] [stdout] error: aborting due to 3 previous errors
[INFO] [stdout] 
[INFO] [stdout] 
[INFO] [stdout] For more information about this error, try `rustc --explain E0554`.
[INFO] [stdout] 
[INFO] [stderr] error: could not compile `marine-runtime`
[INFO] [stderr] 
[INFO] [stderr] To learn more, run the command again with --verbose.
[INFO] running `Command { std: "docker" "inspect" "4093ace745fd5a45e120248fa13cb7fc5907155a67f5f2a63c776466f22f5e78", kill_on_drop: false }`
[INFO] running `Command { std: "docker" "rm" "-f" "4093ace745fd5a45e120248fa13cb7fc5907155a67f5f2a63c776466f22f5e78", kill_on_drop: false }`
[INFO] [stdout] 4093ace745fd5a45e120248fa13cb7fc5907155a67f5f2a63c776466f22f5e78
