[INFO] fetching crate fleet 0.2.0...
[INFO] testing fleet-0.2.0 against 1.54.0 for beta-1.55-1
[INFO] extracting crate fleet 0.2.0 into /workspace/builds/worker-78/source
[INFO] validating manifest of crates.io crate fleet 0.2.0 on toolchain 1.54.0
[INFO] running `Command { std: "/workspace/cargo-home/bin/cargo" "+1.54.0" "metadata" "--manifest-path" "Cargo.toml" "--no-deps", kill_on_drop: false }`
[INFO] started tweaking crates.io crate fleet 0.2.0
[INFO] finished tweaking crates.io crate fleet 0.2.0
[INFO] tweaked toml for crates.io crate fleet 0.2.0 written to /workspace/builds/worker-78/source/Cargo.toml
[INFO] running `Command { std: "/workspace/cargo-home/bin/cargo" "+1.54.0" "generate-lockfile" "--manifest-path" "Cargo.toml" "-Zno-index-update", kill_on_drop: false }`
[INFO] [stderr]     Blocking waiting for file lock on package cache
[INFO] running `Command { std: "/workspace/cargo-home/bin/cargo" "+1.54.0" "fetch" "--manifest-path" "Cargo.toml", kill_on_drop: false }`
[INFO] [stderr]     Blocking waiting for file lock on package cache
[INFO] [stderr]     Blocking waiting for file lock on package cache
[INFO] [stderr]  Downloading crates ...
[INFO] [stderr]   Downloaded want v0.3.0
[INFO] [stderr]   Downloaded tracing-core v0.1.18
[INFO] [stderr]   Downloaded bytes v1.0.1
[INFO] [stderr]   Downloaded http-body v0.4.2
[INFO] [stderr]   Downloaded http v0.2.4
[INFO] [stderr]   Downloaded tokio v1.9.0
[INFO] [stderr]   Downloaded futures-core v0.3.16
[INFO] [stderr]   Downloaded futures-channel v0.3.16
[INFO] [stderr]   Downloaded futures-util v0.3.16
[INFO] [stderr]   Downloaded futures-task v0.3.16
[INFO] [stderr]   Downloaded httparse v1.4.1
[INFO] [stderr]   Downloaded pin-project-lite v0.2.7
[INFO] [stderr]   Downloaded httpdate v1.0.1
[INFO] [stderr]   Downloaded tower-service v0.3.1
[INFO] [stderr]   Downloaded tracing v0.1.26
[INFO] [stderr]   Downloaded hyper v0.14.11
[INFO] [stderr]   Downloaded try-lock v0.2.3
[INFO] [stderr]   Downloaded retry v1.2.1
[INFO] running `Command { std: "docker" "create" "-v" "/var/lib/crater-agent-workspace/builds/worker-78/target:/opt/rustwide/target:rw,Z" "-v" "/var/lib/crater-agent-workspace/builds/worker-78/source:/opt/rustwide/workdir:ro,Z" "-v" "/var/lib/crater-agent-workspace/cargo-home:/opt/rustwide/cargo-home:ro,Z" "-v" "/var/lib/crater-agent-workspace/rustup-home:/opt/rustwide/rustup-home:ro,Z" "-e" "SOURCE_DIR=/opt/rustwide/workdir" "-e" "CARGO_TARGET_DIR=/opt/rustwide/target" "-e" "CARGO_HOME=/opt/rustwide/cargo-home" "-e" "RUSTUP_HOME=/opt/rustwide/rustup-home" "-w" "/opt/rustwide/workdir" "-m" "1610612736" "--user" "0:0" "--network" "none" "ghcr.io/rust-lang/crates-build-env/linux@sha256:34b6a614d2c27851fe6cbf88fbd1137609cefab8b10d0615aaeb6fd47975d74e" "/opt/rustwide/cargo-home/bin/cargo" "+1.54.0" "metadata" "--no-deps" "--format-version=1", kill_on_drop: false }`
[INFO] [stdout] 14eb41e584da5fb384fd49608966fc1691392d7db9bc2f0af39afd3d6dfff702
[INFO] running `Command { std: "docker" "start" "-a" "14eb41e584da5fb384fd49608966fc1691392d7db9bc2f0af39afd3d6dfff702", kill_on_drop: false }`
[INFO] running `Command { std: "docker" "inspect" "14eb41e584da5fb384fd49608966fc1691392d7db9bc2f0af39afd3d6dfff702", kill_on_drop: false }`
[INFO] running `Command { std: "docker" "rm" "-f" "14eb41e584da5fb384fd49608966fc1691392d7db9bc2f0af39afd3d6dfff702", kill_on_drop: false }`
[INFO] [stdout] 14eb41e584da5fb384fd49608966fc1691392d7db9bc2f0af39afd3d6dfff702
[INFO] running `Command { std: "docker" "create" "-v" "/var/lib/crater-agent-workspace/builds/worker-78/target:/opt/rustwide/target:rw,Z" "-v" "/var/lib/crater-agent-workspace/builds/worker-78/source:/opt/rustwide/workdir:ro,Z" "-v" "/var/lib/crater-agent-workspace/cargo-home:/opt/rustwide/cargo-home:ro,Z" "-v" "/var/lib/crater-agent-workspace/rustup-home:/opt/rustwide/rustup-home:ro,Z" "-e" "SOURCE_DIR=/opt/rustwide/workdir" "-e" "CARGO_TARGET_DIR=/opt/rustwide/target" "-e" "CARGO_INCREMENTAL=0" "-e" "RUST_BACKTRACE=full" "-e" "RUSTFLAGS=--cap-lints=warn" "-e" "CARGO_HOME=/opt/rustwide/cargo-home" "-e" "RUSTUP_HOME=/opt/rustwide/rustup-home" "-w" "/opt/rustwide/workdir" "-m" "1610612736" "--user" "0:0" "--network" "none" "ghcr.io/rust-lang/crates-build-env/linux@sha256:34b6a614d2c27851fe6cbf88fbd1137609cefab8b10d0615aaeb6fd47975d74e" "/opt/rustwide/cargo-home/bin/cargo" "+1.54.0" "build" "--frozen" "--message-format=json", kill_on_drop: false }`
[INFO] [stdout] fe260b2eeecb02b3dbf80696e7f7cea12ddfced3b4c282e03a7248a316a164d1
[INFO] running `Command { std: "docker" "start" "-a" "fe260b2eeecb02b3dbf80696e7f7cea12ddfced3b4c282e03a7248a316a164d1", kill_on_drop: false }`
[INFO] [stderr]    Compiling pin-project-lite v0.2.7
[INFO] [stderr]    Compiling futures-core v0.3.16
[INFO] [stderr]    Compiling futures-task v0.3.16
[INFO] [stderr]    Compiling log v0.4.14
[INFO] [stderr]    Compiling tinyvec_macros v0.1.0
[INFO] [stderr]    Compiling matches v0.1.8
[INFO] [stderr]    Compiling cfg-if v1.0.0
[INFO] [stderr]    Compiling fnv v1.0.7
[INFO] [stderr]    Compiling httparse v1.4.1
[INFO] [stderr]    Compiling itoa v0.4.7
[INFO] [stderr]    Compiling futures-channel v0.3.16
[INFO] [stderr]    Compiling lazy_static v1.4.0
[INFO] [stderr]    Compiling bytes v1.0.1
[INFO] [stderr]    Compiling pin-utils v0.1.0
[INFO] [stderr]    Compiling percent-encoding v2.1.0
[INFO] [stderr]    Compiling try-lock v0.2.3
[INFO] [stderr]    Compiling tower-service v0.3.1
[INFO] [stderr]    Compiling httpdate v1.0.1
[INFO] [stderr]    Compiling rustc-serialize v0.3.24
[INFO] [stderr]    Compiling futures-util v0.3.16
[INFO] [stderr]    Compiling tokio v1.9.0
[INFO] [stderr]    Compiling tinyvec v1.3.1
[INFO] [stderr]    Compiling unicode-bidi v0.3.5
[INFO] [stderr]    Compiling tracing-core v0.1.18
[INFO] [stderr]    Compiling form_urlencoded v1.0.1
[INFO] [stderr]    Compiling want v0.3.0
[INFO] [stderr]    Compiling http v0.2.4
[INFO] [stderr]    Compiling tracing v0.1.26
[INFO] [stderr]    Compiling unicode-normalization v0.1.19
[INFO] [stderr]    Compiling idna v0.2.3
[INFO] [stderr]    Compiling http-body v0.4.2
[INFO] [stderr]    Compiling url v2.2.2
[INFO] [stderr]    Compiling hyper v0.14.11
[INFO] [stderr]    Compiling fleet v0.2.0 (/opt/rustwide/workdir)
[INFO] [stdout] error[E0432]: unresolved import `hyper::Client`
[INFO] [stdout]  --> src/client.rs:3:5
[INFO] [stdout]   |
[INFO] [stdout] 3 | use hyper::Client as HyperClient;
[INFO] [stdout]   |     ^^^^^^^^^^^^^^^^^^^^^^^^^^^^ no `Client` in the root
[INFO] [stdout] 
[INFO] [stdout] 
[INFO] [stdout] error[E0432]: unresolved import `hyper::client`
[INFO] [stdout]  --> src/client.rs:4:12
[INFO] [stdout]   |
[INFO] [stdout] 4 | use hyper::client::{IntoUrl, Response};
[INFO] [stdout]   |            ^^^^^^ could not find `client` in `hyper`
[INFO] [stdout] 
[INFO] [stdout] 
[INFO] [stdout] error[E0432]: unresolved import `hyper::header::ContentType`
[INFO] [stdout]  --> src/client.rs:5:5
[INFO] [stdout]   |
[INFO] [stdout] 5 | use hyper::header::ContentType;
[INFO] [stdout]   |     ^^^^^^^^^^^^^^^^^^^^^^^^^^ no `ContentType` in `header`
[INFO] [stdout] 
[INFO] [stdout] 
[INFO] [stdout] error[E0432]: unresolved import `hyper::status`
[INFO] [stdout]  --> src/client.rs:6:12
[INFO] [stdout]   |
[INFO] [stdout] 6 | use hyper::status::StatusCode;
[INFO] [stdout]   |            ^^^^^^ could not find `status` in `hyper`
[INFO] [stdout] 
[INFO] [stdout] 
[INFO] [stdout] error[E0432]: unresolved import `hyper::client`
[INFO] [stdout]  --> src/error.rs:4:12
[INFO] [stdout]   |
[INFO] [stdout] 4 | use hyper::client::Response;
[INFO] [stdout]   |            ^^^^^^ could not find `client` in `hyper`
[INFO] [stdout] 
[INFO] [stdout] 
[INFO] [stdout] error[E0432]: unresolved import `hyper::error::HttpError`
[INFO] [stdout]  --> src/error.rs:5:5
[INFO] [stdout]   |
[INFO] [stdout] 5 | use hyper::error::HttpError;
[INFO] [stdout]   |     ^^^^^^^^^^^^^^---------
[INFO] [stdout]   |     |             |
[INFO] [stdout]   |     |             help: a similar name exists in the module: `StdError`
[INFO] [stdout]   |     no `HttpError` in `error`
[INFO] [stdout] 
[INFO] [stdout] 
[INFO] [stdout] error[E0603]: module `error` is private
[INFO] [stdout]   --> src/error.rs:5:12
[INFO] [stdout]    |
[INFO] [stdout] 5  | use hyper::error::HttpError;
[INFO] [stdout]    |            ^^^^^ private module
[INFO] [stdout]    |
[INFO] [stdout] note: the module `error` is defined here
[INFO] [stdout]   --> /opt/rustwide/cargo-home/registry/src/github.com-1ecc6299db9ec823/hyper-0.14.11/src/lib.rs:85:1
[INFO] [stdout]    |
[INFO] [stdout] 85 | mod error;
[INFO] [stdout]    | ^^^^^^^^^^
[INFO] [stdout] 
[INFO] [stdout] 
[INFO] [stdout] warning: use of deprecated macro `try`: use the `?` operator instead
[INFO] [stdout]   --> src/client.rs:20:19
[INFO] [stdout]    |
[INFO] [stdout] 20 |         let url = try!(Url::parse(root_url));
[INFO] [stdout]    |                   ^^^
[INFO] [stdout]    |
[INFO] [stdout]    = note: `#[warn(deprecated)]` on by default
[INFO] [stdout] 
[INFO] [stdout] 
[INFO] [stdout] warning: use of deprecated macro `try`: use the `?` operator instead
[INFO] [stdout]   --> src/client.rs:41:28
[INFO] [stdout]    |
[INFO] [stdout] 41 |         let mut response = try!(self.put(url, body));
[INFO] [stdout]    |                            ^^^
[INFO] [stdout] 
[INFO] [stdout] 
[INFO] [stdout] warning: use of deprecated macro `try`: use the `?` operator instead
[INFO] [stdout]   --> src/client.rs:51:28
[INFO] [stdout]    |
[INFO] [stdout] 51 |         let mut response = try!(self.delete(&url[..]));
[INFO] [stdout]    |                            ^^^
[INFO] [stdout] 
[INFO] [stdout] 
[INFO] [stdout] warning: use of deprecated macro `try`: use the `?` operator instead
[INFO] [stdout]   --> src/client.rs:61:28
[INFO] [stdout]    |
[INFO] [stdout] 61 |         let mut response = try!(self.get(&url[..]));
[INFO] [stdout]    |                            ^^^
[INFO] [stdout] 
[INFO] [stdout] 
[INFO] [stdout] warning: use of deprecated macro `try`: use the `?` operator instead
[INFO] [stdout]   --> src/client.rs:75:28
[INFO] [stdout]    |
[INFO] [stdout] 75 |         let mut response = try!(self.get(&url[..]));
[INFO] [stdout]    |                            ^^^
[INFO] [stdout] 
[INFO] [stdout] 
[INFO] [stdout] warning: use of deprecated macro `try`: use the `?` operator instead
[INFO] [stdout]    --> src/client.rs:115:28
[INFO] [stdout]     |
[INFO] [stdout] 115 |         let mut response = try!(self.get(url));
[INFO] [stdout]     |                            ^^^
[INFO] [stdout] 
[INFO] [stdout] 
[INFO] [stdout] warning: use of deprecated macro `try`: use the `?` operator instead
[INFO] [stdout]    --> src/client.rs:138:28
[INFO] [stdout]     |
[INFO] [stdout] 138 |         let mut response = try!(self.get(&url[..]));
[INFO] [stdout]     |                            ^^^
[INFO] [stdout] 
[INFO] [stdout] 
[INFO] [stdout] warning: use of deprecated macro `try`: use the `?` operator instead
[INFO] [stdout]    --> src/client.rs:162:28
[INFO] [stdout]     |
[INFO] [stdout] 162 |         let mut response = try!(self.put(url, body));
[INFO] [stdout]     |                            ^^^
[INFO] [stdout] 
[INFO] [stdout] 
[INFO] [stdout] warning: use of deprecated macro `RustcEncodable`: rustc-serialize is deprecated and no longer supported
[INFO] [stdout]   --> src/schema/unit.rs:32:10
[INFO] [stdout]    |
[INFO] [stdout] 32 | #[derive(RustcEncodable)]
[INFO] [stdout]    |          ^^^^^^^^^^^^^^
[INFO] [stdout] 
[INFO] [stdout] 
[INFO] [stdout] warning: use of deprecated macro `RustcEncodable`: rustc-serialize is deprecated and no longer supported
[INFO] [stdout]  --> src/serialize.rs:7:10
[INFO] [stdout]   |
[INFO] [stdout] 7 | #[derive(RustcEncodable)]
[INFO] [stdout]   |          ^^^^^^^^^^^^^^
[INFO] [stdout] 
[INFO] [stdout] 
[INFO] [stdout] warning: use of deprecated macro `RustcEncodable`: rustc-serialize is deprecated and no longer supported
[INFO] [stdout]   --> src/serialize.rs:14:10
[INFO] [stdout]    |
[INFO] [stdout] 14 | #[derive(RustcEncodable)]
[INFO] [stdout]    |          ^^^^^^^^^^^^^^
[INFO] [stdout] 
[INFO] [stdout] 
[INFO] [stdout] error: aborting due to 7 previous errors; 11 warnings emitted
[INFO] [stdout] 
[INFO] [stdout] 
[INFO] [stdout] Some errors have detailed explanations: E0432, E0603.
[INFO] [stdout] 
[INFO] [stdout] For more information about an error, try `rustc --explain E0432`.
[INFO] [stdout] 
[INFO] [stderr] error: could not compile `fleet`
[INFO] [stderr] 
[INFO] [stderr] To learn more, run the command again with --verbose.
[INFO] running `Command { std: "docker" "inspect" "fe260b2eeecb02b3dbf80696e7f7cea12ddfced3b4c282e03a7248a316a164d1", kill_on_drop: false }`
[INFO] running `Command { std: "docker" "rm" "-f" "fe260b2eeecb02b3dbf80696e7f7cea12ddfced3b4c282e03a7248a316a164d1", kill_on_drop: false }`
[INFO] [stdout] fe260b2eeecb02b3dbf80696e7f7cea12ddfced3b4c282e03a7248a316a164d1
