[INFO] fetching crate expression-closed01 0.2.1...
[INFO] testing expression-closed01-0.2.1 against 1.54.0 for beta-1.55-1
[INFO] extracting crate expression-closed01 0.2.1 into /workspace/builds/worker-109/source
[INFO] validating manifest of crates.io crate expression-closed01 0.2.1 on toolchain 1.54.0
[INFO] running `Command { std: "/workspace/cargo-home/bin/cargo" "+1.54.0" "metadata" "--manifest-path" "Cargo.toml" "--no-deps", kill_on_drop: false }`
[INFO] started tweaking crates.io crate expression-closed01 0.2.1
[INFO] finished tweaking crates.io crate expression-closed01 0.2.1
[INFO] tweaked toml for crates.io crate expression-closed01 0.2.1 written to /workspace/builds/worker-109/source/Cargo.toml
[INFO] running `Command { std: "/workspace/cargo-home/bin/cargo" "+1.54.0" "generate-lockfile" "--manifest-path" "Cargo.toml" "-Zno-index-update", kill_on_drop: false }`
[INFO] running `Command { std: "/workspace/cargo-home/bin/cargo" "+1.54.0" "fetch" "--manifest-path" "Cargo.toml", kill_on_drop: false }`
[INFO] [stderr]     Blocking waiting for file lock on package cache
[INFO] running `Command { std: "docker" "create" "-v" "/var/lib/crater-agent-workspace/builds/worker-109/target:/opt/rustwide/target:rw,Z" "-v" "/var/lib/crater-agent-workspace/builds/worker-109/source:/opt/rustwide/workdir:ro,Z" "-v" "/var/lib/crater-agent-workspace/cargo-home:/opt/rustwide/cargo-home:ro,Z" "-v" "/var/lib/crater-agent-workspace/rustup-home:/opt/rustwide/rustup-home:ro,Z" "-e" "SOURCE_DIR=/opt/rustwide/workdir" "-e" "CARGO_TARGET_DIR=/opt/rustwide/target" "-e" "CARGO_HOME=/opt/rustwide/cargo-home" "-e" "RUSTUP_HOME=/opt/rustwide/rustup-home" "-w" "/opt/rustwide/workdir" "-m" "1610612736" "--user" "0:0" "--network" "none" "ghcr.io/rust-lang/crates-build-env/linux@sha256:34b6a614d2c27851fe6cbf88fbd1137609cefab8b10d0615aaeb6fd47975d74e" "/opt/rustwide/cargo-home/bin/cargo" "+1.54.0" "metadata" "--no-deps" "--format-version=1", kill_on_drop: false }`
[INFO] [stdout] ccc0d01d21bc7c3c04e57bd486591bca9678d24ebfe9c41f61b22051aa1241cb
[INFO] running `Command { std: "docker" "start" "-a" "ccc0d01d21bc7c3c04e57bd486591bca9678d24ebfe9c41f61b22051aa1241cb", kill_on_drop: false }`
[INFO] running `Command { std: "docker" "inspect" "ccc0d01d21bc7c3c04e57bd486591bca9678d24ebfe9c41f61b22051aa1241cb", kill_on_drop: false }`
[INFO] running `Command { std: "docker" "rm" "-f" "ccc0d01d21bc7c3c04e57bd486591bca9678d24ebfe9c41f61b22051aa1241cb", kill_on_drop: false }`
[INFO] [stdout] ccc0d01d21bc7c3c04e57bd486591bca9678d24ebfe9c41f61b22051aa1241cb
[INFO] running `Command { std: "docker" "create" "-v" "/var/lib/crater-agent-workspace/builds/worker-109/target:/opt/rustwide/target:rw,Z" "-v" "/var/lib/crater-agent-workspace/builds/worker-109/source:/opt/rustwide/workdir:ro,Z" "-v" "/var/lib/crater-agent-workspace/cargo-home:/opt/rustwide/cargo-home:ro,Z" "-v" "/var/lib/crater-agent-workspace/rustup-home:/opt/rustwide/rustup-home:ro,Z" "-e" "SOURCE_DIR=/opt/rustwide/workdir" "-e" "CARGO_TARGET_DIR=/opt/rustwide/target" "-e" "CARGO_INCREMENTAL=0" "-e" "RUST_BACKTRACE=full" "-e" "RUSTFLAGS=--cap-lints=warn" "-e" "CARGO_HOME=/opt/rustwide/cargo-home" "-e" "RUSTUP_HOME=/opt/rustwide/rustup-home" "-w" "/opt/rustwide/workdir" "-m" "1610612736" "--user" "0:0" "--network" "none" "ghcr.io/rust-lang/crates-build-env/linux@sha256:34b6a614d2c27851fe6cbf88fbd1137609cefab8b10d0615aaeb6fd47975d74e" "/opt/rustwide/cargo-home/bin/cargo" "+1.54.0" "build" "--frozen" "--message-format=json", kill_on_drop: false }`
[INFO] [stdout] 081ed7b3dda013086af48b160d09a1df2b1ed971531fb85ab02592728f8a69a3
[INFO] running `Command { std: "docker" "start" "-a" "081ed7b3dda013086af48b160d09a1df2b1ed971531fb85ab02592728f8a69a3", kill_on_drop: false }`
[INFO] [stderr]    Compiling asexp v0.3.2
[INFO] [stderr]    Compiling asexp v0.2.0
[INFO] [stderr]    Compiling rand v0.4.6
[INFO] [stdout] error[E0554]: `#![feature]` may not be used on the stable release channel
[INFO] [stdout]  --> /opt/rustwide/cargo-home/registry/src/github.com-1ecc6299db9ec823/asexp-0.2.0/src/lib.rs:1:1
[INFO] [stdout]   |
[INFO] [stdout] 1 | #![feature(str_char)]
[INFO] [stdout]   | ^^^^^^^^^^^^^^^^^^^^^
[INFO] [stdout] 
[INFO] [stdout] 
[INFO] [stdout] error[E0599]: no method named `slice_shift_char` found for reference `&str` in the current scope
[INFO] [stdout]    --> /opt/rustwide/cargo-home/registry/src/github.com-1ecc6299db9ec823/asexp-0.2.0/src/atom.rs:109:13
[INFO] [stdout]     |
[INFO] [stdout] 109 |     match s.slice_shift_char() {
[INFO] [stdout]     |             ^^^^^^^^^^^^^^^^ method not found in `&str`
[INFO] [stdout] 
[INFO] [stdout] 
[INFO] [stdout] error[E0599]: no method named `slice_shift_char` found for reference `&'a str` in the current scope
[INFO] [stdout]   --> /opt/rustwide/cargo-home/registry/src/github.com-1ecc6299db9ec823/asexp-0.2.0/src/token.rs:58:13
[INFO] [stdout]    |
[INFO] [stdout] 58 |     match s.slice_shift_char() {
[INFO] [stdout]    |             ^^^^^^^^^^^^^^^^ method not found in `&'a str`
[INFO] [stdout] 
[INFO] [stdout] 
[INFO] [stdout] error[E0599]: no method named `slice_shift_char` found for reference `&str` in the current scope
[INFO] [stdout]   --> /opt/rustwide/cargo-home/registry/src/github.com-1ecc6299db9ec823/asexp-0.2.0/src/token.rs:82:36
[INFO] [stdout]    |
[INFO] [stdout] 82 |                         match rest.slice_shift_char() {
[INFO] [stdout]    |                                    ^^^^^^^^^^^^^^^^ method not found in `&str`
[INFO] [stdout] 
[INFO] [stdout] 
[INFO] [stdout] error[E0599]: no method named `slice_shift_char` found for reference `&str` in the current scope
[INFO] [stdout]   --> /opt/rustwide/cargo-home/registry/src/github.com-1ecc6299db9ec823/asexp-0.2.0/src/token.rs:97:52
[INFO] [stdout]    |
[INFO] [stdout] 97 | ...                   match rest.slice_shift_char() {
[INFO] [stdout]    |                                  ^^^^^^^^^^^^^^^^ method not found in `&str`
[INFO] [stdout] 
[INFO] [stdout] 
[INFO] [stdout] error[E0599]: no method named `slice_shift_char` found for reference `&str` in the current scope
[INFO] [stdout]    --> /opt/rustwide/cargo-home/registry/src/github.com-1ecc6299db9ec823/asexp-0.2.0/src/token.rs:137:30
[INFO] [stdout]     |
[INFO] [stdout] 137 |                     match s2.slice_shift_char() {
[INFO] [stdout]     |                              ^^^^^^^^^^^^^^^^ method not found in `&str`
[INFO] [stdout] 
[INFO] [stdout] 
[INFO] [stdout] error: aborting due to 6 previous errors
[INFO] [stdout] 
[INFO] [stdout] 
[INFO] [stdout] Some errors have detailed explanations: E0554, E0599.
[INFO] [stdout] 
[INFO] [stdout] For more information about an error, try `rustc --explain E0554`.
[INFO] [stdout] 
[INFO] [stderr] error: could not compile `asexp`
[INFO] [stderr] 
[INFO] [stderr] To learn more, run the command again with --verbose.
[INFO] [stderr] warning: build failed, waiting for other jobs to finish...
[INFO] [stderr] error: build failed
[INFO] running `Command { std: "docker" "inspect" "081ed7b3dda013086af48b160d09a1df2b1ed971531fb85ab02592728f8a69a3", kill_on_drop: false }`
[INFO] running `Command { std: "docker" "rm" "-f" "081ed7b3dda013086af48b160d09a1df2b1ed971531fb85ab02592728f8a69a3", kill_on_drop: false }`
[INFO] [stdout] 081ed7b3dda013086af48b160d09a1df2b1ed971531fb85ab02592728f8a69a3
