[INFO] fetching crate evmap-derive 0.2.0...
[INFO] testing evmap-derive-0.2.0 against beta-2021-08-01 for beta-1.55-1
[INFO] extracting crate evmap-derive 0.2.0 into /workspace/builds/worker-31/source
[INFO] validating manifest of crates.io crate evmap-derive 0.2.0 on toolchain beta-2021-08-01
[INFO] running `Command { std: "/workspace/cargo-home/bin/cargo" "+beta-2021-08-01" "metadata" "--manifest-path" "Cargo.toml" "--no-deps", kill_on_drop: false }`
[INFO] started tweaking crates.io crate evmap-derive 0.2.0
[INFO] finished tweaking crates.io crate evmap-derive 0.2.0
[INFO] tweaked toml for crates.io crate evmap-derive 0.2.0 written to /workspace/builds/worker-31/source/Cargo.toml
[INFO] running `Command { std: "/workspace/cargo-home/bin/cargo" "+beta-2021-08-01" "generate-lockfile" "--manifest-path" "Cargo.toml" "-Zno-index-update", kill_on_drop: false }`
[INFO] [stderr]     Blocking waiting for file lock on package cache
[INFO] running `Command { std: "/workspace/cargo-home/bin/cargo" "+beta-2021-08-01" "fetch" "--manifest-path" "Cargo.toml", kill_on_drop: false }`
[INFO] [stderr]     Blocking waiting for file lock on package cache
[INFO] [stderr]     Blocking waiting for file lock on package cache
[INFO] running `Command { std: "docker" "create" "-v" "/var/lib/crater-agent-workspace/builds/worker-31/target:/opt/rustwide/target:rw,Z" "-v" "/var/lib/crater-agent-workspace/builds/worker-31/source:/opt/rustwide/workdir:ro,Z" "-v" "/var/lib/crater-agent-workspace/cargo-home:/opt/rustwide/cargo-home:ro,Z" "-v" "/var/lib/crater-agent-workspace/rustup-home:/opt/rustwide/rustup-home:ro,Z" "-e" "SOURCE_DIR=/opt/rustwide/workdir" "-e" "CARGO_TARGET_DIR=/opt/rustwide/target" "-e" "CARGO_HOME=/opt/rustwide/cargo-home" "-e" "RUSTUP_HOME=/opt/rustwide/rustup-home" "-w" "/opt/rustwide/workdir" "-m" "1610612736" "--user" "0:0" "--network" "none" "ghcr.io/rust-lang/crates-build-env/linux@sha256:34b6a614d2c27851fe6cbf88fbd1137609cefab8b10d0615aaeb6fd47975d74e" "/opt/rustwide/cargo-home/bin/cargo" "+beta-2021-08-01" "metadata" "--no-deps" "--format-version=1", kill_on_drop: false }`
[INFO] [stdout] f0a9c094ca602a0215908f828f22e1d29dd71760415a12af93843971f9b84443
[INFO] running `Command { std: "docker" "start" "-a" "f0a9c094ca602a0215908f828f22e1d29dd71760415a12af93843971f9b84443", kill_on_drop: false }`
[INFO] running `Command { std: "docker" "inspect" "f0a9c094ca602a0215908f828f22e1d29dd71760415a12af93843971f9b84443", kill_on_drop: false }`
[INFO] running `Command { std: "docker" "rm" "-f" "f0a9c094ca602a0215908f828f22e1d29dd71760415a12af93843971f9b84443", kill_on_drop: false }`
[INFO] [stdout] f0a9c094ca602a0215908f828f22e1d29dd71760415a12af93843971f9b84443
[INFO] running `Command { std: "docker" "create" "-v" "/var/lib/crater-agent-workspace/builds/worker-31/target:/opt/rustwide/target:rw,Z" "-v" "/var/lib/crater-agent-workspace/builds/worker-31/source:/opt/rustwide/workdir:ro,Z" "-v" "/var/lib/crater-agent-workspace/cargo-home:/opt/rustwide/cargo-home:ro,Z" "-v" "/var/lib/crater-agent-workspace/rustup-home:/opt/rustwide/rustup-home:ro,Z" "-e" "SOURCE_DIR=/opt/rustwide/workdir" "-e" "CARGO_TARGET_DIR=/opt/rustwide/target" "-e" "CARGO_INCREMENTAL=0" "-e" "RUST_BACKTRACE=full" "-e" "RUSTFLAGS=--cap-lints=warn" "-e" "CARGO_HOME=/opt/rustwide/cargo-home" "-e" "RUSTUP_HOME=/opt/rustwide/rustup-home" "-w" "/opt/rustwide/workdir" "-m" "1610612736" "--user" "0:0" "--network" "none" "ghcr.io/rust-lang/crates-build-env/linux@sha256:34b6a614d2c27851fe6cbf88fbd1137609cefab8b10d0615aaeb6fd47975d74e" "/opt/rustwide/cargo-home/bin/cargo" "+beta-2021-08-01" "build" "--frozen" "--message-format=json", kill_on_drop: false }`
[INFO] [stdout] ee6b69c7522448c555ed6f94602f9f1253a01e44c29ec22198e7c80ae69d79be
[INFO] running `Command { std: "docker" "start" "-a" "ee6b69c7522448c555ed6f94602f9f1253a01e44c29ec22198e7c80ae69d79be", kill_on_drop: false }`
[INFO] [stderr]    Compiling evmap-derive v0.2.0 (/opt/rustwide/workdir)
[INFO] [stderr]     Finished dev [unoptimized + debuginfo] target(s) in 1.83s
[INFO] running `Command { std: "docker" "inspect" "ee6b69c7522448c555ed6f94602f9f1253a01e44c29ec22198e7c80ae69d79be", kill_on_drop: false }`
[INFO] running `Command { std: "docker" "rm" "-f" "ee6b69c7522448c555ed6f94602f9f1253a01e44c29ec22198e7c80ae69d79be", kill_on_drop: false }`
[INFO] [stdout] ee6b69c7522448c555ed6f94602f9f1253a01e44c29ec22198e7c80ae69d79be
[INFO] running `Command { std: "docker" "create" "-v" "/var/lib/crater-agent-workspace/builds/worker-31/target:/opt/rustwide/target:rw,Z" "-v" "/var/lib/crater-agent-workspace/builds/worker-31/source:/opt/rustwide/workdir:ro,Z" "-v" "/var/lib/crater-agent-workspace/cargo-home:/opt/rustwide/cargo-home:ro,Z" "-v" "/var/lib/crater-agent-workspace/rustup-home:/opt/rustwide/rustup-home:ro,Z" "-e" "SOURCE_DIR=/opt/rustwide/workdir" "-e" "CARGO_TARGET_DIR=/opt/rustwide/target" "-e" "CARGO_INCREMENTAL=0" "-e" "RUST_BACKTRACE=full" "-e" "RUSTFLAGS=--cap-lints=warn" "-e" "CARGO_HOME=/opt/rustwide/cargo-home" "-e" "RUSTUP_HOME=/opt/rustwide/rustup-home" "-w" "/opt/rustwide/workdir" "-m" "1610612736" "--user" "0:0" "--network" "none" "ghcr.io/rust-lang/crates-build-env/linux@sha256:34b6a614d2c27851fe6cbf88fbd1137609cefab8b10d0615aaeb6fd47975d74e" "/opt/rustwide/cargo-home/bin/cargo" "+beta-2021-08-01" "test" "--frozen" "--no-run" "--message-format=json", kill_on_drop: false }`
[INFO] [stdout] 0dd3426b3add1c50b013f25e064291232c925acd6b55f16003212558e01c41b0
[INFO] running `Command { std: "docker" "start" "-a" "0dd3426b3add1c50b013f25e064291232c925acd6b55f16003212558e01c41b0", kill_on_drop: false }`
[INFO] [stderr]     Blocking waiting for file lock on package cache
[INFO] [stderr]    Compiling serde_derive v1.0.127
[INFO] [stderr]    Compiling serde v1.0.127
[INFO] [stderr]    Compiling ryu v1.0.5
[INFO] [stderr]    Compiling serde_json v1.0.66
[INFO] [stderr]    Compiling itoa v0.4.7
[INFO] [stderr]    Compiling slab v0.4.4
[INFO] [stderr]    Compiling trybuild v1.0.43
[INFO] [stderr]    Compiling hashbag v0.1.3
[INFO] [stderr]    Compiling smallvec v1.6.1
[INFO] [stderr]    Compiling left-right v0.11.4
[INFO] [stderr]    Compiling evmap v11.0.0-alpha.7
[INFO] [stderr]    Compiling toml v0.5.8
[INFO] [stderr]    Compiling evmap-derive v0.2.0 (/opt/rustwide/workdir)
[INFO] [stdout] error[E0432]: unresolved import `evmap::shallow_copy`
[INFO] [stdout]  --> tests/lib.rs:1:12
[INFO] [stdout]   |
[INFO] [stdout] 1 | use evmap::shallow_copy::ShallowCopy as _;
[INFO] [stdout]   |            ^^^^^^^^^^^^ could not find `shallow_copy` in `evmap`
[INFO] [stdout] 
[INFO] [stdout] 
[INFO] [stdout] error[E0433]: failed to resolve: could not find `shallow_copy` in `evmap`
[INFO] [stdout]  --> tests/lib.rs:5:10
[INFO] [stdout]   |
[INFO] [stdout] 5 | #[derive(ShallowCopy)]
[INFO] [stdout]   |          ^^^^^^^^^^^ could not find `shallow_copy` in `evmap`
[INFO] [stdout]   |
[INFO] [stdout]   = note: this error originates in the derive macro `ShallowCopy` (in Nightly builds, run with -Z macro-backtrace for more info)
[INFO] [stdout] 
[INFO] [stdout] 
[INFO] [stdout] error[E0433]: failed to resolve: could not find `shallow_copy` in `evmap`
[INFO] [stdout]  --> tests/lib.rs:8:17
[INFO] [stdout]   |
[INFO] [stdout] 8 |     ChangeColor(i32, i32, i32),
[INFO] [stdout]   |                 ^^^ could not find `shallow_copy` in `evmap`
[INFO] [stdout] 
[INFO] [stdout] 
[INFO] [stdout] error[E0433]: failed to resolve: could not find `shallow_copy` in `evmap`
[INFO] [stdout]  --> tests/lib.rs:8:22
[INFO] [stdout]   |
[INFO] [stdout] 8 |     ChangeColor(i32, i32, i32),
[INFO] [stdout]   |                      ^^^ could not find `shallow_copy` in `evmap`
[INFO] [stdout] 
[INFO] [stdout] 
[INFO] [stdout] error[E0433]: failed to resolve: could not find `shallow_copy` in `evmap`
[INFO] [stdout]  --> tests/lib.rs:8:27
[INFO] [stdout]   |
[INFO] [stdout] 8 |     ChangeColor(i32, i32, i32),
[INFO] [stdout]   |                           ^^^ could not find `shallow_copy` in `evmap`
[INFO] [stdout] 
[INFO] [stdout] 
[INFO] [stdout] error[E0433]: failed to resolve: could not find `shallow_copy` in `evmap`
[INFO] [stdout]  --> tests/lib.rs:9:12
[INFO] [stdout]   |
[INFO] [stdout] 9 |     Move { x: i32, y: i32 },
[INFO] [stdout]   |            ^ could not find `shallow_copy` in `evmap`
[INFO] [stdout] 
[INFO] [stdout] 
[INFO] [stdout] error[E0433]: failed to resolve: could not find `shallow_copy` in `evmap`
[INFO] [stdout]  --> tests/lib.rs:9:20
[INFO] [stdout]   |
[INFO] [stdout] 9 |     Move { x: i32, y: i32 },
[INFO] [stdout]   |                    ^ could not find `shallow_copy` in `evmap`
[INFO] [stdout] 
[INFO] [stdout] 
[INFO] [stdout] error[E0433]: failed to resolve: could not find `shallow_copy` in `evmap`
[INFO] [stdout]   --> tests/lib.rs:10:11
[INFO] [stdout]    |
[INFO] [stdout] 10 |     Write(String),
[INFO] [stdout]    |           ^^^^^^ could not find `shallow_copy` in `evmap`
[INFO] [stdout] 
[INFO] [stdout] 
[INFO] [stdout] error[E0433]: failed to resolve: could not find `shallow_copy` in `evmap`
[INFO] [stdout]   --> tests/lib.rs:13:10
[INFO] [stdout]    |
[INFO] [stdout] 13 | #[derive(ShallowCopy)]
[INFO] [stdout]    |          ^^^^^^^^^^^ could not find `shallow_copy` in `evmap`
[INFO] [stdout]    |
[INFO] [stdout]    = note: this error originates in the derive macro `ShallowCopy` (in Nightly builds, run with -Z macro-backtrace for more info)
[INFO] [stdout] 
[INFO] [stdout] 
[INFO] [stdout] error[E0433]: failed to resolve: could not find `shallow_copy` in `evmap`
[INFO] [stdout]   --> tests/lib.rs:16:10
[INFO] [stdout]    |
[INFO] [stdout] 16 | #[derive(ShallowCopy)]
[INFO] [stdout]    |          ^^^^^^^^^^^ could not find `shallow_copy` in `evmap`
[INFO] [stdout]    |
[INFO] [stdout]    = note: this error originates in the derive macro `ShallowCopy` (in Nightly builds, run with -Z macro-backtrace for more info)
[INFO] [stdout] 
[INFO] [stdout] 
[INFO] [stdout] error[E0433]: failed to resolve: could not find `shallow_copy` in `evmap`
[INFO] [stdout]   --> tests/lib.rs:17:14
[INFO] [stdout]    |
[INFO] [stdout] 17 | struct Tuple(i32, String, Shallow);
[INFO] [stdout]    |              ^^^ could not find `shallow_copy` in `evmap`
[INFO] [stdout] 
[INFO] [stdout] 
[INFO] [stdout] error[E0433]: failed to resolve: could not find `shallow_copy` in `evmap`
[INFO] [stdout]   --> tests/lib.rs:17:19
[INFO] [stdout]    |
[INFO] [stdout] 17 | struct Tuple(i32, String, Shallow);
[INFO] [stdout]    |                   ^^^^^^ could not find `shallow_copy` in `evmap`
[INFO] [stdout] 
[INFO] [stdout] 
[INFO] [stdout] error[E0433]: failed to resolve: could not find `shallow_copy` in `evmap`
[INFO] [stdout]   --> tests/lib.rs:17:27
[INFO] [stdout]    |
[INFO] [stdout] 17 | struct Tuple(i32, String, Shallow);
[INFO] [stdout]    |                           ^^^^^^^ could not find `shallow_copy` in `evmap`
[INFO] [stdout] 
[INFO] [stdout] 
[INFO] [stdout] error[E0433]: failed to resolve: could not find `shallow_copy` in `evmap`
[INFO] [stdout]   --> tests/lib.rs:26:16
[INFO] [stdout]    |
[INFO] [stdout] 26 |     f6: evmap::shallow_copy::CopyValue<i32>,
[INFO] [stdout]    |                ^^^^^^^^^^^^ could not find `shallow_copy` in `evmap`
[INFO] [stdout] 
[INFO] [stdout] 
[INFO] [stdout] error[E0433]: failed to resolve: could not find `shallow_copy` in `evmap`
[INFO] [stdout]   --> tests/lib.rs:19:10
[INFO] [stdout]    |
[INFO] [stdout] 19 | #[derive(ShallowCopy)]
[INFO] [stdout]    |          ^^^^^^^^^^^ could not find `shallow_copy` in `evmap`
[INFO] [stdout]    |
[INFO] [stdout]    = note: this error originates in the derive macro `ShallowCopy` (in Nightly builds, run with -Z macro-backtrace for more info)
[INFO] [stdout] 
[INFO] [stdout] 
[INFO] [stdout] error[E0433]: failed to resolve: could not find `shallow_copy` in `evmap`
[INFO] [stdout]   --> tests/lib.rs:21:5
[INFO] [stdout]    |
[INFO] [stdout] 21 |     f1: i32,
[INFO] [stdout]    |     ^^ could not find `shallow_copy` in `evmap`
[INFO] [stdout] 
[INFO] [stdout] 
[INFO] [stdout] error[E0433]: failed to resolve: could not find `shallow_copy` in `evmap`
[INFO] [stdout]   --> tests/lib.rs:22:5
[INFO] [stdout]    |
[INFO] [stdout] 22 |     f2: (i32, i32),
[INFO] [stdout]    |     ^^ could not find `shallow_copy` in `evmap`
[INFO] [stdout] 
[INFO] [stdout] 
[INFO] [stdout] error[E0433]: failed to resolve: could not find `shallow_copy` in `evmap`
[INFO] [stdout]   --> tests/lib.rs:23:5
[INFO] [stdout]    |
[INFO] [stdout] 23 |     f3: String,
[INFO] [stdout]    |     ^^ could not find `shallow_copy` in `evmap`
[INFO] [stdout] 
[INFO] [stdout] 
[INFO] [stdout] error[E0433]: failed to resolve: could not find `shallow_copy` in `evmap`
[INFO] [stdout]   --> tests/lib.rs:24:5
[INFO] [stdout]    |
[INFO] [stdout] 24 |     f4: Arc<String>,
[INFO] [stdout]    |     ^^ could not find `shallow_copy` in `evmap`
[INFO] [stdout] 
[INFO] [stdout] 
[INFO] [stdout] error[E0433]: failed to resolve: could not find `shallow_copy` in `evmap`
[INFO] [stdout]   --> tests/lib.rs:25:5
[INFO] [stdout]    |
[INFO] [stdout] 25 |     f5: Shallow,
[INFO] [stdout]    |     ^^ could not find `shallow_copy` in `evmap`
[INFO] [stdout] 
[INFO] [stdout] 
[INFO] [stdout] error[E0433]: failed to resolve: could not find `shallow_copy` in `evmap`
[INFO] [stdout]   --> tests/lib.rs:26:5
[INFO] [stdout]    |
[INFO] [stdout] 26 |     f6: evmap::shallow_copy::CopyValue<i32>,
[INFO] [stdout]    |     ^^ could not find `shallow_copy` in `evmap`
[INFO] [stdout] 
[INFO] [stdout] 
[INFO] [stdout] error[E0433]: failed to resolve: could not find `shallow_copy` in `evmap`
[INFO] [stdout]   --> tests/lib.rs:27:5
[INFO] [stdout]    |
[INFO] [stdout] 27 |     f7: Tuple,
[INFO] [stdout]    |     ^^ could not find `shallow_copy` in `evmap`
[INFO] [stdout] 
[INFO] [stdout] 
[INFO] [stdout] error[E0433]: failed to resolve: could not find `shallow_copy` in `evmap`
[INFO] [stdout]   --> tests/lib.rs:30:10
[INFO] [stdout]    |
[INFO] [stdout] 30 | #[derive(ShallowCopy)]
[INFO] [stdout]    |          ^^^^^^^^^^^ could not find `shallow_copy` in `evmap`
[INFO] [stdout]    |
[INFO] [stdout]    = note: this error originates in the derive macro `ShallowCopy` (in Nightly builds, run with -Z macro-backtrace for more info)
[INFO] [stdout] 
[INFO] [stdout] 
[INFO] [stdout] error[E0433]: failed to resolve: could not find `shallow_copy` in `evmap`
[INFO] [stdout]   --> tests/lib.rs:32:5
[INFO] [stdout]    |
[INFO] [stdout] 32 |     f1: T,
[INFO] [stdout]    |     ^^ could not find `shallow_copy` in `evmap`
[INFO] [stdout] 
[INFO] [stdout] 
[INFO] [stdout] error: aborting due to 24 previous errors
[INFO] [stdout] 
[INFO] [stdout] 
[INFO] [stdout] Some errors have detailed explanations: E0432, E0433.
[INFO] [stdout] 
[INFO] [stdout] For more information about an error, try `rustc --explain E0432`.
[INFO] [stdout] 
[INFO] [stderr] error: could not compile `evmap-derive` due to 25 previous errors
[INFO] [stderr] warning: build failed, waiting for other jobs to finish...
[INFO] [stderr] error: build failed
[INFO] running `Command { std: "docker" "inspect" "0dd3426b3add1c50b013f25e064291232c925acd6b55f16003212558e01c41b0", kill_on_drop: false }`
[INFO] running `Command { std: "docker" "rm" "-f" "0dd3426b3add1c50b013f25e064291232c925acd6b55f16003212558e01c41b0", kill_on_drop: false }`
[INFO] [stdout] 0dd3426b3add1c50b013f25e064291232c925acd6b55f16003212558e01c41b0
