[INFO] fetching crate evm-network-foundation 0.11.0...
[INFO] testing evm-network-foundation-0.11.0 against 1.54.0 for beta-1.55-1
[INFO] extracting crate evm-network-foundation 0.11.0 into /workspace/builds/worker-67/source
[INFO] validating manifest of crates.io crate evm-network-foundation 0.11.0 on toolchain 1.54.0
[INFO] running `Command { std: "/workspace/cargo-home/bin/cargo" "+1.54.0" "metadata" "--manifest-path" "Cargo.toml" "--no-deps", kill_on_drop: false }`
[INFO] started tweaking crates.io crate evm-network-foundation 0.11.0
[INFO] finished tweaking crates.io crate evm-network-foundation 0.11.0
[INFO] tweaked toml for crates.io crate evm-network-foundation 0.11.0 written to /workspace/builds/worker-67/source/Cargo.toml
[INFO] running `Command { std: "/workspace/cargo-home/bin/cargo" "+1.54.0" "generate-lockfile" "--manifest-path" "Cargo.toml" "-Zno-index-update", kill_on_drop: false }`
[INFO] running `Command { std: "/workspace/cargo-home/bin/cargo" "+1.54.0" "fetch" "--manifest-path" "Cargo.toml", kill_on_drop: false }`
[INFO] running `Command { std: "docker" "create" "-v" "/var/lib/crater-agent-workspace/builds/worker-67/target:/opt/rustwide/target:rw,Z" "-v" "/var/lib/crater-agent-workspace/builds/worker-67/source:/opt/rustwide/workdir:ro,Z" "-v" "/var/lib/crater-agent-workspace/cargo-home:/opt/rustwide/cargo-home:ro,Z" "-v" "/var/lib/crater-agent-workspace/rustup-home:/opt/rustwide/rustup-home:ro,Z" "-e" "SOURCE_DIR=/opt/rustwide/workdir" "-e" "CARGO_TARGET_DIR=/opt/rustwide/target" "-e" "CARGO_HOME=/opt/rustwide/cargo-home" "-e" "RUSTUP_HOME=/opt/rustwide/rustup-home" "-w" "/opt/rustwide/workdir" "-m" "1610612736" "--user" "0:0" "--network" "none" "ghcr.io/rust-lang/crates-build-env/linux@sha256:34b6a614d2c27851fe6cbf88fbd1137609cefab8b10d0615aaeb6fd47975d74e" "/opt/rustwide/cargo-home/bin/cargo" "+1.54.0" "metadata" "--no-deps" "--format-version=1", kill_on_drop: false }`
[INFO] [stdout] 36a7cd49358a1746adb14fda1dc410e160f7c1deb27dd6700771bd956d060078
[INFO] running `Command { std: "docker" "start" "-a" "36a7cd49358a1746adb14fda1dc410e160f7c1deb27dd6700771bd956d060078", kill_on_drop: false }`
[INFO] running `Command { std: "docker" "inspect" "36a7cd49358a1746adb14fda1dc410e160f7c1deb27dd6700771bd956d060078", kill_on_drop: false }`
[INFO] running `Command { std: "docker" "rm" "-f" "36a7cd49358a1746adb14fda1dc410e160f7c1deb27dd6700771bd956d060078", kill_on_drop: false }`
[INFO] [stdout] 36a7cd49358a1746adb14fda1dc410e160f7c1deb27dd6700771bd956d060078
[INFO] running `Command { std: "docker" "create" "-v" "/var/lib/crater-agent-workspace/builds/worker-67/target:/opt/rustwide/target:rw,Z" "-v" "/var/lib/crater-agent-workspace/builds/worker-67/source:/opt/rustwide/workdir:ro,Z" "-v" "/var/lib/crater-agent-workspace/cargo-home:/opt/rustwide/cargo-home:ro,Z" "-v" "/var/lib/crater-agent-workspace/rustup-home:/opt/rustwide/rustup-home:ro,Z" "-e" "SOURCE_DIR=/opt/rustwide/workdir" "-e" "CARGO_TARGET_DIR=/opt/rustwide/target" "-e" "CARGO_INCREMENTAL=0" "-e" "RUST_BACKTRACE=full" "-e" "RUSTFLAGS=--cap-lints=warn" "-e" "CARGO_HOME=/opt/rustwide/cargo-home" "-e" "RUSTUP_HOME=/opt/rustwide/rustup-home" "-w" "/opt/rustwide/workdir" "-m" "1610612736" "--user" "0:0" "--network" "none" "ghcr.io/rust-lang/crates-build-env/linux@sha256:34b6a614d2c27851fe6cbf88fbd1137609cefab8b10d0615aaeb6fd47975d74e" "/opt/rustwide/cargo-home/bin/cargo" "+1.54.0" "build" "--frozen" "--message-format=json", kill_on_drop: false }`
[INFO] [stdout] ce54301f8eca14b06da9c96732be8544453f23b80e1bcf7848e08d924dfcfaa6
[INFO] running `Command { std: "docker" "start" "-a" "ce54301f8eca14b06da9c96732be8544453f23b80e1bcf7848e08d924dfcfaa6", kill_on_drop: false }`
[INFO] [stderr]    Compiling nodrop v0.1.14
[INFO] [stderr]    Compiling byte-tools v0.2.0
[INFO] [stderr]    Compiling byteorder v1.4.3
[INFO] [stderr]    Compiling lazy_static v0.2.11
[INFO] [stderr]    Compiling ethereum-hexutil v0.2.3
[INFO] [stderr]    Compiling elastic-array-plus v0.9.1
[INFO] [stderr]    Compiling maybe-uninit v2.0.0
[INFO] [stderr]    Compiling log v0.4.14
[INFO] [stderr]    Compiling libsecp256k1 v0.1.3
[INFO] [stderr]    Compiling rustc-serialize v0.3.24
[INFO] [stderr]    Compiling blockchain v0.2.0
[INFO] [stderr]    Compiling delegate v0.1.3
[INFO] [stderr]    Compiling num-traits v0.2.14
[INFO] [stderr]    Compiling num-integer v0.1.44
[INFO] [stderr]    Compiling rand v0.3.23
[INFO] [stderr]    Compiling generic-array v0.8.4
[INFO] [stderr]    Compiling ethereum-rlp v0.2.3
[INFO] [stderr]    Compiling block-buffer v0.2.0
[INFO] [stderr]    Compiling digest v0.6.2
[INFO] [stderr]    Compiling sha3 v0.6.0
[INFO] [stderr]    Compiling ripemd160 v0.6.0
[INFO] [stderr]    Compiling sha2 v0.6.0
[INFO] [stderr]    Compiling ethereum-bigint v0.2.9
[INFO] [stderr]    Compiling smallvec v0.6.14
[INFO] [stderr]    Compiling ethereum-trie v0.5.0
[INFO] [stderr]    Compiling ethereum-bloom v0.2.1
[INFO] [stderr]    Compiling ethereum-block-core v0.2.0
[INFO] [stderr]    Compiling bn-plus v0.4.4
[INFO] [stderr]    Compiling ethereum-trie-memory v0.5.0
[INFO] [stderr]    Compiling num-bigint v0.1.44
[INFO] [stderr]    Compiling ethereum-block v0.4.0
[INFO] [stdout] error[E0432]: unresolved import `secp256k1::Error`
[INFO] [stdout]  --> /opt/rustwide/cargo-home/registry/src/github.com-1ecc6299db9ec823/ethereum-block-0.4.0/src/transaction.rs:6:32
[INFO] [stdout]   |
[INFO] [stdout] 6 | use secp256k1::{self, Message, Error, Signature, RecoveryId, SecretKey, PublicKey};
[INFO] [stdout]   |                                ^^^^^ no `Error` in the root
[INFO] [stdout] 
[INFO] [stdout] 
[INFO] [stdout] error[E0432]: unresolved import `secp256k1::Error`
[INFO] [stdout]  --> /opt/rustwide/cargo-home/registry/src/github.com-1ecc6299db9ec823/ethereum-block-0.4.0/src/address.rs:6:45
[INFO] [stdout]   |
[INFO] [stdout] 6 | use secp256k1::{self, PublicKey, SecretKey, Error};
[INFO] [stdout]   |                                             ^^^^^ no `Error` in the root
[INFO] [stdout] 
[INFO] [stdout] 
[INFO] [stdout] error[E0425]: cannot find function `sign` in crate `secp256k1`
[INFO] [stdout]    --> /opt/rustwide/cargo-home/registry/src/github.com-1ecc6299db9ec823/ethereum-block-0.4.0/src/transaction.rs:160:26
[INFO] [stdout]     |
[INFO] [stdout] 160 |             { secp256k1::sign(&msg, key).unwrap() }
[INFO] [stdout]     |                          ^^^^ not found in `secp256k1`
[INFO] [stdout] 
[INFO] [stdout] 
[INFO] [stdout] error[E0599]: no function or associated item named `parse` found for struct `RecoveryId` in the current scope
[INFO] [stdout]    --> /opt/rustwide/cargo-home/registry/src/github.com-1ecc6299db9ec823/ethereum-block-0.4.0/src/transaction.rs:104:49
[INFO] [stdout]     |
[INFO] [stdout] 104 |         Ok((Signature::parse(&sig), RecoveryId::parse(self.standard_v() as u8)?))
[INFO] [stdout]     |                                                 ^^^^^ function or associated item not found in `RecoveryId`
[INFO] [stdout] 
[INFO] [stdout] 
[INFO] [stdout] error[E0308]: mismatched types
[INFO] [stdout]    --> /opt/rustwide/cargo-home/registry/src/github.com-1ecc6299db9ec823/ethereum-block-0.4.0/src/transaction.rs:233:34
[INFO] [stdout]     |
[INFO] [stdout] 233 |               secp256k1::recover(&Message::parse(&a), &sig.0, &sig.1)?
[INFO] [stdout]     |                                  ^^^^^^^^^^^^^^^^^^^ expected struct `Signature`, found struct `Message`
[INFO] [stdout]     |
[INFO] [stdout]     = note: expected reference `&Signature`
[INFO] [stdout]                found reference `&Message`
[INFO] [stdout] 
[INFO] [stdout] 
[INFO] [stdout] error[E0608]: cannot index into a value of type `Option<[u8; 65]>`
[INFO] [stdout]   --> /opt/rustwide/cargo-home/registry/src/github.com-1ecc6299db9ec823/ethereum-block-0.4.0/src/address.rs:26:32
[INFO] [stdout]    |
[INFO] [stdout] 26 |             Keccak256::digest(&key.serialize()[1..]).as_slice());
[INFO] [stdout]    |                                ^^^^^^^^^^^^^^^^^^^^
[INFO] [stdout] 
[INFO] [stdout] 
[INFO] [stdout] error: aborting due to 6 previous errors
[INFO] [stdout] 
[INFO] [stdout] 
[INFO] [stdout] Some errors have detailed explanations: E0308, E0425, E0432, E0599, E0608.
[INFO] [stdout] 
[INFO] [stdout] For more information about an error, try `rustc --explain E0308`.
[INFO] [stdout] 
[INFO] [stderr] error: could not compile `ethereum-block`
[INFO] [stderr] 
[INFO] [stderr] To learn more, run the command again with --verbose.
[INFO] [stderr] warning: build failed, waiting for other jobs to finish...
[INFO] [stderr] error: build failed
[INFO] running `Command { std: "docker" "inspect" "ce54301f8eca14b06da9c96732be8544453f23b80e1bcf7848e08d924dfcfaa6", kill_on_drop: false }`
[INFO] running `Command { std: "docker" "rm" "-f" "ce54301f8eca14b06da9c96732be8544453f23b80e1bcf7848e08d924dfcfaa6", kill_on_drop: false }`
[INFO] [stdout] ce54301f8eca14b06da9c96732be8544453f23b80e1bcf7848e08d924dfcfaa6
