[INFO] fetching crate ev 0.1.0...
[INFO] testing ev-0.1.0 against 1.54.0 for beta-1.55-1
[INFO] extracting crate ev 0.1.0 into /workspace/builds/worker-58/source
[INFO] validating manifest of crates.io crate ev 0.1.0 on toolchain 1.54.0
[INFO] running `Command { std: "/workspace/cargo-home/bin/cargo" "+1.54.0" "metadata" "--manifest-path" "Cargo.toml" "--no-deps", kill_on_drop: false }`
[INFO] started tweaking crates.io crate ev 0.1.0
[INFO] finished tweaking crates.io crate ev 0.1.0
[INFO] tweaked toml for crates.io crate ev 0.1.0 written to /workspace/builds/worker-58/source/Cargo.toml
[INFO] running `Command { std: "/workspace/cargo-home/bin/cargo" "+1.54.0" "generate-lockfile" "--manifest-path" "Cargo.toml" "-Zno-index-update", kill_on_drop: false }`
[INFO] running `Command { std: "/workspace/cargo-home/bin/cargo" "+1.54.0" "fetch" "--manifest-path" "Cargo.toml", kill_on_drop: false }`
[INFO] [stderr]     Blocking waiting for file lock on package cache
[INFO] running `Command { std: "docker" "create" "-v" "/var/lib/crater-agent-workspace/builds/worker-58/target:/opt/rustwide/target:rw,Z" "-v" "/var/lib/crater-agent-workspace/builds/worker-58/source:/opt/rustwide/workdir:ro,Z" "-v" "/var/lib/crater-agent-workspace/cargo-home:/opt/rustwide/cargo-home:ro,Z" "-v" "/var/lib/crater-agent-workspace/rustup-home:/opt/rustwide/rustup-home:ro,Z" "-e" "SOURCE_DIR=/opt/rustwide/workdir" "-e" "CARGO_TARGET_DIR=/opt/rustwide/target" "-e" "CARGO_HOME=/opt/rustwide/cargo-home" "-e" "RUSTUP_HOME=/opt/rustwide/rustup-home" "-w" "/opt/rustwide/workdir" "-m" "1610612736" "--user" "0:0" "--network" "none" "ghcr.io/rust-lang/crates-build-env/linux@sha256:34b6a614d2c27851fe6cbf88fbd1137609cefab8b10d0615aaeb6fd47975d74e" "/opt/rustwide/cargo-home/bin/cargo" "+1.54.0" "metadata" "--no-deps" "--format-version=1", kill_on_drop: false }`
[INFO] [stdout] 26a240945a4cb7b6947e991558c85f37e9ceabb581695d20082fee25dad76a37
[INFO] running `Command { std: "docker" "start" "-a" "26a240945a4cb7b6947e991558c85f37e9ceabb581695d20082fee25dad76a37", kill_on_drop: false }`
[INFO] running `Command { std: "docker" "inspect" "26a240945a4cb7b6947e991558c85f37e9ceabb581695d20082fee25dad76a37", kill_on_drop: false }`
[INFO] running `Command { std: "docker" "rm" "-f" "26a240945a4cb7b6947e991558c85f37e9ceabb581695d20082fee25dad76a37", kill_on_drop: false }`
[INFO] [stdout] 26a240945a4cb7b6947e991558c85f37e9ceabb581695d20082fee25dad76a37
[INFO] running `Command { std: "docker" "create" "-v" "/var/lib/crater-agent-workspace/builds/worker-58/target:/opt/rustwide/target:rw,Z" "-v" "/var/lib/crater-agent-workspace/builds/worker-58/source:/opt/rustwide/workdir:ro,Z" "-v" "/var/lib/crater-agent-workspace/cargo-home:/opt/rustwide/cargo-home:ro,Z" "-v" "/var/lib/crater-agent-workspace/rustup-home:/opt/rustwide/rustup-home:ro,Z" "-e" "SOURCE_DIR=/opt/rustwide/workdir" "-e" "CARGO_TARGET_DIR=/opt/rustwide/target" "-e" "CARGO_INCREMENTAL=0" "-e" "RUST_BACKTRACE=full" "-e" "RUSTFLAGS=--cap-lints=warn" "-e" "CARGO_HOME=/opt/rustwide/cargo-home" "-e" "RUSTUP_HOME=/opt/rustwide/rustup-home" "-w" "/opt/rustwide/workdir" "-m" "1610612736" "--user" "0:0" "--network" "none" "ghcr.io/rust-lang/crates-build-env/linux@sha256:34b6a614d2c27851fe6cbf88fbd1137609cefab8b10d0615aaeb6fd47975d74e" "/opt/rustwide/cargo-home/bin/cargo" "+1.54.0" "build" "--frozen" "--message-format=json", kill_on_drop: false }`
[INFO] [stdout] d4a3e54e582925cc30a9246c8b28af9e58242e513825078cad70a0350cbd4c42
[INFO] running `Command { std: "docker" "start" "-a" "d4a3e54e582925cc30a9246c8b28af9e58242e513825078cad70a0350cbd4c42", kill_on_drop: false }`
[INFO] [stderr]    Compiling ev v0.1.0 (/opt/rustwide/workdir)
[INFO] [stdout] error[E0433]: failed to resolve: use of undeclared crate or module `inner`
[INFO] [stdout]   --> src/core.rs:33:12
[INFO] [stdout]    |
[INFO] [stdout] 33 |     inner: inner::Mux,
[INFO] [stdout]    |            ^^^^^ use of undeclared crate or module `inner`
[INFO] [stdout] 
[INFO] [stdout] 
[INFO] [stdout] error[E0433]: failed to resolve: use of undeclared crate or module `inner`
[INFO] [stdout]   --> src/core.rs:57:12
[INFO] [stdout]    |
[INFO] [stdout] 57 |     inner: inner::Buffer,
[INFO] [stdout]    |            ^^^^^ use of undeclared crate or module `inner`
[INFO] [stdout] 
[INFO] [stdout] 
[INFO] [stdout] error[E0433]: failed to resolve: use of undeclared crate or module `inner`
[INFO] [stdout]   --> src/core.rs:69:12
[INFO] [stdout]    |
[INFO] [stdout] 69 |     inner: inner::Iter<'a>,
[INFO] [stdout]    |            ^^^^^ use of undeclared crate or module `inner`
[INFO] [stdout] 
[INFO] [stdout] 
[INFO] [stdout] error[E0433]: failed to resolve: use of undeclared crate or module `inner`
[INFO] [stdout]   --> src/core.rs:83:12
[INFO] [stdout]    |
[INFO] [stdout] 83 |     inner: inner::Notifier,
[INFO] [stdout]    |            ^^^^^ use of undeclared crate or module `inner`
[INFO] [stdout] 
[INFO] [stdout] 
[INFO] [stdout] error[E0433]: failed to resolve: use of undeclared crate or module `inner`
[INFO] [stdout]   --> src/core.rs:38:16
[INFO] [stdout]    |
[INFO] [stdout] 38 |         inner::Mux::new().map(|m| Mux { inner: m })
[INFO] [stdout]    |                ^^^ not found in `inner`
[INFO] [stdout]    |
[INFO] [stdout] help: consider importing this struct
[INFO] [stdout]    |
[INFO] [stdout] 1  | use Mux;
[INFO] [stdout]    |
[INFO] [stdout] 
[INFO] [stdout] 
[INFO] [stdout] error[E0433]: failed to resolve: use of undeclared crate or module `inner`
[INFO] [stdout]   --> src/core.rs:62:16
[INFO] [stdout]    |
[INFO] [stdout] 62 |         inner::Buffer::new().map(|b| Buffer { inner: b })
[INFO] [stdout]    |                ^^^^^^ not found in `inner`
[INFO] [stdout]    |
[INFO] [stdout] help: consider importing this struct
[INFO] [stdout]    |
[INFO] [stdout] 1  | use Buffer;
[INFO] [stdout]    |
[INFO] [stdout] 
[INFO] [stdout] 
[INFO] [stdout] error[E0433]: failed to resolve: use of undeclared crate or module `inner`
[INFO] [stdout]   --> src/core.rs:88:16
[INFO] [stdout]    |
[INFO] [stdout] 88 |         inner::Notifier::attach(&mut mux.inner).map(|n| Notifier { inner: n })
[INFO] [stdout]    |                ^^^^^^^^ not found in `inner`
[INFO] [stdout]    |
[INFO] [stdout] help: consider importing this struct
[INFO] [stdout]    |
[INFO] [stdout] 1  | use Notifier;
[INFO] [stdout]    |
[INFO] [stdout] 
[INFO] [stdout] 
[INFO] [stdout] error[E0425]: cannot find function `__errno` in this scope
[INFO] [stdout]   --> src/util.rs:74:15
[INFO] [stdout]    |
[INFO] [stdout] 74 |     unsafe { *__errno() }
[INFO] [stdout]    |               ^^^^^^^ not found in this scope
[INFO] [stdout] 
[INFO] [stdout] 
[INFO] [stdout] error: aborting due to 8 previous errors
[INFO] [stdout] 
[INFO] [stdout] 
[INFO] [stdout] Some errors have detailed explanations: E0425, E0433.
[INFO] [stdout] 
[INFO] [stdout] For more information about an error, try `rustc --explain E0425`.
[INFO] [stdout] 
[INFO] [stderr] error: could not compile `ev`
[INFO] [stderr] 
[INFO] [stderr] To learn more, run the command again with --verbose.
[INFO] running `Command { std: "docker" "inspect" "d4a3e54e582925cc30a9246c8b28af9e58242e513825078cad70a0350cbd4c42", kill_on_drop: false }`
[INFO] running `Command { std: "docker" "rm" "-f" "d4a3e54e582925cc30a9246c8b28af9e58242e513825078cad70a0350cbd4c42", kill_on_drop: false }`
[INFO] [stdout] d4a3e54e582925cc30a9246c8b28af9e58242e513825078cad70a0350cbd4c42
