[INFO] fetching crate ethereum-trie-rocksdb 0.5.0...
[INFO] testing ethereum-trie-rocksdb-0.5.0 against beta-2021-08-01 for beta-1.55-1
[INFO] extracting crate ethereum-trie-rocksdb 0.5.0 into /workspace/builds/worker-36/source
[INFO] validating manifest of crates.io crate ethereum-trie-rocksdb 0.5.0 on toolchain beta-2021-08-01
[INFO] running `Command { std: "/workspace/cargo-home/bin/cargo" "+beta-2021-08-01" "metadata" "--manifest-path" "Cargo.toml" "--no-deps", kill_on_drop: false }`
[INFO] started tweaking crates.io crate ethereum-trie-rocksdb 0.5.0
[INFO] finished tweaking crates.io crate ethereum-trie-rocksdb 0.5.0
[INFO] tweaked toml for crates.io crate ethereum-trie-rocksdb 0.5.0 written to /workspace/builds/worker-36/source/Cargo.toml
[INFO] running `Command { std: "/workspace/cargo-home/bin/cargo" "+beta-2021-08-01" "generate-lockfile" "--manifest-path" "Cargo.toml" "-Zno-index-update", kill_on_drop: false }`
[INFO] running `Command { std: "/workspace/cargo-home/bin/cargo" "+beta-2021-08-01" "fetch" "--manifest-path" "Cargo.toml", kill_on_drop: false }`
[INFO] [stderr]     Blocking waiting for file lock on package cache
[INFO] [stderr]  Downloading crates ...
[INFO] [stderr]   Downloaded parity-rocksdb v0.5.1
[INFO] [stderr]   Downloaded pulldown-cmark v0.0.3
[INFO] [stderr]   Downloaded skeptic v0.4.0
[INFO] [stderr]   Downloaded local-encoding v0.2.0
[INFO] [stderr]   Downloaded parity-snappy-sys v0.1.2
[INFO] [stderr]   Downloaded parity-rocksdb-sys v0.5.6
[INFO] running `Command { std: "docker" "create" "-v" "/var/lib/crater-agent-workspace/builds/worker-36/target:/opt/rustwide/target:rw,Z" "-v" "/var/lib/crater-agent-workspace/builds/worker-36/source:/opt/rustwide/workdir:ro,Z" "-v" "/var/lib/crater-agent-workspace/cargo-home:/opt/rustwide/cargo-home:ro,Z" "-v" "/var/lib/crater-agent-workspace/rustup-home:/opt/rustwide/rustup-home:ro,Z" "-e" "SOURCE_DIR=/opt/rustwide/workdir" "-e" "CARGO_TARGET_DIR=/opt/rustwide/target" "-e" "CARGO_HOME=/opt/rustwide/cargo-home" "-e" "RUSTUP_HOME=/opt/rustwide/rustup-home" "-w" "/opt/rustwide/workdir" "-m" "1610612736" "--user" "0:0" "--network" "none" "ghcr.io/rust-lang/crates-build-env/linux@sha256:34b6a614d2c27851fe6cbf88fbd1137609cefab8b10d0615aaeb6fd47975d74e" "/opt/rustwide/cargo-home/bin/cargo" "+beta-2021-08-01" "metadata" "--no-deps" "--format-version=1", kill_on_drop: false }`
[INFO] [stdout] 4247f4f7018f92344cf5c4063f2f755148b0f18590fea0c3b693d7d6b231f87e
[INFO] running `Command { std: "docker" "start" "-a" "4247f4f7018f92344cf5c4063f2f755148b0f18590fea0c3b693d7d6b231f87e", kill_on_drop: false }`
[INFO] running `Command { std: "docker" "inspect" "4247f4f7018f92344cf5c4063f2f755148b0f18590fea0c3b693d7d6b231f87e", kill_on_drop: false }`
[INFO] running `Command { std: "docker" "rm" "-f" "4247f4f7018f92344cf5c4063f2f755148b0f18590fea0c3b693d7d6b231f87e", kill_on_drop: false }`
[INFO] [stdout] 4247f4f7018f92344cf5c4063f2f755148b0f18590fea0c3b693d7d6b231f87e
[INFO] running `Command { std: "docker" "create" "-v" "/var/lib/crater-agent-workspace/builds/worker-36/target:/opt/rustwide/target:rw,Z" "-v" "/var/lib/crater-agent-workspace/builds/worker-36/source:/opt/rustwide/workdir:ro,Z" "-v" "/var/lib/crater-agent-workspace/cargo-home:/opt/rustwide/cargo-home:ro,Z" "-v" "/var/lib/crater-agent-workspace/rustup-home:/opt/rustwide/rustup-home:ro,Z" "-e" "SOURCE_DIR=/opt/rustwide/workdir" "-e" "CARGO_TARGET_DIR=/opt/rustwide/target" "-e" "CARGO_INCREMENTAL=0" "-e" "RUST_BACKTRACE=full" "-e" "RUSTFLAGS=--cap-lints=warn" "-e" "CARGO_HOME=/opt/rustwide/cargo-home" "-e" "RUSTUP_HOME=/opt/rustwide/rustup-home" "-w" "/opt/rustwide/workdir" "-m" "1610612736" "--user" "0:0" "--network" "none" "ghcr.io/rust-lang/crates-build-env/linux@sha256:34b6a614d2c27851fe6cbf88fbd1137609cefab8b10d0615aaeb6fd47975d74e" "/opt/rustwide/cargo-home/bin/cargo" "+beta-2021-08-01" "build" "--frozen" "--message-format=json", kill_on_drop: false }`
[INFO] [stdout] 5364bfcf9850530a60ac2628c4e86299ffc32a08e69d9d9559a6731399be21a3
[INFO] running `Command { std: "docker" "start" "-a" "5364bfcf9850530a60ac2628c4e86299ffc32a08e69d9d9559a6731399be21a3", kill_on_drop: false }`
[INFO] [stderr]    Compiling unicode-width v0.1.8
[INFO] [stderr]    Compiling nodrop v0.1.14
[INFO] [stderr]    Compiling lazy_static v0.2.11
[INFO] [stderr]    Compiling ethereum-hexutil v0.2.3
[INFO] [stderr]    Compiling elastic-array-plus v0.9.1
[INFO] [stderr]    Compiling byte-tools v0.2.0
[INFO] [stderr]    Compiling cmake v0.1.45
[INFO] [stderr]    Compiling rand v0.4.6
[INFO] [stderr]    Compiling generic-array v0.8.4
[INFO] [stderr]    Compiling getopts v0.2.21
[INFO] [stderr]    Compiling ethereum-rlp v0.2.3
[INFO] [stderr]    Compiling digest v0.6.2
[INFO] [stderr]    Compiling block-buffer v0.2.0
[INFO] [stderr]    Compiling parity-snappy-sys v0.1.2
[INFO] [stderr]    Compiling parity-rocksdb-sys v0.5.6
[INFO] [stderr]    Compiling pulldown-cmark v0.0.3
[INFO] [stderr]    Compiling sha3 v0.6.0
[INFO] [stderr]    Compiling tempdir v0.3.7
[INFO] [stderr]    Compiling rand v0.3.23
[INFO] [stderr]    Compiling ethereum-bigint v0.2.9
[INFO] [stderr]    Compiling skeptic v0.4.0
[INFO] [stderr]    Compiling local-encoding v0.2.0
[INFO] [stderr]    Compiling ethereum-trie v0.5.0
[INFO] [stderr]    Compiling ethereum-trie-memory v0.5.0
[INFO] [stderr] error: failed to run custom build command for `parity-rocksdb-sys v0.5.6`
[INFO] [stderr] 
[INFO] [stderr] Caused by:
[INFO] [stderr]   process didn't exit successfully: `/opt/rustwide/target/debug/build/parity-rocksdb-sys-90e76c59e69d4027/build-script-build` (exit status: 101)
[INFO] [stderr]   --- stdout
[INFO] [stderr]   running: "cmake" "/opt/rustwide/cargo-home/registry/src/github.com-1ecc6299db9ec823/parity-rocksdb-sys-0.5.6/rocksdb" "-DCMAKE_VERBOSE_MAKEFILE=ON" "-DWITH_SNAPPY=ON" "-DFAIL_ON_WARNINGS=OFF" "-DSNAPPY_INCLUDE_DIR=/opt/rustwide/target/debug/build/parity-snappy-sys-c3fd3fe0ee648fc2/out/build" "-DSNAPPY_LIBRARIES=/dev/null" "-DPORTABLE=ON" "-DCMAKE_INSTALL_PREFIX=/opt/rustwide/target/debug/build/parity-rocksdb-sys-293032b8fc8c28ed/out" "-DCMAKE_C_FLAGS= -ffunction-sections -fdata-sections -fPIC -m64" "-DCMAKE_C_COMPILER=/usr/bin/cc" "-DCMAKE_CXX_FLAGS= -ffunction-sections -fdata-sections -fPIC -m64" "-DCMAKE_CXX_COMPILER=/usr/bin/c++" "-DCMAKE_ASM_FLAGS= -ffunction-sections -fdata-sections -fPIC -m64" "-DCMAKE_ASM_COMPILER=/usr/bin/cc" "-DCMAKE_BUILD_TYPE=Debug"
[INFO] [stderr]   -- The C compiler identification is GNU 9.3.0
[INFO] [stderr]   -- The CXX compiler identification is GNU 9.3.0
[INFO] [stderr]   -- Check for working C compiler: /usr/bin/cc
[INFO] [stderr]   -- Check for working C compiler: /usr/bin/cc -- works
[INFO] [stderr]   -- Detecting C compiler ABI info
[INFO] [stderr]   -- Detecting C compiler ABI info - done
[INFO] [stderr]   -- Detecting C compile features
[INFO] [stderr]   -- Detecting C compile features - done
[INFO] [stderr]   -- Check for working CXX compiler: /usr/bin/c++
[INFO] [stderr]   -- Check for working CXX compiler: /usr/bin/c++ -- works
[INFO] [stderr]   -- Detecting CXX compiler ABI info
[INFO] [stderr]   -- Detecting CXX compiler ABI info - done
[INFO] [stderr]   -- Detecting CXX compile features
[INFO] [stderr]   -- Detecting CXX compile features - done
[INFO] [stderr]   -- The ASM compiler identification is GNU
[INFO] [stderr]   -- Found assembler: /usr/bin/cc
[INFO] [stderr]   -- Found snappy: /dev/null  
[INFO] [stderr]   -- Found Git: /usr/bin/git (found version "2.25.1") 
[INFO] [stderr]   -- Enabling RTTI in Debug builds only (default)
[INFO] [stderr]   -- Looking for malloc_usable_size
[INFO] [stderr]   -- Looking for malloc_usable_size - found
[INFO] [stderr]   -- Looking for sched_getcpu
[INFO] [stderr]   -- Looking for sched_getcpu - found
[INFO] [stderr]   -- Looking for pthread.h
[INFO] [stderr]   -- Looking for pthread.h - found
[INFO] [stderr]   -- Performing Test CMAKE_HAVE_LIBC_PTHREAD
[INFO] [stderr]   -- Performing Test CMAKE_HAVE_LIBC_PTHREAD - Failed
[INFO] [stderr]   -- Looking for pthread_create in pthreads
[INFO] [stderr]   -- Looking for pthread_create in pthreads - not found
[INFO] [stderr]   -- Looking for pthread_create in pthread
[INFO] [stderr]   -- Looking for pthread_create in pthread - found
[INFO] [stderr]   -- Found Threads: TRUE  
[INFO] [stderr]   -- JNI library is disabled
[INFO] [stderr]   -- Configuring done
[INFO] [stderr]   -- Generating done
[INFO] [stderr]   -- Build files have been written to: /opt/rustwide/target/debug/build/parity-rocksdb-sys-293032b8fc8c28ed/out/build
[INFO] [stderr]   running: "cmake" "--build" "." "--target" "rocksdb" "--config" "Debug" "--"
[INFO] [stderr]   /usr/bin/cmake -S/opt/rustwide/cargo-home/registry/src/github.com-1ecc6299db9ec823/parity-rocksdb-sys-0.5.6/rocksdb -B/opt/rustwide/target/debug/build/parity-rocksdb-sys-293032b8fc8c28ed/out/build --check-build-system CMakeFiles/Makefile.cmake 0
[INFO] [stderr]   /usr/bin/make -f CMakeFiles/Makefile2 rocksdb
[INFO] [stderr]   make[1]: Entering directory '/opt/rustwide/target/debug/build/parity-rocksdb-sys-293032b8fc8c28ed/out/build'
[INFO] [stderr]   /usr/bin/cmake -S/opt/rustwide/cargo-home/registry/src/github.com-1ecc6299db9ec823/parity-rocksdb-sys-0.5.6/rocksdb -B/opt/rustwide/target/debug/build/parity-rocksdb-sys-293032b8fc8c28ed/out/build --check-build-system CMakeFiles/Makefile.cmake 0
[INFO] [stderr]   /usr/bin/cmake -E cmake_progress_start /opt/rustwide/target/debug/build/parity-rocksdb-sys-293032b8fc8c28ed/out/build/CMakeFiles 29
[INFO] [stderr]   /usr/bin/make -f CMakeFiles/Makefile2 CMakeFiles/rocksdb.dir/all
[INFO] [stderr]   make[2]: Entering directory '/opt/rustwide/target/debug/build/parity-rocksdb-sys-293032b8fc8c28ed/out/build'
[INFO] [stderr]   /usr/bin/make -f CMakeFiles/build_version.dir/build.make CMakeFiles/build_version.dir/depend
[INFO] [stderr]   make[3]: Entering directory '/opt/rustwide/target/debug/build/parity-rocksdb-sys-293032b8fc8c28ed/out/build'
[INFO] [stderr]   cd /opt/rustwide/target/debug/build/parity-rocksdb-sys-293032b8fc8c28ed/out/build && /usr/bin/cmake -E cmake_depends "Unix Makefiles" /opt/rustwide/cargo-home/registry/src/github.com-1ecc6299db9ec823/parity-rocksdb-sys-0.5.6/rocksdb /opt/rustwide/cargo-home/registry/src/github.com-1ecc6299db9ec823/parity-rocksdb-sys-0.5.6/rocksdb /opt/rustwide/target/debug/build/parity-rocksdb-sys-293032b8fc8c28ed/out/build /opt/rustwide/target/debug/build/parity-rocksdb-sys-293032b8fc8c28ed/out/build /opt/rustwide/target/debug/build/parity-rocksdb-sys-293032b8fc8c28ed/out/build/CMakeFiles/build_version.dir/DependInfo.cmake --color=
[INFO] [stderr]   Dependee "/opt/rustwide/target/debug/build/parity-rocksdb-sys-293032b8fc8c28ed/out/build/CMakeFiles/build_version.dir/DependInfo.cmake" is newer than depender "/opt/rustwide/target/debug/build/parity-rocksdb-sys-293032b8fc8c28ed/out/build/CMakeFiles/build_version.dir/depend.internal".
[INFO] [stderr]   Dependee "/opt/rustwide/target/debug/build/parity-rocksdb-sys-293032b8fc8c28ed/out/build/CMakeFiles/CMakeDirectoryInformation.cmake" is newer than depender "/opt/rustwide/target/debug/build/parity-rocksdb-sys-293032b8fc8c28ed/out/build/CMakeFiles/build_version.dir/depend.internal".
[INFO] [stderr]   Scanning dependencies of target build_version
[INFO] [stderr]   make[3]: Leaving directory '/opt/rustwide/target/debug/build/parity-rocksdb-sys-293032b8fc8c28ed/out/build'
[INFO] [stderr]   /usr/bin/make -f CMakeFiles/build_version.dir/build.make CMakeFiles/build_version.dir/build
[INFO] [stderr]   make[3]: Entering directory '/opt/rustwide/target/debug/build/parity-rocksdb-sys-293032b8fc8c28ed/out/build'
[INFO] [stderr]   [  0%] Building CXX object CMakeFiles/build_version.dir/build_version.cc.o
[INFO] [stderr]   /usr/bin/c++  -DOS_LINUX -DROCKSDB_LIB_IO_POSIX -DROCKSDB_MALLOC_USABLE_SIZE -DROCKSDB_PLATFORM_POSIX -DROCKSDB_SCHED_GETCPU_PRESENT -DSNAPPY -I/opt/rustwide/target/debug/build/parity-snappy-sys-c3fd3fe0ee648fc2/out/build -I/opt/rustwide/cargo-home/registry/src/github.com-1ecc6299db9ec823/parity-rocksdb-sys-0.5.6/rocksdb/util -I/opt/rustwide/cargo-home/registry/src/github.com-1ecc6299db9ec823/parity-rocksdb-sys-0.5.6/rocksdb -I/opt/rustwide/cargo-home/registry/src/github.com-1ecc6299db9ec823/parity-rocksdb-sys-0.5.6/rocksdb/include -isystem /opt/rustwide/cargo-home/registry/src/github.com-1ecc6299db9ec823/parity-rocksdb-sys-0.5.6/rocksdb/third-party/gtest-1.7.0/fused-src  -ffunction-sections -fdata-sections -fPIC -m64 -W -Wextra -Wall -Wsign-compare -Wshadow -Wno-unused-parameter -Wno-unused-variable -Woverloaded-virtual -Wnon-virtual-dtor -Wno-missing-field-initializers -Wno-strict-aliasing -std=c++11 -fno-builtin-memcmp -g -DROCKSDB_USE_RTTI   -o CMakeFiles/build_version.dir/build_version.cc.o -c /opt/rustwide/target/debug/build/parity-rocksdb-sys-293032b8fc8c28ed/out/build/build_version.cc
[INFO] [stderr]   make[3]: Leaving directory '/opt/rustwide/target/debug/build/parity-rocksdb-sys-293032b8fc8c28ed/out/build'
[INFO] [stderr]   [  0%] Built target build_version
[INFO] [stderr]   /usr/bin/make -f CMakeFiles/rocksdb.dir/build.make CMakeFiles/rocksdb.dir/depend
[INFO] [stderr]   make[3]: Entering directory '/opt/rustwide/target/debug/build/parity-rocksdb-sys-293032b8fc8c28ed/out/build'
[INFO] [stderr]   cd /opt/rustwide/target/debug/build/parity-rocksdb-sys-293032b8fc8c28ed/out/build && /usr/bin/cmake -E cmake_depends "Unix Makefiles" /opt/rustwide/cargo-home/registry/src/github.com-1ecc6299db9ec823/parity-rocksdb-sys-0.5.6/rocksdb /opt/rustwide/cargo-home/registry/src/github.com-1ecc6299db9ec823/parity-rocksdb-sys-0.5.6/rocksdb /opt/rustwide/target/debug/build/parity-rocksdb-sys-293032b8fc8c28ed/out/build /opt/rustwide/target/debug/build/parity-rocksdb-sys-293032b8fc8c28ed/out/build /opt/rustwide/target/debug/build/parity-rocksdb-sys-293032b8fc8c28ed/out/build/CMakeFiles/rocksdb.dir/DependInfo.cmake --color=
[INFO] [stderr]   Dependee "/opt/rustwide/target/debug/build/parity-rocksdb-sys-293032b8fc8c28ed/out/build/CMakeFiles/rocksdb.dir/DependInfo.cmake" is newer than depender "/opt/rustwide/target/debug/build/parity-rocksdb-sys-293032b8fc8c28ed/out/build/CMakeFiles/rocksdb.dir/depend.internal".
[INFO] [stderr]   Dependee "/opt/rustwide/target/debug/build/parity-rocksdb-sys-293032b8fc8c28ed/out/build/CMakeFiles/CMakeDirectoryInformation.cmake" is newer than depender "/opt/rustwide/target/debug/build/parity-rocksdb-sys-293032b8fc8c28ed/out/build/CMakeFiles/rocksdb.dir/depend.internal".
[INFO] [stderr]   Scanning dependencies of target rocksdb
[INFO] [stderr]   make[3]: Leaving directory '/opt/rustwide/target/debug/build/parity-rocksdb-sys-293032b8fc8c28ed/out/build'
[INFO] [stderr]   /usr/bin/make -f CMakeFiles/rocksdb.dir/build.make CMakeFiles/rocksdb.dir/build
[INFO] [stderr]   make[3]: Entering directory '/opt/rustwide/target/debug/build/parity-rocksdb-sys-293032b8fc8c28ed/out/build'
[INFO] [stderr]   [  0%] Building CXX object CMakeFiles/rocksdb.dir/cache/clock_cache.cc.o
[INFO] [stderr]   [  0%] Building CXX object CMakeFiles/rocksdb.dir/cache/lru_cache.cc.o
[INFO] [stderr]   [  0%] Building CXX object CMakeFiles/rocksdb.dir/cache/sharded_cache.cc.o
[INFO] [stderr]   /usr/bin/c++  -DOS_LINUX -DROCKSDB_LIB_IO_POSIX -DROCKSDB_MALLOC_USABLE_SIZE -DROCKSDB_PLATFORM_POSIX -DROCKSDB_SCHED_GETCPU_PRESENT -DSNAPPY -I/opt/rustwide/target/debug/build/parity-snappy-sys-c3fd3fe0ee648fc2/out/build -I/opt/rustwide/cargo-home/registry/src/github.com-1ecc6299db9ec823/parity-rocksdb-sys-0.5.6/rocksdb -I/opt/rustwide/cargo-home/registry/src/github.com-1ecc6299db9ec823/parity-rocksdb-sys-0.5.6/rocksdb/include -isystem /opt/rustwide/cargo-home/registry/src/github.com-1ecc6299db9ec823/parity-rocksdb-sys-0.5.6/rocksdb/third-party/gtest-1.7.0/fused-src  -ffunction-sections -fdata-sections -fPIC -m64 -W -Wextra -Wall -Wsign-compare -Wshadow -Wno-unused-parameter -Wno-unused-variable -Woverloaded-virtual -Wnon-virtual-dtor -Wno-missing-field-initializers -Wno-strict-aliasing -std=c++11 -fno-builtin-memcmp -g -DROCKSDB_USE_RTTI   -o CMakeFiles/rocksdb.dir/cache/clock_cache.cc.o -c /opt/rustwide/cargo-home/registry/src/github.com-1ecc6299db9ec823/parity-rocksdb-sys-0.5.6/rocksdb/cache/clock_cache.cc
[INFO] [stderr]   /usr/bin/c++  -DOS_LINUX -DROCKSDB_LIB_IO_POSIX -DROCKSDB_MALLOC_USABLE_SIZE -DROCKSDB_PLATFORM_POSIX -DROCKSDB_SCHED_GETCPU_PRESENT -DSNAPPY -I/opt/rustwide/target/debug/build/parity-snappy-sys-c3fd3fe0ee648fc2/out/build -I/opt/rustwide/cargo-home/registry/src/github.com-1ecc6299db9ec823/parity-rocksdb-sys-0.5.6/rocksdb -I/opt/rustwide/cargo-home/registry/src/github.com-1ecc6299db9ec823/parity-rocksdb-sys-0.5.6/rocksdb/include -isystem /opt/rustwide/cargo-home/registry/src/github.com-1ecc6299db9ec823/parity-rocksdb-sys-0.5.6/rocksdb/third-party/gtest-1.7.0/fused-src  -ffunction-sections -fdata-sections -fPIC -m64 -W -Wextra -Wall -Wsign-compare -Wshadow -Wno-unused-parameter -Wno-unused-variable -Woverloaded-virtual -Wnon-virtual-dtor -Wno-missing-field-initializers -Wno-strict-aliasing -std=c++11 -fno-builtin-memcmp -g -DROCKSDB_USE_RTTI   -o CMakeFiles/rocksdb.dir/cache/lru_cache.cc.o -c /opt/rustwide/cargo-home/registry/src/github.com-1ecc6299db9ec823/parity-rocksdb-sys-0.5.6/rocksdb/cache/lru_cache.cc
[INFO] [stderr]   /usr/bin/c++  -DOS_LINUX -DROCKSDB_LIB_IO_POSIX -DROCKSDB_MALLOC_USABLE_SIZE -DROCKSDB_PLATFORM_POSIX -DROCKSDB_SCHED_GETCPU_PRESENT -DSNAPPY -I/opt/rustwide/target/debug/build/parity-snappy-sys-c3fd3fe0ee648fc2/out/build -I/opt/rustwide/cargo-home/registry/src/github.com-1ecc6299db9ec823/parity-rocksdb-sys-0.5.6/rocksdb -I/opt/rustwide/cargo-home/registry/src/github.com-1ecc6299db9ec823/parity-rocksdb-sys-0.5.6/rocksdb/include -isystem /opt/rustwide/cargo-home/registry/src/github.com-1ecc6299db9ec823/parity-rocksdb-sys-0.5.6/rocksdb/third-party/gtest-1.7.0/fused-src  -ffunction-sections -fdata-sections -fPIC -m64 -W -Wextra -Wall -Wsign-compare -Wshadow -Wno-unused-parameter -Wno-unused-variable -Woverloaded-virtual -Wnon-virtual-dtor -Wno-missing-field-initializers -Wno-strict-aliasing -std=c++11 -fno-builtin-memcmp -g -DROCKSDB_USE_RTTI   -o CMakeFiles/rocksdb.dir/cache/sharded_cache.cc.o -c /opt/rustwide/cargo-home/registry/src/github.com-1ecc6299db9ec823/parity-rocksdb-sys-0.5.6/rocksdb/cache/sharded_cache.cc
[INFO] [stderr]   [  0%] Building CXX object CMakeFiles/rocksdb.dir/db/column_family.cc.o
[INFO] [stderr]   [  0%] Building CXX object CMakeFiles/rocksdb.dir/db/c.cc.o
[INFO] [stderr]   /usr/bin/c++  -DOS_LINUX -DROCKSDB_LIB_IO_POSIX -DROCKSDB_MALLOC_USABLE_SIZE -DROCKSDB_PLATFORM_POSIX -DROCKSDB_SCHED_GETCPU_PRESENT -DSNAPPY -I/opt/rustwide/target/debug/build/parity-snappy-sys-c3fd3fe0ee648fc2/out/build -I/opt/rustwide/cargo-home/registry/src/github.com-1ecc6299db9ec823/parity-rocksdb-sys-0.5.6/rocksdb -I/opt/rustwide/cargo-home/registry/src/github.com-1ecc6299db9ec823/parity-rocksdb-sys-0.5.6/rocksdb/include -isystem /opt/rustwide/cargo-home/registry/src/github.com-1ecc6299db9ec823/parity-rocksdb-sys-0.5.6/rocksdb/third-party/gtest-1.7.0/fused-src  -ffunction-sections -fdata-sections -fPIC -m64 -W -Wextra -Wall -Wsign-compare -Wshadow -Wno-unused-parameter -Wno-unused-variable -Woverloaded-virtual -Wnon-virtual-dtor -Wno-missing-field-initializers -Wno-strict-aliasing -std=c++11 -fno-builtin-memcmp -g -DROCKSDB_USE_RTTI   -o CMakeFiles/rocksdb.dir/db/column_family.cc.o -c /opt/rustwide/cargo-home/registry/src/github.com-1ecc6299db9ec823/parity-rocksdb-sys-0.5.6/rocksdb/db/column_family.cc
[INFO] [stderr]   [  3%] Building CXX object CMakeFiles/rocksdb.dir/db/compacted_db_impl.cc.o
[INFO] [stderr]   /usr/bin/c++  -DOS_LINUX -DROCKSDB_LIB_IO_POSIX -DROCKSDB_MALLOC_USABLE_SIZE -DROCKSDB_PLATFORM_POSIX -DROCKSDB_SCHED_GETCPU_PRESENT -DSNAPPY -I/opt/rustwide/target/debug/build/parity-snappy-sys-c3fd3fe0ee648fc2/out/build -I/opt/rustwide/cargo-home/registry/src/github.com-1ecc6299db9ec823/parity-rocksdb-sys-0.5.6/rocksdb -I/opt/rustwide/cargo-home/registry/src/github.com-1ecc6299db9ec823/parity-rocksdb-sys-0.5.6/rocksdb/include -isystem /opt/rustwide/cargo-home/registry/src/github.com-1ecc6299db9ec823/parity-rocksdb-sys-0.5.6/rocksdb/third-party/gtest-1.7.0/fused-src  -ffunction-sections -fdata-sections -fPIC -m64 -W -Wextra -Wall -Wsign-compare -Wshadow -Wno-unused-parameter -Wno-unused-variable -Woverloaded-virtual -Wnon-virtual-dtor -Wno-missing-field-initializers -Wno-strict-aliasing -std=c++11 -fno-builtin-memcmp -g -DROCKSDB_USE_RTTI   -o CMakeFiles/rocksdb.dir/db/c.cc.o -c /opt/rustwide/cargo-home/registry/src/github.com-1ecc6299db9ec823/parity-rocksdb-sys-0.5.6/rocksdb/db/c.cc
[INFO] [stderr]   [  3%] Building CXX object CMakeFiles/rocksdb.dir/db/compaction.cc.o
[INFO] [stderr]   /usr/bin/c++  -DOS_LINUX -DROCKSDB_LIB_IO_POSIX -DROCKSDB_MALLOC_USABLE_SIZE -DROCKSDB_PLATFORM_POSIX -DROCKSDB_SCHED_GETCPU_PRESENT -DSNAPPY -I/opt/rustwide/target/debug/build/parity-snappy-sys-c3fd3fe0ee648fc2/out/build -I/opt/rustwide/cargo-home/registry/src/github.com-1ecc6299db9ec823/parity-rocksdb-sys-0.5.6/rocksdb -I/opt/rustwide/cargo-home/registry/src/github.com-1ecc6299db9ec823/parity-rocksdb-sys-0.5.6/rocksdb/include -isystem /opt/rustwide/cargo-home/registry/src/github.com-1ecc6299db9ec823/parity-rocksdb-sys-0.5.6/rocksdb/third-party/gtest-1.7.0/fused-src  -ffunction-sections -fdata-sections -fPIC -m64 -W -Wextra -Wall -Wsign-compare -Wshadow -Wno-unused-parameter -Wno-unused-variable -Woverloaded-virtual -Wnon-virtual-dtor -Wno-missing-field-initializers -Wno-strict-aliasing -std=c++11 -fno-builtin-memcmp -g -DROCKSDB_USE_RTTI   -o CMakeFiles/rocksdb.dir/db/compacted_db_impl.cc.o -c /opt/rustwide/cargo-home/registry/src/github.com-1ecc6299db9ec823/parity-rocksdb-sys-0.5.6/rocksdb/db/compacted_db_impl.cc
[INFO] [stderr]   /usr/bin/c++  -DOS_LINUX -DROCKSDB_LIB_IO_POSIX -DROCKSDB_MALLOC_USABLE_SIZE -DROCKSDB_PLATFORM_POSIX -DROCKSDB_SCHED_GETCPU_PRESENT -DSNAPPY -I/opt/rustwide/target/debug/build/parity-snappy-sys-c3fd3fe0ee648fc2/out/build -I/opt/rustwide/cargo-home/registry/src/github.com-1ecc6299db9ec823/parity-rocksdb-sys-0.5.6/rocksdb -I/opt/rustwide/cargo-home/registry/src/github.com-1ecc6299db9ec823/parity-rocksdb-sys-0.5.6/rocksdb/include -isystem /opt/rustwide/cargo-home/registry/src/github.com-1ecc6299db9ec823/parity-rocksdb-sys-0.5.6/rocksdb/third-party/gtest-1.7.0/fused-src  -ffunction-sections -fdata-sections -fPIC -m64 -W -Wextra -Wall -Wsign-compare -Wshadow -Wno-unused-parameter -Wno-unused-variable -Woverloaded-virtual -Wnon-virtual-dtor -Wno-missing-field-initializers -Wno-strict-aliasing -std=c++11 -fno-builtin-memcmp -g -DROCKSDB_USE_RTTI   -o CMakeFiles/rocksdb.dir/db/compaction.cc.o -c /opt/rustwide/cargo-home/registry/src/github.com-1ecc6299db9ec823/parity-rocksdb-sys-0.5.6/rocksdb/db/compaction.cc
[INFO] [stderr]   [  3%] Building CXX object CMakeFiles/rocksdb.dir/db/builder.cc.o
[INFO] [stderr]   /usr/bin/c++  -DOS_LINUX -DROCKSDB_LIB_IO_POSIX -DROCKSDB_MALLOC_USABLE_SIZE -DROCKSDB_PLATFORM_POSIX -DROCKSDB_SCHED_GETCPU_PRESENT -DSNAPPY -I/opt/rustwide/target/debug/build/parity-snappy-sys-c3fd3fe0ee648fc2/out/build -I/opt/rustwide/cargo-home/registry/src/github.com-1ecc6299db9ec823/parity-rocksdb-sys-0.5.6/rocksdb -I/opt/rustwide/cargo-home/registry/src/github.com-1ecc6299db9ec823/parity-rocksdb-sys-0.5.6/rocksdb/include -isystem /opt/rustwide/cargo-home/registry/src/github.com-1ecc6299db9ec823/parity-rocksdb-sys-0.5.6/rocksdb/third-party/gtest-1.7.0/fused-src  -ffunction-sections -fdata-sections -fPIC -m64 -W -Wextra -Wall -Wsign-compare -Wshadow -Wno-unused-parameter -Wno-unused-variable -Woverloaded-virtual -Wnon-virtual-dtor -Wno-missing-field-initializers -Wno-strict-aliasing -std=c++11 -fno-builtin-memcmp -g -DROCKSDB_USE_RTTI   -o CMakeFiles/rocksdb.dir/db/builder.cc.o -c /opt/rustwide/cargo-home/registry/src/github.com-1ecc6299db9ec823/parity-rocksdb-sys-0.5.6/rocksdb/db/builder.cc
[INFO] [stderr]   [  3%] Building CXX object CMakeFiles/rocksdb.dir/db/compaction_iterator.cc.o
[INFO] [stderr]   /usr/bin/c++  -DOS_LINUX -DROCKSDB_LIB_IO_POSIX -DROCKSDB_MALLOC_USABLE_SIZE -DROCKSDB_PLATFORM_POSIX -DROCKSDB_SCHED_GETCPU_PRESENT -DSNAPPY -I/opt/rustwide/target/debug/build/parity-snappy-sys-c3fd3fe0ee648fc2/out/build -I/opt/rustwide/cargo-home/registry/src/github.com-1ecc6299db9ec823/parity-rocksdb-sys-0.5.6/rocksdb -I/opt/rustwide/cargo-home/registry/src/github.com-1ecc6299db9ec823/parity-rocksdb-sys-0.5.6/rocksdb/include -isystem /opt/rustwide/cargo-home/registry/src/github.com-1ecc6299db9ec823/parity-rocksdb-sys-0.5.6/rocksdb/third-party/gtest-1.7.0/fused-src  -ffunction-sections -fdata-sections -fPIC -m64 -W -Wextra -Wall -Wsign-compare -Wshadow -Wno-unused-parameter -Wno-unused-variable -Woverloaded-virtual -Wnon-virtual-dtor -Wno-missing-field-initializers -Wno-strict-aliasing -std=c++11 -fno-builtin-memcmp -g -DROCKSDB_USE_RTTI   -o CMakeFiles/rocksdb.dir/db/compaction_iterator.cc.o -c /opt/rustwide/cargo-home/registry/src/github.com-1ecc6299db9ec823/parity-rocksdb-sys-0.5.6/rocksdb/db/compaction_iterator.cc
[INFO] [stderr]   [  3%] Building CXX object CMakeFiles/rocksdb.dir/monitoring/iostats_context.cc.o
[INFO] [stderr]   [  6%] Building CXX object CMakeFiles/rocksdb.dir/table/plain_table_index.cc.o
[INFO] [stderr]   /usr/bin/c++  -DOS_LINUX -DROCKSDB_LIB_IO_POSIX -DROCKSDB_MALLOC_USABLE_SIZE -DROCKSDB_PLATFORM_POSIX -DROCKSDB_SCHED_GETCPU_PRESENT -DSNAPPY -I/opt/rustwide/target/debug/build/parity-snappy-sys-c3fd3fe0ee648fc2/out/build -I/opt/rustwide/cargo-home/registry/src/github.com-1ecc6299db9ec823/parity-rocksdb-sys-0.5.6/rocksdb -I/opt/rustwide/cargo-home/registry/src/github.com-1ecc6299db9ec823/parity-rocksdb-sys-0.5.6/rocksdb/include -isystem /opt/rustwide/cargo-home/registry/src/github.com-1ecc6299db9ec823/parity-rocksdb-sys-0.5.6/rocksdb/third-party/gtest-1.7.0/fused-src  -ffunction-sections -fdata-sections -fPIC -m64 -W -Wextra -Wall -Wsign-compare -Wshadow -Wno-unused-parameter -Wno-unused-variable -Woverloaded-virtual -Wnon-virtual-dtor -Wno-missing-field-initializers -Wno-strict-aliasing -std=c++11 -fno-builtin-memcmp -g -DROCKSDB_USE_RTTI   -o CMakeFiles/rocksdb.dir/table/plain_table_index.cc.o -c /opt/rustwide/cargo-home/registry/src/github.com-1ecc6299db9ec823/parity-rocksdb-sys-0.5.6/rocksdb/table/plain_table_index.cc
[INFO] [stderr]   [  6%] Building CXX object CMakeFiles/rocksdb.dir/env/env_chroot.cc.o
[INFO] [stderr]   [  6%] Building CXX object CMakeFiles/rocksdb.dir/db/merge_helper.cc.o
[INFO] [stderr]   [ 10%] Building CXX object CMakeFiles/rocksdb.dir/options/options.cc.o
[INFO] [stderr]   [ 10%] Building CXX object CMakeFiles/rocksdb.dir/table/block_based_table_reader.cc.o
[INFO] [stderr]   [ 10%] Building CXX object CMakeFiles/rocksdb.dir/db/flush_scheduler.cc.o
[INFO] [stderr]   /usr/bin/c++  -DOS_LINUX -DROCKSDB_LIB_IO_POSIX -DROCKSDB_MALLOC_USABLE_SIZE -DROCKSDB_PLATFORM_POSIX -DROCKSDB_SCHED_GETCPU_PRESENT -DSNAPPY -I/opt/rustwide/target/debug/build/parity-snappy-sys-c3fd3fe0ee648fc2/out/build -I/opt/rustwide/cargo-home/registry/src/github.com-1ecc6299db9ec823/parity-rocksdb-sys-0.5.6/rocksdb -I/opt/rustwide/cargo-home/registry/src/github.com-1ecc6299db9ec823/parity-rocksdb-sys-0.5.6/rocksdb/include -isystem /opt/rustwide/cargo-home/registry/src/github.com-1ecc6299db9ec823/parity-rocksdb-sys-0.5.6/rocksdb/third-party/gtest-1.7.0/fused-src  -ffunction-sections -fdata-sections -fPIC -m64 -W -Wextra -Wall -Wsign-compare -Wshadow -Wno-unused-parameter -Wno-unused-variable -Woverloaded-virtual -Wnon-virtual-dtor -Wno-missing-field-initializers -Wno-strict-aliasing -std=c++11 -fno-builtin-memcmp -g -DROCKSDB_USE_RTTI   -o CMakeFiles/rocksdb.dir/env/env_chroot.cc.o -c /opt/rustwide/cargo-home/registry/src/github.com-1ecc6299db9ec823/parity-rocksdb-sys-0.5.6/rocksdb/env/env_chroot.cc
[INFO] [stderr]   /usr/bin/c++  -DOS_LINUX -DROCKSDB_LIB_IO_POSIX -DROCKSDB_MALLOC_USABLE_SIZE -DROCKSDB_PLATFORM_POSIX -DROCKSDB_SCHED_GETCPU_PRESENT -DSNAPPY -I/opt/rustwide/target/debug/build/parity-snappy-sys-c3fd3fe0ee648fc2/out/build -I/opt/rustwide/cargo-home/registry/src/github.com-1ecc6299db9ec823/parity-rocksdb-sys-0.5.6/rocksdb -I/opt/rustwide/cargo-home/registry/src/github.com-1ecc6299db9ec823/parity-rocksdb-sys-0.5.6/rocksdb/include -isystem /opt/rustwide/cargo-home/registry/src/github.com-1ecc6299db9ec823/parity-rocksdb-sys-0.5.6/rocksdb/third-party/gtest-1.7.0/fused-src  -ffunction-sections -fdata-sections -fPIC -m64 -W -Wextra -Wall -Wsign-compare -Wshadow -Wno-unused-parameter -Wno-unused-variable -Woverloaded-virtual -Wnon-virtual-dtor -Wno-missing-field-initializers -Wno-strict-aliasing -std=c++11 -fno-builtin-memcmp -g -DROCKSDB_USE_RTTI   -o CMakeFiles/rocksdb.dir/db/merge_helper.cc.o -c /opt/rustwide/cargo-home/registry/src/github.com-1ecc6299db9ec823/parity-rocksdb-sys-0.5.6/rocksdb/db/merge_helper.cc
[INFO] [stderr]   /usr/bin/c++  -DOS_LINUX -DROCKSDB_LIB_IO_POSIX -DROCKSDB_MALLOC_USABLE_SIZE -DROCKSDB_PLATFORM_POSIX -DROCKSDB_SCHED_GETCPU_PRESENT -DSNAPPY -I/opt/rustwide/target/debug/build/parity-snappy-sys-c3fd3fe0ee648fc2/out/build -I/opt/rustwide/cargo-home/registry/src/github.com-1ecc6299db9ec823/parity-rocksdb-sys-0.5.6/rocksdb -I/opt/rustwide/cargo-home/registry/src/github.com-1ecc6299db9ec823/parity-rocksdb-sys-0.5.6/rocksdb/include -isystem /opt/rustwide/cargo-home/registry/src/github.com-1ecc6299db9ec823/parity-rocksdb-sys-0.5.6/rocksdb/third-party/gtest-1.7.0/fused-src  -ffunction-sections -fdata-sections -fPIC -m64 -W -Wextra -Wall -Wsign-compare -Wshadow -Wno-unused-parameter -Wno-unused-variable -Woverloaded-virtual -Wnon-virtual-dtor -Wno-missing-field-initializers -Wno-strict-aliasing -std=c++11 -fno-builtin-memcmp -g -DROCKSDB_USE_RTTI   -o CMakeFiles/rocksdb.dir/db/flush_scheduler.cc.o -c /opt/rustwide/cargo-home/registry/src/github.com-1ecc6299db9ec823/parity-rocksdb-sys-0.5.6/rocksdb/db/flush_scheduler.cc
[INFO] [stderr]   [ 10%] Building CXX object CMakeFiles/rocksdb.dir/db/db_impl_write.cc.o
[INFO] [stderr]   [ 24%] Building CXX object CMakeFiles/rocksdb.dir/db/event_helpers.cc.o
[INFO] [stderr]   [ 24%] Building CXX object CMakeFiles/rocksdb.dir/options/cf_options.cc.o
[INFO] [stderr]   [ 24%] Building CXX object CMakeFiles/rocksdb.dir/db/external_sst_file_ingestion_job.cc.o
[INFO] [stderr]   [ 10%] Building CXX object CMakeFiles/rocksdb.dir/table/plain_table_builder.cc.o
[INFO] [stderr]   [ 13%] Building CXX object CMakeFiles/rocksdb.dir/table/cuckoo_table_builder.cc.o
[INFO] [stderr]   [ 10%] Building CXX object CMakeFiles/rocksdb.dir/db/forward_iterator.cc.o
[INFO] [stderr]   /usr/bin/c++  -DOS_LINUX -DROCKSDB_LIB_IO_POSIX -DROCKSDB_MALLOC_USABLE_SIZE -DROCKSDB_PLATFORM_POSIX -DROCKSDB_SCHED_GETCPU_PRESENT -DSNAPPY -I/opt/rustwide/target/debug/build/parity-snappy-sys-c3fd3fe0ee648fc2/out/build -I/opt/rustwide/cargo-home/registry/src/github.com-1ecc6299db9ec823/parity-rocksdb-sys-0.5.6/rocksdb -I/opt/rustwide/cargo-home/registry/src/github.com-1ecc6299db9ec823/parity-rocksdb-sys-0.5.6/rocksdb/include -isystem /opt/rustwide/cargo-home/registry/src/github.com-1ecc6299db9ec823/parity-rocksdb-sys-0.5.6/rocksdb/third-party/gtest-1.7.0/fused-src  -ffunction-sections -fdata-sections -fPIC -m64 -W -Wextra -Wall -Wsign-compare -Wshadow -Wno-unused-parameter -Wno-unused-variable -Woverloaded-virtual -Wnon-virtual-dtor -Wno-missing-field-initializers -Wno-strict-aliasing -std=c++11 -fno-builtin-memcmp -g -DROCKSDB_USE_RTTI   -o CMakeFiles/rocksdb.dir/options/options.cc.o -c /opt/rustwide/cargo-home/registry/src/github.com-1ecc6299db9ec823/parity-rocksdb-sys-0.5.6/rocksdb/options/options.cc
[INFO] [stderr]   [ 10%] Building CXX object CMakeFiles/rocksdb.dir/db/transaction_log_impl.cc.o
[INFO] [stderr]   [ 13%] Building CXX object CMakeFiles/rocksdb.dir/db/write_thread.cc.o
[INFO] [stderr]   [ 24%] Building CXX object CMakeFiles/rocksdb.dir/db/experimental.cc.o
[INFO] [stderr]   [ 24%] Building CXX object CMakeFiles/rocksdb.dir/db/malloc_stats.cc.o
[INFO] [stderr]   [ 10%] Building CXX object CMakeFiles/rocksdb.dir/monitoring/perf_context.cc.o
[INFO] [stderr]   [ 20%] Building CXX object CMakeFiles/rocksdb.dir/table/block_based_filter_block.cc.o
[INFO] [stderr]   /usr/bin/c++  -DOS_LINUX -DROCKSDB_LIB_IO_POSIX -DROCKSDB_MALLOC_USABLE_SIZE -DROCKSDB_PLATFORM_POSIX -DROCKSDB_SCHED_GETCPU_PRESENT -DSNAPPY -I/opt/rustwide/target/debug/build/parity-snappy-sys-c3fd3fe0ee648fc2/out/build -I/opt/rustwide/cargo-home/registry/src/github.com-1ecc6299db9ec823/parity-rocksdb-sys-0.5.6/rocksdb -I/opt/rustwide/cargo-home/registry/src/github.com-1ecc6299db9ec823/parity-rocksdb-sys-0.5.6/rocksdb/include -isystem /opt/rustwide/cargo-home/registry/src/github.com-1ecc6299db9ec823/parity-rocksdb-sys-0.5.6/rocksdb/third-party/gtest-1.7.0/fused-src  -ffunction-sections -fdata-sections -fPIC -m64 -W -Wextra -Wall -Wsign-compare -Wshadow -Wno-unused-parameter -Wno-unused-variable -Woverloaded-virtual -Wnon-virtual-dtor -Wno-missing-field-initializers -Wno-strict-aliasing -std=c++11 -fno-builtin-memcmp -g -DROCKSDB_USE_RTTI   -o CMakeFiles/rocksdb.dir/table/cuckoo_table_builder.cc.o -c /opt/rustwide/cargo-home/registry/src/github.com-1ecc6299db9ec823/parity-rocksdb-sys-0.5.6/rocksdb/table/cuckoo_table_builder.cc
[INFO] [stderr]   [ 17%] Building CXX object CMakeFiles/rocksdb.dir/memtable/vectorrep.cc.o
[INFO] [stderr]   [ 24%] Building CXX object CMakeFiles/rocksdb.dir/monitoring/histogram_windowing.cc.o
[INFO] [stderr]   [ 24%] Building CXX object CMakeFiles/rocksdb.dir/monitoring/thread_status_util_debug.cc.o
[INFO] [stderr]   [ 10%] Building CXX object CMakeFiles/rocksdb.dir/table/index_builder.cc.o
[INFO] [stderr]   [ 10%] Building CXX object CMakeFiles/rocksdb.dir/monitoring/instrumented_mutex.cc.o
[INFO] [stderr]   [ 24%] Building CXX object CMakeFiles/rocksdb.dir/options/options_sanity_check.cc.o
[INFO] [stderr]   [ 10%] Building CXX object CMakeFiles/rocksdb.dir/memtable/skiplistrep.cc.o
[INFO] [stderr]   [ 24%] Building CXX object CMakeFiles/rocksdb.dir/table/persistent_cache_helper.cc.o
[INFO] [stderr]   [ 24%] Building CXX object CMakeFiles/rocksdb.dir/table/merging_iterator.cc.o
[INFO] [stderr]   [ 24%] Building CXX object CMakeFiles/rocksdb.dir/db/version_set.cc.o
[INFO] [stderr]   [ 13%] Building CXX object CMakeFiles/rocksdb.dir/tools/db_bench_tool.cc.o
[INFO] [stderr]   [ 24%] Building CXX object CMakeFiles/rocksdb.dir/db/version_edit.cc.o
[INFO] [stderr]   /usr/bin/c++  -DOS_LINUX -DROCKSDB_LIB_IO_POSIX -DROCKSDB_MALLOC_USABLE_SIZE -DROCKSDB_PLATFORM_POSIX -DROCKSDB_SCHED_GETCPU_PRESENT -DSNAPPY -I/opt/rustwide/target/debug/build/parity-snappy-sys-c3fd3fe0ee648fc2/out/build -I/opt/rustwide/cargo-home/registry/src/github.com-1ecc6299db9ec823/parity-rocksdb-sys-0.5.6/rocksdb -I/opt/rustwide/cargo-home/registry/src/github.com-1ecc6299db9ec823/parity-rocksdb-sys-0.5.6/rocksdb/include -isystem /opt/rustwide/cargo-home/registry/src/github.com-1ecc6299db9ec823/parity-rocksdb-sys-0.5.6/rocksdb/third-party/gtest-1.7.0/fused-src  -ffunction-sections -fdata-sections -fPIC -m64 -W -Wextra -Wall -Wsign-compare -Wshadow -Wno-unused-parameter -Wno-unused-variable -Woverloaded-virtual -Wnon-virtual-dtor -Wno-missing-field-initializers -Wno-strict-aliasing -std=c++11 -fno-builtin-memcmp -g -DROCKSDB_USE_RTTI   -o CMakeFiles/rocksdb.dir/db/forward_iterator.cc.o -c /opt/rustwide/cargo-home/registry/src/github.com-1ecc6299db9ec823/parity-rocksdb-sys-0.5.6/rocksdb/db/forward_iterator.cc
[INFO] [stderr]   [ 24%] Building CXX object CMakeFiles/rocksdb.dir/memtable/write_buffer_manager.cc.o
[INFO] [stderr]   [ 24%] Building CXX object CMakeFiles/rocksdb.dir/env/env.cc.o
[INFO] [stderr]   [ 13%] Building CXX object CMakeFiles/rocksdb.dir/db/logs_with_prep_tracker.cc.o
[INFO] [stderr]   [ 27%] Building CXX object CMakeFiles/rocksdb.dir/db/snapshot_impl.cc.o
[INFO] [stderr]   [ 27%] Building CXX object CMakeFiles/rocksdb.dir/monitoring/thread_status_util.cc.o
[INFO] [stderr]   /usr/bin/c++  -DOS_LINUX -DROCKSDB_LIB_IO_POSIX -DROCKSDB_MALLOC_USABLE_SIZE -DROCKSDB_PLATFORM_POSIX -DROCKSDB_SCHED_GETCPU_PRESENT -DSNAPPY -I/opt/rustwide/target/debug/build/parity-snappy-sys-c3fd3fe0ee648fc2/out/build -I/opt/rustwide/cargo-home/registry/src/github.com-1ecc6299db9ec823/parity-rocksdb-sys-0.5.6/rocksdb -I/opt/rustwide/cargo-home/registry/src/github.com-1ecc6299db9ec823/parity-rocksdb-sys-0.5.6/rocksdb/include -isystem /opt/rustwide/cargo-home/registry/src/github.com-1ecc6299db9ec823/parity-rocksdb-sys-0.5.6/rocksdb/third-party/gtest-1.7.0/fused-src  -ffunction-sections -fdata-sections -fPIC -m64 -W -Wextra -Wall -Wsign-compare -Wshadow -Wno-unused-parameter -Wno-unused-variable -Woverloaded-virtual -Wnon-virtual-dtor -Wno-missing-field-initializers -Wno-strict-aliasing -std=c++11 -fno-builtin-memcmp -g -DROCKSDB_USE_RTTI   -o CMakeFiles/rocksdb.dir/db/experimental.cc.o -c /opt/rustwide/cargo-home/registry/src/github.com-1ecc6299db9ec823/parity-rocksdb-sys-0.5.6/rocksdb/db/experimental.cc
[INFO] [stderr]   [ 27%] Building CXX object CMakeFiles/rocksdb.dir/db/db_impl_open.cc.o
[INFO] [stderr]   /usr/bin/c++  -DOS_LINUX -DROCKSDB_LIB_IO_POSIX -DROCKSDB_MALLOC_USABLE_SIZE -DROCKSDB_PLATFORM_POSIX -DROCKSDB_SCHED_GETCPU_PRESENT -DSNAPPY -I/opt/rustwide/target/debug/build/parity-snappy-sys-c3fd3fe0ee648fc2/out/build -I/opt/rustwide/cargo-home/registry/src/github.com-1ecc6299db9ec823/parity-rocksdb-sys-0.5.6/rocksdb -I/opt/rustwide/cargo-home/registry/src/github.com-1ecc6299db9ec823/parity-rocksdb-sys-0.5.6/rocksdb/include -isystem /opt/rustwide/cargo-home/registry/src/github.com-1ecc6299db9ec823/parity-rocksdb-sys-0.5.6/rocksdb/third-party/gtest-1.7.0/fused-src  -ffunction-sections -fdata-sections -fPIC -m64 -W -Wextra -Wall -Wsign-compare -Wshadow -Wno-unused-parameter -Wno-unused-variable -Woverloaded-virtual -Wnon-virtual-dtor -Wno-missing-field-initializers -Wno-strict-aliasing -std=c++11 -fno-builtin-memcmp -g -DROCKSDB_USE_RTTI   -o CMakeFiles/rocksdb.dir/db/malloc_stats.cc.o -c /opt/rustwide/cargo-home/registry/src/github.com-1ecc6299db9ec823/parity-rocksdb-sys-0.5.6/rocksdb/db/malloc_stats.cc
[INFO] [stderr]   [ 24%] Building CXX object CMakeFiles/rocksdb.dir/db/repair.cc.o
[INFO] [stderr]   [ 27%] Building CXX object CMakeFiles/rocksdb.dir/env/env_encryption.cc.o
[INFO] [stderr]   [ 10%] Building CXX object CMakeFiles/rocksdb.dir/table/plain_table_reader.cc.o
[INFO] [stderr]   [ 27%] Building CXX object CMakeFiles/rocksdb.dir/db/managed_iterator.cc.o
[INFO] [stderr]   /usr/bin/c++  -DOS_LINUX -DROCKSDB_LIB_IO_POSIX -DROCKSDB_MALLOC_USABLE_SIZE -DROCKSDB_PLATFORM_POSIX -DROCKSDB_SCHED_GETCPU_PRESENT -DSNAPPY -I/opt/rustwide/target/debug/build/parity-snappy-sys-c3fd3fe0ee648fc2/out/build -I/opt/rustwide/cargo-home/registry/src/github.com-1ecc6299db9ec823/parity-rocksdb-sys-0.5.6/rocksdb -I/opt/rustwide/cargo-home/registry/src/github.com-1ecc6299db9ec823/parity-rocksdb-sys-0.5.6/rocksdb/include -isystem /opt/rustwide/cargo-home/registry/src/github.com-1ecc6299db9ec823/parity-rocksdb-sys-0.5.6/rocksdb/third-party/gtest-1.7.0/fused-src  -ffunction-sections -fdata-sections -fPIC -m64 -W -Wextra -Wall -Wsign-compare -Wshadow -Wno-unused-parameter -Wno-unused-variable -Woverloaded-virtual -Wnon-virtual-dtor -Wno-missing-field-initializers -Wno-strict-aliasing -std=c++11 -fno-builtin-memcmp -g -DROCKSDB_USE_RTTI   -o CMakeFiles/rocksdb.dir/db/db_impl_open.cc.o -c /opt/rustwide/cargo-home/registry/src/github.com-1ecc6299db9ec823/parity-rocksdb-sys-0.5.6/rocksdb/db/db_impl_open.cc
[INFO] [stderr]   [ 24%] Building CXX object CMakeFiles/rocksdb.dir/memtable/hash_skiplist_rep.cc.o
[INFO] [stderr]   /usr/bin/c++  -DOS_LINUX -DROCKSDB_LIB_IO_POSIX -DROCKSDB_MALLOC_USABLE_SIZE -DROCKSDB_PLATFORM_POSIX -DROCKSDB_SCHED_GETCPU_PRESENT -DSNAPPY -I/opt/rustwide/target/debug/build/parity-snappy-sys-c3fd3fe0ee648fc2/out/build -I/opt/rustwide/cargo-home/registry/src/github.com-1ecc6299db9ec823/parity-rocksdb-sys-0.5.6/rocksdb -I/opt/rustwide/cargo-home/registry/src/github.com-1ecc6299db9ec823/parity-rocksdb-sys-0.5.6/rocksdb/include -isystem /opt/rustwide/cargo-home/registry/src/github.com-1ecc6299db9ec823/parity-rocksdb-sys-0.5.6/rocksdb/third-party/gtest-1.7.0/fused-src  -ffunction-sections -fdata-sections -fPIC -m64 -W -Wextra -Wall -Wsign-compare -Wshadow -Wno-unused-parameter -Wno-unused-variable -Woverloaded-virtual -Wnon-virtual-dtor -Wno-missing-field-initializers -Wno-strict-aliasing -std=c++11 -fno-builtin-memcmp -g -DROCKSDB_USE_RTTI   -o CMakeFiles/rocksdb.dir/db/transaction_log_impl.cc.o -c /opt/rustwide/cargo-home/registry/src/github.com-1ecc6299db9ec823/parity-rocksdb-sys-0.5.6/rocksdb/db/transaction_log_impl.cc
[INFO] [stderr]   [ 27%] Building CXX object CMakeFiles/rocksdb.dir/db/file_indexer.cc.o
[INFO] [stderr]   [ 20%] Building CXX object CMakeFiles/rocksdb.dir/db/db_impl_readonly.cc.o
[INFO] [stderr]   [ 24%] Building CXX object CMakeFiles/rocksdb.dir/db/compaction_picker_universal.cc.o
[INFO] [stderr]   /usr/bin/c++  -DOS_LINUX -DROCKSDB_LIB_IO_POSIX -DROCKSDB_MALLOC_USABLE_SIZE -DROCKSDB_PLATFORM_POSIX -DROCKSDB_SCHED_GETCPU_PRESENT -DSNAPPY -I/opt/rustwide/target/debug/build/parity-snappy-sys-c3fd3fe0ee648fc2/out/build -I/opt/rustwide/cargo-home/registry/src/github.com-1ecc6299db9ec823/parity-rocksdb-sys-0.5.6/rocksdb -I/opt/rustwide/cargo-home/registry/src/github.com-1ecc6299db9ec823/parity-rocksdb-sys-0.5.6/rocksdb/include -isystem /opt/rustwide/cargo-home/registry/src/github.com-1ecc6299db9ec823/parity-rocksdb-sys-0.5.6/rocksdb/third-party/gtest-1.7.0/fused-src  -ffunction-sections -fdata-sections -fPIC -m64 -W -Wextra -Wall -Wsign-compare -Wshadow -Wno-unused-parameter -Wno-unused-variable -Woverloaded-virtual -Wnon-virtual-dtor -Wno-missing-field-initializers -Wno-strict-aliasing -std=c++11 -fno-builtin-memcmp -g -DROCKSDB_USE_RTTI   -o CMakeFiles/rocksdb.dir/db/write_thread.cc.o -c /opt/rustwide/cargo-home/registry/src/github.com-1ecc6299db9ec823/parity-rocksdb-sys-0.5.6/rocksdb/db/write_thread.cc
[INFO] [stderr]   [ 27%] Building CXX object CMakeFiles/rocksdb.dir/table/flush_block_policy.cc.o
[INFO] [stderr]   [ 27%] Building CXX object CMakeFiles/rocksdb.dir/memtable/alloc_tracker.cc.o
[INFO] [stderr]   [ 27%] Building CXX object CMakeFiles/rocksdb.dir/options/options_helper.cc.o
[INFO] [stderr]   [ 27%] Building CXX object CMakeFiles/rocksdb.dir/util/auto_roll_logger.cc.o
[INFO] [stderr]   /usr/bin/c++  -DOS_LINUX -DROCKSDB_LIB_IO_POSIX -DROCKSDB_MALLOC_USABLE_SIZE -DROCKSDB_PLATFORM_POSIX -DROCKSDB_SCHED_GETCPU_PRESENT -DSNAPPY -I/opt/rustwide/target/debug/build/parity-snappy-sys-c3fd3fe0ee648fc2/out/build -I/opt/rustwide/cargo-home/registry/src/github.com-1ecc6299db9ec823/parity-rocksdb-sys-0.5.6/rocksdb -I/opt/rustwide/cargo-home/registry/src/github.com-1ecc6299db9ec823/parity-rocksdb-sys-0.5.6/rocksdb/include -isystem /opt/rustwide/cargo-home/registry/src/github.com-1ecc6299db9ec823/parity-rocksdb-sys-0.5.6/rocksdb/third-party/gtest-1.7.0/fused-src  -ffunction-sections -fdata-sections -fPIC -m64 -W -Wextra -Wall -Wsign-compare -Wshadow -Wno-unused-parameter -Wno-unused-variable -Woverloaded-virtual -Wnon-virtual-dtor -Wno-missing-field-initializers -Wno-strict-aliasing -std=c++11 -fno-builtin-memcmp -g -DROCKSDB_USE_RTTI   -o CMakeFiles/rocksdb.dir/memtable/skiplistrep.cc.o -c /opt/rustwide/cargo-home/registry/src/github.com-1ecc6299db9ec823/parity-rocksdb-sys-0.5.6/rocksdb/memtable/skiplistrep.cc
[INFO] [stderr]   /usr/bin/c++  -DOS_LINUX -DROCKSDB_LIB_IO_POSIX -DROCKSDB_MALLOC_USABLE_SIZE -DROCKSDB_PLATFORM_POSIX -DROCKSDB_SCHED_GETCPU_PRESENT -DSNAPPY -I/opt/rustwide/target/debug/build/parity-snappy-sys-c3fd3fe0ee648fc2/out/build -I/opt/rustwide/cargo-home/registry/src/github.com-1ecc6299db9ec823/parity-rocksdb-sys-0.5.6/rocksdb -I/opt/rustwide/cargo-home/registry/src/github.com-1ecc6299db9ec823/parity-rocksdb-sys-0.5.6/rocksdb/include -isystem /opt/rustwide/cargo-home/registry/src/github.com-1ecc6299db9ec823/parity-rocksdb-sys-0.5.6/rocksdb/third-party/gtest-1.7.0/fused-src  -ffunction-sections -fdata-sections -fPIC -m64 -W -Wextra -Wall -Wsign-compare -Wshadow -Wno-unused-parameter -Wno-unused-variable -Woverloaded-virtual -Wnon-virtual-dtor -Wno-missing-field-initializers -Wno-strict-aliasing -std=c++11 -fno-builtin-memcmp -g -DROCKSDB_USE_RTTI   -o CMakeFiles/rocksdb.dir/memtable/vectorrep.cc.o -c /opt/rustwide/cargo-home/registry/src/github.com-1ecc6299db9ec823/parity-rocksdb-sys-0.5.6/rocksdb/memtable/vectorrep.cc
[INFO] [stderr]   [ 24%] Building CXX object CMakeFiles/rocksdb.dir/memtable/hash_cuckoo_rep.cc.o
[INFO] [stderr]   /usr/bin/c++  -DOS_LINUX -DROCKSDB_LIB_IO_POSIX -DROCKSDB_MALLOC_USABLE_SIZE -DROCKSDB_PLATFORM_POSIX -DROCKSDB_SCHED_GETCPU_PRESENT -DSNAPPY -I/opt/rustwide/target/debug/build/parity-snappy-sys-c3fd3fe0ee648fc2/out/build -I/opt/rustwide/cargo-home/registry/src/github.com-1ecc6299db9ec823/parity-rocksdb-sys-0.5.6/rocksdb -I/opt/rustwide/cargo-home/registry/src/github.com-1ecc6299db9ec823/parity-rocksdb-sys-0.5.6/rocksdb/include -isystem /opt/rustwide/cargo-home/registry/src/github.com-1ecc6299db9ec823/parity-rocksdb-sys-0.5.6/rocksdb/third-party/gtest-1.7.0/fused-src  -ffunction-sections -fdata-sections -fPIC -m64 -W -Wextra -Wall -Wsign-compare -Wshadow -Wno-unused-parameter -Wno-unused-variable -Woverloaded-virtual -Wnon-virtual-dtor -Wno-missing-field-initializers -Wno-strict-aliasing -std=c++11 -fno-builtin-memcmp -g -DROCKSDB_USE_RTTI   -o CMakeFiles/rocksdb.dir/memtable/write_buffer_manager.cc.o -c /opt/rustwide/cargo-home/registry/src/github.com-1ecc6299db9ec823/parity-rocksdb-sys-0.5.6/rocksdb/memtable/write_buffer_manager.cc
[INFO] [stderr]   [ 24%] Building CXX object CMakeFiles/rocksdb.dir/table/cuckoo_table_reader.cc.o
[INFO] [stderr]   /usr/bin/c++  -DOS_LINUX -DROCKSDB_LIB_IO_POSIX -DROCKSDB_MALLOC_USABLE_SIZE -DROCKSDB_PLATFORM_POSIX -DROCKSDB_SCHED_GETCPU_PRESENT -DSNAPPY -I/opt/rustwide/target/debug/build/parity-snappy-sys-c3fd3fe0ee648fc2/out/build -I/opt/rustwide/cargo-home/registry/src/github.com-1ecc6299db9ec823/parity-rocksdb-sys-0.5.6/rocksdb -I/opt/rustwide/cargo-home/registry/src/github.com-1ecc6299db9ec823/parity-rocksdb-sys-0.5.6/rocksdb/include -isystem /opt/rustwide/cargo-home/registry/src/github.com-1ecc6299db9ec823/parity-rocksdb-sys-0.5.6/rocksdb/third-party/gtest-1.7.0/fused-src  -ffunction-sections -fdata-sections -fPIC -m64 -W -Wextra -Wall -Wsign-compare -Wshadow -Wno-unused-parameter -Wno-unused-variable -Woverloaded-virtual -Wnon-virtual-dtor -Wno-missing-field-initializers -Wno-strict-aliasing -std=c++11 -fno-builtin-memcmp -g -DROCKSDB_USE_RTTI   -o CMakeFiles/rocksdb.dir/monitoring/histogram_windowing.cc.o -c /opt/rustwide/cargo-home/registry/src/github.com-1ecc6299db9ec823/parity-rocksdb-sys-0.5.6/rocksdb/monitoring/histogram_windowing.cc
[INFO] [stderr]   /usr/bin/c++  -DOS_LINUX -DROCKSDB_LIB_IO_POSIX -DROCKSDB_MALLOC_USABLE_SIZE -DROCKSDB_PLATFORM_POSIX -DROCKSDB_SCHED_GETCPU_PRESENT -DSNAPPY -I/opt/rustwide/target/debug/build/parity-snappy-sys-c3fd3fe0ee648fc2/out/build -I/opt/rustwide/cargo-home/registry/src/github.com-1ecc6299db9ec823/parity-rocksdb-sys-0.5.6/rocksdb -I/opt/rustwide/cargo-home/registry/src/github.com-1ecc6299db9ec823/parity-rocksdb-sys-0.5.6/rocksdb/include -isystem /opt/rustwide/cargo-home/registry/src/github.com-1ecc6299db9ec823/parity-rocksdb-sys-0.5.6/rocksdb/third-party/gtest-1.7.0/fused-src  -ffunction-sections -fdata-sections -fPIC -m64 -W -Wextra -Wall -Wsign-compare -Wshadow -Wno-unused-parameter -Wno-unused-variable -Woverloaded-virtual -Wnon-virtual-dtor -Wno-missing-field-initializers -Wno-strict-aliasing -std=c++11 -fno-builtin-memcmp -g -DROCKSDB_USE_RTTI   -o CMakeFiles/rocksdb.dir/monitoring/instrumented_mutex.cc.o -c /opt/rustwide/cargo-home/registry/src/github.com-1ecc6299db9ec823/parity-rocksdb-sys-0.5.6/rocksdb/monitoring/instrumented_mutex.cc
[INFO] [stderr]   [ 27%] Building CXX object CMakeFiles/rocksdb.dir/db/range_del_aggregator.cc.o
[INFO] [stderr]   /usr/bin/c++  -DOS_LINUX -DROCKSDB_LIB_IO_POSIX -DROCKSDB_MALLOC_USABLE_SIZE -DROCKSDB_PLATFORM_POSIX -DROCKSDB_SCHED_GETCPU_PRESENT -DSNAPPY -I/opt/rustwide/target/debug/build/parity-snappy-sys-c3fd3fe0ee648fc2/out/build -I/opt/rustwide/cargo-home/registry/src/github.com-1ecc6299db9ec823/parity-rocksdb-sys-0.5.6/rocksdb -I/opt/rustwide/cargo-home/registry/src/github.com-1ecc6299db9ec823/parity-rocksdb-sys-0.5.6/rocksdb/include -isystem /opt/rustwide/cargo-home/registry/src/github.com-1ecc6299db9ec823/parity-rocksdb-sys-0.5.6/rocksdb/third-party/gtest-1.7.0/fused-src  -ffunction-sections -fdata-sections -fPIC -m64 -W -Wextra -Wall -Wsign-compare -Wshadow -Wno-unused-parameter -Wno-unused-variable -Woverloaded-virtual -Wnon-virtual-dtor -Wno-missing-field-initializers -Wno-strict-aliasing -std=c++11 -fno-builtin-memcmp -g -DROCKSDB_USE_RTTI   -o CMakeFiles/rocksdb.dir/monitoring/iostats_context.cc.o -c /opt/rustwide/cargo-home/registry/src/github.com-1ecc6299db9ec823/parity-rocksdb-sys-0.5.6/rocksdb/monitoring/iostats_context.cc
[INFO] [stderr]   /usr/bin/c++  -DOS_LINUX -DROCKSDB_LIB_IO_POSIX -DROCKSDB_MALLOC_USABLE_SIZE -DROCKSDB_PLATFORM_POSIX -DROCKSDB_SCHED_GETCPU_PRESENT -DSNAPPY -I/opt/rustwide/target/debug/build/parity-snappy-sys-c3fd3fe0ee648fc2/out/build -I/opt/rustwide/cargo-home/registry/src/github.com-1ecc6299db9ec823/parity-rocksdb-sys-0.5.6/rocksdb -I/opt/rustwide/cargo-home/registry/src/github.com-1ecc6299db9ec823/parity-rocksdb-sys-0.5.6/rocksdb/include -isystem /opt/rustwide/cargo-home/registry/src/github.com-1ecc6299db9ec823/parity-rocksdb-sys-0.5.6/rocksdb/third-party/gtest-1.7.0/fused-src  -ffunction-sections -fdata-sections -fPIC -m64 -W -Wextra -Wall -Wsign-compare -Wshadow -Wno-unused-parameter -Wno-unused-variable -Woverloaded-virtual -Wnon-virtual-dtor -Wno-missing-field-initializers -Wno-strict-aliasing -std=c++11 -fno-builtin-memcmp -g -DROCKSDB_USE_RTTI   -o CMakeFiles/rocksdb.dir/monitoring/perf_context.cc.o -c /opt/rustwide/cargo-home/registry/src/github.com-1ecc6299db9ec823/parity-rocksdb-sys-0.5.6/rocksdb/monitoring/perf_context.cc
[INFO] [stderr]   /usr/bin/c++  -DOS_LINUX -DROCKSDB_LIB_IO_POSIX -DROCKSDB_MALLOC_USABLE_SIZE -DROCKSDB_PLATFORM_POSIX -DROCKSDB_SCHED_GETCPU_PRESENT -DSNAPPY -I/opt/rustwide/target/debug/build/parity-snappy-sys-c3fd3fe0ee648fc2/out/build -I/opt/rustwide/cargo-home/registry/src/github.com-1ecc6299db9ec823/parity-rocksdb-sys-0.5.6/rocksdb -I/opt/rustwide/cargo-home/registry/src/github.com-1ecc6299db9ec823/parity-rocksdb-sys-0.5.6/rocksdb/include -isystem /opt/rustwide/cargo-home/registry/src/github.com-1ecc6299db9ec823/parity-rocksdb-sys-0.5.6/rocksdb/third-party/gtest-1.7.0/fused-src  -ffunction-sections -fdata-sections -fPIC -m64 -W -Wextra -Wall -Wsign-compare -Wshadow -Wno-unused-parameter -Wno-unused-variable -Woverloaded-virtual -Wnon-virtual-dtor -Wno-missing-field-initializers -Wno-strict-aliasing -std=c++11 -fno-builtin-memcmp -g -DROCKSDB_USE_RTTI   -o CMakeFiles/rocksdb.dir/memtable/hash_skiplist_rep.cc.o -c /opt/rustwide/cargo-home/registry/src/github.com-1ecc6299db9ec823/parity-rocksdb-sys-0.5.6/rocksdb/memtable/hash_skiplist_rep.cc
[INFO] [stderr]   [ 27%] Building CXX object CMakeFiles/rocksdb.dir/db/table_cache.cc.o
[INFO] [stderr]   [ 27%] Building CXX object CMakeFiles/rocksdb.dir/util/comparator.cc.o
[INFO] [stderr]   [ 27%] Building CXX object CMakeFiles/rocksdb.dir/table/cuckoo_table_factory.cc.o
[INFO] [stderr]   [ 31%] Building CXX object CMakeFiles/rocksdb.dir/db/db_iter.cc.o
[INFO] [stderr]   [ 31%] Building CXX object CMakeFiles/rocksdb.dir/db/log_reader.cc.o
[INFO] [stderr]   [ 31%] Building CXX object CMakeFiles/rocksdb.dir/db/version_builder.cc.o
[INFO] [stderr]   [ 31%] Building CXX object CMakeFiles/rocksdb.dir/options/options_parser.cc.o
[INFO] [stderr]   [ 31%] Building CXX object CMakeFiles/rocksdb.dir/db/convenience.cc.o
[INFO] [stderr]   [ 31%] Building CXX object CMakeFiles/rocksdb.dir/db/db_impl_debug.cc.o
[INFO] [stderr]   [ 31%] Building CXX object CMakeFiles/rocksdb.dir/table/plain_table_key_coding.cc.o
[INFO] [stderr]   /usr/bin/c++  -DOS_LINUX -DROCKSDB_LIB_IO_POSIX -DROCKSDB_MALLOC_USABLE_SIZE -DROCKSDB_PLATFORM_POSIX -DROCKSDB_SCHED_GETCPU_PRESENT -DSNAPPY -I/opt/rustwide/target/debug/build/parity-snappy-sys-c3fd3fe0ee648fc2/out/build -I/opt/rustwide/cargo-home/registry/src/github.com-1ecc6299db9ec823/parity-rocksdb-sys-0.5.6/rocksdb -I/opt/rustwide/cargo-home/registry/src/github.com-1ecc6299db9ec823/parity-rocksdb-sys-0.5.6/rocksdb/include -isystem /opt/rustwide/cargo-home/registry/src/github.com-1ecc6299db9ec823/parity-rocksdb-sys-0.5.6/rocksdb/third-party/gtest-1.7.0/fused-src  -ffunction-sections -fdata-sections -fPIC -m64 -W -Wextra -Wall -Wsign-compare -Wshadow -Wno-unused-parameter -Wno-unused-variable -Woverloaded-virtual -Wnon-virtual-dtor -Wno-missing-field-initializers -Wno-strict-aliasing -std=c++11 -fno-builtin-memcmp -g -DROCKSDB_USE_RTTI   -o CMakeFiles/rocksdb.dir/db/db_impl_debug.cc.o -c /opt/rustwide/cargo-home/registry/src/github.com-1ecc6299db9ec823/parity-rocksdb-sys-0.5.6/rocksdb/db/db_impl_debug.cc
[INFO] [stderr]   /usr/bin/c++  -DOS_LINUX -DROCKSDB_LIB_IO_POSIX -DROCKSDB_MALLOC_USABLE_SIZE -DROCKSDB_PLATFORM_POSIX -DROCKSDB_SCHED_GETCPU_PRESENT -DSNAPPY -I/opt/rustwide/target/debug/build/parity-snappy-sys-c3fd3fe0ee648fc2/out/build -I/opt/rustwide/cargo-home/registry/src/github.com-1ecc6299db9ec823/parity-rocksdb-sys-0.5.6/rocksdb -I/opt/rustwide/cargo-home/registry/src/github.com-1ecc6299db9ec823/parity-rocksdb-sys-0.5.6/rocksdb/include -isystem /opt/rustwide/cargo-home/registry/src/github.com-1ecc6299db9ec823/parity-rocksdb-sys-0.5.6/rocksdb/third-party/gtest-1.7.0/fused-src  -ffunction-sections -fdata-sections -fPIC -m64 -W -Wextra -Wall -Wsign-compare -Wshadow -Wno-unused-parameter -Wno-unused-variable -Woverloaded-virtual -Wnon-virtual-dtor -Wno-missing-field-initializers -Wno-strict-aliasing -std=c++11 -fno-builtin-memcmp -g -DROCKSDB_USE_RTTI   -o CMakeFiles/rocksdb.dir/db/db_iter.cc.o -c /opt/rustwide/cargo-home/registry/src/github.com-1ecc6299db9ec823/parity-rocksdb-sys-0.5.6/rocksdb/db/db_iter.cc
[INFO] [stderr]   [ 34%] Building CXX object CMakeFiles/rocksdb.dir/env/env_hdfs.cc.o
[INFO] [stderr]   [ 34%] Building CXX object CMakeFiles/rocksdb.dir/table/plain_table_factory.cc.o
[INFO] [stderr]   [ 34%] Building CXX object CMakeFiles/rocksdb.dir/port/stack_trace.cc.o
[INFO] [stderr]   [ 37%] Building CXX object CMakeFiles/rocksdb.dir/table/iterator.cc.o
[INFO] [stderr]   [ 31%] Building CXX object CMakeFiles/rocksdb.dir/table/format.cc.o
[INFO] [stderr]   [ 37%] Building CXX object CMakeFiles/rocksdb.dir/db/write_batch.cc.o
[INFO] [stderr]   [ 37%] Building CXX object CMakeFiles/rocksdb.dir/db/write_batch_base.cc.o
[INFO] [stderr]   [ 31%] Building CXX object CMakeFiles/rocksdb.dir/db/db_info_dumper.cc.o
[INFO] [stderr]   [ 37%] Building CXX object CMakeFiles/rocksdb.dir/table/two_level_iterator.cc.o
[INFO] [stderr]   [ 37%] Building CXX object CMakeFiles/rocksdb.dir/db/db_impl.cc.o
[INFO] [stderr]   [ 37%] Building CXX object CMakeFiles/rocksdb.dir/db/write_controller.cc.o
[INFO] [stderr]   [ 37%] Building CXX object CMakeFiles/rocksdb.dir/table/block_prefix_index.cc.o
[INFO] [stderr]   [ 37%] Building CXX object CMakeFiles/rocksdb.dir/db/db_filesnapshot.cc.o
[INFO] [stderr]   [ 37%] Building CXX object CMakeFiles/rocksdb.dir/table/block_builder.cc.o
[INFO] [stderr]   [ 37%] Building CXX object CMakeFiles/rocksdb.dir/monitoring/thread_status_updater.cc.o
[INFO] [stderr]   [ 37%] Building CXX object CMakeFiles/rocksdb.dir/tools/dump/db_dump_tool.cc.o
[INFO] [stderr]   /usr/bin/c++  -DOS_LINUX -DROCKSDB_LIB_IO_POSIX -DROCKSDB_MALLOC_USABLE_SIZE -DROCKSDB_PLATFORM_POSIX -DROCKSDB_SCHED_GETCPU_PRESENT -DSNAPPY -I/opt/rustwide/target/debug/build/parity-snappy-sys-c3fd3fe0ee648fc2/out/build -I/opt/rustwide/cargo-home/registry/src/github.com-1ecc6299db9ec823/parity-rocksdb-sys-0.5.6/rocksdb -I/opt/rustwide/cargo-home/registry/src/github.com-1ecc6299db9ec823/parity-rocksdb-sys-0.5.6/rocksdb/include -isystem /opt/rustwide/cargo-home/registry/src/github.com-1ecc6299db9ec823/parity-rocksdb-sys-0.5.6/rocksdb/third-party/gtest-1.7.0/fused-src  -ffunction-sections -fdata-sections -fPIC -m64 -W -Wextra -Wall -Wsign-compare -Wshadow -Wno-unused-parameter -Wno-unused-variable -Woverloaded-virtual -Wnon-virtual-dtor -Wno-missing-field-initializers -Wno-strict-aliasing -std=c++11 -fno-builtin-memcmp -g -DROCKSDB_USE_RTTI   -o CMakeFiles/rocksdb.dir/db/db_filesnapshot.cc.o -c /opt/rustwide/cargo-home/registry/src/github.com-1ecc6299db9ec823/parity-rocksdb-sys-0.5.6/rocksdb/db/db_filesnapshot.cc
[INFO] [stderr]   [ 37%] Building CXX object CMakeFiles/rocksdb.dir/table/block.cc.o
[INFO] [stderr]   /usr/bin/c++  -DOS_LINUX -DROCKSDB_LIB_IO_POSIX -DROCKSDB_MALLOC_USABLE_SIZE -DROCKSDB_PLATFORM_POSIX -DROCKSDB_SCHED_GETCPU_PRESENT -DSNAPPY -I/opt/rustwide/target/debug/build/parity-snappy-sys-c3fd3fe0ee648fc2/out/build -I/opt/rustwide/cargo-home/registry/src/github.com-1ecc6299db9ec823/parity-rocksdb-sys-0.5.6/rocksdb -I/opt/rustwide/cargo-home/registry/src/github.com-1ecc6299db9ec823/parity-rocksdb-sys-0.5.6/rocksdb/include -isystem /opt/rustwide/cargo-home/registry/src/github.com-1ecc6299db9ec823/parity-rocksdb-sys-0.5.6/rocksdb/third-party/gtest-1.7.0/fused-src  -ffunction-sections -fdata-sections -fPIC -m64 -W -Wextra -Wall -Wsign-compare -Wshadow -Wno-unused-parameter -Wno-unused-variable -Woverloaded-virtual -Wnon-virtual-dtor -Wno-missing-field-initializers -Wno-strict-aliasing -std=c++11 -fno-builtin-memcmp -g -DROCKSDB_USE_RTTI   -o CMakeFiles/rocksdb.dir/db/db_impl.cc.o -c /opt/rustwide/cargo-home/registry/src/github.com-1ecc6299db9ec823/parity-rocksdb-sys-0.5.6/rocksdb/db/db_impl.cc
[INFO] [stderr]   [ 41%] Building CXX object CMakeFiles/rocksdb.dir/db/memtable_list.cc.o
[INFO] [stderr]   /usr/bin/c++  -DOS_LINUX -DROCKSDB_LIB_IO_POSIX -DROCKSDB_MALLOC_USABLE_SIZE -DROCKSDB_PLATFORM_POSIX -DROCKSDB_SCHED_GETCPU_PRESENT -DSNAPPY -I/opt/rustwide/target/debug/build/parity-snappy-sys-c3fd3fe0ee648fc2/out/build -I/opt/rustwide/cargo-home/registry/src/github.com-1ecc6299db9ec823/parity-rocksdb-sys-0.5.6/rocksdb -I/opt/rustwide/cargo-home/registry/src/github.com-1ecc6299db9ec823/parity-rocksdb-sys-0.5.6/rocksdb/include -isystem /opt/rustwide/cargo-home/registry/src/github.com-1ecc6299db9ec823/parity-rocksdb-sys-0.5.6/rocksdb/third-party/gtest-1.7.0/fused-src  -ffunction-sections -fdata-sections -fPIC -m64 -W -Wextra -Wall -Wsign-compare -Wshadow -Wno-unused-parameter -Wno-unused-variable -Woverloaded-virtual -Wnon-virtual-dtor -Wno-missing-field-initializers -Wno-strict-aliasing -std=c++11 -fno-builtin-memcmp -g -DROCKSDB_USE_RTTI   -o CMakeFiles/rocksdb.dir/db/db_impl_write.cc.o -c /opt/rustwide/cargo-home/registry/src/github.com-1ecc6299db9ec823/parity-rocksdb-sys-0.5.6/rocksdb/db/db_impl_write.cc
[INFO] [stderr]   [ 41%] Building CXX object CMakeFiles/rocksdb.dir/monitoring/statistics.cc.o
[INFO] [stderr]   [ 41%] Building CXX object CMakeFiles/rocksdb.dir/table/partitioned_filter_block.cc.o
[INFO] [stderr]   [ 41%] Building CXX object CMakeFiles/rocksdb.dir/tools/ldb_tool.cc.o
[INFO] [stderr]   [ 41%] Building CXX object CMakeFiles/rocksdb.dir/db/dbformat.cc.o
[INFO] [stderr]   /usr/bin/c++  -DOS_LINUX -DROCKSDB_LIB_IO_POSIX -DROCKSDB_MALLOC_USABLE_SIZE -DROCKSDB_PLATFORM_POSIX -DROCKSDB_SCHED_GETCPU_PRESENT -DSNAPPY -I/opt/rustwide/target/debug/build/parity-snappy-sys-c3fd3fe0ee648fc2/out/build -I/opt/rustwide/cargo-home/registry/src/github.com-1ecc6299db9ec823/parity-rocksdb-sys-0.5.6/rocksdb -I/opt/rustwide/cargo-home/registry/src/github.com-1ecc6299db9ec823/parity-rocksdb-sys-0.5.6/rocksdb/include -isystem /opt/rustwide/cargo-home/registry/src/github.com-1ecc6299db9ec823/parity-rocksdb-sys-0.5.6/rocksdb/third-party/gtest-1.7.0/fused-src  -ffunction-sections -fdata-sections -fPIC -m64 -W -Wextra -Wall -Wsign-compare -Wshadow -Wno-unused-parameter -Wno-unused-variable -Woverloaded-virtual -Wnon-virtual-dtor -Wno-missing-field-initializers -Wno-strict-aliasing -std=c++11 -fno-builtin-memcmp -g -DROCKSDB_USE_RTTI   -o CMakeFiles/rocksdb.dir/db/db_info_dumper.cc.o -c /opt/rustwide/cargo-home/registry/src/github.com-1ecc6299db9ec823/parity-rocksdb-sys-0.5.6/rocksdb/db/db_info_dumper.cc
[INFO] [stderr]   /usr/bin/c++  -DOS_LINUX -DROCKSDB_LIB_IO_POSIX -DROCKSDB_MALLOC_USABLE_SIZE -DROCKSDB_PLATFORM_POSIX -DROCKSDB_SCHED_GETCPU_PRESENT -DSNAPPY -I/opt/rustwide/target/debug/build/parity-snappy-sys-c3fd3fe0ee648fc2/out/build -I/opt/rustwide/cargo-home/registry/src/github.com-1ecc6299db9ec823/parity-rocksdb-sys-0.5.6/rocksdb -I/opt/rustwide/cargo-home/registry/src/github.com-1ecc6299db9ec823/parity-rocksdb-sys-0.5.6/rocksdb/include -isystem /opt/rustwide/cargo-home/registry/src/github.com-1ecc6299db9ec823/parity-rocksdb-sys-0.5.6/rocksdb/third-party/gtest-1.7.0/fused-src  -ffunction-sections -fdata-sections -fPIC -m64 -W -Wextra -Wall -Wsign-compare -Wshadow -Wno-unused-parameter -Wno-unused-variable -Woverloaded-virtual -Wnon-virtual-dtor -Wno-missing-field-initializers -Wno-strict-aliasing -std=c++11 -fno-builtin-memcmp -g -DROCKSDB_USE_RTTI   -o CMakeFiles/rocksdb.dir/db/event_helpers.cc.o -c /opt/rustwide/cargo-home/registry/src/github.com-1ecc6299db9ec823/parity-rocksdb-sys-0.5.6/rocksdb/db/event_helpers.cc
[INFO] [stderr]   /usr/bin/c++  -DOS_LINUX -DROCKSDB_LIB_IO_POSIX -DROCKSDB_MALLOC_USABLE_SIZE -DROCKSDB_PLATFORM_POSIX -DROCKSDB_SCHED_GETCPU_PRESENT -DSNAPPY -I/opt/rustwide/target/debug/build/parity-snappy-sys-c3fd3fe0ee648fc2/out/build -I/opt/rustwide/cargo-home/registry/src/github.com-1ecc6299db9ec823/parity-rocksdb-sys-0.5.6/rocksdb -I/opt/rustwide/cargo-home/registry/src/github.com-1ecc6299db9ec823/parity-rocksdb-sys-0.5.6/rocksdb/include -isystem /opt/rustwide/cargo-home/registry/src/github.com-1ecc6299db9ec823/parity-rocksdb-sys-0.5.6/rocksdb/third-party/gtest-1.7.0/fused-src  -ffunction-sections -fdata-sections -fPIC -m64 -W -Wextra -Wall -Wsign-compare -Wshadow -Wno-unused-parameter -Wno-unused-variable -Woverloaded-virtual -Wnon-virtual-dtor -Wno-missing-field-initializers -Wno-strict-aliasing -std=c++11 -fno-builtin-memcmp -g -DROCKSDB_USE_RTTI   -o CMakeFiles/rocksdb.dir/db/external_sst_file_ingestion_job.cc.o -c /opt/rustwide/cargo-home/registry/src/github.com-1ecc6299db9ec823/parity-rocksdb-sys-0.5.6/rocksdb/db/external_sst_file_ingestion_job.cc
[INFO] [stderr]   /usr/bin/c++  -DOS_LINUX -DROCKSDB_LIB_IO_POSIX -DROCKSDB_MALLOC_USABLE_SIZE -DROCKSDB_PLATFORM_POSIX -DROCKSDB_SCHED_GETCPU_PRESENT -DSNAPPY -I/opt/rustwide/target/debug/build/parity-snappy-sys-c3fd3fe0ee648fc2/out/build -I/opt/rustwide/cargo-home/registry/src/github.com-1ecc6299db9ec823/parity-rocksdb-sys-0.5.6/rocksdb -I/opt/rustwide/cargo-home/registry/src/github.com-1ecc6299db9ec823/parity-rocksdb-sys-0.5.6/rocksdb/include -isystem /opt/rustwide/cargo-home/registry/src/github.com-1ecc6299db9ec823/parity-rocksdb-sys-0.5.6/rocksdb/third-party/gtest-1.7.0/fused-src  -ffunction-sections -fdata-sections -fPIC -m64 -W -Wextra -Wall -Wsign-compare -Wshadow -Wno-unused-parameter -Wno-unused-variable -Woverloaded-virtual -Wnon-virtual-dtor -Wno-missing-field-initializers -Wno-strict-aliasing -std=c++11 -fno-builtin-memcmp -g -DROCKSDB_USE_RTTI   -o CMakeFiles/rocksdb.dir/db/logs_with_prep_tracker.cc.o -c /opt/rustwide/cargo-home/registry/src/github.com-1ecc6299db9ec823/parity-rocksdb-sys-0.5.6/rocksdb/db/logs_with_prep_tracker.cc
[INFO] [stderr]   /usr/bin/c++  -DOS_LINUX -DROCKSDB_LIB_IO_POSIX -DROCKSDB_MALLOC_USABLE_SIZE -DROCKSDB_PLATFORM_POSIX -DROCKSDB_SCHED_GETCPU_PRESENT -DSNAPPY -I/opt/rustwide/target/debug/build/parity-snappy-sys-c3fd3fe0ee648fc2/out/build -I/opt/rustwide/cargo-home/registry/src/github.com-1ecc6299db9ec823/parity-rocksdb-sys-0.5.6/rocksdb -I/opt/rustwide/cargo-home/registry/src/github.com-1ecc6299db9ec823/parity-rocksdb-sys-0.5.6/rocksdb/include -isystem /opt/rustwide/cargo-home/registry/src/github.com-1ecc6299db9ec823/parity-rocksdb-sys-0.5.6/rocksdb/third-party/gtest-1.7.0/fused-src  -ffunction-sections -fdata-sections -fPIC -m64 -W -Wextra -Wall -Wsign-compare -Wshadow -Wno-unused-parameter -Wno-unused-variable -Woverloaded-virtual -Wnon-virtual-dtor -Wno-missing-field-initializers -Wno-strict-aliasing -std=c++11 -fno-builtin-memcmp -g -DROCKSDB_USE_RTTI   -o CMakeFiles/rocksdb.dir/db/log_reader.cc.o -c /opt/rustwide/cargo-home/registry/src/github.com-1ecc6299db9ec823/parity-rocksdb-sys-0.5.6/rocksdb/db/log_reader.cc
[INFO] [stderr]   [ 41%] Building CXX object CMakeFiles/rocksdb.dir/util/coding.cc.o
[INFO] [stderr]   [ 41%] Building CXX object CMakeFiles/rocksdb.dir/db/compaction_picker.cc.o
[INFO] [stderr]   [ 37%] Building CXX object CMakeFiles/rocksdb.dir/table/block_based_table_factory.cc.o
[INFO] [stderr]   /usr/bin/c++  -DOS_LINUX -DROCKSDB_LIB_IO_POSIX -DROCKSDB_MALLOC_USABLE_SIZE -DROCKSDB_PLATFORM_POSIX -DROCKSDB_SCHED_GETCPU_PRESENT -DSNAPPY -I/opt/rustwide/target/debug/build/parity-snappy-sys-c3fd3fe0ee648fc2/out/build -I/opt/rustwide/cargo-home/registry/src/github.com-1ecc6299db9ec823/parity-rocksdb-sys-0.5.6/rocksdb -I/opt/rustwide/cargo-home/registry/src/github.com-1ecc6299db9ec823/parity-rocksdb-sys-0.5.6/rocksdb/include -isystem /opt/rustwide/cargo-home/registry/src/github.com-1ecc6299db9ec823/parity-rocksdb-sys-0.5.6/rocksdb/third-party/gtest-1.7.0/fused-src  -ffunction-sections -fdata-sections -fPIC -m64 -W -Wextra -Wall -Wsign-compare -Wshadow -Wno-unused-parameter -Wno-unused-variable -Woverloaded-virtual -Wnon-virtual-dtor -Wno-missing-field-initializers -Wno-strict-aliasing -std=c++11 -fno-builtin-memcmp -g -DROCKSDB_USE_RTTI   -o CMakeFiles/rocksdb.dir/db/managed_iterator.cc.o -c /opt/rustwide/cargo-home/registry/src/github.com-1ecc6299db9ec823/parity-rocksdb-sys-0.5.6/rocksdb/db/managed_iterator.cc
[INFO] [stderr]   [ 41%] Building CXX object CMakeFiles/rocksdb.dir/db/memtable.cc.o
[INFO] [stderr]   /usr/bin/c++  -DOS_LINUX -DROCKSDB_LIB_IO_POSIX -DROCKSDB_MALLOC_USABLE_SIZE -DROCKSDB_PLATFORM_POSIX -DROCKSDB_SCHED_GETCPU_PRESENT -DSNAPPY -I/opt/rustwide/target/debug/build/parity-snappy-sys-c3fd3fe0ee648fc2/out/build -I/opt/rustwide/cargo-home/registry/src/github.com-1ecc6299db9ec823/parity-rocksdb-sys-0.5.6/rocksdb -I/opt/rustwide/cargo-home/registry/src/github.com-1ecc6299db9ec823/parity-rocksdb-sys-0.5.6/rocksdb/include -isystem /opt/rustwide/cargo-home/registry/src/github.com-1ecc6299db9ec823/parity-rocksdb-sys-0.5.6/rocksdb/third-party/gtest-1.7.0/fused-src  -ffunction-sections -fdata-sections -fPIC -m64 -W -Wextra -Wall -Wsign-compare -Wshadow -Wno-unused-parameter -Wno-unused-variable -Woverloaded-virtual -Wnon-virtual-dtor -Wno-missing-field-initializers -Wno-strict-aliasing -std=c++11 -fno-builtin-memcmp -g -DROCKSDB_USE_RTTI   -o CMakeFiles/rocksdb.dir/db/memtable_list.cc.o -c /opt/rustwide/cargo-home/registry/src/github.com-1ecc6299db9ec823/parity-rocksdb-sys-0.5.6/rocksdb/db/memtable_list.cc
[INFO] [stderr]   /usr/bin/c++  -DOS_LINUX -DROCKSDB_LIB_IO_POSIX -DROCKSDB_MALLOC_USABLE_SIZE -DROCKSDB_PLATFORM_POSIX -DROCKSDB_SCHED_GETCPU_PRESENT -DSNAPPY -I/opt/rustwide/target/debug/build/parity-snappy-sys-c3fd3fe0ee648fc2/out/build -I/opt/rustwide/cargo-home/registry/src/github.com-1ecc6299db9ec823/parity-rocksdb-sys-0.5.6/rocksdb -I/opt/rustwide/cargo-home/registry/src/github.com-1ecc6299db9ec823/parity-rocksdb-sys-0.5.6/rocksdb/include -isystem /opt/rustwide/cargo-home/registry/src/github.com-1ecc6299db9ec823/parity-rocksdb-sys-0.5.6/rocksdb/third-party/gtest-1.7.0/fused-src  -ffunction-sections -fdata-sections -fPIC -m64 -W -Wextra -Wall -Wsign-compare -Wshadow -Wno-unused-parameter -Wno-unused-variable -Woverloaded-virtual -Wnon-virtual-dtor -Wno-missing-field-initializers -Wno-strict-aliasing -std=c++11 -fno-builtin-memcmp -g -DROCKSDB_USE_RTTI   -o CMakeFiles/rocksdb.dir/db/repair.cc.o -c /opt/rustwide/cargo-home/registry/src/github.com-1ecc6299db9ec823/parity-rocksdb-sys-0.5.6/rocksdb/db/repair.cc
[INFO] [stderr]   /usr/bin/c++  -DOS_LINUX -DROCKSDB_LIB_IO_POSIX -DROCKSDB_MALLOC_USABLE_SIZE -DROCKSDB_PLATFORM_POSIX -DROCKSDB_SCHED_GETCPU_PRESENT -DSNAPPY -I/opt/rustwide/target/debug/build/parity-snappy-sys-c3fd3fe0ee648fc2/out/build -I/opt/rustwide/cargo-home/registry/src/github.com-1ecc6299db9ec823/parity-rocksdb-sys-0.5.6/rocksdb -I/opt/rustwide/cargo-home/registry/src/github.com-1ecc6299db9ec823/parity-rocksdb-sys-0.5.6/rocksdb/include -isystem /opt/rustwide/cargo-home/registry/src/github.com-1ecc6299db9ec823/parity-rocksdb-sys-0.5.6/rocksdb/third-party/gtest-1.7.0/fused-src  -ffunction-sections -fdata-sections -fPIC -m64 -W -Wextra -Wall -Wsign-compare -Wshadow -Wno-unused-parameter -Wno-unused-variable -Woverloaded-virtual -Wnon-virtual-dtor -Wno-missing-field-initializers -Wno-strict-aliasing -std=c++11 -fno-builtin-memcmp -g -DROCKSDB_USE_RTTI   -o CMakeFiles/rocksdb.dir/db/db_impl_readonly.cc.o -c /opt/rustwide/cargo-home/registry/src/github.com-1ecc6299db9ec823/parity-rocksdb-sys-0.5.6/rocksdb/db/db_impl_readonly.cc
[INFO] [stderr]   /usr/bin/c++  -DOS_LINUX -DROCKSDB_LIB_IO_POSIX -DROCKSDB_MALLOC_USABLE_SIZE -DROCKSDB_PLATFORM_POSIX -DROCKSDB_SCHED_GETCPU_PRESENT -DSNAPPY -I/opt/rustwide/target/debug/build/parity-snappy-sys-c3fd3fe0ee648fc2/out/build -I/opt/rustwide/cargo-home/registry/src/github.com-1ecc6299db9ec823/parity-rocksdb-sys-0.5.6/rocksdb -I/opt/rustwide/cargo-home/registry/src/github.com-1ecc6299db9ec823/parity-rocksdb-sys-0.5.6/rocksdb/include -isystem /opt/rustwide/cargo-home/registry/src/github.com-1ecc6299db9ec823/parity-rocksdb-sys-0.5.6/rocksdb/third-party/gtest-1.7.0/fused-src  -ffunction-sections -fdata-sections -fPIC -m64 -W -Wextra -Wall -Wsign-compare -Wshadow -Wno-unused-parameter -Wno-unused-variable -Woverloaded-virtual -Wnon-virtual-dtor -Wno-missing-field-initializers -Wno-strict-aliasing -std=c++11 -fno-builtin-memcmp -g -DROCKSDB_USE_RTTI   -o CMakeFiles/rocksdb.dir/db/memtable.cc.o -c /opt/rustwide/cargo-home/registry/src/github.com-1ecc6299db9ec823/parity-rocksdb-sys-0.5.6/rocksdb/db/memtable.cc
[INFO] [stderr]   /usr/bin/c++  -DOS_LINUX -DROCKSDB_LIB_IO_POSIX -DROCKSDB_MALLOC_USABLE_SIZE -DROCKSDB_PLATFORM_POSIX -DROCKSDB_SCHED_GETCPU_PRESENT -DSNAPPY -I/opt/rustwide/target/debug/build/parity-snappy-sys-c3fd3fe0ee648fc2/out/build -I/opt/rustwide/cargo-home/registry/src/github.com-1ecc6299db9ec823/parity-rocksdb-sys-0.5.6/rocksdb -I/opt/rustwide/cargo-home/registry/src/github.com-1ecc6299db9ec823/parity-rocksdb-sys-0.5.6/rocksdb/include -isystem /opt/rustwide/cargo-home/registry/src/github.com-1ecc6299db9ec823/parity-rocksdb-sys-0.5.6/rocksdb/third-party/gtest-1.7.0/fused-src  -ffunction-sections -fdata-sections -fPIC -m64 -W -Wextra -Wall -Wsign-compare -Wshadow -Wno-unused-parameter -Wno-unused-variable -Woverloaded-virtual -Wnon-virtual-dtor -Wno-missing-field-initializers -Wno-strict-aliasing -std=c++11 -fno-builtin-memcmp -g -DROCKSDB_USE_RTTI   -o CMakeFiles/rocksdb.dir/db/compaction_picker_universal.cc.o -c /opt/rustwide/cargo-home/registry/src/github.com-1ecc6299db9ec823/parity-rocksdb-sys-0.5.6/rocksdb/db/compaction_picker_universal.cc
[INFO] [stderr]   /usr/bin/c++  -DOS_LINUX -DROCKSDB_LIB_IO_POSIX -DROCKSDB_MALLOC_USABLE_SIZE -DROCKSDB_PLATFORM_POSIX -DROCKSDB_SCHED_GETCPU_PRESENT -DSNAPPY -I/opt/rustwide/target/debug/build/parity-snappy-sys-c3fd3fe0ee648fc2/out/build -I/opt/rustwide/cargo-home/registry/src/github.com-1ecc6299db9ec823/parity-rocksdb-sys-0.5.6/rocksdb -I/opt/rustwide/cargo-home/registry/src/github.com-1ecc6299db9ec823/parity-rocksdb-sys-0.5.6/rocksdb/include -isystem /opt/rustwide/cargo-home/registry/src/github.com-1ecc6299db9ec823/parity-rocksdb-sys-0.5.6/rocksdb/third-party/gtest-1.7.0/fused-src  -ffunction-sections -fdata-sections -fPIC -m64 -W -Wextra -Wall -Wsign-compare -Wshadow -Wno-unused-parameter -Wno-unused-variable -Woverloaded-virtual -Wnon-virtual-dtor -Wno-missing-field-initializers -Wno-strict-aliasing -std=c++11 -fno-builtin-memcmp -g -DROCKSDB_USE_RTTI   -o CMakeFiles/rocksdb.dir/db/convenience.cc.o -c /opt/rustwide/cargo-home/registry/src/github.com-1ecc6299db9ec823/parity-rocksdb-sys-0.5.6/rocksdb/db/convenience.cc
[INFO] [stderr]   /usr/bin/c++  -DOS_LINUX -DROCKSDB_LIB_IO_POSIX -DROCKSDB_MALLOC_USABLE_SIZE -DROCKSDB_PLATFORM_POSIX -DROCKSDB_SCHED_GETCPU_PRESENT -DSNAPPY -I/opt/rustwide/target/debug/build/parity-snappy-sys-c3fd3fe0ee648fc2/out/build -I/opt/rustwide/cargo-home/registry/src/github.com-1ecc6299db9ec823/parity-rocksdb-sys-0.5.6/rocksdb -I/opt/rustwide/cargo-home/registry/src/github.com-1ecc6299db9ec823/parity-rocksdb-sys-0.5.6/rocksdb/include -isystem /opt/rustwide/cargo-home/registry/src/github.com-1ecc6299db9ec823/parity-rocksdb-sys-0.5.6/rocksdb/third-party/gtest-1.7.0/fused-src  -ffunction-sections -fdata-sections -fPIC -m64 -W -Wextra -Wall -Wsign-compare -Wshadow -Wno-unused-parameter -Wno-unused-variable -Woverloaded-virtual -Wnon-virtual-dtor -Wno-missing-field-initializers -Wno-strict-aliasing -std=c++11 -fno-builtin-memcmp -g -DROCKSDB_USE_RTTI   -o CMakeFiles/rocksdb.dir/db/dbformat.cc.o -c /opt/rustwide/cargo-home/registry/src/github.com-1ecc6299db9ec823/parity-rocksdb-sys-0.5.6/rocksdb/db/dbformat.cc
[INFO] [stderr]   /usr/bin/c++  -DOS_LINUX -DROCKSDB_LIB_IO_POSIX -DROCKSDB_MALLOC_USABLE_SIZE -DROCKSDB_PLATFORM_POSIX -DROCKSDB_SCHED_GETCPU_PRESENT -DSNAPPY -I/opt/rustwide/target/debug/build/parity-snappy-sys-c3fd3fe0ee648fc2/out/build -I/opt/rustwide/cargo-home/registry/src/github.com-1ecc6299db9ec823/parity-rocksdb-sys-0.5.6/rocksdb -I/opt/rustwide/cargo-home/registry/src/github.com-1ecc6299db9ec823/parity-rocksdb-sys-0.5.6/rocksdb/include -isystem /opt/rustwide/cargo-home/registry/src/github.com-1ecc6299db9ec823/parity-rocksdb-sys-0.5.6/rocksdb/third-party/gtest-1.7.0/fused-src  -ffunction-sections -fdata-sections -fPIC -m64 -W -Wextra -Wall -Wsign-compare -Wshadow -Wno-unused-parameter -Wno-unused-variable -Woverloaded-virtual -Wnon-virtual-dtor -Wno-missing-field-initializers -Wno-strict-aliasing -std=c++11 -fno-builtin-memcmp -g -DROCKSDB_USE_RTTI   -o CMakeFiles/rocksdb.dir/db/table_cache.cc.o -c /opt/rustwide/cargo-home/registry/src/github.com-1ecc6299db9ec823/parity-rocksdb-sys-0.5.6/rocksdb/db/table_cache.cc
[INFO] [stderr]   /usr/bin/c++  -DOS_LINUX -DROCKSDB_LIB_IO_POSIX -DROCKSDB_MALLOC_USABLE_SIZE -DROCKSDB_PLATFORM_POSIX -DROCKSDB_SCHED_GETCPU_PRESENT -DSNAPPY -I/opt/rustwide/target/debug/build/parity-snappy-sys-c3fd3fe0ee648fc2/out/build -I/opt/rustwide/cargo-home/registry/src/github.com-1ecc6299db9ec823/parity-rocksdb-sys-0.5.6/rocksdb -I/opt/rustwide/cargo-home/registry/src/github.com-1ecc6299db9ec823/parity-rocksdb-sys-0.5.6/rocksdb/include -isystem /opt/rustwide/cargo-home/registry/src/github.com-1ecc6299db9ec823/parity-rocksdb-sys-0.5.6/rocksdb/third-party/gtest-1.7.0/fused-src  -ffunction-sections -fdata-sections -fPIC -m64 -W -Wextra -Wall -Wsign-compare -Wshadow -Wno-unused-parameter -Wno-unused-variable -Woverloaded-virtual -Wnon-virtual-dtor -Wno-missing-field-initializers -Wno-strict-aliasing -std=c++11 -fno-builtin-memcmp -g -DROCKSDB_USE_RTTI   -o CMakeFiles/rocksdb.dir/db/version_builder.cc.o -c /opt/rustwide/cargo-home/registry/src/github.com-1ecc6299db9ec823/parity-rocksdb-sys-0.5.6/rocksdb/db/version_builder.cc
[INFO] [stderr]   [ 44%] Building CXX object CMakeFiles/rocksdb.dir/table/adaptive_table_factory.cc.o
[INFO] [stderr]   [ 41%] Building CXX object CMakeFiles/rocksdb.dir/memtable/hash_linklist_rep.cc.o
[INFO] [stderr]   /usr/bin/c++  -DOS_LINUX -DROCKSDB_LIB_IO_POSIX -DROCKSDB_MALLOC_USABLE_SIZE -DROCKSDB_PLATFORM_POSIX -DROCKSDB_SCHED_GETCPU_PRESENT -DSNAPPY -I/opt/rustwide/target/debug/build/parity-snappy-sys-c3fd3fe0ee648fc2/out/build -I/opt/rustwide/cargo-home/registry/src/github.com-1ecc6299db9ec823/parity-rocksdb-sys-0.5.6/rocksdb -I/opt/rustwide/cargo-home/registry/src/github.com-1ecc6299db9ec823/parity-rocksdb-sys-0.5.6/rocksdb/include -isystem /opt/rustwide/cargo-home/registry/src/github.com-1ecc6299db9ec823/parity-rocksdb-sys-0.5.6/rocksdb/third-party/gtest-1.7.0/fused-src  -ffunction-sections -fdata-sections -fPIC -m64 -W -Wextra -Wall -Wsign-compare -Wshadow -Wno-unused-parameter -Wno-unused-variable -Woverloaded-virtual -Wnon-virtual-dtor -Wno-missing-field-initializers -Wno-strict-aliasing -std=c++11 -fno-builtin-memcmp -g -DROCKSDB_USE_RTTI   -o CMakeFiles/rocksdb.dir/db/version_edit.cc.o -c /opt/rustwide/cargo-home/registry/src/github.com-1ecc6299db9ec823/parity-rocksdb-sys-0.5.6/rocksdb/db/version_edit.cc
[INFO] [stderr]   [ 44%] Building CXX object CMakeFiles/rocksdb.dir/db/flush_job.cc.o
[INFO] [stderr]   [ 44%] Building CXX object CMakeFiles/rocksdb.dir/tools/sst_dump_tool.cc.o
[INFO] [stderr]   [ 48%] Building CXX object CMakeFiles/rocksdb.dir/db/wal_manager.cc.o
[INFO] [stderr]   [ 48%] Building CXX object CMakeFiles/rocksdb.dir/table/get_context.cc.o
[INFO] [stderr]   [ 48%] Building CXX object CMakeFiles/rocksdb.dir/env/mock_env.cc.o
[INFO] [stderr]   [ 48%] Building CXX object CMakeFiles/rocksdb.dir/db/compaction_job.cc.o
[INFO] [stderr]   [ 48%] Building CXX object CMakeFiles/rocksdb.dir/db/merge_operator.cc.o
[INFO] [stderr]   [ 48%] Building CXX object CMakeFiles/rocksdb.dir/db/internal_stats.cc.o
[INFO] [stderr]   [ 48%] Building CXX object CMakeFiles/rocksdb.dir/db/table_properties_collector.cc.o
[INFO] [stderr]   /usr/bin/c++  -DOS_LINUX -DROCKSDB_LIB_IO_POSIX -DROCKSDB_MALLOC_USABLE_SIZE -DROCKSDB_PLATFORM_POSIX -DROCKSDB_SCHED_GETCPU_PRESENT -DSNAPPY -I/opt/rustwide/target/debug/build/parity-snappy-sys-c3fd3fe0ee648fc2/out/build -I/opt/rustwide/cargo-home/registry/src/github.com-1ecc6299db9ec823/parity-rocksdb-sys-0.5.6/rocksdb -I/opt/rustwide/cargo-home/registry/src/github.com-1ecc6299db9ec823/parity-rocksdb-sys-0.5.6/rocksdb/include -isystem /opt/rustwide/cargo-home/registry/src/github.com-1ecc6299db9ec823/parity-rocksdb-sys-0.5.6/rocksdb/third-party/gtest-1.7.0/fused-src  -ffunction-sections -fdata-sections -fPIC -m64 -W -Wextra -Wall -Wsign-compare -Wshadow -Wno-unused-parameter -Wno-unused-variable -Woverloaded-virtual -Wnon-virtual-dtor -Wno-missing-field-initializers -Wno-strict-aliasing -std=c++11 -fno-builtin-memcmp -g -DROCKSDB_USE_RTTI   -o CMakeFiles/rocksdb.dir/db/compaction_job.cc.o -c /opt/rustwide/cargo-home/registry/src/github.com-1ecc6299db9ec823/parity-rocksdb-sys-0.5.6/rocksdb/db/compaction_job.cc
[INFO] [stderr]   /usr/bin/c++  -DOS_LINUX -DROCKSDB_LIB_IO_POSIX -DROCKSDB_MALLOC_USABLE_SIZE -DROCKSDB_PLATFORM_POSIX -DROCKSDB_SCHED_GETCPU_PRESENT -DSNAPPY -I/opt/rustwide/target/debug/build/parity-snappy-sys-c3fd3fe0ee648fc2/out/build -I/opt/rustwide/cargo-home/registry/src/github.com-1ecc6299db9ec823/parity-rocksdb-sys-0.5.6/rocksdb -I/opt/rustwide/cargo-home/registry/src/github.com-1ecc6299db9ec823/parity-rocksdb-sys-0.5.6/rocksdb/include -isystem /opt/rustwide/cargo-home/registry/src/github.com-1ecc6299db9ec823/parity-rocksdb-sys-0.5.6/rocksdb/third-party/gtest-1.7.0/fused-src  -ffunction-sections -fdata-sections -fPIC -m64 -W -Wextra -Wall -Wsign-compare -Wshadow -Wno-unused-parameter -Wno-unused-variable -Woverloaded-virtual -Wnon-virtual-dtor -Wno-missing-field-initializers -Wno-strict-aliasing -std=c++11 -fno-builtin-memcmp -g -DROCKSDB_USE_RTTI   -o CMakeFiles/rocksdb.dir/db/compaction_picker.cc.o -c /opt/rustwide/cargo-home/registry/src/github.com-1ecc6299db9ec823/parity-rocksdb-sys-0.5.6/rocksdb/db/compaction_picker.cc
[INFO] [stderr]   [ 48%] Building CXX object CMakeFiles/rocksdb.dir/table/bloom_block.cc.o
[INFO] [stderr]   [ 48%] Building CXX object CMakeFiles/rocksdb.dir/db/db_impl_experimental.cc.o
[INFO] [stderr]   /usr/bin/c++  -DOS_LINUX -DROCKSDB_LIB_IO_POSIX -DROCKSDB_MALLOC_USABLE_SIZE -DROCKSDB_PLATFORM_POSIX -DROCKSDB_SCHED_GETCPU_PRESENT -DSNAPPY -I/opt/rustwide/target/debug/build/parity-snappy-sys-c3fd3fe0ee648fc2/out/build -I/opt/rustwide/cargo-home/registry/src/github.com-1ecc6299db9ec823/parity-rocksdb-sys-0.5.6/rocksdb -I/opt/rustwide/cargo-home/registry/src/github.com-1ecc6299db9ec823/parity-rocksdb-sys-0.5.6/rocksdb/include -isystem /opt/rustwide/cargo-home/registry/src/github.com-1ecc6299db9ec823/parity-rocksdb-sys-0.5.6/rocksdb/third-party/gtest-1.7.0/fused-src  -ffunction-sections -fdata-sections -fPIC -m64 -W -Wextra -Wall -Wsign-compare -Wshadow -Wno-unused-parameter -Wno-unused-variable -Woverloaded-virtual -Wnon-virtual-dtor -Wno-missing-field-initializers -Wno-strict-aliasing -std=c++11 -fno-builtin-memcmp -g -DROCKSDB_USE_RTTI   -o CMakeFiles/rocksdb.dir/db/flush_job.cc.o -c /opt/rustwide/cargo-home/registry/src/github.com-1ecc6299db9ec823/parity-rocksdb-sys-0.5.6/rocksdb/db/flush_job.cc
[INFO] [stderr]   /usr/bin/c++  -DOS_LINUX -DROCKSDB_LIB_IO_POSIX -DROCKSDB_MALLOC_USABLE_SIZE -DROCKSDB_PLATFORM_POSIX -DROCKSDB_SCHED_GETCPU_PRESENT -DSNAPPY -I/opt/rustwide/target/debug/build/parity-snappy-sys-c3fd3fe0ee648fc2/out/build -I/opt/rustwide/cargo-home/registry/src/github.com-1ecc6299db9ec823/parity-rocksdb-sys-0.5.6/rocksdb -I/opt/rustwide/cargo-home/registry/src/github.com-1ecc6299db9ec823/parity-rocksdb-sys-0.5.6/rocksdb/include -isystem /opt/rustwide/cargo-home/registry/src/github.com-1ecc6299db9ec823/parity-rocksdb-sys-0.5.6/rocksdb/third-party/gtest-1.7.0/fused-src  -ffunction-sections -fdata-sections -fPIC -m64 -W -Wextra -Wall -Wsign-compare -Wshadow -Wno-unused-parameter -Wno-unused-variable -Woverloaded-virtual -Wnon-virtual-dtor -Wno-missing-field-initializers -Wno-strict-aliasing -std=c++11 -fno-builtin-memcmp -g -DROCKSDB_USE_RTTI   -o CMakeFiles/rocksdb.dir/db/internal_stats.cc.o -c /opt/rustwide/cargo-home/registry/src/github.com-1ecc6299db9ec823/parity-rocksdb-sys-0.5.6/rocksdb/db/internal_stats.cc
[INFO] [stderr]   [ 48%] Building CXX object CMakeFiles/rocksdb.dir/table/full_filter_block.cc.o
[INFO] [stderr]   [ 48%] Building CXX object CMakeFiles/rocksdb.dir/monitoring/histogram.cc.o
[INFO] [stderr]   /usr/bin/c++  -DOS_LINUX -DROCKSDB_LIB_IO_POSIX -DROCKSDB_MALLOC_USABLE_SIZE -DROCKSDB_PLATFORM_POSIX -DROCKSDB_SCHED_GETCPU_PRESENT -DSNAPPY -I/opt/rustwide/target/debug/build/parity-snappy-sys-c3fd3fe0ee648fc2/out/build -I/opt/rustwide/cargo-home/registry/src/github.com-1ecc6299db9ec823/parity-rocksdb-sys-0.5.6/rocksdb -I/opt/rustwide/cargo-home/registry/src/github.com-1ecc6299db9ec823/parity-rocksdb-sys-0.5.6/rocksdb/include -isystem /opt/rustwide/cargo-home/registry/src/github.com-1ecc6299db9ec823/parity-rocksdb-sys-0.5.6/rocksdb/third-party/gtest-1.7.0/fused-src  -ffunction-sections -fdata-sections -fPIC -m64 -W -Wextra -Wall -Wsign-compare -Wshadow -Wno-unused-parameter -Wno-unused-variable -Woverloaded-virtual -Wnon-virtual-dtor -Wno-missing-field-initializers -Wno-strict-aliasing -std=c++11 -fno-builtin-memcmp -g -DROCKSDB_USE_RTTI   -o CMakeFiles/rocksdb.dir/db/db_impl_experimental.cc.o -c /opt/rustwide/cargo-home/registry/src/github.com-1ecc6299db9ec823/parity-rocksdb-sys-0.5.6/rocksdb/db/db_impl_experimental.cc
[INFO] [stderr]   [ 48%] Building CXX object CMakeFiles/rocksdb.dir/db/db_impl_compaction_flush.cc.o
[INFO] [stderr]   /usr/bin/c++  -DOS_LINUX -DROCKSDB_LIB_IO_POSIX -DROCKSDB_MALLOC_USABLE_SIZE -DROCKSDB_PLATFORM_POSIX -DROCKSDB_SCHED_GETCPU_PRESENT -DSNAPPY -I/opt/rustwide/target/debug/build/parity-snappy-sys-c3fd3fe0ee648fc2/out/build -I/opt/rustwide/cargo-home/registry/src/github.com-1ecc6299db9ec823/parity-rocksdb-sys-0.5.6/rocksdb -I/opt/rustwide/cargo-home/registry/src/github.com-1ecc6299db9ec823/parity-rocksdb-sys-0.5.6/rocksdb/include -isystem /opt/rustwide/cargo-home/registry/src/github.com-1ecc6299db9ec823/parity-rocksdb-sys-0.5.6/rocksdb/third-party/gtest-1.7.0/fused-src  -ffunction-sections -fdata-sections -fPIC -m64 -W -Wextra -Wall -Wsign-compare -Wshadow -Wno-unused-parameter -Wno-unused-variable -Woverloaded-virtual -Wnon-virtual-dtor -Wno-missing-field-initializers -Wno-strict-aliasing -std=c++11 -fno-builtin-memcmp -g -DROCKSDB_USE_RTTI   -o CMakeFiles/rocksdb.dir/db/db_impl_compaction_flush.cc.o -c /opt/rustwide/cargo-home/registry/src/github.com-1ecc6299db9ec823/parity-rocksdb-sys-0.5.6/rocksdb/db/db_impl_compaction_flush.cc
[INFO] [stderr]   /usr/bin/c++  -DOS_LINUX -DROCKSDB_LIB_IO_POSIX -DROCKSDB_MALLOC_USABLE_SIZE -DROCKSDB_PLATFORM_POSIX -DROCKSDB_SCHED_GETCPU_PRESENT -DSNAPPY -I/opt/rustwide/target/debug/build/parity-snappy-sys-c3fd3fe0ee648fc2/out/build -I/opt/rustwide/cargo-home/registry/src/github.com-1ecc6299db9ec823/parity-rocksdb-sys-0.5.6/rocksdb -I/opt/rustwide/cargo-home/registry/src/github.com-1ecc6299db9ec823/parity-rocksdb-sys-0.5.6/rocksdb/include -isystem /opt/rustwide/cargo-home/registry/src/github.com-1ecc6299db9ec823/parity-rocksdb-sys-0.5.6/rocksdb/third-party/gtest-1.7.0/fused-src  -ffunction-sections -fdata-sections -fPIC -m64 -W -Wextra -Wall -Wsign-compare -Wshadow -Wno-unused-parameter -Wno-unused-variable -Woverloaded-virtual -Wnon-virtual-dtor -Wno-missing-field-initializers -Wno-strict-aliasing -std=c++11 -fno-builtin-memcmp -g -DROCKSDB_USE_RTTI   -o CMakeFiles/rocksdb.dir/db/merge_operator.cc.o -c /opt/rustwide/cargo-home/registry/src/github.com-1ecc6299db9ec823/parity-rocksdb-sys-0.5.6/rocksdb/db/merge_operator.cc
[INFO] [stderr]   /usr/bin/c++  -DOS_LINUX -DROCKSDB_LIB_IO_POSIX -DROCKSDB_MALLOC_USABLE_SIZE -DROCKSDB_PLATFORM_POSIX -DROCKSDB_SCHED_GETCPU_PRESENT -DSNAPPY -I/opt/rustwide/target/debug/build/parity-snappy-sys-c3fd3fe0ee648fc2/out/build -I/opt/rustwide/cargo-home/registry/src/github.com-1ecc6299db9ec823/parity-rocksdb-sys-0.5.6/rocksdb -I/opt/rustwide/cargo-home/registry/src/github.com-1ecc6299db9ec823/parity-rocksdb-sys-0.5.6/rocksdb/include -isystem /opt/rustwide/cargo-home/registry/src/github.com-1ecc6299db9ec823/parity-rocksdb-sys-0.5.6/rocksdb/third-party/gtest-1.7.0/fused-src  -ffunction-sections -fdata-sections -fPIC -m64 -W -Wextra -Wall -Wsign-compare -Wshadow -Wno-unused-parameter -Wno-unused-variable -Woverloaded-virtual -Wnon-virtual-dtor -Wno-missing-field-initializers -Wno-strict-aliasing -std=c++11 -fno-builtin-memcmp -g -DROCKSDB_USE_RTTI   -o CMakeFiles/rocksdb.dir/db/snapshot_impl.cc.o -c /opt/rustwide/cargo-home/registry/src/github.com-1ecc6299db9ec823/parity-rocksdb-sys-0.5.6/rocksdb/db/snapshot_impl.cc
[INFO] [stderr]   /usr/bin/c++  -DOS_LINUX -DROCKSDB_LIB_IO_POSIX -DROCKSDB_MALLOC_USABLE_SIZE -DROCKSDB_PLATFORM_POSIX -DROCKSDB_SCHED_GETCPU_PRESENT -DSNAPPY -I/opt/rustwide/target/debug/build/parity-snappy-sys-c3fd3fe0ee648fc2/out/build -I/opt/rustwide/cargo-home/registry/src/github.com-1ecc6299db9ec823/parity-rocksdb-sys-0.5.6/rocksdb -I/opt/rustwide/cargo-home/registry/src/github.com-1ecc6299db9ec823/parity-rocksdb-sys-0.5.6/rocksdb/include -isystem /opt/rustwide/cargo-home/registry/src/github.com-1ecc6299db9ec823/parity-rocksdb-sys-0.5.6/rocksdb/third-party/gtest-1.7.0/fused-src  -ffunction-sections -fdata-sections -fPIC -m64 -W -Wextra -Wall -Wsign-compare -Wshadow -Wno-unused-parameter -Wno-unused-variable -Woverloaded-virtual -Wnon-virtual-dtor -Wno-missing-field-initializers -Wno-strict-aliasing -std=c++11 -fno-builtin-memcmp -g -DROCKSDB_USE_RTTI   -o CMakeFiles/rocksdb.dir/db/table_properties_collector.cc.o -c /opt/rustwide/cargo-home/registry/src/github.com-1ecc6299db9ec823/parity-rocksdb-sys-0.5.6/rocksdb/db/table_properties_collector.cc
[INFO] [stderr]   [ 48%] Building CXX object CMakeFiles/rocksdb.dir/table/table_properties.cc.o
[INFO] [stderr]   /usr/bin/c++  -DOS_LINUX -DROCKSDB_LIB_IO_POSIX -DROCKSDB_MALLOC_USABLE_SIZE -DROCKSDB_PLATFORM_POSIX -DROCKSDB_SCHED_GETCPU_PRESENT -DSNAPPY -I/opt/rustwide/target/debug/build/parity-snappy-sys-c3fd3fe0ee648fc2/out/build -I/opt/rustwide/cargo-home/registry/src/github.com-1ecc6299db9ec823/parity-rocksdb-sys-0.5.6/rocksdb -I/opt/rustwide/cargo-home/registry/src/github.com-1ecc6299db9ec823/parity-rocksdb-sys-0.5.6/rocksdb/include -isystem /opt/rustwide/cargo-home/registry/src/github.com-1ecc6299db9ec823/parity-rocksdb-sys-0.5.6/rocksdb/third-party/gtest-1.7.0/fused-src  -ffunction-sections -fdata-sections -fPIC -m64 -W -Wextra -Wall -Wsign-compare -Wshadow -Wno-unused-parameter -Wno-unused-variable -Woverloaded-virtual -Wnon-virtual-dtor -Wno-missing-field-initializers -Wno-strict-aliasing -std=c++11 -fno-builtin-memcmp -g -DROCKSDB_USE_RTTI   -o CMakeFiles/rocksdb.dir/db/version_set.cc.o -c /opt/rustwide/cargo-home/registry/src/github.com-1ecc6299db9ec823/parity-rocksdb-sys-0.5.6/rocksdb/db/version_set.cc
[INFO] [stderr]   /usr/bin/c++  -DOS_LINUX -DROCKSDB_LIB_IO_POSIX -DROCKSDB_MALLOC_USABLE_SIZE -DROCKSDB_PLATFORM_POSIX -DROCKSDB_SCHED_GETCPU_PRESENT -DSNAPPY -I/opt/rustwide/target/debug/build/parity-snappy-sys-c3fd3fe0ee648fc2/out/build -I/opt/rustwide/cargo-home/registry/src/github.com-1ecc6299db9ec823/parity-rocksdb-sys-0.5.6/rocksdb -I/opt/rustwide/cargo-home/registry/src/github.com-1ecc6299db9ec823/parity-rocksdb-sys-0.5.6/rocksdb/include -isystem /opt/rustwide/cargo-home/registry/src/github.com-1ecc6299db9ec823/parity-rocksdb-sys-0.5.6/rocksdb/third-party/gtest-1.7.0/fused-src  -ffunction-sections -fdata-sections -fPIC -m64 -W -Wextra -Wall -Wsign-compare -Wshadow -Wno-unused-parameter -Wno-unused-variable -Woverloaded-virtual -Wnon-virtual-dtor -Wno-missing-field-initializers -Wno-strict-aliasing -std=c++11 -fno-builtin-memcmp -g -DROCKSDB_USE_RTTI   -o CMakeFiles/rocksdb.dir/db/wal_manager.cc.o -c /opt/rustwide/cargo-home/registry/src/github.com-1ecc6299db9ec823/parity-rocksdb-sys-0.5.6/rocksdb/db/wal_manager.cc
[INFO] [stderr]   /usr/bin/c++  -DOS_LINUX -DROCKSDB_LIB_IO_POSIX -DROCKSDB_MALLOC_USABLE_SIZE -DROCKSDB_PLATFORM_POSIX -DROCKSDB_SCHED_GETCPU_PRESENT -DSNAPPY -I/opt/rustwide/target/debug/build/parity-snappy-sys-c3fd3fe0ee648fc2/out/build -I/opt/rustwide/cargo-home/registry/src/github.com-1ecc6299db9ec823/parity-rocksdb-sys-0.5.6/rocksdb -I/opt/rustwide/cargo-home/registry/src/github.com-1ecc6299db9ec823/parity-rocksdb-sys-0.5.6/rocksdb/include -isystem /opt/rustwide/cargo-home/registry/src/github.com-1ecc6299db9ec823/parity-rocksdb-sys-0.5.6/rocksdb/third-party/gtest-1.7.0/fused-src  -ffunction-sections -fdata-sections -fPIC -m64 -W -Wextra -Wall -Wsign-compare -Wshadow -Wno-unused-parameter -Wno-unused-variable -Woverloaded-virtual -Wnon-virtual-dtor -Wno-missing-field-initializers -Wno-strict-aliasing -std=c++11 -fno-builtin-memcmp -g -DROCKSDB_USE_RTTI   -o CMakeFiles/rocksdb.dir/db/write_batch.cc.o -c /opt/rustwide/cargo-home/registry/src/github.com-1ecc6299db9ec823/parity-rocksdb-sys-0.5.6/rocksdb/db/write_batch.cc
[INFO] [stderr]   /usr/bin/c++  -DOS_LINUX -DROCKSDB_LIB_IO_POSIX -DROCKSDB_MALLOC_USABLE_SIZE -DROCKSDB_PLATFORM_POSIX -DROCKSDB_SCHED_GETCPU_PRESENT -DSNAPPY -I/opt/rustwide/target/debug/build/parity-snappy-sys-c3fd3fe0ee648fc2/out/build -I/opt/rustwide/cargo-home/registry/src/github.com-1ecc6299db9ec823/parity-rocksdb-sys-0.5.6/rocksdb -I/opt/rustwide/cargo-home/registry/src/github.com-1ecc6299db9ec823/parity-rocksdb-sys-0.5.6/rocksdb/include -isystem /opt/rustwide/cargo-home/registry/src/github.com-1ecc6299db9ec823/parity-rocksdb-sys-0.5.6/rocksdb/third-party/gtest-1.7.0/fused-src  -ffunction-sections -fdata-sections -fPIC -m64 -W -Wextra -Wall -Wsign-compare -Wshadow -Wno-unused-parameter -Wno-unused-variable -Woverloaded-virtual -Wnon-virtual-dtor -Wno-missing-field-initializers -Wno-strict-aliasing -std=c++11 -fno-builtin-memcmp -g -DROCKSDB_USE_RTTI   -o CMakeFiles/rocksdb.dir/db/write_batch_base.cc.o -c /opt/rustwide/cargo-home/registry/src/github.com-1ecc6299db9ec823/parity-rocksdb-sys-0.5.6/rocksdb/db/write_batch_base.cc
[INFO] [stderr]   [ 48%] Building CXX object CMakeFiles/rocksdb.dir/db/log_writer.cc.o
[INFO] [stderr]   /usr/bin/c++  -DOS_LINUX -DROCKSDB_LIB_IO_POSIX -DROCKSDB_MALLOC_USABLE_SIZE -DROCKSDB_PLATFORM_POSIX -DROCKSDB_SCHED_GETCPU_PRESENT -DSNAPPY -I/opt/rustwide/target/debug/build/parity-snappy-sys-c3fd3fe0ee648fc2/out/build -I/opt/rustwide/cargo-home/registry/src/github.com-1ecc6299db9ec823/parity-rocksdb-sys-0.5.6/rocksdb -I/opt/rustwide/cargo-home/registry/src/github.com-1ecc6299db9ec823/parity-rocksdb-sys-0.5.6/rocksdb/include -isystem /opt/rustwide/cargo-home/registry/src/github.com-1ecc6299db9ec823/parity-rocksdb-sys-0.5.6/rocksdb/third-party/gtest-1.7.0/fused-src  -ffunction-sections -fdata-sections -fPIC -m64 -W -Wextra -Wall -Wsign-compare -Wshadow -Wno-unused-parameter -Wno-unused-variable -Woverloaded-virtual -Wnon-virtual-dtor -Wno-missing-field-initializers -Wno-strict-aliasing -std=c++11 -fno-builtin-memcmp -g -DROCKSDB_USE_RTTI   -o CMakeFiles/rocksdb.dir/db/write_controller.cc.o -c /opt/rustwide/cargo-home/registry/src/github.com-1ecc6299db9ec823/parity-rocksdb-sys-0.5.6/rocksdb/db/write_controller.cc
[INFO] [stderr]   /usr/bin/c++  -DOS_LINUX -DROCKSDB_LIB_IO_POSIX -DROCKSDB_MALLOC_USABLE_SIZE -DROCKSDB_PLATFORM_POSIX -DROCKSDB_SCHED_GETCPU_PRESENT -DSNAPPY -I/opt/rustwide/target/debug/build/parity-snappy-sys-c3fd3fe0ee648fc2/out/build -I/opt/rustwide/cargo-home/registry/src/github.com-1ecc6299db9ec823/parity-rocksdb-sys-0.5.6/rocksdb -I/opt/rustwide/cargo-home/registry/src/github.com-1ecc6299db9ec823/parity-rocksdb-sys-0.5.6/rocksdb/include -isystem /opt/rustwide/cargo-home/registry/src/github.com-1ecc6299db9ec823/parity-rocksdb-sys-0.5.6/rocksdb/third-party/gtest-1.7.0/fused-src  -ffunction-sections -fdata-sections -fPIC -m64 -W -Wextra -Wall -Wsign-compare -Wshadow -Wno-unused-parameter -Wno-unused-variable -Woverloaded-virtual -Wnon-virtual-dtor -Wno-missing-field-initializers -Wno-strict-aliasing -std=c++11 -fno-builtin-memcmp -g -DROCKSDB_USE_RTTI   -o CMakeFiles/rocksdb.dir/env/env.cc.o -c /opt/rustwide/cargo-home/registry/src/github.com-1ecc6299db9ec823/parity-rocksdb-sys-0.5.6/rocksdb/env/env.cc
[INFO] [stderr]   /usr/bin/c++  -DOS_LINUX -DROCKSDB_LIB_IO_POSIX -DROCKSDB_MALLOC_USABLE_SIZE -DROCKSDB_PLATFORM_POSIX -DROCKSDB_SCHED_GETCPU_PRESENT -DSNAPPY -I/opt/rustwide/target/debug/build/parity-snappy-sys-c3fd3fe0ee648fc2/out/build -I/opt/rustwide/cargo-home/registry/src/github.com-1ecc6299db9ec823/parity-rocksdb-sys-0.5.6/rocksdb -I/opt/rustwide/cargo-home/registry/src/github.com-1ecc6299db9ec823/parity-rocksdb-sys-0.5.6/rocksdb/include -isystem /opt/rustwide/cargo-home/registry/src/github.com-1ecc6299db9ec823/parity-rocksdb-sys-0.5.6/rocksdb/third-party/gtest-1.7.0/fused-src  -ffunction-sections -fdata-sections -fPIC -m64 -W -Wextra -Wall -Wsign-compare -Wshadow -Wno-unused-parameter -Wno-unused-variable -Woverloaded-virtual -Wnon-virtual-dtor -Wno-missing-field-initializers -Wno-strict-aliasing -std=c++11 -fno-builtin-memcmp -g -DROCKSDB_USE_RTTI   -o CMakeFiles/rocksdb.dir/env/env_encryption.cc.o -c /opt/rustwide/cargo-home/registry/src/github.com-1ecc6299db9ec823/parity-rocksdb-sys-0.5.6/rocksdb/env/env_encryption.cc
[INFO] [stderr]   [ 51%] Building CXX object CMakeFiles/rocksdb.dir/util/compaction_job_stats_impl.cc.o
[INFO] [stderr]   /usr/bin/c++  -DOS_LINUX -DROCKSDB_LIB_IO_POSIX -DROCKSDB_MALLOC_USABLE_SIZE -DROCKSDB_PLATFORM_POSIX -DROCKSDB_SCHED_GETCPU_PRESENT -DSNAPPY -I/opt/rustwide/target/debug/build/parity-snappy-sys-c3fd3fe0ee648fc2/out/build -I/opt/rustwide/cargo-home/registry/src/github.com-1ecc6299db9ec823/parity-rocksdb-sys-0.5.6/rocksdb -I/opt/rustwide/cargo-home/registry/src/github.com-1ecc6299db9ec823/parity-rocksdb-sys-0.5.6/rocksdb/include -isystem /opt/rustwide/cargo-home/registry/src/github.com-1ecc6299db9ec823/parity-rocksdb-sys-0.5.6/rocksdb/third-party/gtest-1.7.0/fused-src  -ffunction-sections -fdata-sections -fPIC -m64 -W -Wextra -Wall -Wsign-compare -Wshadow -Wno-unused-parameter -Wno-unused-variable -Woverloaded-virtual -Wnon-virtual-dtor -Wno-missing-field-initializers -Wno-strict-aliasing -std=c++11 -fno-builtin-memcmp -g -DROCKSDB_USE_RTTI   -o CMakeFiles/rocksdb.dir/env/env_hdfs.cc.o -c /opt/rustwide/cargo-home/registry/src/github.com-1ecc6299db9ec823/parity-rocksdb-sys-0.5.6/rocksdb/env/env_hdfs.cc
[INFO] [stderr]   [ 51%] Building CXX object CMakeFiles/rocksdb.dir/options/db_options.cc.o
[INFO] [stderr]   /usr/bin/c++  -DOS_LINUX -DROCKSDB_LIB_IO_POSIX -DROCKSDB_MALLOC_USABLE_SIZE -DROCKSDB_PLATFORM_POSIX -DROCKSDB_SCHED_GETCPU_PRESENT -DSNAPPY -I/opt/rustwide/target/debug/build/parity-snappy-sys-c3fd3fe0ee648fc2/out/build -I/opt/rustwide/cargo-home/registry/src/github.com-1ecc6299db9ec823/parity-rocksdb-sys-0.5.6/rocksdb -I/opt/rustwide/cargo-home/registry/src/github.com-1ecc6299db9ec823/parity-rocksdb-sys-0.5.6/rocksdb/include -isystem /opt/rustwide/cargo-home/registry/src/github.com-1ecc6299db9ec823/parity-rocksdb-sys-0.5.6/rocksdb/third-party/gtest-1.7.0/fused-src  -ffunction-sections -fdata-sections -fPIC -m64 -W -Wextra -Wall -Wsign-compare -Wshadow -Wno-unused-parameter -Wno-unused-variable -Woverloaded-virtual -Wnon-virtual-dtor -Wno-missing-field-initializers -Wno-strict-aliasing -std=c++11 -fno-builtin-memcmp -g -DROCKSDB_USE_RTTI   -o CMakeFiles/rocksdb.dir/env/mock_env.cc.o -c /opt/rustwide/cargo-home/registry/src/github.com-1ecc6299db9ec823/parity-rocksdb-sys-0.5.6/rocksdb/env/mock_env.cc
[INFO] [stderr]   [ 51%] Building CXX object CMakeFiles/rocksdb.dir/util/bloom.cc.o
[INFO] [stderr]   /usr/bin/c++  -DOS_LINUX -DROCKSDB_LIB_IO_POSIX -DROCKSDB_MALLOC_USABLE_SIZE -DROCKSDB_PLATFORM_POSIX -DROCKSDB_SCHED_GETCPU_PRESENT -DSNAPPY -I/opt/rustwide/target/debug/build/parity-snappy-sys-c3fd3fe0ee648fc2/out/build -I/opt/rustwide/cargo-home/registry/src/github.com-1ecc6299db9ec823/parity-rocksdb-sys-0.5.6/rocksdb -I/opt/rustwide/cargo-home/registry/src/github.com-1ecc6299db9ec823/parity-rocksdb-sys-0.5.6/rocksdb/include -isystem /opt/rustwide/cargo-home/registry/src/github.com-1ecc6299db9ec823/parity-rocksdb-sys-0.5.6/rocksdb/third-party/gtest-1.7.0/fused-src  -ffunction-sections -fdata-sections -fPIC -m64 -W -Wextra -Wall -Wsign-compare -Wshadow -Wno-unused-parameter -Wno-unused-variable -Woverloaded-virtual -Wnon-virtual-dtor -Wno-missing-field-initializers -Wno-strict-aliasing -std=c++11 -fno-builtin-memcmp -g -DROCKSDB_USE_RTTI   -o CMakeFiles/rocksdb.dir/memtable/alloc_tracker.cc.o -c /opt/rustwide/cargo-home/registry/src/github.com-1ecc6299db9ec823/parity-rocksdb-sys-0.5.6/rocksdb/memtable/alloc_tracker.cc
[INFO] [stderr]   [ 51%] Building CXX object CMakeFiles/rocksdb.dir/table/meta_blocks.cc.o
[INFO] [stderr]   /usr/bin/c++  -DOS_LINUX -DROCKSDB_LIB_IO_POSIX -DROCKSDB_MALLOC_USABLE_SIZE -DROCKSDB_PLATFORM_POSIX -DROCKSDB_SCHED_GETCPU_PRESENT -DSNAPPY -I/opt/rustwide/target/debug/build/parity-snappy-sys-c3fd3fe0ee648fc2/out/build -I/opt/rustwide/cargo-home/registry/src/github.com-1ecc6299db9ec823/parity-rocksdb-sys-0.5.6/rocksdb -I/opt/rustwide/cargo-home/registry/src/github.com-1ecc6299db9ec823/parity-rocksdb-sys-0.5.6/rocksdb/include -isystem /opt/rustwide/cargo-home/registry/src/github.com-1ecc6299db9ec823/parity-rocksdb-sys-0.5.6/rocksdb/third-party/gtest-1.7.0/fused-src  -ffunction-sections -fdata-sections -fPIC -m64 -W -Wextra -Wall -Wsign-compare -Wshadow -Wno-unused-parameter -Wno-unused-variable -Woverloaded-virtual -Wnon-virtual-dtor -Wno-missing-field-initializers -Wno-strict-aliasing -std=c++11 -fno-builtin-memcmp -g -DROCKSDB_USE_RTTI   -o CMakeFiles/rocksdb.dir/memtable/hash_linklist_rep.cc.o -c /opt/rustwide/cargo-home/registry/src/github.com-1ecc6299db9ec823/parity-rocksdb-sys-0.5.6/rocksdb/memtable/hash_linklist_rep.cc
[INFO] [stderr]   [ 51%] Building CXX object CMakeFiles/rocksdb.dir/db/db_impl_files.cc.o
[INFO] [stderr]   /usr/bin/c++  -DOS_LINUX -DROCKSDB_LIB_IO_POSIX -DROCKSDB_MALLOC_USABLE_SIZE -DROCKSDB_PLATFORM_POSIX -DROCKSDB_SCHED_GETCPU_PRESENT -DSNAPPY -I/opt/rustwide/target/debug/build/parity-snappy-sys-c3fd3fe0ee648fc2/out/build -I/opt/rustwide/cargo-home/registry/src/github.com-1ecc6299db9ec823/parity-rocksdb-sys-0.5.6/rocksdb -I/opt/rustwide/cargo-home/registry/src/github.com-1ecc6299db9ec823/parity-rocksdb-sys-0.5.6/rocksdb/include -isystem /opt/rustwide/cargo-home/registry/src/github.com-1ecc6299db9ec823/parity-rocksdb-sys-0.5.6/rocksdb/third-party/gtest-1.7.0/fused-src  -ffunction-sections -fdata-sections -fPIC -m64 -W -Wextra -Wall -Wsign-compare -Wshadow -Wno-unused-parameter -Wno-unused-variable -Woverloaded-virtual -Wnon-virtual-dtor -Wno-missing-field-initializers -Wno-strict-aliasing -std=c++11 -fno-builtin-memcmp -g -DROCKSDB_USE_RTTI   -o CMakeFiles/rocksdb.dir/db/file_indexer.cc.o -c /opt/rustwide/cargo-home/registry/src/github.com-1ecc6299db9ec823/parity-rocksdb-sys-0.5.6/rocksdb/db/file_indexer.cc
[INFO] [stderr]   /usr/bin/c++  -DOS_LINUX -DROCKSDB_LIB_IO_POSIX -DROCKSDB_MALLOC_USABLE_SIZE -DROCKSDB_PLATFORM_POSIX -DROCKSDB_SCHED_GETCPU_PRESENT -DSNAPPY -I/opt/rustwide/target/debug/build/parity-snappy-sys-c3fd3fe0ee648fc2/out/build -I/opt/rustwide/cargo-home/registry/src/github.com-1ecc6299db9ec823/parity-rocksdb-sys-0.5.6/rocksdb -I/opt/rustwide/cargo-home/registry/src/github.com-1ecc6299db9ec823/parity-rocksdb-sys-0.5.6/rocksdb/include -isystem /opt/rustwide/cargo-home/registry/src/github.com-1ecc6299db9ec823/parity-rocksdb-sys-0.5.6/rocksdb/third-party/gtest-1.7.0/fused-src  -ffunction-sections -fdata-sections -fPIC -m64 -W -Wextra -Wall -Wsign-compare -Wshadow -Wno-unused-parameter -Wno-unused-variable -Woverloaded-virtual -Wnon-virtual-dtor -Wno-missing-field-initializers -Wno-strict-aliasing -std=c++11 -fno-builtin-memcmp -g -DROCKSDB_USE_RTTI   -o CMakeFiles/rocksdb.dir/memtable/hash_cuckoo_rep.cc.o -c /opt/rustwide/cargo-home/registry/src/github.com-1ecc6299db9ec823/parity-rocksdb-sys-0.5.6/rocksdb/memtable/hash_cuckoo_rep.cc
[INFO] [stderr]   /usr/bin/c++  -DOS_LINUX -DROCKSDB_LIB_IO_POSIX -DROCKSDB_MALLOC_USABLE_SIZE -DROCKSDB_PLATFORM_POSIX -DROCKSDB_SCHED_GETCPU_PRESENT -DSNAPPY -I/opt/rustwide/target/debug/build/parity-snappy-sys-c3fd3fe0ee648fc2/out/build -I/opt/rustwide/cargo-home/registry/src/github.com-1ecc6299db9ec823/parity-rocksdb-sys-0.5.6/rocksdb -I/opt/rustwide/cargo-home/registry/src/github.com-1ecc6299db9ec823/parity-rocksdb-sys-0.5.6/rocksdb/include -isystem /opt/rustwide/cargo-home/registry/src/github.com-1ecc6299db9ec823/parity-rocksdb-sys-0.5.6/rocksdb/third-party/gtest-1.7.0/fused-src  -ffunction-sections -fdata-sections -fPIC -m64 -W -Wextra -Wall -Wsign-compare -Wshadow -Wno-unused-parameter -Wno-unused-variable -Woverloaded-virtual -Wnon-virtual-dtor -Wno-missing-field-initializers -Wno-strict-aliasing -std=c++11 -fno-builtin-memcmp -g -DROCKSDB_USE_RTTI   -o CMakeFiles/rocksdb.dir/monitoring/histogram.cc.o -c /opt/rustwide/cargo-home/registry/src/github.com-1ecc6299db9ec823/parity-rocksdb-sys-0.5.6/rocksdb/monitoring/histogram.cc
[INFO] [stderr]   /usr/bin/c++  -DOS_LINUX -DROCKSDB_LIB_IO_POSIX -DROCKSDB_MALLOC_USABLE_SIZE -DROCKSDB_PLATFORM_POSIX -DROCKSDB_SCHED_GETCPU_PRESENT -DSNAPPY -I/opt/rustwide/target/debug/build/parity-snappy-sys-c3fd3fe0ee648fc2/out/build -I/opt/rustwide/cargo-home/registry/src/github.com-1ecc6299db9ec823/parity-rocksdb-sys-0.5.6/rocksdb -I/opt/rustwide/cargo-home/registry/src/github.com-1ecc6299db9ec823/parity-rocksdb-sys-0.5.6/rocksdb/include -isystem /opt/rustwide/cargo-home/registry/src/github.com-1ecc6299db9ec823/parity-rocksdb-sys-0.5.6/rocksdb/third-party/gtest-1.7.0/fused-src  -ffunction-sections -fdata-sections -fPIC -m64 -W -Wextra -Wall -Wsign-compare -Wshadow -Wno-unused-parameter -Wno-unused-variable -Woverloaded-virtual -Wnon-virtual-dtor -Wno-missing-field-initializers -Wno-strict-aliasing -std=c++11 -fno-builtin-memcmp -g -DROCKSDB_USE_RTTI   -o CMakeFiles/rocksdb.dir/monitoring/statistics.cc.o -c /opt/rustwide/cargo-home/registry/src/github.com-1ecc6299db9ec823/parity-rocksdb-sys-0.5.6/rocksdb/monitoring/statistics.cc
[INFO] [stderr]   /usr/bin/c++  -DOS_LINUX -DROCKSDB_LIB_IO_POSIX -DROCKSDB_MALLOC_USABLE_SIZE -DROCKSDB_PLATFORM_POSIX -DROCKSDB_SCHED_GETCPU_PRESENT -DSNAPPY -I/opt/rustwide/target/debug/build/parity-snappy-sys-c3fd3fe0ee648fc2/out/build -I/opt/rustwide/cargo-home/registry/src/github.com-1ecc6299db9ec823/parity-rocksdb-sys-0.5.6/rocksdb -I/opt/rustwide/cargo-home/registry/src/github.com-1ecc6299db9ec823/parity-rocksdb-sys-0.5.6/rocksdb/include -isystem /opt/rustwide/cargo-home/registry/src/github.com-1ecc6299db9ec823/parity-rocksdb-sys-0.5.6/rocksdb/third-party/gtest-1.7.0/fused-src  -ffunction-sections -fdata-sections -fPIC -m64 -W -Wextra -Wall -Wsign-compare -Wshadow -Wno-unused-parameter -Wno-unused-variable -Woverloaded-virtual -Wnon-virtual-dtor -Wno-missing-field-initializers -Wno-strict-aliasing -std=c++11 -fno-builtin-memcmp -g -DROCKSDB_USE_RTTI   -o CMakeFiles/rocksdb.dir/monitoring/thread_status_updater.cc.o -c /opt/rustwide/cargo-home/registry/src/github.com-1ecc6299db9ec823/parity-rocksdb-sys-0.5.6/rocksdb/monitoring/thread_status_updater.cc
[INFO] [stderr]   /usr/bin/c++  -DOS_LINUX -DROCKSDB_LIB_IO_POSIX -DROCKSDB_MALLOC_USABLE_SIZE -DROCKSDB_PLATFORM_POSIX -DROCKSDB_SCHED_GETCPU_PRESENT -DSNAPPY -I/opt/rustwide/target/debug/build/parity-snappy-sys-c3fd3fe0ee648fc2/out/build -I/opt/rustwide/cargo-home/registry/src/github.com-1ecc6299db9ec823/parity-rocksdb-sys-0.5.6/rocksdb -I/opt/rustwide/cargo-home/registry/src/github.com-1ecc6299db9ec823/parity-rocksdb-sys-0.5.6/rocksdb/include -isystem /opt/rustwide/cargo-home/registry/src/github.com-1ecc6299db9ec823/parity-rocksdb-sys-0.5.6/rocksdb/third-party/gtest-1.7.0/fused-src  -ffunction-sections -fdata-sections -fPIC -m64 -W -Wextra -Wall -Wsign-compare -Wshadow -Wno-unused-parameter -Wno-unused-variable -Woverloaded-virtual -Wnon-virtual-dtor -Wno-missing-field-initializers -Wno-strict-aliasing -std=c++11 -fno-builtin-memcmp -g -DROCKSDB_USE_RTTI   -o CMakeFiles/rocksdb.dir/monitoring/thread_status_util.cc.o -c /opt/rustwide/cargo-home/registry/src/github.com-1ecc6299db9ec823/parity-rocksdb-sys-0.5.6/rocksdb/monitoring/thread_status_util.cc
[INFO] [stderr]   /usr/bin/c++  -DOS_LINUX -DROCKSDB_LIB_IO_POSIX -DROCKSDB_MALLOC_USABLE_SIZE -DROCKSDB_PLATFORM_POSIX -DROCKSDB_SCHED_GETCPU_PRESENT -DSNAPPY -I/opt/rustwide/target/debug/build/parity-snappy-sys-c3fd3fe0ee648fc2/out/build -I/opt/rustwide/cargo-home/registry/src/github.com-1ecc6299db9ec823/parity-rocksdb-sys-0.5.6/rocksdb -I/opt/rustwide/cargo-home/registry/src/github.com-1ecc6299db9ec823/parity-rocksdb-sys-0.5.6/rocksdb/include -isystem /opt/rustwide/cargo-home/registry/src/github.com-1ecc6299db9ec823/parity-rocksdb-sys-0.5.6/rocksdb/third-party/gtest-1.7.0/fused-src  -ffunction-sections -fdata-sections -fPIC -m64 -W -Wextra -Wall -Wsign-compare -Wshadow -Wno-unused-parameter -Wno-unused-variable -Woverloaded-virtual -Wnon-virtual-dtor -Wno-missing-field-initializers -Wno-strict-aliasing -std=c++11 -fno-builtin-memcmp -g -DROCKSDB_USE_RTTI   -o CMakeFiles/rocksdb.dir/monitoring/thread_status_util_debug.cc.o -c /opt/rustwide/cargo-home/registry/src/github.com-1ecc6299db9ec823/parity-rocksdb-sys-0.5.6/rocksdb/monitoring/thread_status_util_debug.cc
[INFO] [stderr]   [ 51%] Building CXX object CMakeFiles/rocksdb.dir/table/block_fetcher.cc.o
[INFO] [stderr]   [ 55%] Building CXX object CMakeFiles/rocksdb.dir/table/block_based_table_builder.cc.o
[INFO] [stderr]   /usr/bin/c++  -DOS_LINUX -DROCKSDB_LIB_IO_POSIX -DROCKSDB_MALLOC_USABLE_SIZE -DROCKSDB_PLATFORM_POSIX -DROCKSDB_SCHED_GETCPU_PRESENT -DSNAPPY -I/opt/rustwide/target/debug/build/parity-snappy-sys-c3fd3fe0ee648fc2/out/build -I/opt/rustwide/cargo-home/registry/src/github.com-1ecc6299db9ec823/parity-rocksdb-sys-0.5.6/rocksdb -I/opt/rustwide/cargo-home/registry/src/github.com-1ecc6299db9ec823/parity-rocksdb-sys-0.5.6/rocksdb/include -isystem /opt/rustwide/cargo-home/registry/src/github.com-1ecc6299db9ec823/parity-rocksdb-sys-0.5.6/rocksdb/third-party/gtest-1.7.0/fused-src  -ffunction-sections -fdata-sections -fPIC -m64 -W -Wextra -Wall -Wsign-compare -Wshadow -Wno-unused-parameter -Wno-unused-variable -Woverloaded-virtual -Wnon-virtual-dtor -Wno-missing-field-initializers -Wno-strict-aliasing -std=c++11 -fno-builtin-memcmp -g -DROCKSDB_USE_RTTI   -o CMakeFiles/rocksdb.dir/options/cf_options.cc.o -c /opt/rustwide/cargo-home/registry/src/github.com-1ecc6299db9ec823/parity-rocksdb-sys-0.5.6/rocksdb/options/cf_options.cc
[INFO] [stderr]   /usr/bin/c++  -DOS_LINUX -DROCKSDB_LIB_IO_POSIX -DROCKSDB_MALLOC_USABLE_SIZE -DROCKSDB_PLATFORM_POSIX -DROCKSDB_SCHED_GETCPU_PRESENT -DSNAPPY -I/opt/rustwide/target/debug/build/parity-snappy-sys-c3fd3fe0ee648fc2/out/build -I/opt/rustwide/cargo-home/registry/src/github.com-1ecc6299db9ec823/parity-rocksdb-sys-0.5.6/rocksdb -I/opt/rustwide/cargo-home/registry/src/github.com-1ecc6299db9ec823/parity-rocksdb-sys-0.5.6/rocksdb/include -isystem /opt/rustwide/cargo-home/registry/src/github.com-1ecc6299db9ec823/parity-rocksdb-sys-0.5.6/rocksdb/third-party/gtest-1.7.0/fused-src  -ffunction-sections -fdata-sections -fPIC -m64 -W -Wextra -Wall -Wsign-compare -Wshadow -Wno-unused-parameter -Wno-unused-variable -Woverloaded-virtual -Wnon-virtual-dtor -Wno-missing-field-initializers -Wno-strict-aliasing -std=c++11 -fno-builtin-memcmp -g -DROCKSDB_USE_RTTI   -o CMakeFiles/rocksdb.dir/options/db_options.cc.o -c /opt/rustwide/cargo-home/registry/src/github.com-1ecc6299db9ec823/parity-rocksdb-sys-0.5.6/rocksdb/options/db_options.cc
[INFO] [stderr]   /usr/bin/c++  -DOS_LINUX -DROCKSDB_LIB_IO_POSIX -DROCKSDB_MALLOC_USABLE_SIZE -DROCKSDB_PLATFORM_POSIX -DROCKSDB_SCHED_GETCPU_PRESENT -DSNAPPY -I/opt/rustwide/target/debug/build/parity-snappy-sys-c3fd3fe0ee648fc2/out/build -I/opt/rustwide/cargo-home/registry/src/github.com-1ecc6299db9ec823/parity-rocksdb-sys-0.5.6/rocksdb -I/opt/rustwide/cargo-home/registry/src/github.com-1ecc6299db9ec823/parity-rocksdb-sys-0.5.6/rocksdb/include -isystem /opt/rustwide/cargo-home/registry/src/github.com-1ecc6299db9ec823/parity-rocksdb-sys-0.5.6/rocksdb/third-party/gtest-1.7.0/fused-src  -ffunction-sections -fdata-sections -fPIC -m64 -W -Wextra -Wall -Wsign-compare -Wshadow -Wno-unused-parameter -Wno-unused-variable -Woverloaded-virtual -Wnon-virtual-dtor -Wno-missing-field-initializers -Wno-strict-aliasing -std=c++11 -fno-builtin-memcmp -g -DROCKSDB_USE_RTTI   -o CMakeFiles/rocksdb.dir/db/db_impl_files.cc.o -c /opt/rustwide/cargo-home/registry/src/github.com-1ecc6299db9ec823/parity-rocksdb-sys-0.5.6/rocksdb/db/db_impl_files.cc
[INFO] [stderr]   /usr/bin/c++  -DOS_LINUX -DROCKSDB_LIB_IO_POSIX -DROCKSDB_MALLOC_USABLE_SIZE -DROCKSDB_PLATFORM_POSIX -DROCKSDB_SCHED_GETCPU_PRESENT -DSNAPPY -I/opt/rustwide/target/debug/build/parity-snappy-sys-c3fd3fe0ee648fc2/out/build -I/opt/rustwide/cargo-home/registry/src/github.com-1ecc6299db9ec823/parity-rocksdb-sys-0.5.6/rocksdb -I/opt/rustwide/cargo-home/registry/src/github.com-1ecc6299db9ec823/parity-rocksdb-sys-0.5.6/rocksdb/include -isystem /opt/rustwide/cargo-home/registry/src/github.com-1ecc6299db9ec823/parity-rocksdb-sys-0.5.6/rocksdb/third-party/gtest-1.7.0/fused-src  -ffunction-sections -fdata-sections -fPIC -m64 -W -Wextra -Wall -Wsign-compare -Wshadow -Wno-unused-parameter -Wno-unused-variable -Woverloaded-virtual -Wnon-virtual-dtor -Wno-missing-field-initializers -Wno-strict-aliasing -std=c++11 -fno-builtin-memcmp -g -DROCKSDB_USE_RTTI   -o CMakeFiles/rocksdb.dir/db/log_writer.cc.o -c /opt/rustwide/cargo-home/registry/src/github.com-1ecc6299db9ec823/parity-rocksdb-sys-0.5.6/rocksdb/db/log_writer.cc
[INFO] [stderr]   [ 58%] Building CXX object CMakeFiles/rocksdb.dir/monitoring/thread_status_impl.cc.o
[INFO] [stderr]   [ 58%] Building CXX object CMakeFiles/rocksdb.dir/table/sst_file_writer.cc.o
[INFO] [stderr]   [ 58%] Building CXX object CMakeFiles/rocksdb.dir/tools/ldb_cmd.cc.o
[INFO] [stderr]   /usr/bin/c++  -DOS_LINUX -DROCKSDB_LIB_IO_POSIX -DROCKSDB_MALLOC_USABLE_SIZE -DROCKSDB_PLATFORM_POSIX -DROCKSDB_SCHED_GETCPU_PRESENT -DSNAPPY -I/opt/rustwide/target/debug/build/parity-snappy-sys-c3fd3fe0ee648fc2/out/build -I/opt/rustwide/cargo-home/registry/src/github.com-1ecc6299db9ec823/parity-rocksdb-sys-0.5.6/rocksdb -I/opt/rustwide/cargo-home/registry/src/github.com-1ecc6299db9ec823/parity-rocksdb-sys-0.5.6/rocksdb/include -isystem /opt/rustwide/cargo-home/registry/src/github.com-1ecc6299db9ec823/parity-rocksdb-sys-0.5.6/rocksdb/third-party/gtest-1.7.0/fused-src  -ffunction-sections -fdata-sections -fPIC -m64 -W -Wextra -Wall -Wsign-compare -Wshadow -Wno-unused-parameter -Wno-unused-variable -Woverloaded-virtual -Wnon-virtual-dtor -Wno-missing-field-initializers -Wno-strict-aliasing -std=c++11 -fno-builtin-memcmp -g -DROCKSDB_USE_RTTI   -o CMakeFiles/rocksdb.dir/monitoring/thread_status_impl.cc.o -c /opt/rustwide/cargo-home/registry/src/github.com-1ecc6299db9ec823/parity-rocksdb-sys-0.5.6/rocksdb/monitoring/thread_status_impl.cc
[INFO] [stderr]   [ 58%] Building CXX object CMakeFiles/rocksdb.dir/monitoring/perf_level.cc.o
[INFO] [stderr]   /usr/bin/c++  -DOS_LINUX -DROCKSDB_LIB_IO_POSIX -DROCKSDB_MALLOC_USABLE_SIZE -DROCKSDB_PLATFORM_POSIX -DROCKSDB_SCHED_GETCPU_PRESENT -DSNAPPY -I/opt/rustwide/target/debug/build/parity-snappy-sys-c3fd3fe0ee648fc2/out/build -I/opt/rustwide/cargo-home/registry/src/github.com-1ecc6299db9ec823/parity-rocksdb-sys-0.5.6/rocksdb -I/opt/rustwide/cargo-home/registry/src/github.com-1ecc6299db9ec823/parity-rocksdb-sys-0.5.6/rocksdb/include -isystem /opt/rustwide/cargo-home/registry/src/github.com-1ecc6299db9ec823/parity-rocksdb-sys-0.5.6/rocksdb/third-party/gtest-1.7.0/fused-src  -ffunction-sections -fdata-sections -fPIC -m64 -W -Wextra -Wall -Wsign-compare -Wshadow -Wno-unused-parameter -Wno-unused-variable -Woverloaded-virtual -Wnon-virtual-dtor -Wno-missing-field-initializers -Wno-strict-aliasing -std=c++11 -fno-builtin-memcmp -g -DROCKSDB_USE_RTTI   -o CMakeFiles/rocksdb.dir/db/range_del_aggregator.cc.o -c /opt/rustwide/cargo-home/registry/src/github.com-1ecc6299db9ec823/parity-rocksdb-sys-0.5.6/rocksdb/db/range_del_aggregator.cc
[INFO] [stderr]   /usr/bin/c++  -DOS_LINUX -DROCKSDB_LIB_IO_POSIX -DROCKSDB_MALLOC_USABLE_SIZE -DROCKSDB_PLATFORM_POSIX -DROCKSDB_SCHED_GETCPU_PRESENT -DSNAPPY -I/opt/rustwide/target/debug/build/parity-snappy-sys-c3fd3fe0ee648fc2/out/build -I/opt/rustwide/cargo-home/registry/src/github.com-1ecc6299db9ec823/parity-rocksdb-sys-0.5.6/rocksdb -I/opt/rustwide/cargo-home/registry/src/github.com-1ecc6299db9ec823/parity-rocksdb-sys-0.5.6/rocksdb/include -isystem /opt/rustwide/cargo-home/registry/src/github.com-1ecc6299db9ec823/parity-rocksdb-sys-0.5.6/rocksdb/third-party/gtest-1.7.0/fused-src  -ffunction-sections -fdata-sections -fPIC -m64 -W -Wextra -Wall -Wsign-compare -Wshadow -Wno-unused-parameter -Wno-unused-variable -Woverloaded-virtual -Wnon-virtual-dtor -Wno-missing-field-initializers -Wno-strict-aliasing -std=c++11 -fno-builtin-memcmp -g -DROCKSDB_USE_RTTI   -o CMakeFiles/rocksdb.dir/options/options_helper.cc.o -c /opt/rustwide/cargo-home/registry/src/github.com-1ecc6299db9ec823/parity-rocksdb-sys-0.5.6/rocksdb/options/options_helper.cc
[INFO] [stderr]   /usr/bin/c++  -DOS_LINUX -DROCKSDB_LIB_IO_POSIX -DROCKSDB_MALLOC_USABLE_SIZE -DROCKSDB_PLATFORM_POSIX -DROCKSDB_SCHED_GETCPU_PRESENT -DSNAPPY -I/opt/rustwide/target/debug/build/parity-snappy-sys-c3fd3fe0ee648fc2/out/build -I/opt/rustwide/cargo-home/registry/src/github.com-1ecc6299db9ec823/parity-rocksdb-sys-0.5.6/rocksdb -I/opt/rustwide/cargo-home/registry/src/github.com-1ecc6299db9ec823/parity-rocksdb-sys-0.5.6/rocksdb/include -isystem /opt/rustwide/cargo-home/registry/src/github.com-1ecc6299db9ec823/parity-rocksdb-sys-0.5.6/rocksdb/third-party/gtest-1.7.0/fused-src  -ffunction-sections -fdata-sections -fPIC -m64 -W -Wextra -Wall -Wsign-compare -Wshadow -Wno-unused-parameter -Wno-unused-variable -Woverloaded-virtual -Wnon-virtual-dtor -Wno-missing-field-initializers -Wno-strict-aliasing -std=c++11 -fno-builtin-memcmp -g -DROCKSDB_USE_RTTI   -o CMakeFiles/rocksdb.dir/monitoring/perf_level.cc.o -c /opt/rustwide/cargo-home/registry/src/github.com-1ecc6299db9ec823/parity-rocksdb-sys-0.5.6/rocksdb/monitoring/perf_level.cc
[INFO] [stderr]   /usr/bin/c++  -DOS_LINUX -DROCKSDB_LIB_IO_POSIX -DROCKSDB_MALLOC_USABLE_SIZE -DROCKSDB_PLATFORM_POSIX -DROCKSDB_SCHED_GETCPU_PRESENT -DSNAPPY -I/opt/rustwide/target/debug/build/parity-snappy-sys-c3fd3fe0ee648fc2/out/build -I/opt/rustwide/cargo-home/registry/src/github.com-1ecc6299db9ec823/parity-rocksdb-sys-0.5.6/rocksdb -I/opt/rustwide/cargo-home/registry/src/github.com-1ecc6299db9ec823/parity-rocksdb-sys-0.5.6/rocksdb/include -isystem /opt/rustwide/cargo-home/registry/src/github.com-1ecc6299db9ec823/parity-rocksdb-sys-0.5.6/rocksdb/third-party/gtest-1.7.0/fused-src  -ffunction-sections -fdata-sections -fPIC -m64 -W -Wextra -Wall -Wsign-compare -Wshadow -Wno-unused-parameter -Wno-unused-variable -Woverloaded-virtual -Wnon-virtual-dtor -Wno-missing-field-initializers -Wno-strict-aliasing -std=c++11 -fno-builtin-memcmp -g -DROCKSDB_USE_RTTI   -o CMakeFiles/rocksdb.dir/options/options_parser.cc.o -c /opt/rustwide/cargo-home/registry/src/github.com-1ecc6299db9ec823/parity-rocksdb-sys-0.5.6/rocksdb/options/options_parser.cc
[INFO] [stderr]   /usr/bin/c++  -DOS_LINUX -DROCKSDB_LIB_IO_POSIX -DROCKSDB_MALLOC_USABLE_SIZE -DROCKSDB_PLATFORM_POSIX -DROCKSDB_SCHED_GETCPU_PRESENT -DSNAPPY -I/opt/rustwide/target/debug/build/parity-snappy-sys-c3fd3fe0ee648fc2/out/build -I/opt/rustwide/cargo-home/registry/src/github.com-1ecc6299db9ec823/parity-rocksdb-sys-0.5.6/rocksdb -I/opt/rustwide/cargo-home/registry/src/github.com-1ecc6299db9ec823/parity-rocksdb-sys-0.5.6/rocksdb/include -isystem /opt/rustwide/cargo-home/registry/src/github.com-1ecc6299db9ec823/parity-rocksdb-sys-0.5.6/rocksdb/third-party/gtest-1.7.0/fused-src  -ffunction-sections -fdata-sections -fPIC -m64 -W -Wextra -Wall -Wsign-compare -Wshadow -Wno-unused-parameter -Wno-unused-variable -Woverloaded-virtual -Wnon-virtual-dtor -Wno-missing-field-initializers -Wno-strict-aliasing -std=c++11 -fno-builtin-memcmp -g -DROCKSDB_USE_RTTI   -o CMakeFiles/rocksdb.dir/options/options_sanity_check.cc.o -c /opt/rustwide/cargo-home/registry/src/github.com-1ecc6299db9ec823/parity-rocksdb-sys-0.5.6/rocksdb/options/options_sanity_check.cc
[INFO] [stderr]   /usr/bin/c++  -DOS_LINUX -DROCKSDB_LIB_IO_POSIX -DROCKSDB_MALLOC_USABLE_SIZE -DROCKSDB_PLATFORM_POSIX -DROCKSDB_SCHED_GETCPU_PRESENT -DSNAPPY -I/opt/rustwide/target/debug/build/parity-snappy-sys-c3fd3fe0ee648fc2/out/build -I/opt/rustwide/cargo-home/registry/src/github.com-1ecc6299db9ec823/parity-rocksdb-sys-0.5.6/rocksdb -I/opt/rustwide/cargo-home/registry/src/github.com-1ecc6299db9ec823/parity-rocksdb-sys-0.5.6/rocksdb/include -isystem /opt/rustwide/cargo-home/registry/src/github.com-1ecc6299db9ec823/parity-rocksdb-sys-0.5.6/rocksdb/third-party/gtest-1.7.0/fused-src  -ffunction-sections -fdata-sections -fPIC -m64 -W -Wextra -Wall -Wsign-compare -Wshadow -Wno-unused-parameter -Wno-unused-variable -Woverloaded-virtual -Wnon-virtual-dtor -Wno-missing-field-initializers -Wno-strict-aliasing -std=c++11 -fno-builtin-memcmp -g -DROCKSDB_USE_RTTI   -o CMakeFiles/rocksdb.dir/port/stack_trace.cc.o -c /opt/rustwide/cargo-home/registry/src/github.com-1ecc6299db9ec823/parity-rocksdb-sys-0.5.6/rocksdb/port/stack_trace.cc
[INFO] [stderr]   /usr/bin/c++  -DOS_LINUX -DROCKSDB_LIB_IO_POSIX -DROCKSDB_MALLOC_USABLE_SIZE -DROCKSDB_PLATFORM_POSIX -DROCKSDB_SCHED_GETCPU_PRESENT -DSNAPPY -I/opt/rustwide/target/debug/build/parity-snappy-sys-c3fd3fe0ee648fc2/out/build -I/opt/rustwide/cargo-home/registry/src/github.com-1ecc6299db9ec823/parity-rocksdb-sys-0.5.6/rocksdb -I/opt/rustwide/cargo-home/registry/src/github.com-1ecc6299db9ec823/parity-rocksdb-sys-0.5.6/rocksdb/include -isystem /opt/rustwide/cargo-home/registry/src/github.com-1ecc6299db9ec823/parity-rocksdb-sys-0.5.6/rocksdb/third-party/gtest-1.7.0/fused-src  -ffunction-sections -fdata-sections -fPIC -m64 -W -Wextra -Wall -Wsign-compare -Wshadow -Wno-unused-parameter -Wno-unused-variable -Woverloaded-virtual -Wnon-virtual-dtor -Wno-missing-field-initializers -Wno-strict-aliasing -std=c++11 -fno-builtin-memcmp -g -DROCKSDB_USE_RTTI   -o CMakeFiles/rocksdb.dir/table/adaptive_table_factory.cc.o -c /opt/rustwide/cargo-home/registry/src/github.com-1ecc6299db9ec823/parity-rocksdb-sys-0.5.6/rocksdb/table/adaptive_table_factory.cc
[INFO] [stderr]   /usr/bin/c++  -DOS_LINUX -DROCKSDB_LIB_IO_POSIX -DROCKSDB_MALLOC_USABLE_SIZE -DROCKSDB_PLATFORM_POSIX -DROCKSDB_SCHED_GETCPU_PRESENT -DSNAPPY -I/opt/rustwide/target/debug/build/parity-snappy-sys-c3fd3fe0ee648fc2/out/build -I/opt/rustwide/cargo-home/registry/src/github.com-1ecc6299db9ec823/parity-rocksdb-sys-0.5.6/rocksdb -I/opt/rustwide/cargo-home/registry/src/github.com-1ecc6299db9ec823/parity-rocksdb-sys-0.5.6/rocksdb/include -isystem /opt/rustwide/cargo-home/registry/src/github.com-1ecc6299db9ec823/parity-rocksdb-sys-0.5.6/rocksdb/third-party/gtest-1.7.0/fused-src  -ffunction-sections -fdata-sections -fPIC -m64 -W -Wextra -Wall -Wsign-compare -Wshadow -Wno-unused-parameter -Wno-unused-variable -Woverloaded-virtual -Wnon-virtual-dtor -Wno-missing-field-initializers -Wno-strict-aliasing -std=c++11 -fno-builtin-memcmp -g -DROCKSDB_USE_RTTI   -o CMakeFiles/rocksdb.dir/table/block.cc.o -c /opt/rustwide/cargo-home/registry/src/github.com-1ecc6299db9ec823/parity-rocksdb-sys-0.5.6/rocksdb/table/block.cc
[INFO] [stderr]   /usr/bin/c++  -DOS_LINUX -DROCKSDB_LIB_IO_POSIX -DROCKSDB_MALLOC_USABLE_SIZE -DROCKSDB_PLATFORM_POSIX -DROCKSDB_SCHED_GETCPU_PRESENT -DSNAPPY -I/opt/rustwide/target/debug/build/parity-snappy-sys-c3fd3fe0ee648fc2/out/build -I/opt/rustwide/cargo-home/registry/src/github.com-1ecc6299db9ec823/parity-rocksdb-sys-0.5.6/rocksdb -I/opt/rustwide/cargo-home/registry/src/github.com-1ecc6299db9ec823/parity-rocksdb-sys-0.5.6/rocksdb/include -isystem /opt/rustwide/cargo-home/registry/src/github.com-1ecc6299db9ec823/parity-rocksdb-sys-0.5.6/rocksdb/third-party/gtest-1.7.0/fused-src  -ffunction-sections -fdata-sections -fPIC -m64 -W -Wextra -Wall -Wsign-compare -Wshadow -Wno-unused-parameter -Wno-unused-variable -Woverloaded-virtual -Wnon-virtual-dtor -Wno-missing-field-initializers -Wno-strict-aliasing -std=c++11 -fno-builtin-memcmp -g -DROCKSDB_USE_RTTI   -o CMakeFiles/rocksdb.dir/table/block_based_filter_block.cc.o -c /opt/rustwide/cargo-home/registry/src/github.com-1ecc6299db9ec823/parity-rocksdb-sys-0.5.6/rocksdb/table/block_based_filter_block.cc
[INFO] [stderr]   /usr/bin/c++  -DOS_LINUX -DROCKSDB_LIB_IO_POSIX -DROCKSDB_MALLOC_USABLE_SIZE -DROCKSDB_PLATFORM_POSIX -DROCKSDB_SCHED_GETCPU_PRESENT -DSNAPPY -I/opt/rustwide/target/debug/build/parity-snappy-sys-c3fd3fe0ee648fc2/out/build -I/opt/rustwide/cargo-home/registry/src/github.com-1ecc6299db9ec823/parity-rocksdb-sys-0.5.6/rocksdb -I/opt/rustwide/cargo-home/registry/src/github.com-1ecc6299db9ec823/parity-rocksdb-sys-0.5.6/rocksdb/include -isystem /opt/rustwide/cargo-home/registry/src/github.com-1ecc6299db9ec823/parity-rocksdb-sys-0.5.6/rocksdb/third-party/gtest-1.7.0/fused-src  -ffunction-sections -fdata-sections -fPIC -m64 -W -Wextra -Wall -Wsign-compare -Wshadow -Wno-unused-parameter -Wno-unused-variable -Woverloaded-virtual -Wnon-virtual-dtor -Wno-missing-field-initializers -Wno-strict-aliasing -std=c++11 -fno-builtin-memcmp -g -DROCKSDB_USE_RTTI   -o CMakeFiles/rocksdb.dir/table/block_based_table_builder.cc.o -c /opt/rustwide/cargo-home/registry/src/github.com-1ecc6299db9ec823/parity-rocksdb-sys-0.5.6/rocksdb/table/block_based_table_builder.cc
[INFO] [stderr]   [ 58%] Building CXX object CMakeFiles/rocksdb.dir/util/arena.cc.o
[INFO] [stderr]   /usr/bin/c++  -DOS_LINUX -DROCKSDB_LIB_IO_POSIX -DROCKSDB_MALLOC_USABLE_SIZE -DROCKSDB_PLATFORM_POSIX -DROCKSDB_SCHED_GETCPU_PRESENT -DSNAPPY -I/opt/rustwide/target/debug/build/parity-snappy-sys-c3fd3fe0ee648fc2/out/build -I/opt/rustwide/cargo-home/registry/src/github.com-1ecc6299db9ec823/parity-rocksdb-sys-0.5.6/rocksdb -I/opt/rustwide/cargo-home/registry/src/github.com-1ecc6299db9ec823/parity-rocksdb-sys-0.5.6/rocksdb/include -isystem /opt/rustwide/cargo-home/registry/src/github.com-1ecc6299db9ec823/parity-rocksdb-sys-0.5.6/rocksdb/third-party/gtest-1.7.0/fused-src  -ffunction-sections -fdata-sections -fPIC -m64 -W -Wextra -Wall -Wsign-compare -Wshadow -Wno-unused-parameter -Wno-unused-variable -Woverloaded-virtual -Wnon-virtual-dtor -Wno-missing-field-initializers -Wno-strict-aliasing -std=c++11 -fno-builtin-memcmp -g -DROCKSDB_USE_RTTI   -o CMakeFiles/rocksdb.dir/table/block_based_table_factory.cc.o -c /opt/rustwide/cargo-home/registry/src/github.com-1ecc6299db9ec823/parity-rocksdb-sys-0.5.6/rocksdb/table/block_based_table_factory.cc
[INFO] [stderr]   /usr/bin/c++  -DOS_LINUX -DROCKSDB_LIB_IO_POSIX -DROCKSDB_MALLOC_USABLE_SIZE -DROCKSDB_PLATFORM_POSIX -DROCKSDB_SCHED_GETCPU_PRESENT -DSNAPPY -I/opt/rustwide/target/debug/build/parity-snappy-sys-c3fd3fe0ee648fc2/out/build -I/opt/rustwide/cargo-home/registry/src/github.com-1ecc6299db9ec823/parity-rocksdb-sys-0.5.6/rocksdb -I/opt/rustwide/cargo-home/registry/src/github.com-1ecc6299db9ec823/parity-rocksdb-sys-0.5.6/rocksdb/include -isystem /opt/rustwide/cargo-home/registry/src/github.com-1ecc6299db9ec823/parity-rocksdb-sys-0.5.6/rocksdb/third-party/gtest-1.7.0/fused-src  -ffunction-sections -fdata-sections -fPIC -m64 -W -Wextra -Wall -Wsign-compare -Wshadow -Wno-unused-parameter -Wno-unused-variable -Woverloaded-virtual -Wnon-virtual-dtor -Wno-missing-field-initializers -Wno-strict-aliasing -std=c++11 -fno-builtin-memcmp -g -DROCKSDB_USE_RTTI   -o CMakeFiles/rocksdb.dir/table/block_based_table_reader.cc.o -c /opt/rustwide/cargo-home/registry/src/github.com-1ecc6299db9ec823/parity-rocksdb-sys-0.5.6/rocksdb/table/block_based_table_reader.cc
[INFO] [stderr]   /usr/bin/c++  -DOS_LINUX -DROCKSDB_LIB_IO_POSIX -DROCKSDB_MALLOC_USABLE_SIZE -DROCKSDB_PLATFORM_POSIX -DROCKSDB_SCHED_GETCPU_PRESENT -DSNAPPY -I/opt/rustwide/target/debug/build/parity-snappy-sys-c3fd3fe0ee648fc2/out/build -I/opt/rustwide/cargo-home/registry/src/github.com-1ecc6299db9ec823/parity-rocksdb-sys-0.5.6/rocksdb -I/opt/rustwide/cargo-home/registry/src/github.com-1ecc6299db9ec823/parity-rocksdb-sys-0.5.6/rocksdb/include -isystem /opt/rustwide/cargo-home/registry/src/github.com-1ecc6299db9ec823/parity-rocksdb-sys-0.5.6/rocksdb/third-party/gtest-1.7.0/fused-src  -ffunction-sections -fdata-sections -fPIC -m64 -W -Wextra -Wall -Wsign-compare -Wshadow -Wno-unused-parameter -Wno-unused-variable -Woverloaded-virtual -Wnon-virtual-dtor -Wno-missing-field-initializers -Wno-strict-aliasing -std=c++11 -fno-builtin-memcmp -g -DROCKSDB_USE_RTTI   -o CMakeFiles/rocksdb.dir/table/block_builder.cc.o -c /opt/rustwide/cargo-home/registry/src/github.com-1ecc6299db9ec823/parity-rocksdb-sys-0.5.6/rocksdb/table/block_builder.cc
[INFO] [stderr]   /usr/bin/c++  -DOS_LINUX -DROCKSDB_LIB_IO_POSIX -DROCKSDB_MALLOC_USABLE_SIZE -DROCKSDB_PLATFORM_POSIX -DROCKSDB_SCHED_GETCPU_PRESENT -DSNAPPY -I/opt/rustwide/target/debug/build/parity-snappy-sys-c3fd3fe0ee648fc2/out/build -I/opt/rustwide/cargo-home/registry/src/github.com-1ecc6299db9ec823/parity-rocksdb-sys-0.5.6/rocksdb -I/opt/rustwide/cargo-home/registry/src/github.com-1ecc6299db9ec823/parity-rocksdb-sys-0.5.6/rocksdb/include -isystem /opt/rustwide/cargo-home/registry/src/github.com-1ecc6299db9ec823/parity-rocksdb-sys-0.5.6/rocksdb/third-party/gtest-1.7.0/fused-src  -ffunction-sections -fdata-sections -fPIC -m64 -W -Wextra -Wall -Wsign-compare -Wshadow -Wno-unused-parameter -Wno-unused-variable -Woverloaded-virtual -Wnon-virtual-dtor -Wno-missing-field-initializers -Wno-strict-aliasing -std=c++11 -fno-builtin-memcmp -g -DROCKSDB_USE_RTTI   -o CMakeFiles/rocksdb.dir/table/block_fetcher.cc.o -c /opt/rustwide/cargo-home/registry/src/github.com-1ecc6299db9ec823/parity-rocksdb-sys-0.5.6/rocksdb/table/block_fetcher.cc
[INFO] [stderr]   /usr/bin/c++  -DOS_LINUX -DROCKSDB_LIB_IO_POSIX -DROCKSDB_MALLOC_USABLE_SIZE -DROCKSDB_PLATFORM_POSIX -DROCKSDB_SCHED_GETCPU_PRESENT -DSNAPPY -I/opt/rustwide/target/debug/build/parity-snappy-sys-c3fd3fe0ee648fc2/out/build -I/opt/rustwide/cargo-home/registry/src/github.com-1ecc6299db9ec823/parity-rocksdb-sys-0.5.6/rocksdb -I/opt/rustwide/cargo-home/registry/src/github.com-1ecc6299db9ec823/parity-rocksdb-sys-0.5.6/rocksdb/include -isystem /opt/rustwide/cargo-home/registry/src/github.com-1ecc6299db9ec823/parity-rocksdb-sys-0.5.6/rocksdb/third-party/gtest-1.7.0/fused-src  -ffunction-sections -fdata-sections -fPIC -m64 -W -Wextra -Wall -Wsign-compare -Wshadow -Wno-unused-parameter -Wno-unused-variable -Woverloaded-virtual -Wnon-virtual-dtor -Wno-missing-field-initializers -Wno-strict-aliasing -std=c++11 -fno-builtin-memcmp -g -DROCKSDB_USE_RTTI   -o CMakeFiles/rocksdb.dir/table/block_prefix_index.cc.o -c /opt/rustwide/cargo-home/registry/src/github.com-1ecc6299db9ec823/parity-rocksdb-sys-0.5.6/rocksdb/table/block_prefix_index.cc
[INFO] [stderr]   /usr/bin/c++  -DOS_LINUX -DROCKSDB_LIB_IO_POSIX -DROCKSDB_MALLOC_USABLE_SIZE -DROCKSDB_PLATFORM_POSIX -DROCKSDB_SCHED_GETCPU_PRESENT -DSNAPPY -I/opt/rustwide/target/debug/build/parity-snappy-sys-c3fd3fe0ee648fc2/out/build -I/opt/rustwide/cargo-home/registry/src/github.com-1ecc6299db9ec823/parity-rocksdb-sys-0.5.6/rocksdb -I/opt/rustwide/cargo-home/registry/src/github.com-1ecc6299db9ec823/parity-rocksdb-sys-0.5.6/rocksdb/include -isystem /opt/rustwide/cargo-home/registry/src/github.com-1ecc6299db9ec823/parity-rocksdb-sys-0.5.6/rocksdb/third-party/gtest-1.7.0/fused-src  -ffunction-sections -fdata-sections -fPIC -m64 -W -Wextra -Wall -Wsign-compare -Wshadow -Wno-unused-parameter -Wno-unused-variable -Woverloaded-virtual -Wnon-virtual-dtor -Wno-missing-field-initializers -Wno-strict-aliasing -std=c++11 -fno-builtin-memcmp -g -DROCKSDB_USE_RTTI   -o CMakeFiles/rocksdb.dir/table/bloom_block.cc.o -c /opt/rustwide/cargo-home/registry/src/github.com-1ecc6299db9ec823/parity-rocksdb-sys-0.5.6/rocksdb/table/bloom_block.cc
[INFO] [stderr]   /usr/bin/c++  -DOS_LINUX -DROCKSDB_LIB_IO_POSIX -DROCKSDB_MALLOC_USABLE_SIZE -DROCKSDB_PLATFORM_POSIX -DROCKSDB_SCHED_GETCPU_PRESENT -DSNAPPY -I/opt/rustwide/target/debug/build/parity-snappy-sys-c3fd3fe0ee648fc2/out/build -I/opt/rustwide/cargo-home/registry/src/github.com-1ecc6299db9ec823/parity-rocksdb-sys-0.5.6/rocksdb -I/opt/rustwide/cargo-home/registry/src/github.com-1ecc6299db9ec823/parity-rocksdb-sys-0.5.6/rocksdb/include -isystem /opt/rustwide/cargo-home/registry/src/github.com-1ecc6299db9ec823/parity-rocksdb-sys-0.5.6/rocksdb/third-party/gtest-1.7.0/fused-src  -ffunction-sections -fdata-sections -fPIC -m64 -W -Wextra -Wall -Wsign-compare -Wshadow -Wno-unused-parameter -Wno-unused-variable -Woverloaded-virtual -Wnon-virtual-dtor -Wno-missing-field-initializers -Wno-strict-aliasing -std=c++11 -fno-builtin-memcmp -g -DROCKSDB_USE_RTTI   -o CMakeFiles/rocksdb.dir/table/cuckoo_table_factory.cc.o -c /opt/rustwide/cargo-home/registry/src/github.com-1ecc6299db9ec823/parity-rocksdb-sys-0.5.6/rocksdb/table/cuckoo_table_factory.cc
[INFO] [stderr]   /usr/bin/c++  -DOS_LINUX -DROCKSDB_LIB_IO_POSIX -DROCKSDB_MALLOC_USABLE_SIZE -DROCKSDB_PLATFORM_POSIX -DROCKSDB_SCHED_GETCPU_PRESENT -DSNAPPY -I/opt/rustwide/target/debug/build/parity-snappy-sys-c3fd3fe0ee648fc2/out/build -I/opt/rustwide/cargo-home/registry/src/github.com-1ecc6299db9ec823/parity-rocksdb-sys-0.5.6/rocksdb -I/opt/rustwide/cargo-home/registry/src/github.com-1ecc6299db9ec823/parity-rocksdb-sys-0.5.6/rocksdb/include -isystem /opt/rustwide/cargo-home/registry/src/github.com-1ecc6299db9ec823/parity-rocksdb-sys-0.5.6/rocksdb/third-party/gtest-1.7.0/fused-src  -ffunction-sections -fdata-sections -fPIC -m64 -W -Wextra -Wall -Wsign-compare -Wshadow -Wno-unused-parameter -Wno-unused-variable -Woverloaded-virtual -Wnon-virtual-dtor -Wno-missing-field-initializers -Wno-strict-aliasing -std=c++11 -fno-builtin-memcmp -g -DROCKSDB_USE_RTTI   -o CMakeFiles/rocksdb.dir/table/cuckoo_table_reader.cc.o -c /opt/rustwide/cargo-home/registry/src/github.com-1ecc6299db9ec823/parity-rocksdb-sys-0.5.6/rocksdb/table/cuckoo_table_reader.cc
[INFO] [stderr]   /usr/bin/c++  -DOS_LINUX -DROCKSDB_LIB_IO_POSIX -DROCKSDB_MALLOC_USABLE_SIZE -DROCKSDB_PLATFORM_POSIX -DROCKSDB_SCHED_GETCPU_PRESENT -DSNAPPY -I/opt/rustwide/target/debug/build/parity-snappy-sys-c3fd3fe0ee648fc2/out/build -I/opt/rustwide/cargo-home/registry/src/github.com-1ecc6299db9ec823/parity-rocksdb-sys-0.5.6/rocksdb -I/opt/rustwide/cargo-home/registry/src/github.com-1ecc6299db9ec823/parity-rocksdb-sys-0.5.6/rocksdb/include -isystem /opt/rustwide/cargo-home/registry/src/github.com-1ecc6299db9ec823/parity-rocksdb-sys-0.5.6/rocksdb/third-party/gtest-1.7.0/fused-src  -ffunction-sections -fdata-sections -fPIC -m64 -W -Wextra -Wall -Wsign-compare -Wshadow -Wno-unused-parameter -Wno-unused-variable -Woverloaded-virtual -Wnon-virtual-dtor -Wno-missing-field-initializers -Wno-strict-aliasing -std=c++11 -fno-builtin-memcmp -g -DROCKSDB_USE_RTTI   -o CMakeFiles/rocksdb.dir/table/flush_block_policy.cc.o -c /opt/rustwide/cargo-home/registry/src/github.com-1ecc6299db9ec823/parity-rocksdb-sys-0.5.6/rocksdb/table/flush_block_policy.cc
[INFO] [stderr]   /usr/bin/c++  -DOS_LINUX -DROCKSDB_LIB_IO_POSIX -DROCKSDB_MALLOC_USABLE_SIZE -DROCKSDB_PLATFORM_POSIX -DROCKSDB_SCHED_GETCPU_PRESENT -DSNAPPY -I/opt/rustwide/target/debug/build/parity-snappy-sys-c3fd3fe0ee648fc2/out/build -I/opt/rustwide/cargo-home/registry/src/github.com-1ecc6299db9ec823/parity-rocksdb-sys-0.5.6/rocksdb -I/opt/rustwide/cargo-home/registry/src/github.com-1ecc6299db9ec823/parity-rocksdb-sys-0.5.6/rocksdb/include -isystem /opt/rustwide/cargo-home/registry/src/github.com-1ecc6299db9ec823/parity-rocksdb-sys-0.5.6/rocksdb/third-party/gtest-1.7.0/fused-src  -ffunction-sections -fdata-sections -fPIC -m64 -W -Wextra -Wall -Wsign-compare -Wshadow -Wno-unused-parameter -Wno-unused-variable -Woverloaded-virtual -Wnon-virtual-dtor -Wno-missing-field-initializers -Wno-strict-aliasing -std=c++11 -fno-builtin-memcmp -g -DROCKSDB_USE_RTTI   -o CMakeFiles/rocksdb.dir/table/format.cc.o -c /opt/rustwide/cargo-home/registry/src/github.com-1ecc6299db9ec823/parity-rocksdb-sys-0.5.6/rocksdb/table/format.cc
[INFO] [stderr]   /usr/bin/c++  -DOS_LINUX -DROCKSDB_LIB_IO_POSIX -DROCKSDB_MALLOC_USABLE_SIZE -DROCKSDB_PLATFORM_POSIX -DROCKSDB_SCHED_GETCPU_PRESENT -DSNAPPY -I/opt/rustwide/target/debug/build/parity-snappy-sys-c3fd3fe0ee648fc2/out/build -I/opt/rustwide/cargo-home/registry/src/github.com-1ecc6299db9ec823/parity-rocksdb-sys-0.5.6/rocksdb -I/opt/rustwide/cargo-home/registry/src/github.com-1ecc6299db9ec823/parity-rocksdb-sys-0.5.6/rocksdb/include -isystem /opt/rustwide/cargo-home/registry/src/github.com-1ecc6299db9ec823/parity-rocksdb-sys-0.5.6/rocksdb/third-party/gtest-1.7.0/fused-src  -ffunction-sections -fdata-sections -fPIC -m64 -W -Wextra -Wall -Wsign-compare -Wshadow -Wno-unused-parameter -Wno-unused-variable -Woverloaded-virtual -Wnon-virtual-dtor -Wno-missing-field-initializers -Wno-strict-aliasing -std=c++11 -fno-builtin-memcmp -g -DROCKSDB_USE_RTTI   -o CMakeFiles/rocksdb.dir/table/full_filter_block.cc.o -c /opt/rustwide/cargo-home/registry/src/github.com-1ecc6299db9ec823/parity-rocksdb-sys-0.5.6/rocksdb/table/full_filter_block.cc
[INFO] [stderr]   /usr/bin/c++  -DOS_LINUX -DROCKSDB_LIB_IO_POSIX -DROCKSDB_MALLOC_USABLE_SIZE -DROCKSDB_PLATFORM_POSIX -DROCKSDB_SCHED_GETCPU_PRESENT -DSNAPPY -I/opt/rustwide/target/debug/build/parity-snappy-sys-c3fd3fe0ee648fc2/out/build -I/opt/rustwide/cargo-home/registry/src/github.com-1ecc6299db9ec823/parity-rocksdb-sys-0.5.6/rocksdb -I/opt/rustwide/cargo-home/registry/src/github.com-1ecc6299db9ec823/parity-rocksdb-sys-0.5.6/rocksdb/include -isystem /opt/rustwide/cargo-home/registry/src/github.com-1ecc6299db9ec823/parity-rocksdb-sys-0.5.6/rocksdb/third-party/gtest-1.7.0/fused-src  -ffunction-sections -fdata-sections -fPIC -m64 -W -Wextra -Wall -Wsign-compare -Wshadow -Wno-unused-parameter -Wno-unused-variable -Woverloaded-virtual -Wnon-virtual-dtor -Wno-missing-field-initializers -Wno-strict-aliasing -std=c++11 -fno-builtin-memcmp -g -DROCKSDB_USE_RTTI   -o CMakeFiles/rocksdb.dir/table/get_context.cc.o -c /opt/rustwide/cargo-home/registry/src/github.com-1ecc6299db9ec823/parity-rocksdb-sys-0.5.6/rocksdb/table/get_context.cc
[INFO] [stderr]   /usr/bin/c++  -DOS_LINUX -DROCKSDB_LIB_IO_POSIX -DROCKSDB_MALLOC_USABLE_SIZE -DROCKSDB_PLATFORM_POSIX -DROCKSDB_SCHED_GETCPU_PRESENT -DSNAPPY -I/opt/rustwide/target/debug/build/parity-snappy-sys-c3fd3fe0ee648fc2/out/build -I/opt/rustwide/cargo-home/registry/src/github.com-1ecc6299db9ec823/parity-rocksdb-sys-0.5.6/rocksdb -I/opt/rustwide/cargo-home/registry/src/github.com-1ecc6299db9ec823/parity-rocksdb-sys-0.5.6/rocksdb/include -isystem /opt/rustwide/cargo-home/registry/src/github.com-1ecc6299db9ec823/parity-rocksdb-sys-0.5.6/rocksdb/third-party/gtest-1.7.0/fused-src  -ffunction-sections -fdata-sections -fPIC -m64 -W -Wextra -Wall -Wsign-compare -Wshadow -Wno-unused-parameter -Wno-unused-variable -Woverloaded-virtual -Wnon-virtual-dtor -Wno-missing-field-initializers -Wno-strict-aliasing -std=c++11 -fno-builtin-memcmp -g -DROCKSDB_USE_RTTI   -o CMakeFiles/rocksdb.dir/table/index_builder.cc.o -c /opt/rustwide/cargo-home/registry/src/github.com-1ecc6299db9ec823/parity-rocksdb-sys-0.5.6/rocksdb/table/index_builder.cc
[INFO] [stderr]   /usr/bin/c++  -DOS_LINUX -DROCKSDB_LIB_IO_POSIX -DROCKSDB_MALLOC_USABLE_SIZE -DROCKSDB_PLATFORM_POSIX -DROCKSDB_SCHED_GETCPU_PRESENT -DSNAPPY -I/opt/rustwide/target/debug/build/parity-snappy-sys-c3fd3fe0ee648fc2/out/build -I/opt/rustwide/cargo-home/registry/src/github.com-1ecc6299db9ec823/parity-rocksdb-sys-0.5.6/rocksdb -I/opt/rustwide/cargo-home/registry/src/github.com-1ecc6299db9ec823/parity-rocksdb-sys-0.5.6/rocksdb/include -isystem /opt/rustwide/cargo-home/registry/src/github.com-1ecc6299db9ec823/parity-rocksdb-sys-0.5.6/rocksdb/third-party/gtest-1.7.0/fused-src  -ffunction-sections -fdata-sections -fPIC -m64 -W -Wextra -Wall -Wsign-compare -Wshadow -Wno-unused-parameter -Wno-unused-variable -Woverloaded-virtual -Wnon-virtual-dtor -Wno-missing-field-initializers -Wno-strict-aliasing -std=c++11 -fno-builtin-memcmp -g -DROCKSDB_USE_RTTI   -o CMakeFiles/rocksdb.dir/table/iterator.cc.o -c /opt/rustwide/cargo-home/registry/src/github.com-1ecc6299db9ec823/parity-rocksdb-sys-0.5.6/rocksdb/table/iterator.cc
[INFO] [stderr]   /usr/bin/c++  -DOS_LINUX -DROCKSDB_LIB_IO_POSIX -DROCKSDB_MALLOC_USABLE_SIZE -DROCKSDB_PLATFORM_POSIX -DROCKSDB_SCHED_GETCPU_PRESENT -DSNAPPY -I/opt/rustwide/target/debug/build/parity-snappy-sys-c3fd3fe0ee648fc2/out/build -I/opt/rustwide/cargo-home/registry/src/github.com-1ecc6299db9ec823/parity-rocksdb-sys-0.5.6/rocksdb -I/opt/rustwide/cargo-home/registry/src/github.com-1ecc6299db9ec823/parity-rocksdb-sys-0.5.6/rocksdb/include -isystem /opt/rustwide/cargo-home/registry/src/github.com-1ecc6299db9ec823/parity-rocksdb-sys-0.5.6/rocksdb/third-party/gtest-1.7.0/fused-src  -ffunction-sections -fdata-sections -fPIC -m64 -W -Wextra -Wall -Wsign-compare -Wshadow -Wno-unused-parameter -Wno-unused-variable -Woverloaded-virtual -Wnon-virtual-dtor -Wno-missing-field-initializers -Wno-strict-aliasing -std=c++11 -fno-builtin-memcmp -g -DROCKSDB_USE_RTTI   -o CMakeFiles/rocksdb.dir/table/merging_iterator.cc.o -c /opt/rustwide/cargo-home/registry/src/github.com-1ecc6299db9ec823/parity-rocksdb-sys-0.5.6/rocksdb/table/merging_iterator.cc
[INFO] [stderr]   /usr/bin/c++  -DOS_LINUX -DROCKSDB_LIB_IO_POSIX -DROCKSDB_MALLOC_USABLE_SIZE -DROCKSDB_PLATFORM_POSIX -DROCKSDB_SCHED_GETCPU_PRESENT -DSNAPPY -I/opt/rustwide/target/debug/build/parity-snappy-sys-c3fd3fe0ee648fc2/out/build -I/opt/rustwide/cargo-home/registry/src/github.com-1ecc6299db9ec823/parity-rocksdb-sys-0.5.6/rocksdb -I/opt/rustwide/cargo-home/registry/src/github.com-1ecc6299db9ec823/parity-rocksdb-sys-0.5.6/rocksdb/include -isystem /opt/rustwide/cargo-home/registry/src/github.com-1ecc6299db9ec823/parity-rocksdb-sys-0.5.6/rocksdb/third-party/gtest-1.7.0/fused-src  -ffunction-sections -fdata-sections -fPIC -m64 -W -Wextra -Wall -Wsign-compare -Wshadow -Wno-unused-parameter -Wno-unused-variable -Woverloaded-virtual -Wnon-virtual-dtor -Wno-missing-field-initializers -Wno-strict-aliasing -std=c++11 -fno-builtin-memcmp -g -DROCKSDB_USE_RTTI   -o CMakeFiles/rocksdb.dir/table/meta_blocks.cc.o -c /opt/rustwide/cargo-home/registry/src/github.com-1ecc6299db9ec823/parity-rocksdb-sys-0.5.6/rocksdb/table/meta_blocks.cc
[INFO] [stderr]   /usr/bin/c++  -DOS_LINUX -DROCKSDB_LIB_IO_POSIX -DROCKSDB_MALLOC_USABLE_SIZE -DROCKSDB_PLATFORM_POSIX -DROCKSDB_SCHED_GETCPU_PRESENT -DSNAPPY -I/opt/rustwide/target/debug/build/parity-snappy-sys-c3fd3fe0ee648fc2/out/build -I/opt/rustwide/cargo-home/registry/src/github.com-1ecc6299db9ec823/parity-rocksdb-sys-0.5.6/rocksdb -I/opt/rustwide/cargo-home/registry/src/github.com-1ecc6299db9ec823/parity-rocksdb-sys-0.5.6/rocksdb/include -isystem /opt/rustwide/cargo-home/registry/src/github.com-1ecc6299db9ec823/parity-rocksdb-sys-0.5.6/rocksdb/third-party/gtest-1.7.0/fused-src  -ffunction-sections -fdata-sections -fPIC -m64 -W -Wextra -Wall -Wsign-compare -Wshadow -Wno-unused-parameter -Wno-unused-variable -Woverloaded-virtual -Wnon-virtual-dtor -Wno-missing-field-initializers -Wno-strict-aliasing -std=c++11 -fno-builtin-memcmp -g -DROCKSDB_USE_RTTI   -o CMakeFiles/rocksdb.dir/table/partitioned_filter_block.cc.o -c /opt/rustwide/cargo-home/registry/src/github.com-1ecc6299db9ec823/parity-rocksdb-sys-0.5.6/rocksdb/table/partitioned_filter_block.cc
[INFO] [stderr]   /usr/bin/c++  -DOS_LINUX -DROCKSDB_LIB_IO_POSIX -DROCKSDB_MALLOC_USABLE_SIZE -DROCKSDB_PLATFORM_POSIX -DROCKSDB_SCHED_GETCPU_PRESENT -DSNAPPY -I/opt/rustwide/target/debug/build/parity-snappy-sys-c3fd3fe0ee648fc2/out/build -I/opt/rustwide/cargo-home/registry/src/github.com-1ecc6299db9ec823/parity-rocksdb-sys-0.5.6/rocksdb -I/opt/rustwide/cargo-home/registry/src/github.com-1ecc6299db9ec823/parity-rocksdb-sys-0.5.6/rocksdb/include -isystem /opt/rustwide/cargo-home/registry/src/github.com-1ecc6299db9ec823/parity-rocksdb-sys-0.5.6/rocksdb/third-party/gtest-1.7.0/fused-src  -ffunction-sections -fdata-sections -fPIC -m64 -W -Wextra -Wall -Wsign-compare -Wshadow -Wno-unused-parameter -Wno-unused-variable -Woverloaded-virtual -Wnon-virtual-dtor -Wno-missing-field-initializers -Wno-strict-aliasing -std=c++11 -fno-builtin-memcmp -g -DROCKSDB_USE_RTTI   -o CMakeFiles/rocksdb.dir/table/persistent_cache_helper.cc.o -c /opt/rustwide/cargo-home/registry/src/github.com-1ecc6299db9ec823/parity-rocksdb-sys-0.5.6/rocksdb/table/persistent_cache_helper.cc
[INFO] [stderr]   /usr/bin/c++  -DOS_LINUX -DROCKSDB_LIB_IO_POSIX -DROCKSDB_MALLOC_USABLE_SIZE -DROCKSDB_PLATFORM_POSIX -DROCKSDB_SCHED_GETCPU_PRESENT -DSNAPPY -I/opt/rustwide/target/debug/build/parity-snappy-sys-c3fd3fe0ee648fc2/out/build -I/opt/rustwide/cargo-home/registry/src/github.com-1ecc6299db9ec823/parity-rocksdb-sys-0.5.6/rocksdb -I/opt/rustwide/cargo-home/registry/src/github.com-1ecc6299db9ec823/parity-rocksdb-sys-0.5.6/rocksdb/include -isystem /opt/rustwide/cargo-home/registry/src/github.com-1ecc6299db9ec823/parity-rocksdb-sys-0.5.6/rocksdb/third-party/gtest-1.7.0/fused-src  -ffunction-sections -fdata-sections -fPIC -m64 -W -Wextra -Wall -Wsign-compare -Wshadow -Wno-unused-parameter -Wno-unused-variable -Woverloaded-virtual -Wnon-virtual-dtor -Wno-missing-field-initializers -Wno-strict-aliasing -std=c++11 -fno-builtin-memcmp -g -DROCKSDB_USE_RTTI   -o CMakeFiles/rocksdb.dir/table/plain_table_builder.cc.o -c /opt/rustwide/cargo-home/registry/src/github.com-1ecc6299db9ec823/parity-rocksdb-sys-0.5.6/rocksdb/table/plain_table_builder.cc
[INFO] [stderr]   /usr/bin/c++  -DOS_LINUX -DROCKSDB_LIB_IO_POSIX -DROCKSDB_MALLOC_USABLE_SIZE -DROCKSDB_PLATFORM_POSIX -DROCKSDB_SCHED_GETCPU_PRESENT -DSNAPPY -I/opt/rustwide/target/debug/build/parity-snappy-sys-c3fd3fe0ee648fc2/out/build -I/opt/rustwide/cargo-home/registry/src/github.com-1ecc6299db9ec823/parity-rocksdb-sys-0.5.6/rocksdb -I/opt/rustwide/cargo-home/registry/src/github.com-1ecc6299db9ec823/parity-rocksdb-sys-0.5.6/rocksdb/include -isystem /opt/rustwide/cargo-home/registry/src/github.com-1ecc6299db9ec823/parity-rocksdb-sys-0.5.6/rocksdb/third-party/gtest-1.7.0/fused-src  -ffunction-sections -fdata-sections -fPIC -m64 -W -Wextra -Wall -Wsign-compare -Wshadow -Wno-unused-parameter -Wno-unused-variable -Woverloaded-virtual -Wnon-virtual-dtor -Wno-missing-field-initializers -Wno-strict-aliasing -std=c++11 -fno-builtin-memcmp -g -DROCKSDB_USE_RTTI   -o CMakeFiles/rocksdb.dir/table/plain_table_factory.cc.o -c /opt/rustwide/cargo-home/registry/src/github.com-1ecc6299db9ec823/parity-rocksdb-sys-0.5.6/rocksdb/table/plain_table_factory.cc
[INFO] [stderr]   /usr/bin/c++  -DOS_LINUX -DROCKSDB_LIB_IO_POSIX -DROCKSDB_MALLOC_USABLE_SIZE -DROCKSDB_PLATFORM_POSIX -DROCKSDB_SCHED_GETCPU_PRESENT -DSNAPPY -I/opt/rustwide/target/debug/build/parity-snappy-sys-c3fd3fe0ee648fc2/out/build -I/opt/rustwide/cargo-home/registry/src/github.com-1ecc6299db9ec823/parity-rocksdb-sys-0.5.6/rocksdb -I/opt/rustwide/cargo-home/registry/src/github.com-1ecc6299db9ec823/parity-rocksdb-sys-0.5.6/rocksdb/include -isystem /opt/rustwide/cargo-home/registry/src/github.com-1ecc6299db9ec823/parity-rocksdb-sys-0.5.6/rocksdb/third-party/gtest-1.7.0/fused-src  -ffunction-sections -fdata-sections -fPIC -m64 -W -Wextra -Wall -Wsign-compare -Wshadow -Wno-unused-parameter -Wno-unused-variable -Woverloaded-virtual -Wnon-virtual-dtor -Wno-missing-field-initializers -Wno-strict-aliasing -std=c++11 -fno-builtin-memcmp -g -DROCKSDB_USE_RTTI   -o CMakeFiles/rocksdb.dir/table/plain_table_key_coding.cc.o -c /opt/rustwide/cargo-home/registry/src/github.com-1ecc6299db9ec823/parity-rocksdb-sys-0.5.6/rocksdb/table/plain_table_key_coding.cc
[INFO] [stderr]   /usr/bin/c++  -DOS_LINUX -DROCKSDB_LIB_IO_POSIX -DROCKSDB_MALLOC_USABLE_SIZE -DROCKSDB_PLATFORM_POSIX -DROCKSDB_SCHED_GETCPU_PRESENT -DSNAPPY -I/opt/rustwide/target/debug/build/parity-snappy-sys-c3fd3fe0ee648fc2/out/build -I/opt/rustwide/cargo-home/registry/src/github.com-1ecc6299db9ec823/parity-rocksdb-sys-0.5.6/rocksdb -I/opt/rustwide/cargo-home/registry/src/github.com-1ecc6299db9ec823/parity-rocksdb-sys-0.5.6/rocksdb/include -isystem /opt/rustwide/cargo-home/registry/src/github.com-1ecc6299db9ec823/parity-rocksdb-sys-0.5.6/rocksdb/third-party/gtest-1.7.0/fused-src  -ffunction-sections -fdata-sections -fPIC -m64 -W -Wextra -Wall -Wsign-compare -Wshadow -Wno-unused-parameter -Wno-unused-variable -Woverloaded-virtual -Wnon-virtual-dtor -Wno-missing-field-initializers -Wno-strict-aliasing -std=c++11 -fno-builtin-memcmp -g -DROCKSDB_USE_RTTI   -o CMakeFiles/rocksdb.dir/table/plain_table_reader.cc.o -c /opt/rustwide/cargo-home/registry/src/github.com-1ecc6299db9ec823/parity-rocksdb-sys-0.5.6/rocksdb/table/plain_table_reader.cc
[INFO] [stderr]   /usr/bin/c++  -DOS_LINUX -DROCKSDB_LIB_IO_POSIX -DROCKSDB_MALLOC_USABLE_SIZE -DROCKSDB_PLATFORM_POSIX -DROCKSDB_SCHED_GETCPU_PRESENT -DSNAPPY -I/opt/rustwide/target/debug/build/parity-snappy-sys-c3fd3fe0ee648fc2/out/build -I/opt/rustwide/cargo-home/registry/src/github.com-1ecc6299db9ec823/parity-rocksdb-sys-0.5.6/rocksdb -I/opt/rustwide/cargo-home/registry/src/github.com-1ecc6299db9ec823/parity-rocksdb-sys-0.5.6/rocksdb/include -isystem /opt/rustwide/cargo-home/registry/src/github.com-1ecc6299db9ec823/parity-rocksdb-sys-0.5.6/rocksdb/third-party/gtest-1.7.0/fused-src  -ffunction-sections -fdata-sections -fPIC -m64 -W -Wextra -Wall -Wsign-compare -Wshadow -Wno-unused-parameter -Wno-unused-variable -Woverloaded-virtual -Wnon-virtual-dtor -Wno-missing-field-initializers -Wno-strict-aliasing -std=c++11 -fno-builtin-memcmp -g -DROCKSDB_USE_RTTI   -o CMakeFiles/rocksdb.dir/table/sst_file_writer.cc.o -c /opt/rustwide/cargo-home/registry/src/github.com-1ecc6299db9ec823/parity-rocksdb-sys-0.5.6/rocksdb/table/sst_file_writer.cc
[INFO] [stderr]   /usr/bin/c++  -DOS_LINUX -DROCKSDB_LIB_IO_POSIX -DROCKSDB_MALLOC_USABLE_SIZE -DROCKSDB_PLATFORM_POSIX -DROCKSDB_SCHED_GETCPU_PRESENT -DSNAPPY -I/opt/rustwide/target/debug/build/parity-snappy-sys-c3fd3fe0ee648fc2/out/build -I/opt/rustwide/cargo-home/registry/src/github.com-1ecc6299db9ec823/parity-rocksdb-sys-0.5.6/rocksdb -I/opt/rustwide/cargo-home/registry/src/github.com-1ecc6299db9ec823/parity-rocksdb-sys-0.5.6/rocksdb/include -isystem /opt/rustwide/cargo-home/registry/src/github.com-1ecc6299db9ec823/parity-rocksdb-sys-0.5.6/rocksdb/third-party/gtest-1.7.0/fused-src  -ffunction-sections -fdata-sections -fPIC -m64 -W -Wextra -Wall -Wsign-compare -Wshadow -Wno-unused-parameter -Wno-unused-variable -Woverloaded-virtual -Wnon-virtual-dtor -Wno-missing-field-initializers -Wno-strict-aliasing -std=c++11 -fno-builtin-memcmp -g -DROCKSDB_USE_RTTI   -o CMakeFiles/rocksdb.dir/table/table_properties.cc.o -c /opt/rustwide/cargo-home/registry/src/github.com-1ecc6299db9ec823/parity-rocksdb-sys-0.5.6/rocksdb/table/table_properties.cc
[INFO] [stderr]   /usr/bin/c++  -DOS_LINUX -DROCKSDB_LIB_IO_POSIX -DROCKSDB_MALLOC_USABLE_SIZE -DROCKSDB_PLATFORM_POSIX -DROCKSDB_SCHED_GETCPU_PRESENT -DSNAPPY -I/opt/rustwide/target/debug/build/parity-snappy-sys-c3fd3fe0ee648fc2/out/build -I/opt/rustwide/cargo-home/registry/src/github.com-1ecc6299db9ec823/parity-rocksdb-sys-0.5.6/rocksdb -I/opt/rustwide/cargo-home/registry/src/github.com-1ecc6299db9ec823/parity-rocksdb-sys-0.5.6/rocksdb/include -isystem /opt/rustwide/cargo-home/registry/src/github.com-1ecc6299db9ec823/parity-rocksdb-sys-0.5.6/rocksdb/third-party/gtest-1.7.0/fused-src  -ffunction-sections -fdata-sections -fPIC -m64 -W -Wextra -Wall -Wsign-compare -Wshadow -Wno-unused-parameter -Wno-unused-variable -Woverloaded-virtual -Wnon-virtual-dtor -Wno-missing-field-initializers -Wno-strict-aliasing -std=c++11 -fno-builtin-memcmp -g -DROCKSDB_USE_RTTI   -o CMakeFiles/rocksdb.dir/table/two_level_iterator.cc.o -c /opt/rustwide/cargo-home/registry/src/github.com-1ecc6299db9ec823/parity-rocksdb-sys-0.5.6/rocksdb/table/two_level_iterator.cc
[INFO] [stderr]   /usr/bin/c++  -DOS_LINUX -DROCKSDB_LIB_IO_POSIX -DROCKSDB_MALLOC_USABLE_SIZE -DROCKSDB_PLATFORM_POSIX -DROCKSDB_SCHED_GETCPU_PRESENT -DSNAPPY -I/opt/rustwide/target/debug/build/parity-snappy-sys-c3fd3fe0ee648fc2/out/build -I/opt/rustwide/cargo-home/registry/src/github.com-1ecc6299db9ec823/parity-rocksdb-sys-0.5.6/rocksdb -I/opt/rustwide/cargo-home/registry/src/github.com-1ecc6299db9ec823/parity-rocksdb-sys-0.5.6/rocksdb/include -isystem /opt/rustwide/cargo-home/registry/src/github.com-1ecc6299db9ec823/parity-rocksdb-sys-0.5.6/rocksdb/third-party/gtest-1.7.0/fused-src  -ffunction-sections -fdata-sections -fPIC -m64 -W -Wextra -Wall -Wsign-compare -Wshadow -Wno-unused-parameter -Wno-unused-variable -Woverloaded-virtual -Wnon-virtual-dtor -Wno-missing-field-initializers -Wno-strict-aliasing -std=c++11 -fno-builtin-memcmp -g -DROCKSDB_USE_RTTI   -o CMakeFiles/rocksdb.dir/tools/db_bench_tool.cc.o -c /opt/rustwide/cargo-home/registry/src/github.com-1ecc6299db9ec823/parity-rocksdb-sys-0.5.6/rocksdb/tools/db_bench_tool.cc
[INFO] [stderr]   /usr/bin/c++  -DOS_LINUX -DROCKSDB_LIB_IO_POSIX -DROCKSDB_MALLOC_USABLE_SIZE -DROCKSDB_PLATFORM_POSIX -DROCKSDB_SCHED_GETCPU_PRESENT -DSNAPPY -I/opt/rustwide/target/debug/build/parity-snappy-sys-c3fd3fe0ee648fc2/out/build -I/opt/rustwide/cargo-home/registry/src/github.com-1ecc6299db9ec823/parity-rocksdb-sys-0.5.6/rocksdb -I/opt/rustwide/cargo-home/registry/src/github.com-1ecc6299db9ec823/parity-rocksdb-sys-0.5.6/rocksdb/include -isystem /opt/rustwide/cargo-home/registry/src/github.com-1ecc6299db9ec823/parity-rocksdb-sys-0.5.6/rocksdb/third-party/gtest-1.7.0/fused-src  -ffunction-sections -fdata-sections -fPIC -m64 -W -Wextra -Wall -Wsign-compare -Wshadow -Wno-unused-parameter -Wno-unused-variable -Woverloaded-virtual -Wnon-virtual-dtor -Wno-missing-field-initializers -Wno-strict-aliasing -std=c++11 -fno-builtin-memcmp -g -DROCKSDB_USE_RTTI   -o CMakeFiles/rocksdb.dir/tools/dump/db_dump_tool.cc.o -c /opt/rustwide/cargo-home/registry/src/github.com-1ecc6299db9ec823/parity-rocksdb-sys-0.5.6/rocksdb/tools/dump/db_dump_tool.cc
[INFO] [stderr]   /usr/bin/c++  -DOS_LINUX -DROCKSDB_LIB_IO_POSIX -DROCKSDB_MALLOC_USABLE_SIZE -DROCKSDB_PLATFORM_POSIX -DROCKSDB_SCHED_GETCPU_PRESENT -DSNAPPY -I/opt/rustwide/target/debug/build/parity-snappy-sys-c3fd3fe0ee648fc2/out/build -I/opt/rustwide/cargo-home/registry/src/github.com-1ecc6299db9ec823/parity-rocksdb-sys-0.5.6/rocksdb -I/opt/rustwide/cargo-home/registry/src/github.com-1ecc6299db9ec823/parity-rocksdb-sys-0.5.6/rocksdb/include -isystem /opt/rustwide/cargo-home/registry/src/github.com-1ecc6299db9ec823/parity-rocksdb-sys-0.5.6/rocksdb/third-party/gtest-1.7.0/fused-src  -ffunction-sections -fdata-sections -fPIC -m64 -W -Wextra -Wall -Wsign-compare -Wshadow -Wno-unused-parameter -Wno-unused-variable -Woverloaded-virtual -Wnon-virtual-dtor -Wno-missing-field-initializers -Wno-strict-aliasing -std=c++11 -fno-builtin-memcmp -g -DROCKSDB_USE_RTTI   -o CMakeFiles/rocksdb.dir/tools/ldb_cmd.cc.o -c /opt/rustwide/cargo-home/registry/src/github.com-1ecc6299db9ec823/parity-rocksdb-sys-0.5.6/rocksdb/tools/ldb_cmd.cc
[INFO] [stderr]   /usr/bin/c++  -DOS_LINUX -DROCKSDB_LIB_IO_POSIX -DROCKSDB_MALLOC_USABLE_SIZE -DROCKSDB_PLATFORM_POSIX -DROCKSDB_SCHED_GETCPU_PRESENT -DSNAPPY -I/opt/rustwide/target/debug/build/parity-snappy-sys-c3fd3fe0ee648fc2/out/build -I/opt/rustwide/cargo-home/registry/src/github.com-1ecc6299db9ec823/parity-rocksdb-sys-0.5.6/rocksdb -I/opt/rustwide/cargo-home/registry/src/github.com-1ecc6299db9ec823/parity-rocksdb-sys-0.5.6/rocksdb/include -isystem /opt/rustwide/cargo-home/registry/src/github.com-1ecc6299db9ec823/parity-rocksdb-sys-0.5.6/rocksdb/third-party/gtest-1.7.0/fused-src  -ffunction-sections -fdata-sections -fPIC -m64 -W -Wextra -Wall -Wsign-compare -Wshadow -Wno-unused-parameter -Wno-unused-variable -Woverloaded-virtual -Wnon-virtual-dtor -Wno-missing-field-initializers -Wno-strict-aliasing -std=c++11 -fno-builtin-memcmp -g -DROCKSDB_USE_RTTI   -o CMakeFiles/rocksdb.dir/tools/ldb_tool.cc.o -c /opt/rustwide/cargo-home/registry/src/github.com-1ecc6299db9ec823/parity-rocksdb-sys-0.5.6/rocksdb/tools/ldb_tool.cc
[INFO] [stderr]   /usr/bin/c++  -DOS_LINUX -DROCKSDB_LIB_IO_POSIX -DROCKSDB_MALLOC_USABLE_SIZE -DROCKSDB_PLATFORM_POSIX -DROCKSDB_SCHED_GETCPU_PRESENT -DSNAPPY -I/opt/rustwide/target/debug/build/parity-snappy-sys-c3fd3fe0ee648fc2/out/build -I/opt/rustwide/cargo-home/registry/src/github.com-1ecc6299db9ec823/parity-rocksdb-sys-0.5.6/rocksdb -I/opt/rustwide/cargo-home/registry/src/github.com-1ecc6299db9ec823/parity-rocksdb-sys-0.5.6/rocksdb/include -isystem /opt/rustwide/cargo-home/registry/src/github.com-1ecc6299db9ec823/parity-rocksdb-sys-0.5.6/rocksdb/third-party/gtest-1.7.0/fused-src  -ffunction-sections -fdata-sections -fPIC -m64 -W -Wextra -Wall -Wsign-compare -Wshadow -Wno-unused-parameter -Wno-unused-variable -Woverloaded-virtual -Wnon-virtual-dtor -Wno-missing-field-initializers -Wno-strict-aliasing -std=c++11 -fno-builtin-memcmp -g -DROCKSDB_USE_RTTI   -o CMakeFiles/rocksdb.dir/tools/sst_dump_tool.cc.o -c /opt/rustwide/cargo-home/registry/src/github.com-1ecc6299db9ec823/parity-rocksdb-sys-0.5.6/rocksdb/tools/sst_dump_tool.cc
[INFO] [stderr]   /usr/bin/c++  -DOS_LINUX -DROCKSDB_LIB_IO_POSIX -DROCKSDB_MALLOC_USABLE_SIZE -DROCKSDB_PLATFORM_POSIX -DROCKSDB_SCHED_GETCPU_PRESENT -DSNAPPY -I/opt/rustwide/target/debug/build/parity-snappy-sys-c3fd3fe0ee648fc2/out/build -I/opt/rustwide/cargo-home/registry/src/github.com-1ecc6299db9ec823/parity-rocksdb-sys-0.5.6/rocksdb -I/opt/rustwide/cargo-home/registry/src/github.com-1ecc6299db9ec823/parity-rocksdb-sys-0.5.6/rocksdb/include -isystem /opt/rustwide/cargo-home/registry/src/github.com-1ecc6299db9ec823/parity-rocksdb-sys-0.5.6/rocksdb/third-party/gtest-1.7.0/fused-src  -ffunction-sections -fdata-sections -fPIC -m64 -W -Wextra -Wall -Wsign-compare -Wshadow -Wno-unused-parameter -Wno-unused-variable -Woverloaded-virtual -Wnon-virtual-dtor -Wno-missing-field-initializers -Wno-strict-aliasing -std=c++11 -fno-builtin-memcmp -g -DROCKSDB_USE_RTTI   -o CMakeFiles/rocksdb.dir/util/arena.cc.o -c /opt/rustwide/cargo-home/registry/src/github.com-1ecc6299db9ec823/parity-rocksdb-sys-0.5.6/rocksdb/util/arena.cc
[INFO] [stderr]   /usr/bin/c++  -DOS_LINUX -DROCKSDB_LIB_IO_POSIX -DROCKSDB_MALLOC_USABLE_SIZE -DROCKSDB_PLATFORM_POSIX -DROCKSDB_SCHED_GETCPU_PRESENT -DSNAPPY -I/opt/rustwide/target/debug/build/parity-snappy-sys-c3fd3fe0ee648fc2/out/build -I/opt/rustwide/cargo-home/registry/src/github.com-1ecc6299db9ec823/parity-rocksdb-sys-0.5.6/rocksdb -I/opt/rustwide/cargo-home/registry/src/github.com-1ecc6299db9ec823/parity-rocksdb-sys-0.5.6/rocksdb/include -isystem /opt/rustwide/cargo-home/registry/src/github.com-1ecc6299db9ec823/parity-rocksdb-sys-0.5.6/rocksdb/third-party/gtest-1.7.0/fused-src  -ffunction-sections -fdata-sections -fPIC -m64 -W -Wextra -Wall -Wsign-compare -Wshadow -Wno-unused-parameter -Wno-unused-variable -Woverloaded-virtual -Wnon-virtual-dtor -Wno-missing-field-initializers -Wno-strict-aliasing -std=c++11 -fno-builtin-memcmp -g -DROCKSDB_USE_RTTI   -o CMakeFiles/rocksdb.dir/util/auto_roll_logger.cc.o -c /opt/rustwide/cargo-home/registry/src/github.com-1ecc6299db9ec823/parity-rocksdb-sys-0.5.6/rocksdb/util/auto_roll_logger.cc
[INFO] [stderr]   /usr/bin/c++  -DOS_LINUX -DROCKSDB_LIB_IO_POSIX -DROCKSDB_MALLOC_USABLE_SIZE -DROCKSDB_PLATFORM_POSIX -DROCKSDB_SCHED_GETCPU_PRESENT -DSNAPPY -I/opt/rustwide/target/debug/build/parity-snappy-sys-c3fd3fe0ee648fc2/out/build -I/opt/rustwide/cargo-home/registry/src/github.com-1ecc6299db9ec823/parity-rocksdb-sys-0.5.6/rocksdb -I/opt/rustwide/cargo-home/registry/src/github.com-1ecc6299db9ec823/parity-rocksdb-sys-0.5.6/rocksdb/include -isystem /opt/rustwide/cargo-home/registry/src/github.com-1ecc6299db9ec823/parity-rocksdb-sys-0.5.6/rocksdb/third-party/gtest-1.7.0/fused-src  -ffunction-sections -fdata-sections -fPIC -m64 -W -Wextra -Wall -Wsign-compare -Wshadow -Wno-unused-parameter -Wno-unused-variable -Woverloaded-virtual -Wnon-virtual-dtor -Wno-missing-field-initializers -Wno-strict-aliasing -std=c++11 -fno-builtin-memcmp -g -DROCKSDB_USE_RTTI   -o CMakeFiles/rocksdb.dir/util/bloom.cc.o -c /opt/rustwide/cargo-home/registry/src/github.com-1ecc6299db9ec823/parity-rocksdb-sys-0.5.6/rocksdb/util/bloom.cc
[INFO] [stderr]   /usr/bin/c++  -DOS_LINUX -DROCKSDB_LIB_IO_POSIX -DROCKSDB_MALLOC_USABLE_SIZE -DROCKSDB_PLATFORM_POSIX -DROCKSDB_SCHED_GETCPU_PRESENT -DSNAPPY -I/opt/rustwide/target/debug/build/parity-snappy-sys-c3fd3fe0ee648fc2/out/build -I/opt/rustwide/cargo-home/registry/src/github.com-1ecc6299db9ec823/parity-rocksdb-sys-0.5.6/rocksdb -I/opt/rustwide/cargo-home/registry/src/github.com-1ecc6299db9ec823/parity-rocksdb-sys-0.5.6/rocksdb/include -isystem /opt/rustwide/cargo-home/registry/src/github.com-1ecc6299db9ec823/parity-rocksdb-sys-0.5.6/rocksdb/third-party/gtest-1.7.0/fused-src  -ffunction-sections -fdata-sections -fPIC -m64 -W -Wextra -Wall -Wsign-compare -Wshadow -Wno-unused-parameter -Wno-unused-variable -Woverloaded-virtual -Wnon-virtual-dtor -Wno-missing-field-initializers -Wno-strict-aliasing -std=c++11 -fno-builtin-memcmp -g -DROCKSDB_USE_RTTI   -o CMakeFiles/rocksdb.dir/util/coding.cc.o -c /opt/rustwide/cargo-home/registry/src/github.com-1ecc6299db9ec823/parity-rocksdb-sys-0.5.6/rocksdb/util/coding.cc
[INFO] [stderr]   /usr/bin/c++  -DOS_LINUX -DROCKSDB_LIB_IO_POSIX -DROCKSDB_MALLOC_USABLE_SIZE -DROCKSDB_PLATFORM_POSIX -DROCKSDB_SCHED_GETCPU_PRESENT -DSNAPPY -I/opt/rustwide/target/debug/build/parity-snappy-sys-c3fd3fe0ee648fc2/out/build -I/opt/rustwide/cargo-home/registry/src/github.com-1ecc6299db9ec823/parity-rocksdb-sys-0.5.6/rocksdb -I/opt/rustwide/cargo-home/registry/src/github.com-1ecc6299db9ec823/parity-rocksdb-sys-0.5.6/rocksdb/include -isystem /opt/rustwide/cargo-home/registry/src/github.com-1ecc6299db9ec823/parity-rocksdb-sys-0.5.6/rocksdb/third-party/gtest-1.7.0/fused-src  -ffunction-sections -fdata-sections -fPIC -m64 -W -Wextra -Wall -Wsign-compare -Wshadow -Wno-unused-parameter -Wno-unused-variable -Woverloaded-virtual -Wnon-virtual-dtor -Wno-missing-field-initializers -Wno-strict-aliasing -std=c++11 -fno-builtin-memcmp -g -DROCKSDB_USE_RTTI   -o CMakeFiles/rocksdb.dir/util/compaction_job_stats_impl.cc.o -c /opt/rustwide/cargo-home/registry/src/github.com-1ecc6299db9ec823/parity-rocksdb-sys-0.5.6/rocksdb/util/compaction_job_stats_impl.cc
[INFO] [stderr]   /usr/bin/c++  -DOS_LINUX -DROCKSDB_LIB_IO_POSIX -DROCKSDB_MALLOC_USABLE_SIZE -DROCKSDB_PLATFORM_POSIX -DROCKSDB_SCHED_GETCPU_PRESENT -DSNAPPY -I/opt/rustwide/target/debug/build/parity-snappy-sys-c3fd3fe0ee648fc2/out/build -I/opt/rustwide/cargo-home/registry/src/github.com-1ecc6299db9ec823/parity-rocksdb-sys-0.5.6/rocksdb -I/opt/rustwide/cargo-home/registry/src/github.com-1ecc6299db9ec823/parity-rocksdb-sys-0.5.6/rocksdb/include -isystem /opt/rustwide/cargo-home/registry/src/github.com-1ecc6299db9ec823/parity-rocksdb-sys-0.5.6/rocksdb/third-party/gtest-1.7.0/fused-src  -ffunction-sections -fdata-sections -fPIC -m64 -W -Wextra -Wall -Wsign-compare -Wshadow -Wno-unused-parameter -Wno-unused-variable -Woverloaded-virtual -Wnon-virtual-dtor -Wno-missing-field-initializers -Wno-strict-aliasing -std=c++11 -fno-builtin-memcmp -g -DROCKSDB_USE_RTTI   -o CMakeFiles/rocksdb.dir/util/comparator.cc.o -c /opt/rustwide/cargo-home/registry/src/github.com-1ecc6299db9ec823/parity-rocksdb-sys-0.5.6/rocksdb/util/comparator.cc
[INFO] [stderr]   make[3]: Leaving directory '/opt/rustwide/target/debug/build/parity-rocksdb-sys-293032b8fc8c28ed/out/build'
[INFO] [stderr]   make[2]: Leaving directory '/opt/rustwide/target/debug/build/parity-rocksdb-sys-293032b8fc8c28ed/out/build'
[INFO] [stderr]   make[1]: Leaving directory '/opt/rustwide/target/debug/build/parity-rocksdb-sys-293032b8fc8c28ed/out/build'
[INFO] [stderr] 
[INFO] [stderr]   --- stderr
[INFO] [stderr]   CMake Warning at CMakeLists.txt:74 (find_package):
[INFO] [stderr]     By not providing "Findgflags.cmake" in CMAKE_MODULE_PATH this project has
[INFO] [stderr]     asked CMake to find a package configuration file provided by "gflags", but
[INFO] [stderr]     CMake did not find one.
[INFO] [stderr] 
[INFO] [stderr]     Could not find a package configuration file provided by "gflags" with any
[INFO] [stderr]     of the following names:
[INFO] [stderr] 
[INFO] [stderr]       gflagsConfig.cmake
[INFO] [stderr]       gflags-config.cmake
[INFO] [stderr] 
[INFO] [stderr]     Add the installation prefix of "gflags" to CMAKE_PREFIX_PATH or set
[INFO] [stderr]     "gflags_DIR" to a directory containing one of the above files.  If "gflags"
[INFO] [stderr]     provides a separate development package or SDK, be sure it has been
[INFO] [stderr]     installed.
[INFO] [stderr] 
[INFO] [stderr] 
[INFO] [stderr]   c++: fatal error: Killed signal terminated program cc1plus
[INFO] [stderr]   compilation terminated.
[INFO] [stderr]   make[3]: *** [CMakeFiles/rocksdb.dir/build.make:131: CMakeFiles/rocksdb.dir/db/column_family.cc.o] Error 1
[INFO] [stderr]   make[3]: *** Waiting for unfinished jobs....
[INFO] [stderr]   c++: fatal error: Killed signal terminated program cc1plus
[INFO] [stderr]   compilation terminated.
[INFO] [stderr]   make[3]: *** [CMakeFiles/rocksdb.dir/build.make:118: CMakeFiles/rocksdb.dir/db/c.cc.o] Error 1
[INFO] [stderr]   c++: fatal error: Killed signal terminated program cc1plus
[INFO] [stderr]   compilation terminated.
[INFO] [stderr]   make[3]: *** [CMakeFiles/rocksdb.dir/build.make:92: CMakeFiles/rocksdb.dir/cache/sharded_cache.cc.o] Error 1
[INFO] [stderr]   c++: fatal error: Killed signal terminated program cc1plus
[INFO] [stderr]   compilation terminated.
[INFO] [stderr]   make[3]: *** [CMakeFiles/rocksdb.dir/build.make:79: CMakeFiles/rocksdb.dir/cache/lru_cache.cc.o] Error 1
[INFO] [stderr]   c++: fatal error: Killed signal terminated program cc1plus
[INFO] [stderr]   compilation terminated.
[INFO] [stderr]   make[3]: *** [CMakeFiles/rocksdb.dir/build.make:105: CMakeFiles/rocksdb.dir/db/builder.cc.o] Error 1
[INFO] [stderr]   c++: fatal error: Killed signal terminated program cc1plus
[INFO] [stderr]   compilation terminated.
[INFO] [stderr]   make[3]: *** [CMakeFiles/rocksdb.dir/build.make:157: CMakeFiles/rocksdb.dir/db/compaction.cc.o] Error 1
[INFO] [stderr]   c++: fatal error: Killed signal terminated program cc1plus
[INFO] [stderr]   compilation terminated.
[INFO] [stderr]   make[3]: *** [CMakeFiles/rocksdb.dir/build.make:170: CMakeFiles/rocksdb.dir/db/compaction_iterator.cc.o] Error 1
[INFO] [stderr]   c++: fatal error: Killed signal terminated program cc1plus
[INFO] [stderr]   compilation terminated.
[INFO] [stderr]   make[3]: *** [CMakeFiles/rocksdb.dir/build.make:144: CMakeFiles/rocksdb.dir/db/compacted_db_impl.cc.o] Error 1
[INFO] [stderr]   c++: fatal error: Killed signal terminated program cc1plus
[INFO] [stderr]   compilation terminated.
[INFO] [stderr]   make[3]: *** [CMakeFiles/rocksdb.dir/build.make:1119: CMakeFiles/rocksdb.dir/options/options.cc.o] Error 1
[INFO] [stderr]   c++: fatal error: Killed signal terminated program cc1plus
[INFO] [stderr]   compilation terminated.
[INFO] [stderr]   make[3]: *** [CMakeFiles/rocksdb.dir/build.make:1509: CMakeFiles/rocksdb.dir/table/plain_table_index.cc.o] Error 1
[INFO] [stderr]   c++: fatal error: Killed signal terminated program cc1plus
[INFO] [stderr]   compilation terminated.
[INFO] [stderr]   make[3]: *** [CMakeFiles/rocksdb.dir/build.make:586: CMakeFiles/rocksdb.dir/db/merge_helper.cc.o] Error 1
[INFO] [stderr]   c++: fatal error: Killed signal terminated program cc1plus
[INFO] [stderr]   compilation terminated.
[INFO] [stderr]   c++: fatal error: Killed signal terminated program cc1plus
[INFO] [stderr]   compilation terminated.
[INFO] [stderr]   make[3]: *** [CMakeFiles/rocksdb.dir/build.make:183: CMakeFiles/rocksdb.dir/db/compaction_job.cc.o] Error 1
[INFO] [stderr]   make[3]: *** [CMakeFiles/rocksdb.dir/build.make:326: CMakeFiles/rocksdb.dir/db/db_impl_experimental.cc.o] Error 1
[INFO] [stderr]   c++: fatal error: Killed signal terminated program cc1plus
[INFO] [stderr]   compilation terminated.
[INFO] [stderr]   make[3]: *** [CMakeFiles/rocksdb.dir/build.make:768: CMakeFiles/rocksdb.dir/db/write_controller.cc.o] Error 1
[INFO] [stderr]   c++: fatal error: Killed signal terminated program cc1plus
[INFO] [stderr]   compilation terminated.
[INFO] [stderr]   make[3]: *** [CMakeFiles/rocksdb.dir/build.make:508: CMakeFiles/rocksdb.dir/db/log_reader.cc.o] Error 1
[INFO] [stderr]   c++: fatal error: Killed signal terminated program cc1plus
[INFO] [stderr]   compilation terminated.
[INFO] [stderr]   make[3]: *** [CMakeFiles/rocksdb.dir/build.make:456: CMakeFiles/rocksdb.dir/db/flush_scheduler.cc.o] Error 1
[INFO] [stderr]   c++: fatal error: Killed signal terminated program cc1plus
[INFO] [stderr]   compilation terminated.
[INFO] [stderr]   make[3]: *** [CMakeFiles/rocksdb.dir/build.make:742: CMakeFiles/rocksdb.dir/db/write_batch.cc.o] Error 1
[INFO] [stderr]   c++: fatal error: Killed signal terminated program cc1plus
[INFO] [stderr]   compilation terminated.
[INFO] [stderr]   make[3]: *** [CMakeFiles/rocksdb.dir/build.make:924: CMakeFiles/rocksdb.dir/memtable/vectorrep.cc.o] Error 1
[INFO] [stderr]   c++: fatal error: Killed signal terminated program cc1plus
[INFO] [stderr]   compilation terminated.
[INFO] [stderr]   make[3]: *** [CMakeFiles/rocksdb.dir/build.make:846: CMakeFiles/rocksdb.dir/env/mock_env.cc.o] Error 1
[INFO] [stderr]   c++: fatal error: Killed signal terminated program cc1plus
[INFO] [stderr]   compilation terminated.
[INFO] [stderr]   make[3]: *** [CMakeFiles/rocksdb.dir/build.make:690: CMakeFiles/rocksdb.dir/db/version_builder.cc.o] Error 1
[INFO] [stderr]   c++: fatal error: Killed signal terminated program cc1plus
[INFO] [stderr]   c++: fatal error: Killed signal terminated program cc1plus
[INFO] [stderr]   compilation terminated.
[INFO] [stderr]   compilation terminated.
[INFO] [stderr]   c++: fatal error: Killed signal terminated program cc1plus
[INFO] [stderr]   compilation terminated.
[INFO] [stderr]   c++: fatal error: Killed signal terminated program cc1plus
[INFO] [stderr]   compilation terminated.
[INFO] [stderr]   make[3]: *** [CMakeFiles/rocksdb.dir/build.make:300: CMakeFiles/rocksdb.dir/db/db_impl_open.cc.o] Error 1
[INFO] [stderr]   make[3]: *** [CMakeFiles/rocksdb.dir/build.make:209: CMakeFiles/rocksdb.dir/db/compaction_picker_universal.cc.o] Error 1
[INFO] [stderr]   make[3]: *** [CMakeFiles/rocksdb.dir/build.make:313: CMakeFiles/rocksdb.dir/db/db_impl_debug.cc.o] Error 1
[INFO] [stderr]   make[3]: *** [CMakeFiles/rocksdb.dir/build.make:703: CMakeFiles/rocksdb.dir/db/version_edit.cc.o] Error 1
[INFO] [stderr]   c++: fatal error: Killed signal terminated program cc1plus
[INFO] [stderr]   c++: fatal error: Killed signal terminated program cc1plus
[INFO] [stderr]   compilation terminated.
[INFO] [stderr]   compilation terminated.
[INFO] [stderr]   make[3]: *** [CMakeFiles/rocksdb.dir/build.make:1314: CMakeFiles/rocksdb.dir/table/cuckoo_table_builder.cc.o] Error 1
[INFO] [stderr]   make[3]: *** [CMakeFiles/rocksdb.dir/build.make:248: CMakeFiles/rocksdb.dir/db/db_impl.cc.o] Error 1
[INFO] [stderr]   c++: fatal error: Killed signal terminated program cc1plus
[INFO] [stderr]   compilation terminated.
[INFO] [stderr]   c++: fatal error: Killed signal terminated program cc1plus
[INFO] [stderr]   compilation terminated.
[INFO] [stderr]   c++: fatal error: Killed signal terminated program cc1plus
[INFO] [stderr]   compilation terminated.
[INFO] [stderr]   c++: fatal error: Killed signal terminated program cc1plus
[INFO] [stderr]   compilation terminated.
[INFO] [stderr]   make[3]: *** [CMakeFiles/rocksdb.dir/build.make:937: CMakeFiles/rocksdb.dir/memtable/write_buffer_manager.cc.o] Error 1
[INFO] [stderr]   make[3]: *** [CMakeFiles/rocksdb.dir/build.make:1002: CMakeFiles/rocksdb.dir/monitoring/perf_context.cc.o] Error 1
[INFO] [stderr]   make[3]: *** [CMakeFiles/rocksdb.dir/build.make:391: CMakeFiles/rocksdb.dir/db/event_helpers.cc.o] Error 1
[INFO] [stderr]   make[3]: *** [CMakeFiles/rocksdb.dir/build.make:222: CMakeFiles/rocksdb.dir/db/convenience.cc.o] Error 1
[INFO] [stderr]   c++: fatal error: Killed signal terminated program cc1plus
[INFO] [stderr]   compilation terminated.
[INFO] [stderr]   make[3]: *** [CMakeFiles/rocksdb.dir/build.make:365: CMakeFiles/rocksdb.dir/db/db_iter.cc.o] Error 1
[INFO] [stderr]   c++: fatal error: Killed signal terminated program cc1plus
[INFO] [stderr]   compilation terminated.
[INFO] [stderr]   make[3]: *** [CMakeFiles/rocksdb.dir/build.make:781: CMakeFiles/rocksdb.dir/db/write_thread.cc.o] Error 1
[INFO] [stderr]   c++: fatal error: Killed signal terminated program cc1plus
[INFO] [stderr]   compilation terminated.
[INFO] [stderr]   make[3]: *** [CMakeFiles/rocksdb.dir/build.make:547: CMakeFiles/rocksdb.dir/db/managed_iterator.cc.o] Error 1
[INFO] [stderr]   c++: fatal error: Killed signal terminated program cc1plus
[INFO] [stderr]   compilation terminated.
[INFO] [stderr]   make[3]: *** [CMakeFiles/rocksdb.dir/build.make:872: CMakeFiles/rocksdb.dir/memtable/hash_cuckoo_rep.cc.o] Error 1
[INFO] [stderr]   c++: fatal error: Killed signal terminated program cc1plus
[INFO] [stderr]   compilation terminated.
[INFO] [stderr]   make[3]: *** [CMakeFiles/rocksdb.dir/build.make:807: CMakeFiles/rocksdb.dir/env/env_chroot.cc.o] Error 1
[INFO] [stderr]   c++: fatal error: Killed signal terminated program cc1plus
[INFO] [stderr]   compilation terminated.
[INFO] [stderr]   make[3]: *** [CMakeFiles/rocksdb.dir/build.make:469: CMakeFiles/rocksdb.dir/db/forward_iterator.cc.o] Error 1
[INFO] [stderr]   c++: fatal error: Killed signal terminated program cc1plus
[INFO] [stderr]   compilation terminated.
[INFO] [stderr]   make[3]: *** [CMakeFiles/rocksdb.dir/build.make:534: CMakeFiles/rocksdb.dir/db/malloc_stats.cc.o] Error 1
[INFO] [stderr]   c++: fatal error: Killed signal terminated program cc1plus
[INFO] [stderr]   c++: fatal error: Killed signal terminated program cc1plus
[INFO] [stderr]   compilation terminated.
[INFO] [stderr]   compilation terminated.
[INFO] [stderr]   make[3]: *** [CMakeFiles/rocksdb.dir/build.make:989: CMakeFiles/rocksdb.dir/monitoring/iostats_context.cc.o] Error 1
[INFO] [stderr]   make[3]: *** [CMakeFiles/rocksdb.dir/build.make:560: CMakeFiles/rocksdb.dir/db/memtable.cc.o] Error 1
[INFO] [stderr]   c++: fatal error: Killed signal terminated program cc1plus
[INFO] [stderr]   compilation terminated.
[INFO] [stderr]   make[3]: *** [CMakeFiles/rocksdb.dir/build.make:677: CMakeFiles/rocksdb.dir/db/transaction_log_impl.cc.o] Error 1
[INFO] [stderr]   c++: fatal error: Killed signal terminated program cc1plus
[INFO] [stderr]   compilation terminated.
[INFO] [stderr]   make[3]: *** [CMakeFiles/rocksdb.dir/build.make:1028: CMakeFiles/rocksdb.dir/monitoring/statistics.cc.o] Error 1
[INFO] [stderr]   c++: fatal error: Killed signal terminated program cc1plus
[INFO] [stderr]   compilation terminated.
[INFO] [stderr]   c++: fatal error: Killed signal terminated program cc1plus
[INFO] [stderr]   compilation terminated.
[INFO] [stderr]   make[3]: *** [CMakeFiles/rocksdb.dir/build.make:196: CMakeFiles/rocksdb.dir/db/compaction_picker.cc.o] Error 1
[INFO] [stderr]   make[3]: *** [CMakeFiles/rocksdb.dir/build.make:443: CMakeFiles/rocksdb.dir/db/flush_job.cc.o] Error 1
[INFO] [stderr]   c++: fatal error: Killed signal terminated program cc1plus
[INFO] [stderr]   compilation terminated.
[INFO] [stderr]   make[3]: *** [CMakeFiles/rocksdb.dir/build.make:625: CMakeFiles/rocksdb.dir/db/repair.cc.o] Error 1
[INFO] [stderr]   c++: fatal error: Killed signal terminated program cc1plus
[INFO] [stderr]   compilation terminated.
[INFO] [stderr]   make[3]: *** [CMakeFiles/rocksdb.dir/build.make:339: CMakeFiles/rocksdb.dir/db/db_impl_readonly.cc.o] Error 1
[INFO] [stderr]   c++: fatal error: Killed signal terminated program cc1plus
[INFO] [stderr]   compilation terminated.
[INFO] [stderr]   make[3]: *** [CMakeFiles/rocksdb.dir/build.make:261: CMakeFiles/rocksdb.dir/db/db_impl_write.cc.o] Error 1
[INFO] [stderr]   c++: fatal error: Killed signal terminated program cc1plus
[INFO] [stderr]   compilation terminated.
[INFO] [stderr]   make[3]: *** [CMakeFiles/rocksdb.dir/build.make:1093: CMakeFiles/rocksdb.dir/options/cf_options.cc.o] Error 1
[INFO] [stderr]   c++: fatal error: Killed signal terminated program cc1plus
[INFO] [stderr]   compilation terminated.
[INFO] [stderr]   c++: fatal error: Killed signal terminated program cc1plus
[INFO] [stderr]   compilation terminated.
[INFO] [stderr]   make[3]: *** [CMakeFiles/rocksdb.dir/build.make:352: CMakeFiles/rocksdb.dir/db/db_info_dumper.cc.o] Error 1
[INFO] [stderr]   make[3]: *** [CMakeFiles/rocksdb.dir/build.make:378: CMakeFiles/rocksdb.dir/db/dbformat.cc.o] Error 1
[INFO] [stderr]   c++: fatal error: Killed signal terminated program cc1plus
[INFO] [stderr]   compilation terminated.
[INFO] [stderr]   make[3]: *** [CMakeFiles/rocksdb.dir/build.make:963: CMakeFiles/rocksdb.dir/monitoring/histogram_windowing.cc.o] Error 1
[INFO] [stderr]   c++: fatal error: Killed signal terminated program cc1plus
[INFO] [stderr]   compilation terminated.
[INFO] [stderr]   c++: fatal error: Killed signal terminated program cc1plus
[INFO] [stderr]   compilation terminated.
[INFO] [stderr]   make[3]: *** [CMakeFiles/rocksdb.dir/build.make:859: CMakeFiles/rocksdb.dir/memtable/alloc_tracker.cc.o] Error 1
[INFO] [stderr]   make[3]: *** [CMakeFiles/rocksdb.dir/build.make:911: CMakeFiles/rocksdb.dir/memtable/skiplistrep.cc.o] Error 1
[INFO] [stderr]   c++: fatal error: Killed signal terminated program cc1plus
[INFO] [stderr]   compilation terminated.
[INFO] [stderr]   make[3]: *** [CMakeFiles/rocksdb.dir/build.make:274: CMakeFiles/rocksdb.dir/db/db_impl_compaction_flush.cc.o] Error 1
[INFO] [stderr]   c++: fatal error: Killed signal terminated program cc1plus
[INFO] [stderr]   compilation terminated.
[INFO] [stderr]   c++: fatal error: Killed signal terminated program cc1plus
[INFO] [stderr]   compilation terminated.
[INFO] [stderr]   make[3]: *** [CMakeFiles/rocksdb.dir/build.make:716: CMakeFiles/rocksdb.dir/db/version_set.cc.o] Error 1
[INFO] [stderr]   make[3]: *** [CMakeFiles/rocksdb.dir/build.make:1574: CMakeFiles/rocksdb.dir/table/two_level_iterator.cc.o] Error 1
[INFO] [stderr]   c++: fatal error: Killed signal terminated program cc1plus
[INFO] [stderr]   compilation terminated.
[INFO] [stderr]   make[3]: *** [CMakeFiles/rocksdb.dir/build.make:495: CMakeFiles/rocksdb.dir/db/logs_with_prep_tracker.cc.o] Error 1
[INFO] [stderr]   c++: fatal error: Killed signal terminated program cc1plus
[INFO] [stderr]   compilation terminated.
[INFO] [stderr]   make[3]: *** [CMakeFiles/rocksdb.dir/build.make:599: CMakeFiles/rocksdb.dir/db/merge_operator.cc.o] Error 1
[INFO] [stderr]   c++: fatal error: Killed signal terminated program cc1plus
[INFO] [stderr]   compilation terminated.
[INFO] [stderr]   make[3]: *** [CMakeFiles/rocksdb.dir/build.make:885: CMakeFiles/rocksdb.dir/memtable/hash_linklist_rep.cc.o] Error 1
[INFO] [stderr]   c++: fatal error: Killed signal terminated program cc1plus
[INFO] [stderr]   compilation terminated.
[INFO] [stderr]   make[3]: *** [CMakeFiles/rocksdb.dir/build.make:417: CMakeFiles/rocksdb.dir/db/external_sst_file_ingestion_job.cc.o] Error 1
[INFO] [stderr]   c++: fatal error: Killed signal terminated program cc1plus
[INFO] [stderr]   compilation terminated.
[INFO] [stderr]   make[3]: *** [CMakeFiles/rocksdb.dir/build.make:1067: CMakeFiles/rocksdb.dir/monitoring/thread_status_util.cc.o] Error 1
[INFO] [stderr]   c++: fatal error: Killed signal terminated program cc1plus
[INFO] [stderr]   compilation terminated.
[INFO] [stderr]   make[3]: *** [CMakeFiles/rocksdb.dir/build.make:573: CMakeFiles/rocksdb.dir/db/memtable_list.cc.o] Error 1
[INFO] [stderr]   c++: fatal error: Killed signal terminated program cc1plus
[INFO] [stderr]   compilation terminated.
[INFO] [stderr]   make[3]: *** [CMakeFiles/rocksdb.dir/build.make:1327: CMakeFiles/rocksdb.dir/table/cuckoo_table_factory.cc.o] Error 1
[INFO] [stderr]   c++: fatal error: Killed signal terminated program cc1plus
[INFO] [stderr]   compilation terminated.
[INFO] [stderr]   make[3]: *** [CMakeFiles/rocksdb.dir/build.make:638: CMakeFiles/rocksdb.dir/db/snapshot_impl.cc.o] Error 1
[INFO] [stderr]   c++: fatal error: Killed signal terminated program cc1plus
[INFO] [stderr]   compilation terminated.
[INFO] [stderr]   make[3]: *** [CMakeFiles/rocksdb.dir/build.make:1613: CMakeFiles/rocksdb.dir/tools/ldb_cmd.cc.o] Error 1
[INFO] [stderr]   c++: fatal error: Killed signal terminated program cc1plus
[INFO] [stderr]   compilation terminated.
[INFO] [stderr]   make[3]: *** [CMakeFiles/rocksdb.dir/build.make:1600: CMakeFiles/rocksdb.dir/tools/dump/db_dump_tool.cc.o] Error 1
[INFO] [stderr]   c++: fatal error: Killed signal terminated program cc1plus
[INFO] [stderr]   compilation terminated.
[INFO] [stderr]   make[3]: *** [CMakeFiles/rocksdb.dir/build.make:235: CMakeFiles/rocksdb.dir/db/db_filesnapshot.cc.o] Error 1
[INFO] [stderr]   c++: fatal error: Killed signal terminated program cc1plus
[INFO] [stderr]   compilation terminated.
[INFO] [stderr]   make[3]: *** [CMakeFiles/rocksdb.dir/build.make:664: CMakeFiles/rocksdb.dir/db/table_properties_collector.cc.o] Error 1
[INFO] [stderr]   c++: fatal error: Killed signal terminated program cc1plus
[INFO] [stderr]   compilation terminated.
[INFO] [stderr]   make[3]: *** [CMakeFiles/rocksdb.dir/build.make:729: CMakeFiles/rocksdb.dir/db/wal_manager.cc.o] Error 1
[INFO] [stderr]   c++: fatal error: Killed signal terminated program cc1plus
[INFO] [stderr]   compilation terminated.
[INFO] [stderr]   make[3]: *** [CMakeFiles/rocksdb.dir/build.make:898: CMakeFiles/rocksdb.dir/memtable/hash_skiplist_rep.cc.o] Error 1
[INFO] [stderr]   c++: fatal error: Killed signal terminated program cc1plus
[INFO] [stderr]   compilation terminated.
[INFO] [stderr]   make[3]: *** [CMakeFiles/rocksdb.dir/build.make:1431: CMakeFiles/rocksdb.dir/table/merging_iterator.cc.o] Error 1
[INFO] [stderr]   c++: fatal error: Killed signal terminated program cc1plus
[INFO] [stderr]   compilation terminated.
[INFO] [stderr]   make[3]: *** [CMakeFiles/rocksdb.dir/build.make:482: CMakeFiles/rocksdb.dir/db/internal_stats.cc.o] Error 1
[INFO] [stderr]   c++: fatal error: Killed signal terminated program cc1plus
[INFO] [stderr]   compilation terminated.
[INFO] [stderr]   c++: fatal error: Killed signal terminated program cc1plus
[INFO] [stderr]   compilation terminated.
[INFO] [stderr]   make[3]: *** [CMakeFiles/rocksdb.dir/build.make:1379: CMakeFiles/rocksdb.dir/table/full_filter_block.cc.o] Error 1
[INFO] [stderr]   make[3]: *** [CMakeFiles/rocksdb.dir/build.make:651: CMakeFiles/rocksdb.dir/db/table_cache.cc.o] Error 1
[INFO] [stderr]   c++: fatal error: Killed signal terminated program cc1plus
[INFO] [stderr]   c++: fatal error: Killed signal terminated program cc1plus
[INFO] [stderr]   compilation terminated.
[INFO] [stderr]   compilation terminated.
[INFO] [stderr]   make[3]: *** [CMakeFiles/rocksdb.dir/build.make:1548: CMakeFiles/rocksdb.dir/table/sst_file_writer.cc.o] Error 1
[INFO] [stderr]   make[3]: *** [CMakeFiles/rocksdb.dir/build.make:1626: CMakeFiles/rocksdb.dir/tools/ldb_tool.cc.o] Error 1
[INFO] [stderr]   c++: fatal error: Killed signal terminated program cc1plus
[INFO] [stderr]   compilation terminated.
[INFO] [stderr]   make[3]: *** [CMakeFiles/rocksdb.dir/build.make:1197: CMakeFiles/rocksdb.dir/table/block.cc.o] Error 1
[INFO] [stderr]   c++: fatal error: Killed signal terminated program cc1plus
[INFO] [stderr]   compilation terminated.
[INFO] [stderr]   make[3]: *** [CMakeFiles/rocksdb.dir/build.make:1184: CMakeFiles/rocksdb.dir/table/adaptive_table_factory.cc.o] Error 1
[INFO] [stderr]   c++: fatal error: Killed signal terminated program cc1plus
[INFO] [stderr]   compilation terminated.
[INFO] [stderr]   make[3]: *** [CMakeFiles/rocksdb.dir/build.make:1236: CMakeFiles/rocksdb.dir/table/block_based_table_factory.cc.o] Error 1
[INFO] [stderr]   c++: fatal error: Killed signal terminated program cc1plus
[INFO] [stderr]   compilation terminated.
[INFO] [stderr]   make[3]: *** [CMakeFiles/rocksdb.dir/build.make:1405: CMakeFiles/rocksdb.dir/table/index_builder.cc.o] Error 1
[INFO] [stderr]   c++: fatal error: Killed signal terminated program cc1plus
[INFO] [stderr]   compilation terminated.
[INFO] [stderr]   make[3]: *** [CMakeFiles/rocksdb.dir/build.make:794: CMakeFiles/rocksdb.dir/env/env.cc.o] Error 1
[INFO] [stderr]   c++: fatal error: Killed signal terminated program cc1plus
[INFO] [stderr]   compilation terminated.
[INFO] [stderr]   make[3]: *** [CMakeFiles/rocksdb.dir/build.make:1561: CMakeFiles/rocksdb.dir/table/table_properties.cc.o] Error 1
[INFO] [stderr]   c++: fatal error: Killed signal terminated program cc1plus
[INFO] [stderr]   compilation terminated.
[INFO] [stderr]   make[3]: *** [CMakeFiles/rocksdb.dir/build.make:1457: CMakeFiles/rocksdb.dir/table/partitioned_filter_block.cc.o] Error 1
[INFO] [stderr]   c++: fatal error: Killed signal terminated program cc1plus
[INFO] [stderr]   compilation terminated.
[INFO] [stderr]   make[3]: *** [CMakeFiles/rocksdb.dir/build.make:1496: CMakeFiles/rocksdb.dir/table/plain_table_factory.cc.o] Error 1
[INFO] [stderr]   c++: fatal error: Killed signal terminated program cc1plus
[INFO] [stderr]   compilation terminated.
[INFO] [stderr]   make[3]: *** [CMakeFiles/rocksdb.dir/build.make:1678: CMakeFiles/rocksdb.dir/util/bloom.cc.o] Error 1
[INFO] [stderr]   c++: fatal error: Killed signal terminated program cc1plus
[INFO] [stderr]   compilation terminated.
[INFO] [stderr]   make[3]: *** [CMakeFiles/rocksdb.dir/build.make:1262: CMakeFiles/rocksdb.dir/table/block_builder.cc.o] Error 1
[INFO] [stderr]   c++: fatal error: Killed signal terminated program cc1plus
[INFO] [stderr]   compilation terminated.
[INFO] [stderr]   make[3]: *** [CMakeFiles/rocksdb.dir/build.make:1665: CMakeFiles/rocksdb.dir/util/auto_roll_logger.cc.o] Error 1
[INFO] [stderr]   c++: fatal error: Killed signal terminated program cc1plus
[INFO] [stderr]   compilation terminated.
[INFO] [stderr]   make[3]: *** [CMakeFiles/rocksdb.dir/build.make:287: CMakeFiles/rocksdb.dir/db/db_impl_files.cc.o] Error 1
[INFO] [stderr]   c++: fatal error: Killed signal terminated program cc1plus
[INFO] [stderr]   compilation terminated.
[INFO] [stderr]   make[3]: *** [CMakeFiles/rocksdb.dir/build.make:1353: CMakeFiles/rocksdb.dir/table/flush_block_policy.cc.o] Error 1
[INFO] [stderr]   c++: fatal error: Killed signal terminated program cc1plus
[INFO] [stderr]   compilation terminated.
[INFO] [stderr]   make[3]: *** [CMakeFiles/rocksdb.dir/build.make:1444: CMakeFiles/rocksdb.dir/table/meta_blocks.cc.o] Error 1
[INFO] [stderr]   c++: fatal error: Killed signal terminated program cc1plus
[INFO] [stderr]   compilation terminated.
[INFO] [stderr]   make[3]: *** [CMakeFiles/rocksdb.dir/build.make:1470: CMakeFiles/rocksdb.dir/table/persistent_cache_helper.cc.o] Error 1
[INFO] [stderr]   c++: fatal error: Killed signal terminated program cc1plus
[INFO] [stderr]   compilation terminated.
[INFO] [stderr]   make[3]: *** [CMakeFiles/rocksdb.dir/build.make:404: CMakeFiles/rocksdb.dir/db/experimental.cc.o] Error 1
[INFO] [stderr]   c++: fatal error: Killed signal terminated program cc1plus
[INFO] [stderr]   compilation terminated.
[INFO] [stderr]   c++: fatal error: Killed signal terminated program cc1plus
[INFO] [stderr]   compilation terminated.
[INFO] [stderr]   make[3]: *** [CMakeFiles/rocksdb.dir/build.make:976: CMakeFiles/rocksdb.dir/monitoring/instrumented_mutex.cc.o] Error 1
[INFO] [stderr]   make[3]: *** [CMakeFiles/rocksdb.dir/build.make:1340: CMakeFiles/rocksdb.dir/table/cuckoo_table_reader.cc.o] Error 1
[INFO] [stderr]   c++: fatal error: Killed signal terminated program cc1plus
[INFO] [stderr]   compilation terminated.
[INFO] [stderr]   make[3]: *** [CMakeFiles/rocksdb.dir/build.make:950: CMakeFiles/rocksdb.dir/monitoring/histogram.cc.o] Error 1
[INFO] [stderr]   c++: fatal error: Killed signal terminated program cc1plus
[INFO] [stderr]   compilation terminated.
[INFO] [stderr]   make[3]: *** [CMakeFiles/rocksdb.dir/build.make:612: CMakeFiles/rocksdb.dir/db/range_del_aggregator.cc.o] Error 1
[INFO] [stderr]   c++: fatal error: Killed signal terminated program cc1plus
[INFO] [stderr]   compilation terminated.
[INFO] [stderr]   make[3]: *** [CMakeFiles/rocksdb.dir/build.make:1522: CMakeFiles/rocksdb.dir/table/plain_table_key_coding.cc.o] Error 1
[INFO] [stderr]   c++: fatal error: Killed signal terminated program cc1plus
[INFO] [stderr]   compilation terminated.
[INFO] [stderr]   make[3]: *** [CMakeFiles/rocksdb.dir/build.make:1223: CMakeFiles/rocksdb.dir/table/block_based_table_builder.cc.o] Error 1
[INFO] [stderr]   c++: fatal error: Killed signal terminated program cc1plus
[INFO] [stderr]   compilation terminated.
[INFO] [stderr]   make[3]: *** [CMakeFiles/rocksdb.dir/build.make:1106: CMakeFiles/rocksdb.dir/options/db_options.cc.o] Error 1
[INFO] [stderr]   c++: fatal error: Killed signal terminated program cc1plus
[INFO] [stderr]   compilation terminated.
[INFO] [stderr]   make[3]: *** [CMakeFiles/rocksdb.dir/build.make:1210: CMakeFiles/rocksdb.dir/table/block_based_filter_block.cc.o] Error 1
[INFO] [stderr]   c++: fatal error: Killed signal terminated program cc1plus
[INFO] [stderr]   compilation terminated.
[INFO] [stderr]   make[3]: *** [CMakeFiles/rocksdb.dir/build.make:1145: CMakeFiles/rocksdb.dir/options/options_parser.cc.o] Error 1
[INFO] [stderr]   c++: fatal error: Killed signal terminated program cc1plus
[INFO] [stderr]   compilation terminated.
[INFO] [stderr]   make[3]: *** [CMakeFiles/rocksdb.dir/build.make:1080: CMakeFiles/rocksdb.dir/monitoring/thread_status_util_debug.cc.o] Error 1
[INFO] [stderr]   c++: fatal error: Killed signal terminated program cc1plus
[INFO] [stderr]   compilation terminated.
[INFO] [stderr]   make[3]: *** [CMakeFiles/rocksdb.dir/build.make:1132: CMakeFiles/rocksdb.dir/options/options_helper.cc.o] Error 1
[INFO] [stderr]   c++: fatal error: Killed signal terminated program cc1plus
[INFO] [stderr]   compilation terminated.
[INFO] [stderr]   make[3]: *** [CMakeFiles/rocksdb.dir/build.make:1249: CMakeFiles/rocksdb.dir/table/block_based_table_reader.cc.o] Error 1
[INFO] [stderr]   In file included from /opt/rustwide/cargo-home/registry/src/github.com-1ecc6299db9ec823/parity-rocksdb-sys-0.5.6/rocksdb/db/file_indexer.cc:13:
[INFO] [stderr]   /opt/rustwide/cargo-home/registry/src/github.com-1ecc6299db9ec823/parity-rocksdb-sys-0.5.6/rocksdb/db/version_edit.h: In constructor 'rocksdb::FdWithKeyRange::FdWithKeyRange(rocksdb::FileDescriptor, rocksdb::Slice, rocksdb::Slice, rocksdb::FileMetaData*)':
[INFO] [stderr]   /opt/rustwide/cargo-home/registry/src/github.com-1ecc6299db9ec823/parity-rocksdb-sys-0.5.6/rocksdb/db/version_edit.h:157:33: warning: implicitly-declared 'constexpr rocksdb::FileDescriptor::FileDescriptor(const rocksdb::FileDescriptor&)' is deprecated [-Wdeprecated-copy]
[INFO] [stderr]     157 |         largest_key(_largest_key) {}
[INFO] [stderr]         |                                 ^
[INFO] [stderr]   /opt/rustwide/cargo-home/registry/src/github.com-1ecc6299db9ec823/parity-rocksdb-sys-0.5.6/rocksdb/db/version_edit.h:47:19: note: because 'rocksdb::FileDescriptor' has user-provided 'rocksdb::FileDescriptor& rocksdb::FileDescriptor::operator=(const rocksdb::FileDescriptor&)'
[INFO] [stderr]      47 |   FileDescriptor& operator=(const FileDescriptor& fd) {
[INFO] [stderr]         |                   ^~~~~~~~
[INFO] [stderr]   In file included from /opt/rustwide/cargo-home/registry/src/github.com-1ecc6299db9ec823/parity-rocksdb-sys-0.5.6/rocksdb/db/range_del_aggregator.h:16,
[INFO] [stderr]                    from /opt/rustwide/cargo-home/registry/src/github.com-1ecc6299db9ec823/parity-rocksdb-sys-0.5.6/rocksdb/table/get_context.h:9,
[INFO] [stderr]                    from /opt/rustwide/cargo-home/registry/src/github.com-1ecc6299db9ec823/parity-rocksdb-sys-0.5.6/rocksdb/table/get_context.cc:6:
[INFO] [stderr]   /opt/rustwide/cargo-home/registry/src/github.com-1ecc6299db9ec823/parity-rocksdb-sys-0.5.6/rocksdb/db/version_edit.h: In constructor 'rocksdb::FdWithKeyRange::FdWithKeyRange(rocksdb::FileDescriptor, rocksdb::Slice, rocksdb::Slice, rocksdb::FileMetaData*)':
[INFO] [stderr]   /opt/rustwide/cargo-home/registry/src/github.com-1ecc6299db9ec823/parity-rocksdb-sys-0.5.6/rocksdb/db/version_edit.h:157:33: warning: implicitly-declared 'constexpr rocksdb::FileDescriptor::FileDescriptor(const rocksdb::FileDescriptor&)' is deprecated [-Wdeprecated-copy]
[INFO] [stderr]     157 |         largest_key(_largest_key) {}
[INFO] [stderr]         |                                 ^
[INFO] [stderr]   /opt/rustwide/cargo-home/registry/src/github.com-1ecc6299db9ec823/parity-rocksdb-sys-0.5.6/rocksdb/db/version_edit.h:47:19: note: because 'rocksdb::FileDescriptor' has user-provided 'rocksdb::FileDescriptor& rocksdb::FileDescriptor::operator=(const rocksdb::FileDescriptor&)'
[INFO] [stderr]      47 |   FileDescriptor& operator=(const FileDescriptor& fd) {
[INFO] [stderr]         |                   ^~~~~~~~
[INFO] [stderr]   In file included from /opt/rustwide/cargo-home/registry/src/github.com-1ecc6299db9ec823/parity-rocksdb-sys-0.5.6/rocksdb/db/range_del_aggregator.h:16,
[INFO] [stderr]                    from /opt/rustwide/cargo-home/registry/src/github.com-1ecc6299db9ec823/parity-rocksdb-sys-0.5.6/rocksdb/table/get_context.h:9,
[INFO] [stderr]                    from /opt/rustwide/cargo-home/registry/src/github.com-1ecc6299db9ec823/parity-rocksdb-sys-0.5.6/rocksdb/table/plain_table_reader.cc:30:
[INFO] [stderr]   /opt/rustwide/cargo-home/registry/src/github.com-1ecc6299db9ec823/parity-rocksdb-sys-0.5.6/rocksdb/db/version_edit.h: In constructor 'rocksdb::FdWithKeyRange::FdWithKeyRange(rocksdb::FileDescriptor, rocksdb::Slice, rocksdb::Slice, rocksdb::FileMetaData*)':
[INFO] [stderr]   /opt/rustwide/cargo-home/registry/src/github.com-1ecc6299db9ec823/parity-rocksdb-sys-0.5.6/rocksdb/db/version_edit.h:157:33: warning: implicitly-declared 'constexpr rocksdb::FileDescriptor::FileDescriptor(const rocksdb::FileDescriptor&)' is deprecated [-Wdeprecated-copy]
[INFO] [stderr]     157 |         largest_key(_largest_key) {}
[INFO] [stderr]         |                                 ^
[INFO] [stderr]   /opt/rustwide/cargo-home/registry/src/github.com-1ecc6299db9ec823/parity-rocksdb-sys-0.5.6/rocksdb/db/version_edit.h:47:19: note: because 'rocksdb::FileDescriptor' has user-provided 'rocksdb::FileDescriptor& rocksdb::FileDescriptor::operator=(const rocksdb::FileDescriptor&)'
[INFO] [stderr]      47 |   FileDescriptor& operator=(const FileDescriptor& fd) {
[INFO] [stderr]         |                   ^~~~~~~~
[INFO] [stderr]   In file included from /opt/rustwide/cargo-home/registry/src/github.com-1ecc6299db9ec823/parity-rocksdb-sys-0.5.6/rocksdb/db/range_del_aggregator.h:16,
[INFO] [stderr]                    from /opt/rustwide/cargo-home/registry/src/github.com-1ecc6299db9ec823/parity-rocksdb-sys-0.5.6/rocksdb/db/memtable.h:19,
[INFO] [stderr]                    from /opt/rustwide/cargo-home/registry/src/github.com-1ecc6299db9ec823/parity-rocksdb-sys-0.5.6/rocksdb/tools/sst_dump_tool.cc:21:
[INFO] [stderr]   /opt/rustwide/cargo-home/registry/src/github.com-1ecc6299db9ec823/parity-rocksdb-sys-0.5.6/rocksdb/db/version_edit.h: In constructor 'rocksdb::FdWithKeyRange::FdWithKeyRange(rocksdb::FileDescriptor, rocksdb::Slice, rocksdb::Slice, rocksdb::FileMetaData*)':
[INFO] [stderr]   /opt/rustwide/cargo-home/registry/src/github.com-1ecc6299db9ec823/parity-rocksdb-sys-0.5.6/rocksdb/db/version_edit.h:157:33: warning: implicitly-declared 'constexpr rocksdb::FileDescriptor::FileDescriptor(const rocksdb::FileDescriptor&)' is deprecated [-Wdeprecated-copy]
[INFO] [stderr]     157 |         largest_key(_largest_key) {}
[INFO] [stderr]         |                                 ^
[INFO] [stderr]   /opt/rustwide/cargo-home/registry/src/github.com-1ecc6299db9ec823/parity-rocksdb-sys-0.5.6/rocksdb/db/version_edit.h:47:19: note: because 'rocksdb::FileDescriptor' has user-provided 'rocksdb::FileDescriptor& rocksdb::FileDescriptor::operator=(const rocksdb::FileDescriptor&)'
[INFO] [stderr]      47 |   FileDescriptor& operator=(const FileDescriptor& fd) {
[INFO] [stderr]         |                   ^~~~~~~~
[INFO] [stderr]   /opt/rustwide/cargo-home/registry/src/github.com-1ecc6299db9ec823/parity-rocksdb-sys-0.5.6/rocksdb/db/version_edit.h: In instantiation of 'constexpr std::pair<_T1, _T2>::pair(_U1&&, _U2&&) [with _U1 = int&; _U2 = rocksdb::FileMetaData; typename std::enable_if<(std::_PCC<true, _T1, _T2>::_MoveConstructiblePair<_U1, _U2>() && std::_PCC<true, _T1, _T2>::_ImplicitlyMoveConvertiblePair<_U1, _U2>()), bool>::type <anonymous> = true; _T1 = int; _T2 = rocksdb::FileMetaData]':
[INFO] [stderr]   /usr/include/c++/9/ext/new_allocator.h:147:4:   required from 'void __gnu_cxx::new_allocator<_Tp>::construct(_Up*, _Args&& ...) [with _Up = std::pair<int, rocksdb::FileMetaData>; _Args = {int&, rocksdb::FileMetaData}; _Tp = std::pair<int, rocksdb::FileMetaData>]'
[INFO] [stderr]   /usr/include/c++/9/bits/alloc_traits.h:484:4:   required from 'static void std::allocator_traits<std::allocator<_CharT> >::construct(std::allocator_traits<std::allocator<_CharT> >::allocator_type&, _Up*, _Args&& ...) [with _Up = std::pair<int, rocksdb::FileMetaData>; _Args = {int&, rocksdb::FileMetaData}; _Tp = std::pair<int, rocksdb::FileMetaData>; std::allocator_traits<std::allocator<_CharT> >::allocator_type = std::allocator<std::pair<int, rocksdb::FileMetaData> >]'
[INFO] [stderr]   /usr/include/c++/9/bits/vector.tcc:115:30:   required from 'void std::vector<_Tp, _Alloc>::emplace_back(_Args&& ...) [with _Args = {int&, rocksdb::FileMetaData}; _Tp = std::pair<int, rocksdb::FileMetaData>; _Alloc = std::allocator<std::pair<int, rocksdb::FileMetaData> >]'
[INFO] [stderr]   /opt/rustwide/cargo-home/registry/src/github.com-1ecc6299db9ec823/parity-rocksdb-sys-0.5.6/rocksdb/db/version_edit.h:227:48:   required from here
[INFO] [stderr]   /opt/rustwide/cargo-home/registry/src/github.com-1ecc6299db9ec823/parity-rocksdb-sys-0.5.6/rocksdb/db/version_edit.h:76:8: warning: implicitly-declared 'constexpr rocksdb::FileDescriptor::FileDescriptor(const rocksdb::FileDescriptor&)' is deprecated [-Wdeprecated-copy]
[INFO] [stderr]      76 | struct FileMetaData {
[INFO] [stderr]         |        ^~~~~~~~~~~~
[INFO] [stderr]   /opt/rustwide/cargo-home/registry/src/github.com-1ecc6299db9ec823/parity-rocksdb-sys-0.5.6/rocksdb/db/version_edit.h:47:19: note: because 'rocksdb::FileDescriptor' has user-provided 'rocksdb::FileDescriptor& rocksdb::FileDescriptor::operator=(const rocksdb::FileDescriptor&)'
[INFO] [stderr]      47 |   FileDescriptor& operator=(const FileDescriptor& fd) {
[INFO] [stderr]         |                   ^~~~~~~~
[INFO] [stderr]   In file included from /usr/include/c++/9/utility:70,
[INFO] [stderr]                    from /usr/include/c++/9/tuple:38,
[INFO] [stderr]                    from /usr/include/c++/9/functional:54,
[INFO] [stderr]                    from /opt/rustwide/cargo-home/registry/src/github.com-1ecc6299db9ec823/parity-rocksdb-sys-0.5.6/rocksdb/db/file_indexer.h:12,
[INFO] [stderr]                    from /opt/rustwide/cargo-home/registry/src/github.com-1ecc6299db9ec823/parity-rocksdb-sys-0.5.6/rocksdb/db/file_indexer.cc:10:
[INFO] [stderr]   /usr/include/c++/9/bits/stl_pair.h:342:64: note: synthesized method 'rocksdb::FileMetaData::FileMetaData(rocksdb::FileMetaData&&)' first required here
[INFO] [stderr]     342 |  : first(std::forward<_U1>(__x)), second(std::forward<_U2>(__y)) { }
[INFO] [stderr]         |                                                                ^
[INFO] [stderr]   In file included from /opt/rustwide/cargo-home/registry/src/github.com-1ecc6299db9ec823/parity-rocksdb-sys-0.5.6/rocksdb/db/file_indexer.cc:13:
[INFO] [stderr]   /opt/rustwide/cargo-home/registry/src/github.com-1ecc6299db9ec823/parity-rocksdb-sys-0.5.6/rocksdb/db/version_edit.h: In instantiation of 'constexpr std::pair<_T1, _T2>::pair(_U1&&, const _T2&) [with _U1 = int&; typename std::enable_if<std::_PCC<true, _T1, _T2>::_MoveCopyPair<true, _U1, _T2>(), bool>::type <anonymous> = true; _T1 = int; _T2 = rocksdb::FileMetaData]':
[INFO] [stderr]   /usr/include/c++/9/ext/new_allocator.h:147:4:   required from 'void __gnu_cxx::new_allocator<_Tp>::construct(_Up*, _Args&& ...) [with _Up = std::pair<int, rocksdb::FileMetaData>; _Args = {int&, const rocksdb::FileMetaData&}; _Tp = std::pair<int, rocksdb::FileMetaData>]'
[INFO] [stderr]   /usr/include/c++/9/bits/alloc_traits.h:484:4:   required from 'static void std::allocator_traits<std::allocator<_CharT> >::construct(std::allocator_traits<std::allocator<_CharT> >::allocator_type&, _Up*, _Args&& ...) [with _Up = std::pair<int, rocksdb::FileMetaData>; _Args = {int&, const rocksdb::FileMetaData&}; _Tp = std::pair<int, rocksdb::FileMetaData>; std::allocator_traits<std::allocator<_CharT> >::allocator_type = std::allocator<std::pair<int, rocksdb::FileMetaData> >]'
[INFO] [stderr]   /usr/include/c++/9/bits/vector.tcc:115:30:   required from 'void std::vector<_Tp, _Alloc>::emplace_back(_Args&& ...) [with _Args = {int&, const rocksdb::FileMetaData&}; _Tp = std::pair<int, rocksdb::FileMetaData>; _Alloc = std::allocator<std::pair<int, rocksdb::FileMetaData> >]'
[INFO] [stderr]   /opt/rustwide/cargo-home/registry/src/github.com-1ecc6299db9ec823/parity-rocksdb-sys-0.5.6/rocksdb/db/version_edit.h:232:37:   required from here
[INFO] [stderr]   /opt/rustwide/cargo-home/registry/src/github.com-1ecc6299db9ec823/parity-rocksdb-sys-0.5.6/rocksdb/db/version_edit.h:76:8: warning: implicitly-declared 'constexpr rocksdb::FileDescriptor::FileDescriptor(const rocksdb::FileDescriptor&)' is deprecated [-Wdeprecated-copy]
[INFO] [stderr]      76 | struct FileMetaData {
[INFO] [stderr]         |        ^~~~~~~~~~~~
[INFO] [stderr]   /opt/rustwide/cargo-home/registry/src/github.com-1ecc6299db9ec823/parity-rocksdb-sys-0.5.6/rocksdb/db/version_edit.h:47:19: note: because 'rocksdb::FileDescriptor' has user-provided 'rocksdb::FileDescriptor& rocksdb::FileDescriptor::operator=(const rocksdb::FileDescriptor&)'
[INFO] [stderr]      47 |   FileDescriptor& operator=(const FileDescriptor& fd) {
[INFO] [stderr]         |                   ^~~~~~~~
[INFO] [stderr]   In file included from /usr/include/c++/9/utility:70,
[INFO] [stderr]                    from /usr/include/c++/9/tuple:38,
[INFO] [stderr]                    from /usr/include/c++/9/functional:54,
[INFO] [stderr]                    from /opt/rustwide/cargo-home/registry/src/github.com-1ecc6299db9ec823/parity-rocksdb-sys-0.5.6/rocksdb/db/file_indexer.h:12,
[INFO] [stderr]                    from /opt/rustwide/cargo-home/registry/src/github.com-1ecc6299db9ec823/parity-rocksdb-sys-0.5.6/rocksdb/db/file_indexer.cc:10:
[INFO] [stderr]   /usr/include/c++/9/bits/stl_pair.h:312:51: note: synthesized method 'rocksdb::FileMetaData::FileMetaData(const rocksdb::FileMetaData&)' first required here
[INFO] [stderr]     312 |        : first(std::forward<_U1>(__x)), second(__y) { }
[INFO] [stderr]         |                                                   ^
[INFO] [stderr]   /opt/rustwide/cargo-home/registry/src/github.com-1ecc6299db9ec823/parity-rocksdb-sys-0.5.6/rocksdb/db/version_edit.h: In instantiation of 'constexpr std::pair<_T1, _T2>::pair(_U1&&, _U2&&) [with _U1 = int&; _U2 = rocksdb::FileMetaData; typename std::enable_if<(std::_PCC<true, _T1, _T2>::_MoveConstructiblePair<_U1, _U2>() && std::_PCC<true, _T1, _T2>::_ImplicitlyMoveConvertiblePair<_U1, _U2>()), bool>::type <anonymous> = true; _T1 = int; _T2 = rocksdb::FileMetaData]':
[INFO] [stderr]   /usr/include/c++/9/ext/new_allocator.h:147:4:   required from 'void __gnu_cxx::new_allocator<_Tp>::construct(_Up*, _Args&& ...) [with _Up = std::pair<int, rocksdb::FileMetaData>; _Args = {int&, rocksdb::FileMetaData}; _Tp = std::pair<int, rocksdb::FileMetaData>]'
[INFO] [stderr]   /usr/include/c++/9/bits/alloc_traits.h:484:4:   required from 'static void std::allocator_traits<std::allocator<_CharT> >::construct(std::allocator_traits<std::allocator<_CharT> >::allocator_type&, _Up*, _Args&& ...) [with _Up = std::pair<int, rocksdb::FileMetaData>; _Args = {int&, rocksdb::FileMetaData}; _Tp = std::pair<int, rocksdb::FileMetaData>; std::allocator_traits<std::allocator<_CharT> >::allocator_type = std::allocator<std::pair<int, rocksdb::FileMetaData> >]'
[INFO] [stderr]   /usr/include/c++/9/bits/vector.tcc:115:30:   required from 'void std::vector<_Tp, _Alloc>::emplace_back(_Args&& ...) [with _Args = {int&, rocksdb::FileMetaData}; _Tp = std::pair<int, rocksdb::FileMetaData>; _Alloc = std::allocator<std::pair<int, rocksdb::FileMetaData> >]'
[INFO] [stderr]   /opt/rustwide/cargo-home/registry/src/github.com-1ecc6299db9ec823/parity-rocksdb-sys-0.5.6/rocksdb/db/version_edit.h:227:48:   required from here
[INFO] [stderr]   /opt/rustwide/cargo-home/registry/src/github.com-1ecc6299db9ec823/parity-rocksdb-sys-0.5.6/rocksdb/db/version_edit.h:76:8: warning: implicitly-declared 'constexpr rocksdb::FileDescriptor::FileDescriptor(const rocksdb::FileDescriptor&)' is deprecated [-Wdeprecated-copy]
[INFO] [stderr]      76 | struct FileMetaData {
[INFO] [stderr]         |        ^~~~~~~~~~~~
[INFO] [stderr]   /opt/rustwide/cargo-home/registry/src/github.com-1ecc6299db9ec823/parity-rocksdb-sys-0.5.6/rocksdb/db/version_edit.h:47:19: note: because 'rocksdb::FileDescriptor' has user-provided 'rocksdb::FileDescriptor& rocksdb::FileDescriptor::operator=(const rocksdb::FileDescriptor&)'
[INFO] [stderr]      47 |   FileDescriptor& operator=(const FileDescriptor& fd) {
[INFO] [stderr]         |                   ^~~~~~~~
[INFO] [stderr]   In file included from /usr/include/c++/9/bits/stl_algobase.h:64,
[INFO] [stderr]                    from /usr/include/c++/9/bits/char_traits.h:39,
[INFO] [stderr]                    from /usr/include/c++/9/string:40,
[INFO] [stderr]                    from /opt/rustwide/cargo-home/registry/src/github.com-1ecc6299db9ec823/parity-rocksdb-sys-0.5.6/rocksdb/table/get_context.h:7,
[INFO] [stderr]                    from /opt/rustwide/cargo-home/registry/src/github.com-1ecc6299db9ec823/parity-rocksdb-sys-0.5.6/rocksdb/table/get_context.cc:6:
[INFO] [stderr]   /usr/include/c++/9/bits/stl_pair.h:342:64: note: synthesized method 'rocksdb::FileMetaData::FileMetaData(rocksdb::FileMetaData&&)' first required here
[INFO] [stderr]     342 |  : first(std::forward<_U1>(__x)), second(std::forward<_U2>(__y)) { }
[INFO] [stderr]         |                                                                ^
[INFO] [stderr]   In file included from /opt/rustwide/cargo-home/registry/src/github.com-1ecc6299db9ec823/parity-rocksdb-sys-0.5.6/rocksdb/db/range_del_aggregator.h:16,
[INFO] [stderr]                    from /opt/rustwide/cargo-home/registry/src/github.com-1ecc6299db9ec823/parity-rocksdb-sys-0.5.6/rocksdb/table/get_context.h:9,
[INFO] [stderr]                    from /opt/rustwide/cargo-home/registry/src/github.com-1ecc6299db9ec823/parity-rocksdb-sys-0.5.6/rocksdb/table/get_context.cc:6:
[INFO] [stderr]   /opt/rustwide/cargo-home/registry/src/github.com-1ecc6299db9ec823/parity-rocksdb-sys-0.5.6/rocksdb/db/version_edit.h: In instantiation of 'constexpr std::pair<_T1, _T2>::pair(_U1&&, const _T2&) [with _U1 = int&; typename std::enable_if<std::_PCC<true, _T1, _T2>::_MoveCopyPair<true, _U1, _T2>(), bool>::type <anonymous> = true; _T1 = int; _T2 = rocksdb::FileMetaData]':
[INFO] [stderr]   /usr/include/c++/9/ext/new_allocator.h:147:4:   required from 'void __gnu_cxx::new_allocator<_Tp>::construct(_Up*, _Args&& ...) [with _Up = std::pair<int, rocksdb::FileMetaData>; _Args = {int&, const rocksdb::FileMetaData&}; _Tp = std::pair<int, rocksdb::FileMetaData>]'
[INFO] [stderr]   /usr/include/c++/9/bits/alloc_traits.h:484:4:   required from 'static void std::allocator_traits<std::allocator<_CharT> >::construct(std::allocator_traits<std::allocator<_CharT> >::allocator_type&, _Up*, _Args&& ...) [with _Up = std::pair<int, rocksdb::FileMetaData>; _Args = {int&, const rocksdb::FileMetaData&}; _Tp = std::pair<int, rocksdb::FileMetaData>; std::allocator_traits<std::allocator<_CharT> >::allocator_type = std::allocator<std::pair<int, rocksdb::FileMetaData> >]'
[INFO] [stderr]   /usr/include/c++/9/bits/vector.tcc:115:30:   required from 'void std::vector<_Tp, _Alloc>::emplace_back(_Args&& ...) [with _Args = {int&, const rocksdb::FileMetaData&}; _Tp = std::pair<int, rocksdb::FileMetaData>; _Alloc = std::allocator<std::pair<int, rocksdb::FileMetaData> >]'
[INFO] [stderr]   /opt/rustwide/cargo-home/registry/src/github.com-1ecc6299db9ec823/parity-rocksdb-sys-0.5.6/rocksdb/db/version_edit.h:232:37:   required from here
[INFO] [stderr]   /opt/rustwide/cargo-home/registry/src/github.com-1ecc6299db9ec823/parity-rocksdb-sys-0.5.6/rocksdb/db/version_edit.h:76:8: warning: implicitly-declared 'constexpr rocksdb::FileDescriptor::FileDescriptor(const rocksdb::FileDescriptor&)' is deprecated [-Wdeprecated-copy]
[INFO] [stderr]      76 | struct FileMetaData {
[INFO] [stderr]         |        ^~~~~~~~~~~~
[INFO] [stderr]   /opt/rustwide/cargo-home/registry/src/github.com-1ecc6299db9ec823/parity-rocksdb-sys-0.5.6/rocksdb/db/version_edit.h:47:19: note: because 'rocksdb::FileDescriptor' has user-provided 'rocksdb::FileDescriptor& rocksdb::FileDescriptor::operator=(const rocksdb::FileDescriptor&)'
[INFO] [stderr]      47 |   FileDescriptor& operator=(const FileDescriptor& fd) {
[INFO] [stderr]         |                   ^~~~~~~~
[INFO] [stderr]   In file included from /usr/include/c++/9/bits/stl_algobase.h:64,
[INFO] [stderr]                    from /usr/include/c++/9/bits/char_traits.h:39,
[INFO] [stderr]                    from /usr/include/c++/9/string:40,
[INFO] [stderr]                    from /opt/rustwide/cargo-home/registry/src/github.com-1ecc6299db9ec823/parity-rocksdb-sys-0.5.6/rocksdb/table/get_context.h:7,
[INFO] [stderr]                    from /opt/rustwide/cargo-home/registry/src/github.com-1ecc6299db9ec823/parity-rocksdb-sys-0.5.6/rocksdb/table/get_context.cc:6:
[INFO] [stderr]   /usr/include/c++/9/bits/stl_pair.h:312:51: note: synthesized method 'rocksdb::FileMetaData::FileMetaData(const rocksdb::FileMetaData&)' first required here
[INFO] [stderr]     312 |        : first(std::forward<_U1>(__x)), second(__y) { }
[INFO] [stderr]         |                                                   ^
[INFO] [stderr]   c++: fatal error: Killed signal terminated program cc1plus
[INFO] [stderr]   compilation terminated.
[INFO] [stderr]   make[3]: *** [CMakeFiles/rocksdb.dir/build.make:1483: CMakeFiles/rocksdb.dir/table/plain_table_builder.cc.o] Error 1
[INFO] [stderr]   /opt/rustwide/cargo-home/registry/src/github.com-1ecc6299db9ec823/parity-rocksdb-sys-0.5.6/rocksdb/db/version_edit.h: In instantiation of 'constexpr std::pair<_T1, _T2>::pair(_U1&&, _U2&&) [with _U1 = int&; _U2 = rocksdb::FileMetaData; typename std::enable_if<(std::_PCC<true, _T1, _T2>::_MoveConstructiblePair<_U1, _U2>() && std::_PCC<true, _T1, _T2>::_ImplicitlyMoveConvertiblePair<_U1, _U2>()), bool>::type <anonymous> = true; _T1 = int; _T2 = rocksdb::FileMetaData]':
[INFO] [stderr]   /usr/include/c++/9/ext/new_allocator.h:147:4:   required from 'void __gnu_cxx::new_allocator<_Tp>::construct(_Up*, _Args&& ...) [with _Up = std::pair<int, rocksdb::FileMetaData>; _Args = {int&, rocksdb::FileMetaData}; _Tp = std::pair<int, rocksdb::FileMetaData>]'
[INFO] [stderr]   /usr/include/c++/9/bits/alloc_traits.h:484:4:   required from 'static void std::allocator_traits<std::allocator<_Tp1> >::construct(std::allocator_traits<std::allocator<_Tp1> >::allocator_type&, _Up*, _Args&& ...) [with _Up = std::pair<int, rocksdb::FileMetaData>; _Args = {int&, rocksdb::FileMetaData}; _Tp = std::pair<int, rocksdb::FileMetaData>; std::allocator_traits<std::allocator<_Tp1> >::allocator_type = std::allocator<std::pair<int, rocksdb::FileMetaData> >]'
[INFO] [stderr]   /usr/include/c++/9/bits/vector.tcc:115:30:   required from 'void std::vector<_Tp, _Alloc>::emplace_back(_Args&& ...) [with _Args = {int&, rocksdb::FileMetaData}; _Tp = std::pair<int, rocksdb::FileMetaData>; _Alloc = std::allocator<std::pair<int, rocksdb::FileMetaData> >]'
[INFO] [stderr]   /opt/rustwide/cargo-home/registry/src/github.com-1ecc6299db9ec823/parity-rocksdb-sys-0.5.6/rocksdb/db/version_edit.h:227:48:   required from here
[INFO] [stderr]   /opt/rustwide/cargo-home/registry/src/github.com-1ecc6299db9ec823/parity-rocksdb-sys-0.5.6/rocksdb/db/version_edit.h:76:8: warning: implicitly-declared 'constexpr rocksdb::FileDescriptor::FileDescriptor(const rocksdb::FileDescriptor&)' is deprecated [-Wdeprecated-copy]
[INFO] [stderr]      76 | struct FileMetaData {
[INFO] [stderr]         |        ^~~~~~~~~~~~
[INFO] [stderr]   /opt/rustwide/cargo-home/registry/src/github.com-1ecc6299db9ec823/parity-rocksdb-sys-0.5.6/rocksdb/db/version_edit.h:47:19: note: because 'rocksdb::FileDescriptor' has user-provided 'rocksdb::FileDescriptor& rocksdb::FileDescriptor::operator=(const rocksdb::FileDescriptor&)'
[INFO] [stderr]      47 |   FileDescriptor& operator=(const FileDescriptor& fd) {
[INFO] [stderr]         |                   ^~~~~~~~
[INFO] [stderr]   In file included from /usr/include/c++/9/unordered_map:43,
[INFO] [stderr]                    from /opt/rustwide/cargo-home/registry/src/github.com-1ecc6299db9ec823/parity-rocksdb-sys-0.5.6/rocksdb/table/plain_table_reader.h:8,
[INFO] [stderr]                    from /opt/rustwide/cargo-home/registry/src/github.com-1ecc6299db9ec823/parity-rocksdb-sys-0.5.6/rocksdb/table/plain_table_reader.cc:7:
[INFO] [stderr]   /usr/include/c++/9/bits/stl_pair.h:342:64: note: synthesized method 'rocksdb::FileMetaData::FileMetaData(rocksdb::FileMetaData&&)' first required here
[INFO] [stderr]     342 |  : first(std::forward<_U1>(__x)), second(std::forward<_U2>(__y)) { }
[INFO] [stderr]         |                                                                ^
[INFO] [stderr]   In file included from /opt/rustwide/cargo-home/registry/src/github.com-1ecc6299db9ec823/parity-rocksdb-sys-0.5.6/rocksdb/db/range_del_aggregator.h:16,
[INFO] [stderr]                    from /opt/rustwide/cargo-home/registry/src/github.com-1ecc6299db9ec823/parity-rocksdb-sys-0.5.6/rocksdb/table/get_context.h:9,
[INFO] [stderr]                    from /opt/rustwide/cargo-home/registry/src/github.com-1ecc6299db9ec823/parity-rocksdb-sys-0.5.6/rocksdb/table/plain_table_reader.cc:30:
[INFO] [stderr]   /opt/rustwide/cargo-home/registry/src/github.com-1ecc6299db9ec823/parity-rocksdb-sys-0.5.6/rocksdb/db/version_edit.h: In instantiation of 'constexpr std::pair<_T1, _T2>::pair(_U1&&, const _T2&) [with _U1 = int&; typename std::enable_if<std::_PCC<true, _T1, _T2>::_MoveCopyPair<true, _U1, _T2>(), bool>::type <anonymous> = true; _T1 = int; _T2 = rocksdb::FileMetaData]':
[INFO] [stderr]   /usr/include/c++/9/ext/new_allocator.h:147:4:   required from 'void __gnu_cxx::new_allocator<_Tp>::construct(_Up*, _Args&& ...) [with _Up = std::pair<int, rocksdb::FileMetaData>; _Args = {int&, const rocksdb::FileMetaData&}; _Tp = std::pair<int, rocksdb::FileMetaData>]'
[INFO] [stderr]   /usr/include/c++/9/bits/alloc_traits.h:484:4:   required from 'static void std::allocator_traits<std::allocator<_Tp1> >::construct(std::allocator_traits<std::allocator<_Tp1> >::allocator_type&, _Up*, _Args&& ...) [with _Up = std::pair<int, rocksdb::FileMetaData>; _Args = {int&, const rocksdb::FileMetaData&}; _Tp = std::pair<int, rocksdb::FileMetaData>; std::allocator_traits<std::allocator<_Tp1> >::allocator_type = std::allocator<std::pair<int, rocksdb::FileMetaData> >]'
[INFO] [stderr]   /usr/include/c++/9/bits/vector.tcc:115:30:   required from 'void std::vector<_Tp, _Alloc>::emplace_back(_Args&& ...) [with _Args = {int&, const rocksdb::FileMetaData&}; _Tp = std::pair<int, rocksdb::FileMetaData>; _Alloc = std::allocator<std::pair<int, rocksdb::FileMetaData> >]'
[INFO] [stderr]   /opt/rustwide/cargo-home/registry/src/github.com-1ecc6299db9ec823/parity-rocksdb-sys-0.5.6/rocksdb/db/version_edit.h:232:37:   required from here
[INFO] [stderr]   /opt/rustwide/cargo-home/registry/src/github.com-1ecc6299db9ec823/parity-rocksdb-sys-0.5.6/rocksdb/db/version_edit.h:76:8: warning: implicitly-declared 'constexpr rocksdb::FileDescriptor::FileDescriptor(const rocksdb::FileDescriptor&)' is deprecated [-Wdeprecated-copy]
[INFO] [stderr]      76 | struct FileMetaData {
[INFO] [stderr]         |        ^~~~~~~~~~~~
[INFO] [stderr]   /opt/rustwide/cargo-home/registry/src/github.com-1ecc6299db9ec823/parity-rocksdb-sys-0.5.6/rocksdb/db/version_edit.h:47:19: note: because 'rocksdb::FileDescriptor' has user-provided 'rocksdb::FileDescriptor& rocksdb::FileDescriptor::operator=(const rocksdb::FileDescriptor&)'
[INFO] [stderr]      47 |   FileDescriptor& operator=(const FileDescriptor& fd) {
[INFO] [stderr]         |                   ^~~~~~~~
[INFO] [stderr]   In file included from /usr/include/c++/9/unordered_map:43,
[INFO] [stderr]                    from /opt/rustwide/cargo-home/registry/src/github.com-1ecc6299db9ec823/parity-rocksdb-sys-0.5.6/rocksdb/table/plain_table_reader.h:8,
[INFO] [stderr]                    from /opt/rustwide/cargo-home/registry/src/github.com-1ecc6299db9ec823/parity-rocksdb-sys-0.5.6/rocksdb/table/plain_table_reader.cc:7:
[INFO] [stderr]   /usr/include/c++/9/bits/stl_pair.h:312:51: note: synthesized method 'rocksdb::FileMetaData::FileMetaData(const rocksdb::FileMetaData&)' first required here
[INFO] [stderr]     312 |        : first(std::forward<_U1>(__x)), second(__y) { }
[INFO] [stderr]         |                                                   ^
[INFO] [stderr]   /opt/rustwide/cargo-home/registry/src/github.com-1ecc6299db9ec823/parity-rocksdb-sys-0.5.6/rocksdb/db/version_edit.h: In instantiation of 'constexpr std::pair<_T1, _T2>::pair(_U1&&, _U2&&) [with _U1 = int&; _U2 = rocksdb::FileMetaData; typename std::enable_if<(std::_PCC<true, _T1, _T2>::_MoveConstructiblePair<_U1, _U2>() && std::_PCC<true, _T1, _T2>::_ImplicitlyMoveConvertiblePair<_U1, _U2>()), bool>::type <anonymous> = true; _T1 = int; _T2 = rocksdb::FileMetaData]':
[INFO] [stderr]   /usr/include/c++/9/ext/new_allocator.h:147:4:   required from 'void __gnu_cxx::new_allocator<_Tp>::construct(_Up*, _Args&& ...) [with _Up = std::pair<int, rocksdb::FileMetaData>; _Args = {int&, rocksdb::FileMetaData}; _Tp = std::pair<int, rocksdb::FileMetaData>]'
[INFO] [stderr]   /usr/include/c++/9/bits/alloc_traits.h:484:4:   required from 'static void std::allocator_traits<std::allocator<_Tp1> >::construct(std::allocator_traits<std::allocator<_Tp1> >::allocator_type&, _Up*, _Args&& ...) [with _Up = std::pair<int, rocksdb::FileMetaData>; _Args = {int&, rocksdb::FileMetaData}; _Tp = std::pair<int, rocksdb::FileMetaData>; std::allocator_traits<std::allocator<_Tp1> >::allocator_type = std::allocator<std::pair<int, rocksdb::FileMetaData> >]'
[INFO] [stderr]   /usr/include/c++/9/bits/vector.tcc:115:30:   required from 'void std::vector<_Tp, _Alloc>::emplace_back(_Args&& ...) [with _Args = {int&, rocksdb::FileMetaData}; _Tp = std::pair<int, rocksdb::FileMetaData>; _Alloc = std::allocator<std::pair<int, rocksdb::FileMetaData> >]'
[INFO] [stderr]   /opt/rustwide/cargo-home/registry/src/github.com-1ecc6299db9ec823/parity-rocksdb-sys-0.5.6/rocksdb/db/version_edit.h:227:48:   required from here
[INFO] [stderr]   /opt/rustwide/cargo-home/registry/src/github.com-1ecc6299db9ec823/parity-rocksdb-sys-0.5.6/rocksdb/db/version_edit.h:76:8: warning: implicitly-declared 'constexpr rocksdb::FileDescriptor::FileDescriptor(const rocksdb::FileDescriptor&)' is deprecated [-Wdeprecated-copy]
[INFO] [stderr]      76 | struct FileMetaData {
[INFO] [stderr]         |        ^~~~~~~~~~~~
[INFO] [stderr]   /opt/rustwide/cargo-home/registry/src/github.com-1ecc6299db9ec823/parity-rocksdb-sys-0.5.6/rocksdb/db/version_edit.h:47:19: note: because 'rocksdb::FileDescriptor' has user-provided 'rocksdb::FileDescriptor& rocksdb::FileDescriptor::operator=(const rocksdb::FileDescriptor&)'
[INFO] [stderr]      47 |   FileDescriptor& operator=(const FileDescriptor& fd) {
[INFO] [stderr]         |                   ^~~~~~~~
[INFO] [stderr]   In file included from /usr/include/c++/9/bits/stl_algobase.h:64,
[INFO] [stderr]                    from /usr/include/c++/9/memory:62,
[INFO] [stderr]                    from /opt/rustwide/cargo-home/registry/src/github.com-1ecc6299db9ec823/parity-rocksdb-sys-0.5.6/rocksdb/tools/sst_dump_tool_imp.h:10,
[INFO] [stderr]                    from /opt/rustwide/cargo-home/registry/src/github.com-1ecc6299db9ec823/parity-rocksdb-sys-0.5.6/rocksdb/tools/sst_dump_tool.cc:8:
[INFO] [stderr]   /usr/include/c++/9/bits/stl_pair.h:342:64: note: synthesized method 'rocksdb::FileMetaData::FileMetaData(rocksdb::FileMetaData&&)' first required here
[INFO] [stderr]     342 |  : first(std::forward<_U1>(__x)), second(std::forward<_U2>(__y)) { }
[INFO] [stderr]         |                                                                ^
[INFO] [stderr]   In file included from /opt/rustwide/cargo-home/registry/src/github.com-1ecc6299db9ec823/parity-rocksdb-sys-0.5.6/rocksdb/db/range_del_aggregator.h:16,
[INFO] [stderr]                    from /opt/rustwide/cargo-home/registry/src/github.com-1ecc6299db9ec823/parity-rocksdb-sys-0.5.6/rocksdb/db/memtable.h:19,
[INFO] [stderr]                    from /opt/rustwide/cargo-home/registry/src/github.com-1ecc6299db9ec823/parity-rocksdb-sys-0.5.6/rocksdb/tools/sst_dump_tool.cc:21:
[INFO] [stderr]   /opt/rustwide/cargo-home/registry/src/github.com-1ecc6299db9ec823/parity-rocksdb-sys-0.5.6/rocksdb/db/version_edit.h: In instantiation of 'constexpr std::pair<_T1, _T2>::pair(_U1&&, const _T2&) [with _U1 = int&; typename std::enable_if<std::_PCC<true, _T1, _T2>::_MoveCopyPair<true, _U1, _T2>(), bool>::type <anonymous> = true; _T1 = int; _T2 = rocksdb::FileMetaData]':
[INFO] [stderr]   /usr/include/c++/9/ext/new_allocator.h:147:4:   required from 'void __gnu_cxx::new_allocator<_Tp>::construct(_Up*, _Args&& ...) [with _Up = std::pair<int, rocksdb::FileMetaData>; _Args = {int&, const rocksdb::FileMetaData&}; _Tp = std::pair<int, rocksdb::FileMetaData>]'
[INFO] [stderr]   /usr/include/c++/9/bits/alloc_traits.h:484:4:   required from 'static void std::allocator_traits<std::allocator<_Tp1> >::construct(std::allocator_traits<std::allocator<_Tp1> >::allocator_type&, _Up*, _Args&& ...) [with _Up = std::pair<int, rocksdb::FileMetaData>; _Args = {int&, const rocksdb::FileMetaData&}; _Tp = std::pair<int, rocksdb::FileMetaData>; std::allocator_traits<std::allocator<_Tp1> >::allocator_type = std::allocator<std::pair<int, rocksdb::FileMetaData> >]'
[INFO] [stderr]   /usr/include/c++/9/bits/vector.tcc:115:30:   required from 'void std::vector<_Tp, _Alloc>::emplace_back(_Args&& ...) [with _Args = {int&, const rocksdb::FileMetaData&}; _Tp = std::pair<int, rocksdb::FileMetaData>; _Alloc = std::allocator<std::pair<int, rocksdb::FileMetaData> >]'
[INFO] [stderr]   /opt/rustwide/cargo-home/registry/src/github.com-1ecc6299db9ec823/parity-rocksdb-sys-0.5.6/rocksdb/db/version_edit.h:232:37:   required from here
[INFO] [stderr]   /opt/rustwide/cargo-home/registry/src/github.com-1ecc6299db9ec823/parity-rocksdb-sys-0.5.6/rocksdb/db/version_edit.h:76:8: warning: implicitly-declared 'constexpr rocksdb::FileDescriptor::FileDescriptor(const rocksdb::FileDescriptor&)' is deprecated [-Wdeprecated-copy]
[INFO] [stderr]      76 | struct FileMetaData {
[INFO] [stderr]         |        ^~~~~~~~~~~~
[INFO] [stderr]   /opt/rustwide/cargo-home/registry/src/github.com-1ecc6299db9ec823/parity-rocksdb-sys-0.5.6/rocksdb/db/version_edit.h:47:19: note: because 'rocksdb::FileDescriptor' has user-provided 'rocksdb::FileDescriptor& rocksdb::FileDescriptor::operator=(const rocksdb::FileDescriptor&)'
[INFO] [stderr]      47 |   FileDescriptor& operator=(const FileDescriptor& fd) {
[INFO] [stderr]         |                   ^~~~~~~~
[INFO] [stderr]   In file included from /usr/include/c++/9/bits/stl_algobase.h:64,
[INFO] [stderr]                    from /usr/include/c++/9/memory:62,
[INFO] [stderr]                    from /opt/rustwide/cargo-home/registry/src/github.com-1ecc6299db9ec823/parity-rocksdb-sys-0.5.6/rocksdb/tools/sst_dump_tool_imp.h:10,
[INFO] [stderr]                    from /opt/rustwide/cargo-home/registry/src/github.com-1ecc6299db9ec823/parity-rocksdb-sys-0.5.6/rocksdb/tools/sst_dump_tool.cc:8:
[INFO] [stderr]   /usr/include/c++/9/bits/stl_pair.h:312:51: note: synthesized method 'rocksdb::FileMetaData::FileMetaData(const rocksdb::FileMetaData&)' first required here
[INFO] [stderr]     312 |        : first(std::forward<_U1>(__x)), second(__y) { }
[INFO] [stderr]         |                                                   ^
[INFO] [stderr]   make[2]: *** [CMakeFiles/Makefile2:2205: CMakeFiles/rocksdb.dir/all] Error 2
[INFO] [stderr]   make[1]: *** [CMakeFiles/Makefile2:2212: CMakeFiles/rocksdb.dir/rule] Error 2
[INFO] [stderr]   make: *** [Makefile:893: rocksdb] Error 2
[INFO] [stderr]   thread 'main' panicked at '
[INFO] [stderr]   command did not execute successfully, got: exit status: 2
[INFO] [stderr] 
[INFO] [stderr]   build script failed, must exit now', /opt/rustwide/cargo-home/registry/src/github.com-1ecc6299db9ec823/cmake-0.1.45/src/lib.rs:894:5
[INFO] [stderr]   stack backtrace:
[INFO] [stderr]      0:     0x55c816785b10 - std::backtrace_rs::backtrace::libunwind::trace::hff4d1766e93f64f1
[INFO] [stderr]                                  at /rustc/53fd98ca776cb875bc9e5514f56b52eb74f9e7a9/library/std/src/../../backtrace/src/backtrace/libunwind.rs:90:5
[INFO] [stderr]      1:     0x55c816785b10 - std::backtrace_rs::backtrace::trace_unsynchronized::h56bbc8eb78770bcb
[INFO] [stderr]                                  at /rustc/53fd98ca776cb875bc9e5514f56b52eb74f9e7a9/library/std/src/../../backtrace/src/backtrace/mod.rs:66:5
[INFO] [stderr]      2:     0x55c816785b10 - std::sys_common::backtrace::_print_fmt::h5c8e75464faca780
[INFO] [stderr]                                  at /rustc/53fd98ca776cb875bc9e5514f56b52eb74f9e7a9/library/std/src/sys_common/backtrace.rs:67:5
[INFO] [stderr]      3:     0x55c816785b10 - <std::sys_common::backtrace::_print::DisplayBacktrace as core::fmt::Display>::fmt::h48b88277def8b362
[INFO] [stderr]                                  at /rustc/53fd98ca776cb875bc9e5514f56b52eb74f9e7a9/library/std/src/sys_common/backtrace.rs:46:22
[INFO] [stderr]      4:     0x55c8167a59bc - core::fmt::write::h3381b3176fe2b3d3
[INFO] [stderr]                                  at /rustc/53fd98ca776cb875bc9e5514f56b52eb74f9e7a9/library/core/src/fmt/mod.rs:1115:17
[INFO] [stderr]      5:     0x55c816782925 - std::io::Write::write_fmt::hd42607e5d8e44db0
[INFO] [stderr]                                  at /rustc/53fd98ca776cb875bc9e5514f56b52eb74f9e7a9/library/std/src/io/mod.rs:1665:15
[INFO] [stderr]      6:     0x55c81678814b - std::sys_common::backtrace::_print::ha537687d6c17dd0d
[INFO] [stderr]                                  at /rustc/53fd98ca776cb875bc9e5514f56b52eb74f9e7a9/library/std/src/sys_common/backtrace.rs:49:5
[INFO] [stderr]      7:     0x55c81678814b - std::sys_common::backtrace::print::h61376ae57d131d72
[INFO] [stderr]                                  at /rustc/53fd98ca776cb875bc9e5514f56b52eb74f9e7a9/library/std/src/sys_common/backtrace.rs:36:9
[INFO] [stderr]      8:     0x55c81678814b - std::panicking::default_hook::{{closure}}::h0f7208c0b9644a54
[INFO] [stderr]                                  at /rustc/53fd98ca776cb875bc9e5514f56b52eb74f9e7a9/library/std/src/panicking.rs:208:50
[INFO] [stderr]      9:     0x55c816787c21 - std::panicking::default_hook::hdac7fc06578c14ce
[INFO] [stderr]                                  at /rustc/53fd98ca776cb875bc9e5514f56b52eb74f9e7a9/library/std/src/panicking.rs:225:9
[INFO] [stderr]     10:     0x55c816788814 - std::panicking::rust_panic_with_hook::h72b21c283da3d1ef
[INFO] [stderr]                                  at /rustc/53fd98ca776cb875bc9e5514f56b52eb74f9e7a9/library/std/src/panicking.rs:622:17
[INFO] [stderr]     11:     0x55c8167882f7 - std::panicking::begin_panic_handler::{{closure}}::he5778f1729cff84a
[INFO] [stderr]                                  at /rustc/53fd98ca776cb875bc9e5514f56b52eb74f9e7a9/library/std/src/panicking.rs:519:13
[INFO] [stderr]     12:     0x55c816785fec - std::sys_common::backtrace::__rust_end_short_backtrace::h2d11ca8b453b4b1d
[INFO] [stderr]                                  at /rustc/53fd98ca776cb875bc9e5514f56b52eb74f9e7a9/library/std/src/sys_common/backtrace.rs:141:18
[INFO] [stderr]     13:     0x55c816788259 - rust_begin_unwind
[INFO] [stderr]                                  at /rustc/53fd98ca776cb875bc9e5514f56b52eb74f9e7a9/library/std/src/panicking.rs:515:5
[INFO] [stderr]     14:     0x55c816705bbb - std::panicking::begin_panic_fmt::h746518bde832d259
[INFO] [stderr]                                  at /rustc/53fd98ca776cb875bc9e5514f56b52eb74f9e7a9/library/std/src/panicking.rs:457:5
[INFO] [stderr]     15:     0x55c816710d33 - cmake::fail::h5b2ff5d8cd54107d
[INFO] [stderr]                                  at /opt/rustwide/cargo-home/registry/src/github.com-1ecc6299db9ec823/cmake-0.1.45/src/lib.rs:894:5
[INFO] [stderr]     16:     0x55c816710741 - cmake::run::h16e653742ac936ee
[INFO] [stderr]                                  at /opt/rustwide/cargo-home/registry/src/github.com-1ecc6299db9ec823/cmake-0.1.45/src/lib.rs:872:9
[INFO] [stderr]     17:     0x55c81670e181 - cmake::Config::build::h826ab55fb58b5948
[INFO] [stderr]                                  at /opt/rustwide/cargo-home/registry/src/github.com-1ecc6299db9ec823/cmake-0.1.45/src/lib.rs:778:9
[INFO] [stderr]     18:     0x55c816707412 - build_script_build::main::h9be8f2b40d27a437
[INFO] [stderr]                                  at /opt/rustwide/cargo-home/registry/src/github.com-1ecc6299db9ec823/parity-rocksdb-sys-0.5.6/build.rs:55:15
[INFO] [stderr]     19:     0x55c816708c9b - core::ops::function::FnOnce::call_once::h04674bcf3f425dee
[INFO] [stderr]                                  at /rustc/53fd98ca776cb875bc9e5514f56b52eb74f9e7a9/library/core/src/ops/function.rs:227:5
[INFO] [stderr]     20:     0x55c81670928e - std::sys_common::backtrace::__rust_begin_short_backtrace::h7e4099f3a5ac17ba
[INFO] [stderr]                                  at /rustc/53fd98ca776cb875bc9e5514f56b52eb74f9e7a9/library/std/src/sys_common/backtrace.rs:125:18
[INFO] [stderr]     21:     0x55c816709071 - std::rt::lang_start::{{closure}}::hccdbcc66d36951ff
[INFO] [stderr]                                  at /rustc/53fd98ca776cb875bc9e5514f56b52eb74f9e7a9/library/std/src/rt.rs:63:18
[INFO] [stderr]     22:     0x55c816788d1a - core::ops::function::impls::<impl core::ops::function::FnOnce<A> for &F>::call_once::ha88a7d1a4d24e549
[INFO] [stderr]                                  at /rustc/53fd98ca776cb875bc9e5514f56b52eb74f9e7a9/library/core/src/ops/function.rs:259:13
[INFO] [stderr]     23:     0x55c816788d1a - std::panicking::try::do_call::hd3b1d7740607ccc7
[INFO] [stderr]                                  at /rustc/53fd98ca776cb875bc9e5514f56b52eb74f9e7a9/library/std/src/panicking.rs:401:40
[INFO] [stderr]     24:     0x55c816788d1a - std::panicking::try::h0ee8c65ac7461507
[INFO] [stderr]                                  at /rustc/53fd98ca776cb875bc9e5514f56b52eb74f9e7a9/library/std/src/panicking.rs:365:19
[INFO] [stderr]     25:     0x55c816788d1a - std::panic::catch_unwind::head47f0de4ccd838
[INFO] [stderr]                                  at /rustc/53fd98ca776cb875bc9e5514f56b52eb74f9e7a9/library/std/src/panic.rs:434:14
[INFO] [stderr]     26:     0x55c816788d1a - std::rt::lang_start_internal::{{closure}}::hbc7de8ec820ac085
[INFO] [stderr]                                  at /rustc/53fd98ca776cb875bc9e5514f56b52eb74f9e7a9/library/std/src/rt.rs:45:48
[INFO] [stderr]     27:     0x55c816788d1a - std::panicking::try::do_call::h2609e52e8bad4a7b
[INFO] [stderr]                                  at /rustc/53fd98ca776cb875bc9e5514f56b52eb74f9e7a9/library/std/src/panicking.rs:401:40
[INFO] [stderr]     28:     0x55c816788d1a - std::panicking::try::hd0929f0b603e0389
[INFO] [stderr]                                  at /rustc/53fd98ca776cb875bc9e5514f56b52eb74f9e7a9/library/std/src/panicking.rs:365:19
[INFO] [stderr]     29:     0x55c816788d1a - std::panic::catch_unwind::h27902b81c3e47571
[INFO] [stderr]                                  at /rustc/53fd98ca776cb875bc9e5514f56b52eb74f9e7a9/library/std/src/panic.rs:434:14
[INFO] [stderr]     30:     0x55c816788d1a - std::rt::lang_start_internal::h3fb2d794dd391e3e
[INFO] [stderr]                                  at /rustc/53fd98ca776cb875bc9e5514f56b52eb74f9e7a9/library/std/src/rt.rs:45:20
[INFO] [stderr]     31:     0x55c816709040 - std::rt::lang_start::he325cc9fdef3a8b2
[INFO] [stderr]                                  at /rustc/53fd98ca776cb875bc9e5514f56b52eb74f9e7a9/library/std/src/rt.rs:62:5
[INFO] [stderr]     32:     0x55c816707d6c - main
[INFO] [stderr]     33:     0x7f3a5cc9e0b3 - __libc_start_main
[INFO] [stderr]     34:     0x55c816706a5e - _start
[INFO] [stderr]     35:                0x0 - <unknown>
[INFO] running `Command { std: "docker" "inspect" "5364bfcf9850530a60ac2628c4e86299ffc32a08e69d9d9559a6731399be21a3", kill_on_drop: false }`
[INFO] running `Command { std: "docker" "rm" "-f" "5364bfcf9850530a60ac2628c4e86299ffc32a08e69d9d9559a6731399be21a3", kill_on_drop: false }`
[INFO] [stdout] 5364bfcf9850530a60ac2628c4e86299ffc32a08e69d9d9559a6731399be21a3
