[INFO] fetching crate eq_wld 0.2.1...
[INFO] testing eq_wld-0.2.1 against 1.54.0 for beta-1.55-1
[INFO] extracting crate eq_wld 0.2.1 into /workspace/builds/worker-1/source
[INFO] validating manifest of crates.io crate eq_wld 0.2.1 on toolchain 1.54.0
[INFO] running `Command { std: "/workspace/cargo-home/bin/cargo" "+1.54.0" "metadata" "--manifest-path" "Cargo.toml" "--no-deps", kill_on_drop: false }`
[INFO] started tweaking crates.io crate eq_wld 0.2.1
[INFO] finished tweaking crates.io crate eq_wld 0.2.1
[INFO] tweaked toml for crates.io crate eq_wld 0.2.1 written to /workspace/builds/worker-1/source/Cargo.toml
[INFO] running `Command { std: "/workspace/cargo-home/bin/cargo" "+1.54.0" "generate-lockfile" "--manifest-path" "Cargo.toml" "-Zno-index-update", kill_on_drop: false }`
[INFO] running `Command { std: "/workspace/cargo-home/bin/cargo" "+1.54.0" "fetch" "--manifest-path" "Cargo.toml", kill_on_drop: false }`
[INFO] running `Command { std: "docker" "create" "-v" "/var/lib/crater-agent-workspace/builds/worker-1/target:/opt/rustwide/target:rw,Z" "-v" "/var/lib/crater-agent-workspace/builds/worker-1/source:/opt/rustwide/workdir:ro,Z" "-v" "/var/lib/crater-agent-workspace/cargo-home:/opt/rustwide/cargo-home:ro,Z" "-v" "/var/lib/crater-agent-workspace/rustup-home:/opt/rustwide/rustup-home:ro,Z" "-e" "SOURCE_DIR=/opt/rustwide/workdir" "-e" "CARGO_TARGET_DIR=/opt/rustwide/target" "-e" "CARGO_HOME=/opt/rustwide/cargo-home" "-e" "RUSTUP_HOME=/opt/rustwide/rustup-home" "-w" "/opt/rustwide/workdir" "-m" "1610612736" "--user" "0:0" "--network" "none" "ghcr.io/rust-lang/crates-build-env/linux@sha256:34b6a614d2c27851fe6cbf88fbd1137609cefab8b10d0615aaeb6fd47975d74e" "/opt/rustwide/cargo-home/bin/cargo" "+1.54.0" "metadata" "--no-deps" "--format-version=1", kill_on_drop: false }`
[INFO] [stderr] WARNING: Your kernel does not support swap limit capabilities or the cgroup is not mounted. Memory limited without swap.
[INFO] [stdout] 14e9329286cebc0c1651861552ed5d632f2ebe8ceb02762ab925671d901ff8d4
[INFO] running `Command { std: "docker" "start" "-a" "14e9329286cebc0c1651861552ed5d632f2ebe8ceb02762ab925671d901ff8d4", kill_on_drop: false }`
[INFO] running `Command { std: "docker" "inspect" "14e9329286cebc0c1651861552ed5d632f2ebe8ceb02762ab925671d901ff8d4", kill_on_drop: false }`
[INFO] running `Command { std: "docker" "rm" "-f" "14e9329286cebc0c1651861552ed5d632f2ebe8ceb02762ab925671d901ff8d4", kill_on_drop: false }`
[INFO] [stdout] 14e9329286cebc0c1651861552ed5d632f2ebe8ceb02762ab925671d901ff8d4
[INFO] running `Command { std: "docker" "create" "-v" "/var/lib/crater-agent-workspace/builds/worker-1/target:/opt/rustwide/target:rw,Z" "-v" "/var/lib/crater-agent-workspace/builds/worker-1/source:/opt/rustwide/workdir:ro,Z" "-v" "/var/lib/crater-agent-workspace/cargo-home:/opt/rustwide/cargo-home:ro,Z" "-v" "/var/lib/crater-agent-workspace/rustup-home:/opt/rustwide/rustup-home:ro,Z" "-e" "SOURCE_DIR=/opt/rustwide/workdir" "-e" "CARGO_TARGET_DIR=/opt/rustwide/target" "-e" "CARGO_INCREMENTAL=0" "-e" "RUST_BACKTRACE=full" "-e" "RUSTFLAGS=--cap-lints=warn" "-e" "CARGO_HOME=/opt/rustwide/cargo-home" "-e" "RUSTUP_HOME=/opt/rustwide/rustup-home" "-w" "/opt/rustwide/workdir" "-m" "1610612736" "--user" "0:0" "--network" "none" "ghcr.io/rust-lang/crates-build-env/linux@sha256:34b6a614d2c27851fe6cbf88fbd1137609cefab8b10d0615aaeb6fd47975d74e" "/opt/rustwide/cargo-home/bin/cargo" "+1.54.0" "build" "--frozen" "--message-format=json", kill_on_drop: false }`
[INFO] [stdout] 23a07870a9fe903ad6fc18af3eb04a419a7fda99baba001a9c185eabe5e23560
[INFO] [stderr] WARNING: Your kernel does not support swap limit capabilities or the cgroup is not mounted. Memory limited without swap.
[INFO] running `Command { std: "docker" "start" "-a" "23a07870a9fe903ad6fc18af3eb04a419a7fda99baba001a9c185eabe5e23560", kill_on_drop: false }`
[INFO] [stderr]    Compiling nom v5.1.2
[INFO] [stderr]    Compiling env_logger v0.7.1
[INFO] [stderr]    Compiling eq_wld v0.2.1 (/opt/rustwide/workdir)
[INFO] [stderr]     Finished dev [unoptimized + debuginfo] target(s) in 3.98s
[INFO] running `Command { std: "docker" "inspect" "23a07870a9fe903ad6fc18af3eb04a419a7fda99baba001a9c185eabe5e23560", kill_on_drop: false }`
[INFO] running `Command { std: "docker" "rm" "-f" "23a07870a9fe903ad6fc18af3eb04a419a7fda99baba001a9c185eabe5e23560", kill_on_drop: false }`
[INFO] [stdout] 23a07870a9fe903ad6fc18af3eb04a419a7fda99baba001a9c185eabe5e23560
[INFO] running `Command { std: "docker" "create" "-v" "/var/lib/crater-agent-workspace/builds/worker-1/target:/opt/rustwide/target:rw,Z" "-v" "/var/lib/crater-agent-workspace/builds/worker-1/source:/opt/rustwide/workdir:ro,Z" "-v" "/var/lib/crater-agent-workspace/cargo-home:/opt/rustwide/cargo-home:ro,Z" "-v" "/var/lib/crater-agent-workspace/rustup-home:/opt/rustwide/rustup-home:ro,Z" "-e" "SOURCE_DIR=/opt/rustwide/workdir" "-e" "CARGO_TARGET_DIR=/opt/rustwide/target" "-e" "CARGO_INCREMENTAL=0" "-e" "RUST_BACKTRACE=full" "-e" "RUSTFLAGS=--cap-lints=warn" "-e" "CARGO_HOME=/opt/rustwide/cargo-home" "-e" "RUSTUP_HOME=/opt/rustwide/rustup-home" "-w" "/opt/rustwide/workdir" "-m" "1610612736" "--user" "0:0" "--network" "none" "ghcr.io/rust-lang/crates-build-env/linux@sha256:34b6a614d2c27851fe6cbf88fbd1137609cefab8b10d0615aaeb6fd47975d74e" "/opt/rustwide/cargo-home/bin/cargo" "+1.54.0" "test" "--frozen" "--no-run" "--message-format=json", kill_on_drop: false }`
[INFO] [stderr] WARNING: Your kernel does not support swap limit capabilities or the cgroup is not mounted. Memory limited without swap.
[INFO] [stdout] 8c5d8447766387fd2006b11f8417f0dbb52af184856674539564d5f52a4c4fbd
[INFO] running `Command { std: "docker" "start" "-a" "8c5d8447766387fd2006b11f8417f0dbb52af184856674539564d5f52a4c4fbd", kill_on_drop: false }`
[INFO] [stderr]     Blocking waiting for file lock on package cache
[INFO] [stderr]     Blocking waiting for file lock on package cache
[INFO] [stderr]    Compiling eq_wld v0.2.1 (/opt/rustwide/workdir)
[INFO] [stdout] error[E0369]: binary operation `==` cannot be applied to type `FragmentRef<fragments::BspRegionFragment>`
[INFO] [stdout]     --> src/parser/fragments.rs:1090:9
[INFO] [stdout]      |
[INFO] [stdout] 1090 |         assert_eq!(result.region, 0);
[INFO] [stdout]      |         ^^^^^^^^^^^^^^^^^^^^^^^^^^^^^
[INFO] [stdout]      |         |
[INFO] [stdout]      |         FragmentRef<fragments::BspRegionFragment>
[INFO] [stdout]      |         {integer}
[INFO] [stdout]      |
[INFO] [stdout]      = note: an implementation of `std::cmp::PartialEq` might be missing for `FragmentRef<fragments::BspRegionFragment>`
[INFO] [stdout]      = note: this error originates in the macro `assert_eq` (in Nightly builds, run with -Z macro-backtrace for more info)
[INFO] [stdout] 
[INFO] [stdout] 
[INFO] [stdout] error[E0369]: binary operation `==` cannot be applied to type `(FragmentRef<fragments::BspTreeFragmentEntry>, FragmentRef<fragments::BspTreeFragmentEntry>)`
[INFO] [stdout]     --> src/parser/fragments.rs:1091:9
[INFO] [stdout]      |
[INFO] [stdout] 1091 |         assert_eq!(result.nodes, (2, 2507));
[INFO] [stdout]      |         ^^^^^^^^^^^^^^^^^^^^^^^^^^^^^^^^^^^^
[INFO] [stdout]      |         |
[INFO] [stdout]      |         (FragmentRef<fragments::BspTreeFragmentEntry>, FragmentRef<fragments::BspTreeFragmentEntry>)
[INFO] [stdout]      |         ({integer}, {integer})
[INFO] [stdout]      |
[INFO] [stdout]      = note: this error originates in the macro `assert_eq` (in Nightly builds, run with -Z macro-backtrace for more info)
[INFO] [stdout] 
[INFO] [stdout] 
[INFO] [stdout] error[E0369]: binary operation `==` cannot be applied to type `FragmentRef<i32>`
[INFO] [stdout]     --> src/parser/fragments.rs:1141:9
[INFO] [stdout]      |
[INFO] [stdout] 1141 |         assert_eq!(result.fragment1, 1);
[INFO] [stdout]      |         ^^^^^^^^^^^^^^^^^^^^^^^^^^^^^^^^
[INFO] [stdout]      |         |
[INFO] [stdout]      |         FragmentRef<i32>
[INFO] [stdout]      |         {integer}
[INFO] [stdout]      |
[INFO] [stdout]      = note: an implementation of `std::cmp::PartialEq` might be missing for `FragmentRef<i32>`
[INFO] [stdout]      = note: this error originates in the macro `assert_eq` (in Nightly builds, run with -Z macro-backtrace for more info)
[INFO] [stdout] 
[INFO] [stdout] 
[INFO] [stdout] error[E0369]: binary operation `==` cannot be applied to type `FragmentRef<i32>`
[INFO] [stdout]     --> src/parser/fragments.rs:1158:9
[INFO] [stdout]      |
[INFO] [stdout] 1158 |         assert_eq!(result.fragment2, 0x00);
[INFO] [stdout]      |         ^^^^^^^^^^^^^^^^^^^^^^^^^^^^^^^^^^^
[INFO] [stdout]      |         |
[INFO] [stdout]      |         FragmentRef<i32>
[INFO] [stdout]      |         {integer}
[INFO] [stdout]      |
[INFO] [stdout]      = note: an implementation of `std::cmp::PartialEq` might be missing for `FragmentRef<i32>`
[INFO] [stdout]      = note: this error originates in the macro `assert_eq` (in Nightly builds, run with -Z macro-backtrace for more info)
[INFO] [stdout] 
[INFO] [stdout] 
[INFO] [stdout] error[E0369]: binary operation `==` cannot be applied to type `Option<FragmentRef<fragments::MeshFragment>>`
[INFO] [stdout]     --> src/parser/fragments.rs:1159:9
[INFO] [stdout]      |
[INFO] [stdout] 1159 |         assert_eq!(result.fragment3, Some(0x01));
[INFO] [stdout]      |         ^^^^^^^^^^^^^^^^^^^^^^^^^^^^^^^^^^^^^^^^^
[INFO] [stdout]      |         |
[INFO] [stdout]      |         Option<FragmentRef<fragments::MeshFragment>>
[INFO] [stdout]      |         Option<{integer}>
[INFO] [stdout]      |
[INFO] [stdout]      = note: this error originates in the macro `assert_eq` (in Nightly builds, run with -Z macro-backtrace for more info)
[INFO] [stdout] 
[INFO] [stdout] 
[INFO] [stdout] error[E0609]: no field `fragment1` on type `fragments::MeshFragment`
[INFO] [stdout]     --> src/parser/fragments.rs:1341:27
[INFO] [stdout]      |
[INFO] [stdout] 1341 |         assert_eq!(result.fragment1, 1);
[INFO] [stdout]      |                           ^^^^^^^^^ help: a field with a similar name exists: `fragment2`
[INFO] [stdout] 
[INFO] [stdout] 
[INFO] [stdout] error[E0369]: binary operation `==` cannot be applied to type `FragmentRef<i32>`
[INFO] [stdout]     --> src/parser/fragments.rs:1342:9
[INFO] [stdout]      |
[INFO] [stdout] 1342 |         assert_eq!(result.fragment2, 2);
[INFO] [stdout]      |         ^^^^^^^^^^^^^^^^^^^^^^^^^^^^^^^^
[INFO] [stdout]      |         |
[INFO] [stdout]      |         FragmentRef<i32>
[INFO] [stdout]      |         {integer}
[INFO] [stdout]      |
[INFO] [stdout]      = note: an implementation of `std::cmp::PartialEq` might be missing for `FragmentRef<i32>`
[INFO] [stdout]      = note: this error originates in the macro `assert_eq` (in Nightly builds, run with -Z macro-backtrace for more info)
[INFO] [stdout] 
[INFO] [stdout] 
[INFO] [stdout] error[E0369]: binary operation `==` cannot be applied to type `FragmentRef<i32>`
[INFO] [stdout]     --> src/parser/fragments.rs:1343:9
[INFO] [stdout]      |
[INFO] [stdout] 1343 |         assert_eq!(result.fragment3, 3);
[INFO] [stdout]      |         ^^^^^^^^^^^^^^^^^^^^^^^^^^^^^^^^
[INFO] [stdout]      |         |
[INFO] [stdout]      |         FragmentRef<i32>
[INFO] [stdout]      |         {integer}
[INFO] [stdout]      |
[INFO] [stdout]      = note: an implementation of `std::cmp::PartialEq` might be missing for `FragmentRef<i32>`
[INFO] [stdout]      = note: this error originates in the macro `assert_eq` (in Nightly builds, run with -Z macro-backtrace for more info)
[INFO] [stdout] 
[INFO] [stdout] 
[INFO] [stdout] error[E0369]: binary operation `==` cannot be applied to type `FragmentRef<i32>`
[INFO] [stdout]     --> src/parser/fragments.rs:1344:9
[INFO] [stdout]      |
[INFO] [stdout] 1344 |         assert_eq!(result.fragment4, 4);
[INFO] [stdout]      |         ^^^^^^^^^^^^^^^^^^^^^^^^^^^^^^^^
[INFO] [stdout]      |         |
[INFO] [stdout]      |         FragmentRef<i32>
[INFO] [stdout]      |         {integer}
[INFO] [stdout]      |
[INFO] [stdout]      = note: an implementation of `std::cmp::PartialEq` might be missing for `FragmentRef<i32>`
[INFO] [stdout]      = note: this error originates in the macro `assert_eq` (in Nightly builds, run with -Z macro-backtrace for more info)
[INFO] [stdout] 
[INFO] [stdout] 
[INFO] [stdout] error[E0609]: no field `vertex_count` on type `fragments::MeshFragment`
[INFO] [stdout]     --> src/parser/fragments.rs:1350:27
[INFO] [stdout]      |
[INFO] [stdout] 1350 |         assert_eq!(result.vertex_count, 2);
[INFO] [stdout]      |                           ^^^^^^^^^^^^ help: a field with a similar name exists: `vertex_colors`
[INFO] [stdout] 
[INFO] [stdout] 
[INFO] [stdout] error[E0609]: no field `polygon_texture_count` on type `fragments::MeshFragment`
[INFO] [stdout]     --> src/parser/fragments.rs:1356:27
[INFO] [stdout]      |
[INFO] [stdout] 1356 |         assert_eq!(result.polygon_texture_count, 2);
[INFO] [stdout]      |                           ^^^^^^^^^^^^^^^^^^^^^ help: a field with a similar name exists: `polygon_material_count`
[INFO] [stdout] 
[INFO] [stdout] 
[INFO] [stdout] error[E0609]: no field `vertex_texture_count` on type `fragments::MeshFragment`
[INFO] [stdout]     --> src/parser/fragments.rs:1357:27
[INFO] [stdout]      |
[INFO] [stdout] 1357 |         assert_eq!(result.vertex_texture_count, 2);
[INFO] [stdout]      |                           ^^^^^^^^^^^^^^^^^^^^ help: a field with a similar name exists: `vertex_piece_count`
[INFO] [stdout] 
[INFO] [stdout] 
[INFO] [stdout] error[E0609]: no field `vertices` on type `fragments::MeshFragment`
[INFO] [stdout]     --> src/parser/fragments.rs:1360:27
[INFO] [stdout]      |
[INFO] [stdout] 1360 |         assert_eq!(result.vertices, vec![(1, 1, 1), (2, 2, 2)]);
[INFO] [stdout]      |                           ^^^^^^^^ unknown field
[INFO] [stdout]      |
[INFO] [stdout]      = note: available fields are: `flags`, `material_list_ref`, `fragment2`, `fragment3`, `fragment4` ... and 24 others
[INFO] [stdout] 
[INFO] [stdout] 
[INFO] [stdout] error[E0609]: no field `polygon_textures` on type `fragments::MeshFragment`
[INFO] [stdout]     --> src/parser/fragments.rs:1366:27
[INFO] [stdout]      |
[INFO] [stdout] 1366 |         assert_eq!(result.polygon_textures, vec![(1, 1), (2, 2)]);
[INFO] [stdout]      |                           ^^^^^^^^^^^^^^^^ unknown field
[INFO] [stdout]      |
[INFO] [stdout]      = note: available fields are: `flags`, `material_list_ref`, `fragment2`, `fragment3`, `fragment4` ... and 24 others
[INFO] [stdout] 
[INFO] [stdout] 
[INFO] [stdout] error[E0609]: no field `vertex_textures` on type `fragments::MeshFragment`
[INFO] [stdout]     --> src/parser/fragments.rs:1367:27
[INFO] [stdout]      |
[INFO] [stdout] 1367 |         assert_eq!(result.vertex_textures, vec![(1, 1), (2, 2)]);
[INFO] [stdout]      |                           ^^^^^^^^^^^^^^^ unknown field
[INFO] [stdout]      |
[INFO] [stdout]      = note: available fields are: `flags`, `material_list_ref`, `fragment2`, `fragment3`, `fragment4` ... and 24 others
[INFO] [stdout] 
[INFO] [stdout] 
[INFO] [stdout] error: aborting due to 15 previous errors
[INFO] [stdout] 
[INFO] [stdout] 
[INFO] [stdout] Some errors have detailed explanations: E0369, E0609.
[INFO] [stdout] 
[INFO] [stdout] For more information about an error, try `rustc --explain E0369`.
[INFO] [stdout] 
[INFO] [stderr] error: could not compile `eq_wld`
[INFO] [stderr] 
[INFO] [stderr] To learn more, run the command again with --verbose.
[INFO] running `Command { std: "docker" "inspect" "8c5d8447766387fd2006b11f8417f0dbb52af184856674539564d5f52a4c4fbd", kill_on_drop: false }`
[INFO] running `Command { std: "docker" "rm" "-f" "8c5d8447766387fd2006b11f8417f0dbb52af184856674539564d5f52a4c4fbd", kill_on_drop: false }`
[INFO] [stdout] 8c5d8447766387fd2006b11f8417f0dbb52af184856674539564d5f52a4c4fbd
