[INFO] fetching crate enum_dispatch 0.3.7...
[INFO] testing enum_dispatch-0.3.7 against 1.54.0 for beta-1.55-1
[INFO] extracting crate enum_dispatch 0.3.7 into /workspace/builds/worker-2/source
[INFO] validating manifest of crates.io crate enum_dispatch 0.3.7 on toolchain 1.54.0
[INFO] running `Command { std: "/workspace/cargo-home/bin/cargo" "+1.54.0" "metadata" "--manifest-path" "Cargo.toml" "--no-deps", kill_on_drop: false }`
[INFO] started tweaking crates.io crate enum_dispatch 0.3.7
[INFO] finished tweaking crates.io crate enum_dispatch 0.3.7
[INFO] tweaked toml for crates.io crate enum_dispatch 0.3.7 written to /workspace/builds/worker-2/source/Cargo.toml
[INFO] running `Command { std: "/workspace/cargo-home/bin/cargo" "+1.54.0" "generate-lockfile" "--manifest-path" "Cargo.toml" "-Zno-index-update", kill_on_drop: false }`
[INFO] running `Command { std: "/workspace/cargo-home/bin/cargo" "+1.54.0" "fetch" "--manifest-path" "Cargo.toml", kill_on_drop: false }`
[INFO] running `Command { std: "docker" "create" "-v" "/var/lib/crater-agent-workspace/builds/worker-2/target:/opt/rustwide/target:rw,Z" "-v" "/var/lib/crater-agent-workspace/builds/worker-2/source:/opt/rustwide/workdir:ro,Z" "-v" "/var/lib/crater-agent-workspace/cargo-home:/opt/rustwide/cargo-home:ro,Z" "-v" "/var/lib/crater-agent-workspace/rustup-home:/opt/rustwide/rustup-home:ro,Z" "-e" "SOURCE_DIR=/opt/rustwide/workdir" "-e" "CARGO_TARGET_DIR=/opt/rustwide/target" "-e" "CARGO_HOME=/opt/rustwide/cargo-home" "-e" "RUSTUP_HOME=/opt/rustwide/rustup-home" "-w" "/opt/rustwide/workdir" "-m" "1610612736" "--user" "0:0" "--network" "none" "ghcr.io/rust-lang/crates-build-env/linux@sha256:34b6a614d2c27851fe6cbf88fbd1137609cefab8b10d0615aaeb6fd47975d74e" "/opt/rustwide/cargo-home/bin/cargo" "+1.54.0" "metadata" "--no-deps" "--format-version=1", kill_on_drop: false }`
[INFO] [stderr] WARNING: Your kernel does not support swap limit capabilities or the cgroup is not mounted. Memory limited without swap.
[INFO] [stdout] 8336f18e01cb067782ffb37f7ada417d06a70e3f09a15918a9178c60fdd0fa0b
[INFO] running `Command { std: "docker" "start" "-a" "8336f18e01cb067782ffb37f7ada417d06a70e3f09a15918a9178c60fdd0fa0b", kill_on_drop: false }`
[INFO] running `Command { std: "docker" "inspect" "8336f18e01cb067782ffb37f7ada417d06a70e3f09a15918a9178c60fdd0fa0b", kill_on_drop: false }`
[INFO] running `Command { std: "docker" "rm" "-f" "8336f18e01cb067782ffb37f7ada417d06a70e3f09a15918a9178c60fdd0fa0b", kill_on_drop: false }`
[INFO] [stdout] 8336f18e01cb067782ffb37f7ada417d06a70e3f09a15918a9178c60fdd0fa0b
[INFO] running `Command { std: "docker" "create" "-v" "/var/lib/crater-agent-workspace/builds/worker-2/target:/opt/rustwide/target:rw,Z" "-v" "/var/lib/crater-agent-workspace/builds/worker-2/source:/opt/rustwide/workdir:ro,Z" "-v" "/var/lib/crater-agent-workspace/cargo-home:/opt/rustwide/cargo-home:ro,Z" "-v" "/var/lib/crater-agent-workspace/rustup-home:/opt/rustwide/rustup-home:ro,Z" "-e" "SOURCE_DIR=/opt/rustwide/workdir" "-e" "CARGO_TARGET_DIR=/opt/rustwide/target" "-e" "CARGO_INCREMENTAL=0" "-e" "RUST_BACKTRACE=full" "-e" "RUSTFLAGS=--cap-lints=warn" "-e" "CARGO_HOME=/opt/rustwide/cargo-home" "-e" "RUSTUP_HOME=/opt/rustwide/rustup-home" "-w" "/opt/rustwide/workdir" "-m" "1610612736" "--user" "0:0" "--network" "none" "ghcr.io/rust-lang/crates-build-env/linux@sha256:34b6a614d2c27851fe6cbf88fbd1137609cefab8b10d0615aaeb6fd47975d74e" "/opt/rustwide/cargo-home/bin/cargo" "+1.54.0" "build" "--frozen" "--message-format=json", kill_on_drop: false }`
[INFO] [stdout] 42e3bdaf78abb60bce2edf52a95e4d37f0a51616c59d90e55181f9bce2726ed6
[INFO] [stderr] WARNING: Your kernel does not support swap limit capabilities or the cgroup is not mounted. Memory limited without swap.
[INFO] running `Command { std: "docker" "start" "-a" "42e3bdaf78abb60bce2edf52a95e4d37f0a51616c59d90e55181f9bce2726ed6", kill_on_drop: false }`
[INFO] [stderr]    Compiling enum_dispatch v0.3.7 (/opt/rustwide/workdir)
[INFO] [stderr]     Finished dev [unoptimized + debuginfo] target(s) in 3.57s
[INFO] running `Command { std: "docker" "inspect" "42e3bdaf78abb60bce2edf52a95e4d37f0a51616c59d90e55181f9bce2726ed6", kill_on_drop: false }`
[INFO] running `Command { std: "docker" "rm" "-f" "42e3bdaf78abb60bce2edf52a95e4d37f0a51616c59d90e55181f9bce2726ed6", kill_on_drop: false }`
[INFO] [stdout] 42e3bdaf78abb60bce2edf52a95e4d37f0a51616c59d90e55181f9bce2726ed6
[INFO] running `Command { std: "docker" "create" "-v" "/var/lib/crater-agent-workspace/builds/worker-2/target:/opt/rustwide/target:rw,Z" "-v" "/var/lib/crater-agent-workspace/builds/worker-2/source:/opt/rustwide/workdir:ro,Z" "-v" "/var/lib/crater-agent-workspace/cargo-home:/opt/rustwide/cargo-home:ro,Z" "-v" "/var/lib/crater-agent-workspace/rustup-home:/opt/rustwide/rustup-home:ro,Z" "-e" "SOURCE_DIR=/opt/rustwide/workdir" "-e" "CARGO_TARGET_DIR=/opt/rustwide/target" "-e" "CARGO_INCREMENTAL=0" "-e" "RUST_BACKTRACE=full" "-e" "RUSTFLAGS=--cap-lints=warn" "-e" "CARGO_HOME=/opt/rustwide/cargo-home" "-e" "RUSTUP_HOME=/opt/rustwide/rustup-home" "-w" "/opt/rustwide/workdir" "-m" "1610612736" "--user" "0:0" "--network" "none" "ghcr.io/rust-lang/crates-build-env/linux@sha256:34b6a614d2c27851fe6cbf88fbd1137609cefab8b10d0615aaeb6fd47975d74e" "/opt/rustwide/cargo-home/bin/cargo" "+1.54.0" "test" "--frozen" "--no-run" "--message-format=json", kill_on_drop: false }`
[INFO] [stdout] ba3dcb10f132960778acbba62fce718eb02487757a915bcf13120ba755a7bc2c
[INFO] [stderr] WARNING: Your kernel does not support swap limit capabilities or the cgroup is not mounted. Memory limited without swap.
[INFO] running `Command { std: "docker" "start" "-a" "ba3dcb10f132960778acbba62fce718eb02487757a915bcf13120ba755a7bc2c", kill_on_drop: false }`
[INFO] [stderr]    Compiling serde v1.0.82
[INFO] [stderr]    Compiling ryu v0.2.8
[INFO] [stderr]    Compiling custom_derive v0.1.7
[INFO] [stderr]    Compiling enum_derive v0.1.7
[INFO] [stderr]    Compiling rand v0.6.1
[INFO] [stderr]    Compiling serde_json v1.0.33
[INFO] [stderr]    Compiling enum_dispatch v0.3.7 (/opt/rustwide/workdir)
[INFO] [stdout] error[E0554]: `#![feature]` may not be used on the stable release channel
[INFO] [stdout]  --> tests/arg_patterns.rs:1:1
[INFO] [stdout]   |
[INFO] [stdout] 1 | #![feature(box_patterns)]
[INFO] [stdout]   | ^^^^^^^^^^^^^^^^^^^^^^^^^
[INFO] [stdout] 
[INFO] [stdout] 
[INFO] [stdout] error: aborting due to previous error
[INFO] [stdout] 
[INFO] [stdout] 
[INFO] [stdout] For more information about this error, try `rustc --explain E0554`.
[INFO] [stdout] 
[INFO] [stderr] error: could not compile `enum_dispatch`
[INFO] [stderr] 
[INFO] [stderr] To learn more, run the command again with --verbose.
[INFO] [stderr] warning: build failed, waiting for other jobs to finish...
[INFO] [stdout] error[E0433]: failed to resolve: could not find `__private` in `_serde`
[INFO] [stdout]   --> tests/serde.rs:11:10
[INFO] [stdout]    |
[INFO] [stdout] 11 | #[derive(Serialize, Deserialize, Debug, PartialEq)]
[INFO] [stdout]    |          ^^^^^^^^^ could not find `__private` in `_serde`
[INFO] [stdout]    |
[INFO] [stdout]    = note: this error originates in the derive macro `Serialize` (in Nightly builds, run with -Z macro-backtrace for more info)
[INFO] [stdout] 
[INFO] [stdout] 
[INFO] [stdout] error[E0433]: failed to resolve: could not find `__private` in `_serde`
[INFO] [stdout]   --> tests/serde.rs:11:21
[INFO] [stdout]    |
[INFO] [stdout] 11 | #[derive(Serialize, Deserialize, Debug, PartialEq)]
[INFO] [stdout]    |                     ^^^^^^^^^^^ could not find `__private` in `_serde`
[INFO] [stdout]    |
[INFO] [stdout]    = note: this error originates in the derive macro `Deserialize` (in Nightly builds, run with -Z macro-backtrace for more info)
[INFO] [stdout] 
[INFO] [stdout] 
[INFO] [stdout] error[E0433]: failed to resolve: could not find `__private` in `_serde`
[INFO] [stdout]   --> tests/serde.rs:11:21
[INFO] [stdout]    |
[INFO] [stdout] 11 | #[derive(Serialize, Deserialize, Debug, PartialEq)]
[INFO] [stdout]    |                     ^^^^^^^^^^^ could not find `__private` in `_serde`
[INFO] [stdout]    |
[INFO] [stdout]    = note: this error originates in the macro `try` (in Nightly builds, run with -Z macro-backtrace for more info)
[INFO] [stdout] 
[INFO] [stdout] 
[INFO] [stdout] error[E0433]: failed to resolve: could not find `__private` in `_serde`
[INFO] [stdout]   --> tests/serde.rs:18:10
[INFO] [stdout]    |
[INFO] [stdout] 18 | #[derive(Serialize, Deserialize, Debug, PartialEq)]
[INFO] [stdout]    |          ^^^^^^^^^ could not find `__private` in `_serde`
[INFO] [stdout]    |
[INFO] [stdout]    = note: this error originates in the derive macro `Serialize` (in Nightly builds, run with -Z macro-backtrace for more info)
[INFO] [stdout] 
[INFO] [stdout] 
[INFO] [stdout] error[E0433]: failed to resolve: could not find `__private` in `_serde`
[INFO] [stdout]   --> tests/serde.rs:18:10
[INFO] [stdout]    |
[INFO] [stdout] 18 | #[derive(Serialize, Deserialize, Debug, PartialEq)]
[INFO] [stdout]    |          ^^^^^^^^^ could not find `__private` in `_serde`
[INFO] [stdout]    |
[INFO] [stdout]    = note: this error originates in the macro `try` (in Nightly builds, run with -Z macro-backtrace for more info)
[INFO] [stdout] 
[INFO] [stdout] 
[INFO] [stdout] error[E0433]: failed to resolve: could not find `__private` in `_serde`
[INFO] [stdout]   --> tests/serde.rs:18:10
[INFO] [stdout]    |
[INFO] [stdout] 18 | #[derive(Serialize, Deserialize, Debug, PartialEq)]
[INFO] [stdout]    |          ^^^^^^^^^ could not find `__private` in `_serde`
[INFO] [stdout]    |
[INFO] [stdout]    = note: this error originates in the macro `try` (in Nightly builds, run with -Z macro-backtrace for more info)
[INFO] [stdout] 
[INFO] [stdout] 
[INFO] [stdout] error[E0433]: failed to resolve: could not find `__private` in `_serde`
[INFO] [stdout]   --> tests/serde.rs:18:10
[INFO] [stdout]    |
[INFO] [stdout] 18 | #[derive(Serialize, Deserialize, Debug, PartialEq)]
[INFO] [stdout]    |          ^^^^^^^^^ could not find `__private` in `_serde`
[INFO] [stdout]    |
[INFO] [stdout]    = note: this error originates in the macro `try` (in Nightly builds, run with -Z macro-backtrace for more info)
[INFO] [stdout] 
[INFO] [stdout] 
[INFO] [stdout] error[E0433]: failed to resolve: could not find `__private` in `_serde`
[INFO] [stdout]   --> tests/serde.rs:18:21
[INFO] [stdout]    |
[INFO] [stdout] 18 | #[derive(Serialize, Deserialize, Debug, PartialEq)]
[INFO] [stdout]    |                     ^^^^^^^^^^^ could not find `__private` in `_serde`
[INFO] [stdout]    |
[INFO] [stdout]    = note: this error originates in the derive macro `Deserialize` (in Nightly builds, run with -Z macro-backtrace for more info)
[INFO] [stdout] 
[INFO] [stdout] 
[INFO] [stdout] error[E0433]: failed to resolve: could not find `__private` in `_serde`
[INFO] [stdout]   --> tests/serde.rs:18:21
[INFO] [stdout]    |
[INFO] [stdout] 18 | #[derive(Serialize, Deserialize, Debug, PartialEq)]
[INFO] [stdout]    |                     ^^^^^^^^^^^ could not find `__private` in `_serde`
[INFO] [stdout]    |
[INFO] [stdout]    = note: this error originates in the macro `try` (in Nightly builds, run with -Z macro-backtrace for more info)
[INFO] [stdout] 
[INFO] [stdout] 
[INFO] [stdout] error[E0433]: failed to resolve: could not find `__private` in `_serde`
[INFO] [stdout]   --> tests/serde.rs:18:21
[INFO] [stdout]    |
[INFO] [stdout] 18 | #[derive(Serialize, Deserialize, Debug, PartialEq)]
[INFO] [stdout]    |                     ^^^^^^^^^^^ could not find `__private` in `_serde`
[INFO] [stdout]    |
[INFO] [stdout]    = note: this error originates in the macro `try` (in Nightly builds, run with -Z macro-backtrace for more info)
[INFO] [stdout] 
[INFO] [stdout] 
[INFO] [stdout] error[E0433]: failed to resolve: could not find `__private` in `_serde`
[INFO] [stdout]   --> tests/serde.rs:18:21
[INFO] [stdout]    |
[INFO] [stdout] 18 | #[derive(Serialize, Deserialize, Debug, PartialEq)]
[INFO] [stdout]    |                     ^^^^^^^^^^^ could not find `__private` in `_serde`
[INFO] [stdout]    |
[INFO] [stdout]    = note: this error originates in the macro `try` (in Nightly builds, run with -Z macro-backtrace for more info)
[INFO] [stdout] 
[INFO] [stdout] 
[INFO] [stdout] error[E0433]: failed to resolve: could not find `__private` in `_serde`
[INFO] [stdout]   --> tests/serde.rs:18:21
[INFO] [stdout]    |
[INFO] [stdout] 18 | #[derive(Serialize, Deserialize, Debug, PartialEq)]
[INFO] [stdout]    |                     ^^^^^^^^^^^ could not find `__private` in `_serde`
[INFO] [stdout]    |
[INFO] [stdout]    = note: this error originates in the macro `try` (in Nightly builds, run with -Z macro-backtrace for more info)
[INFO] [stdout] 
[INFO] [stdout] 
[INFO] [stdout] error[E0433]: failed to resolve: could not find `__private` in `_serde`
[INFO] [stdout]   --> tests/serde.rs:18:21
[INFO] [stdout]    |
[INFO] [stdout] 18 | #[derive(Serialize, Deserialize, Debug, PartialEq)]
[INFO] [stdout]    |                     ^^^^^^^^^^^ could not find `__private` in `_serde`
[INFO] [stdout]    |
[INFO] [stdout]    = note: this error originates in the macro `try` (in Nightly builds, run with -Z macro-backtrace for more info)
[INFO] [stdout] 
[INFO] [stdout] 
[INFO] [stdout] error[E0433]: failed to resolve: could not find `__private` in `_serde`
[INFO] [stdout]   --> tests/serde.rs:18:21
[INFO] [stdout]    |
[INFO] [stdout] 18 | #[derive(Serialize, Deserialize, Debug, PartialEq)]
[INFO] [stdout]    |                     ^^^^^^^^^^^ could not find `__private` in `_serde`
[INFO] [stdout]    |
[INFO] [stdout]    = note: this error originates in the macro `try` (in Nightly builds, run with -Z macro-backtrace for more info)
[INFO] [stdout] 
[INFO] [stdout] 
[INFO] [stdout] error[E0433]: failed to resolve: could not find `__private` in `_serde`
[INFO] [stdout]   --> tests/serde.rs:20:5
[INFO] [stdout]    |
[INFO] [stdout] 20 |     w: f32,
[INFO] [stdout]    |     ^ could not find `__private` in `_serde`
[INFO] [stdout] 
[INFO] [stdout] 
[INFO] [stdout] error[E0433]: failed to resolve: could not find `__private` in `_serde`
[INFO] [stdout]   --> tests/serde.rs:18:21
[INFO] [stdout]    |
[INFO] [stdout] 18 | #[derive(Serialize, Deserialize, Debug, PartialEq)]
[INFO] [stdout]    |                     ^^^^^^^^^^^ could not find `__private` in `_serde`
[INFO] [stdout]    |
[INFO] [stdout]    = note: this error originates in the macro `try` (in Nightly builds, run with -Z macro-backtrace for more info)
[INFO] [stdout] 
[INFO] [stdout] 
[INFO] [stdout] error[E0433]: failed to resolve: could not find `__private` in `_serde`
[INFO] [stdout]   --> tests/serde.rs:21:5
[INFO] [stdout]    |
[INFO] [stdout] 21 |     h: f32,
[INFO] [stdout]    |     ^ could not find `__private` in `_serde`
[INFO] [stdout] 
[INFO] [stdout] 
[INFO] [stdout] error[E0433]: failed to resolve: could not find `__private` in `_serde`
[INFO] [stdout]   --> tests/serde.rs:18:21
[INFO] [stdout]    |
[INFO] [stdout] 18 | #[derive(Serialize, Deserialize, Debug, PartialEq)]
[INFO] [stdout]    |                     ^^^^^^^^^^^ could not find `__private` in `_serde`
[INFO] [stdout]    |
[INFO] [stdout]    = note: this error originates in the macro `try` (in Nightly builds, run with -Z macro-backtrace for more info)
[INFO] [stdout] 
[INFO] [stdout] 
[INFO] [stdout] error[E0433]: failed to resolve: could not find `__private` in `_serde`
[INFO] [stdout]   --> tests/serde.rs:30:10
[INFO] [stdout]    |
[INFO] [stdout] 30 | #[derive(Serialize, Deserialize, Debug, PartialEq)]
[INFO] [stdout]    |          ^^^^^^^^^ could not find `__private` in `_serde`
[INFO] [stdout]    |
[INFO] [stdout]    = note: this error originates in the derive macro `Serialize` (in Nightly builds, run with -Z macro-backtrace for more info)
[INFO] [stdout] 
[INFO] [stdout] 
[INFO] [stdout] error[E0433]: failed to resolve: could not find `__private` in `_serde`
[INFO] [stdout]   --> tests/serde.rs:30:10
[INFO] [stdout]    |
[INFO] [stdout] 30 | #[derive(Serialize, Deserialize, Debug, PartialEq)]
[INFO] [stdout]    |          ^^^^^^^^^ could not find `__private` in `_serde`
[INFO] [stdout]    |
[INFO] [stdout]    = note: this error originates in the macro `try` (in Nightly builds, run with -Z macro-backtrace for more info)
[INFO] [stdout] 
[INFO] [stdout] 
[INFO] [stdout] error[E0433]: failed to resolve: could not find `__private` in `_serde`
[INFO] [stdout]   --> tests/serde.rs:30:10
[INFO] [stdout]    |
[INFO] [stdout] 30 | #[derive(Serialize, Deserialize, Debug, PartialEq)]
[INFO] [stdout]    |          ^^^^^^^^^ could not find `__private` in `_serde`
[INFO] [stdout]    |
[INFO] [stdout]    = note: this error originates in the macro `try` (in Nightly builds, run with -Z macro-backtrace for more info)
[INFO] [stdout] 
[INFO] [stdout] 
[INFO] [stdout] error[E0433]: failed to resolve: could not find `__private` in `_serde`
[INFO] [stdout]   --> tests/serde.rs:30:21
[INFO] [stdout]    |
[INFO] [stdout] 30 | #[derive(Serialize, Deserialize, Debug, PartialEq)]
[INFO] [stdout]    |                     ^^^^^^^^^^^ could not find `__private` in `_serde`
[INFO] [stdout]    |
[INFO] [stdout]    = note: this error originates in the derive macro `Deserialize` (in Nightly builds, run with -Z macro-backtrace for more info)
[INFO] [stdout] 
[INFO] [stdout] 
[INFO] [stdout] error[E0433]: failed to resolve: could not find `__private` in `_serde`
[INFO] [stdout]   --> tests/serde.rs:30:21
[INFO] [stdout]    |
[INFO] [stdout] 30 | #[derive(Serialize, Deserialize, Debug, PartialEq)]
[INFO] [stdout]    |                     ^^^^^^^^^^^ could not find `__private` in `_serde`
[INFO] [stdout]    |
[INFO] [stdout]    = note: this error originates in the macro `try` (in Nightly builds, run with -Z macro-backtrace for more info)
[INFO] [stdout] 
[INFO] [stdout] 
[INFO] [stdout] error[E0433]: failed to resolve: could not find `__private` in `_serde`
[INFO] [stdout]   --> tests/serde.rs:30:21
[INFO] [stdout]    |
[INFO] [stdout] 30 | #[derive(Serialize, Deserialize, Debug, PartialEq)]
[INFO] [stdout]    |                     ^^^^^^^^^^^ could not find `__private` in `_serde`
[INFO] [stdout]    |
[INFO] [stdout]    = note: this error originates in the macro `try` (in Nightly builds, run with -Z macro-backtrace for more info)
[INFO] [stdout] 
[INFO] [stdout] 
[INFO] [stdout] error[E0433]: failed to resolve: could not find `__private` in `_serde`
[INFO] [stdout]   --> tests/serde.rs:30:21
[INFO] [stdout]    |
[INFO] [stdout] 30 | #[derive(Serialize, Deserialize, Debug, PartialEq)]
[INFO] [stdout]    |                     ^^^^^^^^^^^ could not find `__private` in `_serde`
[INFO] [stdout]    |
[INFO] [stdout]    = note: this error originates in the macro `try` (in Nightly builds, run with -Z macro-backtrace for more info)
[INFO] [stdout] 
[INFO] [stdout] 
[INFO] [stdout] error[E0433]: failed to resolve: could not find `__private` in `_serde`
[INFO] [stdout]   --> tests/serde.rs:30:21
[INFO] [stdout]    |
[INFO] [stdout] 30 | #[derive(Serialize, Deserialize, Debug, PartialEq)]
[INFO] [stdout]    |                     ^^^^^^^^^^^ could not find `__private` in `_serde`
[INFO] [stdout]    |
[INFO] [stdout]    = note: this error originates in the macro `try` (in Nightly builds, run with -Z macro-backtrace for more info)
[INFO] [stdout] 
[INFO] [stdout] 
[INFO] [stdout] error[E0433]: failed to resolve: could not find `__private` in `_serde`
[INFO] [stdout]   --> tests/serde.rs:32:5
[INFO] [stdout]    |
[INFO] [stdout] 32 |     s: f32,
[INFO] [stdout]    |     ^ could not find `__private` in `_serde`
[INFO] [stdout] 
[INFO] [stdout] 
[INFO] [stdout] error[E0433]: failed to resolve: could not find `__private` in `_serde`
[INFO] [stdout]   --> tests/serde.rs:30:21
[INFO] [stdout]    |
[INFO] [stdout] 30 | #[derive(Serialize, Deserialize, Debug, PartialEq)]
[INFO] [stdout]    |                     ^^^^^^^^^^^ could not find `__private` in `_serde`
[INFO] [stdout]    |
[INFO] [stdout]    = note: this error originates in the macro `try` (in Nightly builds, run with -Z macro-backtrace for more info)
[INFO] [stdout] 
[INFO] [stdout] 
[INFO] [stdout] error[E0433]: failed to resolve: could not find `__private` in `_serde`
[INFO] [stdout]   --> tests/serde.rs:41:10
[INFO] [stdout]    |
[INFO] [stdout] 41 | #[derive(Serialize, Deserialize, Debug, PartialEq)]
[INFO] [stdout]    |          ^^^^^^^^^ could not find `__private` in `_serde`
[INFO] [stdout]    |
[INFO] [stdout]    = note: this error originates in the derive macro `Serialize` (in Nightly builds, run with -Z macro-backtrace for more info)
[INFO] [stdout] 
[INFO] [stdout] 
[INFO] [stdout] error[E0433]: failed to resolve: could not find `__private` in `_serde`
[INFO] [stdout]   --> tests/serde.rs:41:10
[INFO] [stdout]    |
[INFO] [stdout] 41 | #[derive(Serialize, Deserialize, Debug, PartialEq)]
[INFO] [stdout]    |          ^^^^^^^^^ could not find `__private` in `_serde`
[INFO] [stdout]    |
[INFO] [stdout]    = note: this error originates in the macro `try` (in Nightly builds, run with -Z macro-backtrace for more info)
[INFO] [stdout] 
[INFO] [stdout] 
[INFO] [stdout] error[E0433]: failed to resolve: could not find `__private` in `_serde`
[INFO] [stdout]   --> tests/serde.rs:41:10
[INFO] [stdout]    |
[INFO] [stdout] 41 | #[derive(Serialize, Deserialize, Debug, PartialEq)]
[INFO] [stdout]    |          ^^^^^^^^^ could not find `__private` in `_serde`
[INFO] [stdout]    |
[INFO] [stdout]    = note: this error originates in the macro `try` (in Nightly builds, run with -Z macro-backtrace for more info)
[INFO] [stdout] 
[INFO] [stdout] 
[INFO] [stdout] error[E0433]: failed to resolve: could not find `__private` in `_serde`
[INFO] [stdout]   --> tests/serde.rs:41:21
[INFO] [stdout]    |
[INFO] [stdout] 41 | #[derive(Serialize, Deserialize, Debug, PartialEq)]
[INFO] [stdout]    |                     ^^^^^^^^^^^ could not find `__private` in `_serde`
[INFO] [stdout]    |
[INFO] [stdout]    = note: this error originates in the derive macro `Deserialize` (in Nightly builds, run with -Z macro-backtrace for more info)
[INFO] [stdout] 
[INFO] [stdout] 
[INFO] [stdout] error[E0433]: failed to resolve: could not find `__private` in `_serde`
[INFO] [stdout]   --> tests/serde.rs:41:21
[INFO] [stdout]    |
[INFO] [stdout] 41 | #[derive(Serialize, Deserialize, Debug, PartialEq)]
[INFO] [stdout]    |                     ^^^^^^^^^^^ could not find `__private` in `_serde`
[INFO] [stdout]    |
[INFO] [stdout]    = note: this error originates in the macro `try` (in Nightly builds, run with -Z macro-backtrace for more info)
[INFO] [stdout] 
[INFO] [stdout] 
[INFO] [stdout] error[E0433]: failed to resolve: could not find `__private` in `_serde`
[INFO] [stdout]   --> tests/serde.rs:41:21
[INFO] [stdout]    |
[INFO] [stdout] 41 | #[derive(Serialize, Deserialize, Debug, PartialEq)]
[INFO] [stdout]    |                     ^^^^^^^^^^^ could not find `__private` in `_serde`
[INFO] [stdout]    |
[INFO] [stdout]    = note: this error originates in the macro `try` (in Nightly builds, run with -Z macro-backtrace for more info)
[INFO] [stdout] 
[INFO] [stdout] 
[INFO] [stdout] error[E0433]: failed to resolve: could not find `__private` in `_serde`
[INFO] [stdout]   --> tests/serde.rs:41:21
[INFO] [stdout]    |
[INFO] [stdout] 41 | #[derive(Serialize, Deserialize, Debug, PartialEq)]
[INFO] [stdout]    |                     ^^^^^^^^^^^ could not find `__private` in `_serde`
[INFO] [stdout]    |
[INFO] [stdout]    = note: this error originates in the macro `try` (in Nightly builds, run with -Z macro-backtrace for more info)
[INFO] [stdout] 
[INFO] [stdout] 
[INFO] [stdout] error[E0433]: failed to resolve: could not find `__private` in `_serde`
[INFO] [stdout]   --> tests/serde.rs:41:21
[INFO] [stdout]    |
[INFO] [stdout] 41 | #[derive(Serialize, Deserialize, Debug, PartialEq)]
[INFO] [stdout]    |                     ^^^^^^^^^^^ could not find `__private` in `_serde`
[INFO] [stdout]    |
[INFO] [stdout]    = note: this error originates in the macro `try` (in Nightly builds, run with -Z macro-backtrace for more info)
[INFO] [stdout] 
[INFO] [stdout] 
[INFO] [stdout] error[E0433]: failed to resolve: could not find `__private` in `_serde`
[INFO] [stdout]   --> tests/serde.rs:43:5
[INFO] [stdout]    |
[INFO] [stdout] 43 |     r: f32,
[INFO] [stdout]    |     ^ could not find `__private` in `_serde`
[INFO] [stdout] 
[INFO] [stdout] 
[INFO] [stdout] error[E0433]: failed to resolve: could not find `__private` in `_serde`
[INFO] [stdout]   --> tests/serde.rs:41:21
[INFO] [stdout]    |
[INFO] [stdout] 41 | #[derive(Serialize, Deserialize, Debug, PartialEq)]
[INFO] [stdout]    |                     ^^^^^^^^^^^ could not find `__private` in `_serde`
[INFO] [stdout]    |
[INFO] [stdout]    = note: this error originates in the macro `try` (in Nightly builds, run with -Z macro-backtrace for more info)
[INFO] [stdout] 
[INFO] [stdout] 
[INFO] [stdout] error[E0433]: failed to resolve: could not find `__private` in `_serde`
[INFO] [stdout]   --> tests/serde.rs:11:21
[INFO] [stdout]    |
[INFO] [stdout] 11 | #[derive(Serialize, Deserialize, Debug, PartialEq)]
[INFO] [stdout]    |                     ^^^^^^^^^^^ not found in `_serde::__private`
[INFO] [stdout]    |
[INFO] [stdout]    = note: this error originates in the derive macro `Deserialize` (in Nightly builds, run with -Z macro-backtrace for more info)
[INFO] [stdout] help: consider importing this struct
[INFO] [stdout]    |
[INFO] [stdout] 1  | use std::fmt::Formatter;
[INFO] [stdout]    |
[INFO] [stdout] 
[INFO] [stdout] 
[INFO] [stdout] error[E0433]: failed to resolve: could not find `__private` in `_serde`
[INFO] [stdout]   --> tests/serde.rs:11:21
[INFO] [stdout]    |
[INFO] [stdout] 11 | #[derive(Serialize, Deserialize, Debug, PartialEq)]
[INFO] [stdout]    |                     ^^^^^^^^^^^ not found in `_serde::__private`
[INFO] [stdout]    |
[INFO] [stdout]    = note: this error originates in the derive macro `Deserialize` (in Nightly builds, run with -Z macro-backtrace for more info)
[INFO] [stdout] help: consider importing one of these items
[INFO] [stdout]    |
[INFO] [stdout] 1  | use std::fmt::Result;
[INFO] [stdout]    |
[INFO] [stdout] 1  | use std::io::Result;
[INFO] [stdout]    |
[INFO] [stdout] 1  | use std::result::Result;
[INFO] [stdout]    |
[INFO] [stdout] 1  | use std::thread::Result;
[INFO] [stdout]    |
[INFO] [stdout] 
[INFO] [stdout] 
[INFO] [stdout] error[E0433]: failed to resolve: could not find `__private` in `_serde`
[INFO] [stdout]   --> tests/serde.rs:18:21
[INFO] [stdout]    |
[INFO] [stdout] 18 | #[derive(Serialize, Deserialize, Debug, PartialEq)]
[INFO] [stdout]    |                     ^^^^^^^^^^^ not found in `_serde::__private`
[INFO] [stdout]    |
[INFO] [stdout]    = note: this error originates in the derive macro `Deserialize` (in Nightly builds, run with -Z macro-backtrace for more info)
[INFO] [stdout] help: consider importing this struct
[INFO] [stdout]    |
[INFO] [stdout] 1  | use std::fmt::Formatter;
[INFO] [stdout]    |
[INFO] [stdout] 
[INFO] [stdout] 
[INFO] [stdout] error[E0433]: failed to resolve: could not find `__private` in `_serde`
[INFO] [stdout]   --> tests/serde.rs:18:21
[INFO] [stdout]    |
[INFO] [stdout] 18 | #[derive(Serialize, Deserialize, Debug, PartialEq)]
[INFO] [stdout]    |                     ^^^^^^^^^^^ not found in `_serde::__private`
[INFO] [stdout]    |
[INFO] [stdout]    = note: this error originates in the derive macro `Deserialize` (in Nightly builds, run with -Z macro-backtrace for more info)
[INFO] [stdout] help: consider importing this enum
[INFO] [stdout]    |
[INFO] [stdout] 1  | use std::option::Option;
[INFO] [stdout]    |
[INFO] [stdout] 
[INFO] [stdout] 
[INFO] [stdout] error[E0433]: failed to resolve: could not find `__private` in `_serde`
[INFO] [stdout]   --> tests/serde.rs:30:21
[INFO] [stdout]    |
[INFO] [stdout] 30 | #[derive(Serialize, Deserialize, Debug, PartialEq)]
[INFO] [stdout]    |                     ^^^^^^^^^^^ not found in `_serde::__private`
[INFO] [stdout]    |
[INFO] [stdout]    = note: this error originates in the derive macro `Deserialize` (in Nightly builds, run with -Z macro-backtrace for more info)
[INFO] [stdout] help: consider importing this struct
[INFO] [stdout]    |
[INFO] [stdout] 1  | use std::fmt::Formatter;
[INFO] [stdout]    |
[INFO] [stdout] 
[INFO] [stdout] 
[INFO] [stdout] error[E0433]: failed to resolve: could not find `__private` in `_serde`
[INFO] [stdout]   --> tests/serde.rs:30:21
[INFO] [stdout]    |
[INFO] [stdout] 30 | #[derive(Serialize, Deserialize, Debug, PartialEq)]
[INFO] [stdout]    |                     ^^^^^^^^^^^ not found in `_serde::__private`
[INFO] [stdout]    |
[INFO] [stdout]    = note: this error originates in the derive macro `Deserialize` (in Nightly builds, run with -Z macro-backtrace for more info)
[INFO] [stdout] help: consider importing this enum
[INFO] [stdout]    |
[INFO] [stdout] 1  | use std::option::Option;
[INFO] [stdout]    |
[INFO] [stdout] 
[INFO] [stdout] 
[INFO] [stdout] error[E0433]: failed to resolve: could not find `__private` in `_serde`
[INFO] [stdout]   --> tests/serde.rs:41:21
[INFO] [stdout]    |
[INFO] [stdout] 41 | #[derive(Serialize, Deserialize, Debug, PartialEq)]
[INFO] [stdout]    |                     ^^^^^^^^^^^ not found in `_serde::__private`
[INFO] [stdout]    |
[INFO] [stdout]    = note: this error originates in the derive macro `Deserialize` (in Nightly builds, run with -Z macro-backtrace for more info)
[INFO] [stdout] help: consider importing this struct
[INFO] [stdout]    |
[INFO] [stdout] 1  | use std::fmt::Formatter;
[INFO] [stdout]    |
[INFO] [stdout] 
[INFO] [stdout] 
[INFO] [stdout] error[E0433]: failed to resolve: could not find `__private` in `_serde`
[INFO] [stdout]   --> tests/serde.rs:41:21
[INFO] [stdout]    |
[INFO] [stdout] 41 | #[derive(Serialize, Deserialize, Debug, PartialEq)]
[INFO] [stdout]    |                     ^^^^^^^^^^^ not found in `_serde::__private`
[INFO] [stdout]    |
[INFO] [stdout]    = note: this error originates in the derive macro `Deserialize` (in Nightly builds, run with -Z macro-backtrace for more info)
[INFO] [stdout] help: consider importing this enum
[INFO] [stdout]    |
[INFO] [stdout] 1  | use std::option::Option;
[INFO] [stdout]    |
[INFO] [stdout] 
[INFO] [stdout] 
[INFO] [stdout] error: aborting due to 46 previous errors
[INFO] [stdout] 
[INFO] [stdout] 
[INFO] [stdout] For more information about this error, try `rustc --explain E0433`.
[INFO] [stdout] 
[INFO] [stderr] error: build failed
[INFO] running `Command { std: "docker" "inspect" "ba3dcb10f132960778acbba62fce718eb02487757a915bcf13120ba755a7bc2c", kill_on_drop: false }`
[INFO] running `Command { std: "docker" "rm" "-f" "ba3dcb10f132960778acbba62fce718eb02487757a915bcf13120ba755a7bc2c", kill_on_drop: false }`
[INFO] [stdout] ba3dcb10f132960778acbba62fce718eb02487757a915bcf13120ba755a7bc2c
