[INFO] fetching crate entity-async-graphql 0.3.2...
[INFO] testing entity-async-graphql-0.3.2 against 1.54.0 for beta-1.55-1
[INFO] extracting crate entity-async-graphql 0.3.2 into /workspace/builds/worker-4/source
[INFO] validating manifest of crates.io crate entity-async-graphql 0.3.2 on toolchain 1.54.0
[INFO] running `Command { std: "/workspace/cargo-home/bin/cargo" "+1.54.0" "metadata" "--manifest-path" "Cargo.toml" "--no-deps", kill_on_drop: false }`
[INFO] started tweaking crates.io crate entity-async-graphql 0.3.2
[INFO] removed 0 missing examples
[INFO] finished tweaking crates.io crate entity-async-graphql 0.3.2
[INFO] tweaked toml for crates.io crate entity-async-graphql 0.3.2 written to /workspace/builds/worker-4/source/Cargo.toml
[INFO] crate crates.io crate entity-async-graphql 0.3.2 already has a lockfile, it will not be regenerated
[INFO] running `Command { std: "/workspace/cargo-home/bin/cargo" "+1.54.0" "fetch" "--manifest-path" "Cargo.toml", kill_on_drop: false }`
[INFO] [stderr]     Blocking waiting for file lock on package cache
[INFO] running `Command { std: "docker" "create" "-v" "/var/lib/crater-agent-workspace/builds/worker-4/target:/opt/rustwide/target:rw,Z" "-v" "/var/lib/crater-agent-workspace/builds/worker-4/source:/opt/rustwide/workdir:ro,Z" "-v" "/var/lib/crater-agent-workspace/cargo-home:/opt/rustwide/cargo-home:ro,Z" "-v" "/var/lib/crater-agent-workspace/rustup-home:/opt/rustwide/rustup-home:ro,Z" "-e" "SOURCE_DIR=/opt/rustwide/workdir" "-e" "CARGO_TARGET_DIR=/opt/rustwide/target" "-e" "CARGO_HOME=/opt/rustwide/cargo-home" "-e" "RUSTUP_HOME=/opt/rustwide/rustup-home" "-w" "/opt/rustwide/workdir" "-m" "1610612736" "--user" "0:0" "--network" "none" "ghcr.io/rust-lang/crates-build-env/linux@sha256:34b6a614d2c27851fe6cbf88fbd1137609cefab8b10d0615aaeb6fd47975d74e" "/opt/rustwide/cargo-home/bin/cargo" "+1.54.0" "metadata" "--no-deps" "--format-version=1", kill_on_drop: false }`
[INFO] [stdout] 73e02db8f94e913d7d1c36bfd1dd14410469bcab44a3274616d3f5dd02f0f756
[INFO] [stderr] WARNING: Your kernel does not support swap limit capabilities or the cgroup is not mounted. Memory limited without swap.
[INFO] running `Command { std: "docker" "start" "-a" "73e02db8f94e913d7d1c36bfd1dd14410469bcab44a3274616d3f5dd02f0f756", kill_on_drop: false }`
[INFO] running `Command { std: "docker" "inspect" "73e02db8f94e913d7d1c36bfd1dd14410469bcab44a3274616d3f5dd02f0f756", kill_on_drop: false }`
[INFO] running `Command { std: "docker" "rm" "-f" "73e02db8f94e913d7d1c36bfd1dd14410469bcab44a3274616d3f5dd02f0f756", kill_on_drop: false }`
[INFO] [stdout] 73e02db8f94e913d7d1c36bfd1dd14410469bcab44a3274616d3f5dd02f0f756
[INFO] running `Command { std: "docker" "create" "-v" "/var/lib/crater-agent-workspace/builds/worker-4/target:/opt/rustwide/target:rw,Z" "-v" "/var/lib/crater-agent-workspace/builds/worker-4/source:/opt/rustwide/workdir:ro,Z" "-v" "/var/lib/crater-agent-workspace/cargo-home:/opt/rustwide/cargo-home:ro,Z" "-v" "/var/lib/crater-agent-workspace/rustup-home:/opt/rustwide/rustup-home:ro,Z" "-e" "SOURCE_DIR=/opt/rustwide/workdir" "-e" "CARGO_TARGET_DIR=/opt/rustwide/target" "-e" "CARGO_INCREMENTAL=0" "-e" "RUST_BACKTRACE=full" "-e" "RUSTFLAGS=--cap-lints=warn" "-e" "CARGO_HOME=/opt/rustwide/cargo-home" "-e" "RUSTUP_HOME=/opt/rustwide/rustup-home" "-w" "/opt/rustwide/workdir" "-m" "1610612736" "--user" "0:0" "--network" "none" "ghcr.io/rust-lang/crates-build-env/linux@sha256:34b6a614d2c27851fe6cbf88fbd1137609cefab8b10d0615aaeb6fd47975d74e" "/opt/rustwide/cargo-home/bin/cargo" "+1.54.0" "build" "--frozen" "--message-format=json", kill_on_drop: false }`
[INFO] [stdout] 7a2f47aacfe80b4eba3a34be1f79156ee81575d80d45db16fbfcf3e0035fe1be
[INFO] [stderr] WARNING: Your kernel does not support swap limit capabilities or the cgroup is not mounted. Memory limited without swap.
[INFO] running `Command { std: "docker" "start" "-a" "7a2f47aacfe80b4eba3a34be1f79156ee81575d80d45db16fbfcf3e0035fe1be", kill_on_drop: false }`
[INFO] [stderr]    Compiling syn v1.0.70
[INFO] [stderr]    Compiling unchecked-index v0.2.2
[INFO] [stderr]    Compiling dyn-clone v1.0.4
[INFO] [stderr]    Compiling entity_noop_macros v0.3.2
[INFO] [stderr]    Compiling futures-channel v0.3.14
[INFO] [stderr]    Compiling proc-macro2 v1.0.26
[INFO] [stderr]    Compiling getrandom v0.2.2
[INFO] [stderr]    Compiling regex v1.4.6
[INFO] [stderr]    Compiling twoway v0.2.1
[INFO] [stderr]    Compiling rand_core v0.6.2
[INFO] [stderr]    Compiling quote v1.0.9
[INFO] [stderr]    Compiling rand_chacha v0.3.0
[INFO] [stderr]    Compiling rand v0.8.3
[INFO] [stderr]    Compiling Inflector v0.11.4
[INFO] [stderr]    Compiling tempfile v3.2.0
[INFO] [stderr]    Compiling darling_core v0.12.4
[INFO] [stderr]    Compiling pest_generator v2.1.3
[INFO] [stderr]    Compiling serde_derive v1.0.125
[INFO] [stderr]    Compiling futures-macro v0.3.14
[INFO] [stderr]    Compiling thiserror-impl v1.0.24
[INFO] [stderr]    Compiling pest_derive v2.1.0
[INFO] [stderr]    Compiling darling_macro v0.12.4
[INFO] [stderr]    Compiling derive_more v0.99.13
[INFO] [stderr]    Compiling strum_macros v0.19.4
[INFO] [stderr]    Compiling async-stream-impl v0.3.1
[INFO] [stderr]    Compiling derivative v2.2.0
[INFO] [stderr]    Compiling async-trait v0.1.50
[INFO] [stderr]    Compiling async-stream v0.3.1
[INFO] [stderr]    Compiling darling v0.12.4
[INFO] [stderr]    Compiling futures-util v0.3.14
[INFO] [stderr]    Compiling thiserror v1.0.24
[INFO] [stderr]    Compiling strum v0.19.5
[INFO] [stderr]    Compiling entity v0.3.2
[INFO] [stderr]    Compiling futures-executor v0.3.14
[INFO] [stderr]    Compiling futures v0.3.14
[INFO] [stderr]    Compiling multer v1.2.2
[INFO] [stderr]    Compiling serde v1.0.125
[INFO] [stderr]    Compiling serde_json v1.0.64
[INFO] [stderr]    Compiling toml v0.5.8
[INFO] [stderr]    Compiling async-graphql-value v2.6.5
[INFO] [stderr]    Compiling proc-macro-crate v1.0.0
[INFO] [stderr]    Compiling async-graphql-parser v2.7.1
[INFO] [stderr]    Compiling async-graphql-derive v2.8.4
[INFO] [stderr]    Compiling async-graphql v2.8.4
[INFO] [stderr]    Compiling entity-async-graphql v0.3.2 (/opt/rustwide/workdir)
[INFO] [stderr]     Finished dev [unoptimized + debuginfo] target(s) in 1m 27s
[INFO] running `Command { std: "docker" "inspect" "7a2f47aacfe80b4eba3a34be1f79156ee81575d80d45db16fbfcf3e0035fe1be", kill_on_drop: false }`
[INFO] running `Command { std: "docker" "rm" "-f" "7a2f47aacfe80b4eba3a34be1f79156ee81575d80d45db16fbfcf3e0035fe1be", kill_on_drop: false }`
[INFO] [stdout] 7a2f47aacfe80b4eba3a34be1f79156ee81575d80d45db16fbfcf3e0035fe1be
[INFO] running `Command { std: "docker" "create" "-v" "/var/lib/crater-agent-workspace/builds/worker-4/target:/opt/rustwide/target:rw,Z" "-v" "/var/lib/crater-agent-workspace/builds/worker-4/source:/opt/rustwide/workdir:ro,Z" "-v" "/var/lib/crater-agent-workspace/cargo-home:/opt/rustwide/cargo-home:ro,Z" "-v" "/var/lib/crater-agent-workspace/rustup-home:/opt/rustwide/rustup-home:ro,Z" "-e" "SOURCE_DIR=/opt/rustwide/workdir" "-e" "CARGO_TARGET_DIR=/opt/rustwide/target" "-e" "CARGO_INCREMENTAL=0" "-e" "RUST_BACKTRACE=full" "-e" "RUSTFLAGS=--cap-lints=warn" "-e" "CARGO_HOME=/opt/rustwide/cargo-home" "-e" "RUSTUP_HOME=/opt/rustwide/rustup-home" "-w" "/opt/rustwide/workdir" "-m" "1610612736" "--user" "0:0" "--network" "none" "ghcr.io/rust-lang/crates-build-env/linux@sha256:34b6a614d2c27851fe6cbf88fbd1137609cefab8b10d0615aaeb6fd47975d74e" "/opt/rustwide/cargo-home/bin/cargo" "+1.54.0" "test" "--frozen" "--no-run" "--message-format=json", kill_on_drop: false }`
[INFO] [stderr] WARNING: Your kernel does not support swap limit capabilities or the cgroup is not mounted. Memory limited without swap.
[INFO] [stdout] e13bbc9aa1cb1430a03c9980e292ef89f580d32f02b827c33778cb50a45362a3
[INFO] running `Command { std: "docker" "start" "-a" "e13bbc9aa1cb1430a03c9980e292ef89f580d32f02b827c33778cb50a45362a3", kill_on_drop: false }`
[INFO] [stderr]    Compiling entity-async-graphql v0.3.2 (/opt/rustwide/workdir)
[INFO] [stdout] error[E0432]: unresolved import `entity_inmemory`
[INFO] [stdout]   --> src/lib.rs:16:9
[INFO] [stdout]    |
[INFO] [stdout] 16 |     use entity_inmemory::InmemoryDatabase;
[INFO] [stdout]    |         ^^^^^^^^^^^^^^^ use of undeclared crate or module `entity_inmemory`
[INFO] [stdout] 
[INFO] [stdout] 
[INFO] [stdout] error[E0432]: unresolved import `entity_sled`
[INFO] [stdout]   --> src/lib.rs:17:9
[INFO] [stdout]    |
[INFO] [stdout] 17 |     use entity_sled::SledDatabase;
[INFO] [stdout]    |         ^^^^^^^^^^^ use of undeclared crate or module `entity_sled`
[INFO] [stdout] 
[INFO] [stdout] 
[INFO] [stdout] error[E0433]: failed to resolve: use of undeclared crate or module `futures`
[INFO] [stdout]    --> src/lib.rs:175:32
[INFO] [stdout]     |
[INFO] [stdout] 175 |                 let response = futures::executor::block_on(schema.execute(input.trim()));
[INFO] [stdout]     |                                ^^^^^^^ use of undeclared crate or module `futures`
[INFO] [stdout] ...
[INFO] [stdout] 214 |         impl_tests!(InmemoryDatabase, InmemoryDatabase::default());
[INFO] [stdout]     |         ----------------------------------------------------------- in this macro invocation
[INFO] [stdout]     |
[INFO] [stdout]     = note: this error originates in the macro `impl_tests` (in Nightly builds, run with -Z macro-backtrace for more info)
[INFO] [stdout] 
[INFO] [stdout] 
[INFO] [stdout] error[E0433]: failed to resolve: use of undeclared crate or module `futures`
[INFO] [stdout]    --> src/lib.rs:198:32
[INFO] [stdout]     |
[INFO] [stdout] 198 |                 let response = futures::executor::block_on(schema.execute(input.trim()));
[INFO] [stdout]     |                                ^^^^^^^ use of undeclared crate or module `futures`
[INFO] [stdout] ...
[INFO] [stdout] 214 |         impl_tests!(InmemoryDatabase, InmemoryDatabase::default());
[INFO] [stdout]     |         ----------------------------------------------------------- in this macro invocation
[INFO] [stdout]     |
[INFO] [stdout]     = note: this error originates in the macro `impl_tests` (in Nightly builds, run with -Z macro-backtrace for more info)
[INFO] [stdout] 
[INFO] [stdout] 
[INFO] [stdout] error[E0433]: failed to resolve: could not find `sled` in the list of imported crates
[INFO] [stdout]    --> src/lib.rs:222:33
[INFO] [stdout]     |
[INFO] [stdout] 222 |             SledDatabase::new(::sled::Config::new().temporary(true).open().unwrap())
[INFO] [stdout]     |                                 ^^^^ could not find `sled` in the list of imported crates
[INFO] [stdout] 
[INFO] [stdout] 
[INFO] [stdout] error[E0433]: failed to resolve: use of undeclared crate or module `futures`
[INFO] [stdout]    --> src/lib.rs:175:32
[INFO] [stdout]     |
[INFO] [stdout] 175 |                   let response = futures::executor::block_on(schema.execute(input.trim()));
[INFO] [stdout]     |                                  ^^^^^^^ use of undeclared crate or module `futures`
[INFO] [stdout] ...
[INFO] [stdout] 220 | /         impl_tests!(
[INFO] [stdout] 221 | |             SledDatabase,
[INFO] [stdout] 222 | |             SledDatabase::new(::sled::Config::new().temporary(true).open().unwrap())
[INFO] [stdout] 223 | |         );
[INFO] [stdout]     | |__________- in this macro invocation
[INFO] [stdout]     |
[INFO] [stdout]     = note: this error originates in the macro `impl_tests` (in Nightly builds, run with -Z macro-backtrace for more info)
[INFO] [stdout] 
[INFO] [stdout] 
[INFO] [stdout] error[E0433]: failed to resolve: use of undeclared crate or module `futures`
[INFO] [stdout]    --> src/lib.rs:198:32
[INFO] [stdout]     |
[INFO] [stdout] 198 |                   let response = futures::executor::block_on(schema.execute(input.trim()));
[INFO] [stdout]     |                                  ^^^^^^^ use of undeclared crate or module `futures`
[INFO] [stdout] ...
[INFO] [stdout] 220 | /         impl_tests!(
[INFO] [stdout] 221 | |             SledDatabase,
[INFO] [stdout] 222 | |             SledDatabase::new(::sled::Config::new().temporary(true).open().unwrap())
[INFO] [stdout] 223 | |         );
[INFO] [stdout]     | |__________- in this macro invocation
[INFO] [stdout]     |
[INFO] [stdout]     = note: this error originates in the macro `impl_tests` (in Nightly builds, run with -Z macro-backtrace for more info)
[INFO] [stdout] 
[INFO] [stdout] 
[INFO] [stdout] warning: unused import: `Database`
[INFO] [stdout]   --> src/lib.rs:15:18
[INFO] [stdout]    |
[INFO] [stdout] 15 |     use entity::{Database, DatabaseRc, Edge, Field, Id, UntypedEnt, Value};
[INFO] [stdout]    |                  ^^^^^^^^
[INFO] [stdout]    |
[INFO] [stdout]    = note: `#[warn(unused_imports)]` on by default
[INFO] [stdout] 
[INFO] [stdout] 
[INFO] [stdout] error: aborting due to 7 previous errors; 1 warning emitted
[INFO] [stdout] 
[INFO] [stdout] 
[INFO] [stdout] Some errors have detailed explanations: E0432, E0433.
[INFO] [stdout] 
[INFO] [stdout] For more information about an error, try `rustc --explain E0432`.
[INFO] [stdout] 
[INFO] [stderr] error: could not compile `entity-async-graphql`
[INFO] [stderr] 
[INFO] [stderr] To learn more, run the command again with --verbose.
[INFO] running `Command { std: "docker" "inspect" "e13bbc9aa1cb1430a03c9980e292ef89f580d32f02b827c33778cb50a45362a3", kill_on_drop: false }`
[INFO] running `Command { std: "docker" "rm" "-f" "e13bbc9aa1cb1430a03c9980e292ef89f580d32f02b827c33778cb50a45362a3", kill_on_drop: false }`
[INFO] [stdout] e13bbc9aa1cb1430a03c9980e292ef89f580d32f02b827c33778cb50a45362a3
