[INFO] fetching crate enforce 0.0.1...
[INFO] testing enforce-0.0.1 against beta-2021-08-01 for beta-1.55-1
[INFO] extracting crate enforce 0.0.1 into /workspace/builds/worker-3/source
[INFO] validating manifest of crates.io crate enforce 0.0.1 on toolchain beta-2021-08-01
[INFO] running `Command { std: "/workspace/cargo-home/bin/cargo" "+beta-2021-08-01" "metadata" "--manifest-path" "Cargo.toml" "--no-deps", kill_on_drop: false }`
[INFO] started tweaking crates.io crate enforce 0.0.1
[INFO] finished tweaking crates.io crate enforce 0.0.1
[INFO] tweaked toml for crates.io crate enforce 0.0.1 written to /workspace/builds/worker-3/source/Cargo.toml
[INFO] running `Command { std: "/workspace/cargo-home/bin/cargo" "+beta-2021-08-01" "generate-lockfile" "--manifest-path" "Cargo.toml" "-Zno-index-update", kill_on_drop: false }`
[INFO] running `Command { std: "/workspace/cargo-home/bin/cargo" "+beta-2021-08-01" "fetch" "--manifest-path" "Cargo.toml", kill_on_drop: false }`
[INFO] [stderr]     Blocking waiting for file lock on package cache
[INFO] [stderr]  Downloading crates ...
[INFO] [stderr]   Downloaded stainless v0.1.12
[INFO] running `Command { std: "docker" "create" "-v" "/var/lib/crater-agent-workspace/builds/worker-3/target:/opt/rustwide/target:rw,Z" "-v" "/var/lib/crater-agent-workspace/builds/worker-3/source:/opt/rustwide/workdir:ro,Z" "-v" "/var/lib/crater-agent-workspace/cargo-home:/opt/rustwide/cargo-home:ro,Z" "-v" "/var/lib/crater-agent-workspace/rustup-home:/opt/rustwide/rustup-home:ro,Z" "-e" "SOURCE_DIR=/opt/rustwide/workdir" "-e" "CARGO_TARGET_DIR=/opt/rustwide/target" "-e" "CARGO_HOME=/opt/rustwide/cargo-home" "-e" "RUSTUP_HOME=/opt/rustwide/rustup-home" "-w" "/opt/rustwide/workdir" "-m" "1610612736" "--user" "0:0" "--network" "none" "ghcr.io/rust-lang/crates-build-env/linux@sha256:34b6a614d2c27851fe6cbf88fbd1137609cefab8b10d0615aaeb6fd47975d74e" "/opt/rustwide/cargo-home/bin/cargo" "+beta-2021-08-01" "metadata" "--no-deps" "--format-version=1", kill_on_drop: false }`
[INFO] [stderr] WARNING: Your kernel does not support swap limit capabilities or the cgroup is not mounted. Memory limited without swap.
[INFO] [stdout] 302335feeffb1632d21be352637cd0c8e7f880d1561856ab1fd6701ca8e1ab24
[INFO] running `Command { std: "docker" "start" "-a" "302335feeffb1632d21be352637cd0c8e7f880d1561856ab1fd6701ca8e1ab24", kill_on_drop: false }`
[INFO] running `Command { std: "docker" "inspect" "302335feeffb1632d21be352637cd0c8e7f880d1561856ab1fd6701ca8e1ab24", kill_on_drop: false }`
[INFO] running `Command { std: "docker" "rm" "-f" "302335feeffb1632d21be352637cd0c8e7f880d1561856ab1fd6701ca8e1ab24", kill_on_drop: false }`
[INFO] [stdout] 302335feeffb1632d21be352637cd0c8e7f880d1561856ab1fd6701ca8e1ab24
[INFO] running `Command { std: "docker" "create" "-v" "/var/lib/crater-agent-workspace/builds/worker-3/target:/opt/rustwide/target:rw,Z" "-v" "/var/lib/crater-agent-workspace/builds/worker-3/source:/opt/rustwide/workdir:ro,Z" "-v" "/var/lib/crater-agent-workspace/cargo-home:/opt/rustwide/cargo-home:ro,Z" "-v" "/var/lib/crater-agent-workspace/rustup-home:/opt/rustwide/rustup-home:ro,Z" "-e" "SOURCE_DIR=/opt/rustwide/workdir" "-e" "CARGO_TARGET_DIR=/opt/rustwide/target" "-e" "CARGO_INCREMENTAL=0" "-e" "RUST_BACKTRACE=full" "-e" "RUSTFLAGS=--cap-lints=warn" "-e" "CARGO_HOME=/opt/rustwide/cargo-home" "-e" "RUSTUP_HOME=/opt/rustwide/rustup-home" "-w" "/opt/rustwide/workdir" "-m" "1610612736" "--user" "0:0" "--network" "none" "ghcr.io/rust-lang/crates-build-env/linux@sha256:34b6a614d2c27851fe6cbf88fbd1137609cefab8b10d0615aaeb6fd47975d74e" "/opt/rustwide/cargo-home/bin/cargo" "+beta-2021-08-01" "build" "--frozen" "--message-format=json", kill_on_drop: false }`
[INFO] [stdout] 1d2706bd3dce756c61deb69aa31effee5f317569de83721899d72a537c8b01cb
[INFO] [stderr] WARNING: Your kernel does not support swap limit capabilities or the cgroup is not mounted. Memory limited without swap.
[INFO] running `Command { std: "docker" "start" "-a" "1d2706bd3dce756c61deb69aa31effee5f317569de83721899d72a537c8b01cb", kill_on_drop: false }`
[INFO] [stderr]    Compiling enforce v0.0.1 (/opt/rustwide/workdir)
[INFO] [stdout] error: expected identifier, found keyword `mod`
[INFO] [stdout]  --> src/lib.rs:8:16
[INFO] [stdout]   |
[INFO] [stdout] 8 | use std::fmt::{mod, Show};
[INFO] [stdout]   |                ^^^ expected identifier, found keyword
[INFO] [stdout]   |
[INFO] [stdout] help: you can escape reserved keywords to use them as identifiers
[INFO] [stdout]   |
[INFO] [stdout] 8 | use std::fmt::{r#mod, Show};
[INFO] [stdout]   |                ^^^^^
[INFO] [stdout] 
[INFO] [stdout] 
[INFO] [stdout] error[E0432]: unresolved imports `std::fmt::r#mod`, `std::fmt::Show`
[INFO] [stdout]  --> src/lib.rs:8:16
[INFO] [stdout]   |
[INFO] [stdout] 8 | use std::fmt::{mod, Show};
[INFO] [stdout]   |                ^^^  ^^^^ no `Show` in `fmt`
[INFO] [stdout]   |                |
[INFO] [stdout]   |                no `r#mod` in `fmt`
[INFO] [stdout] 
[INFO] [stdout] 
[INFO] [stdout] error: cannot find attribute `license` in this scope
[INFO] [stdout]  --> src/lib.rs:2:4
[INFO] [stdout]   |
[INFO] [stdout] 2 | #![license = "MIT"]
[INFO] [stdout]   |    ^^^^^^^
[INFO] [stdout] 
[INFO] [stdout] 
[INFO] [stdout] error: cannot find attribute `deriving` in this scope
[INFO] [stdout]   --> src/lib.rs:23:3
[INFO] [stdout]    |
[INFO] [stdout] 23 | #[deriving(PartialEq)]
[INFO] [stdout]    |   ^^^^^^^^
[INFO] [stdout] 
[INFO] [stdout] 
[INFO] [stdout] error[E0433]: failed to resolve: use of undeclared crate or module `fmt`
[INFO] [stdout]   --> src/lib.rs:39:27
[INFO] [stdout]    |
[INFO] [stdout] 39 |     fn fmt(&self, f: &mut fmt::Formatter) -> fmt::Result {
[INFO] [stdout]    |                           ^^^ use of undeclared crate or module `fmt`
[INFO] [stdout] 
[INFO] [stdout] 
[INFO] [stdout] error[E0433]: failed to resolve: use of undeclared crate or module `fmt`
[INFO] [stdout]   --> src/lib.rs:39:46
[INFO] [stdout]    |
[INFO] [stdout] 39 |     fn fmt(&self, f: &mut fmt::Formatter) -> fmt::Result {
[INFO] [stdout]    |                                              ^^^ use of undeclared crate or module `fmt`
[INFO] [stdout] 
[INFO] [stdout] 
[INFO] [stdout] error[E0412]: cannot find type `uint` in this scope
[INFO] [stdout]   --> src/lib.rs:32:34
[INFO] [stdout]    |
[INFO] [stdout] 32 |     pub location: (&'static str, uint),
[INFO] [stdout]    |                                  ^^^^ not found in this scope
[INFO] [stdout] 
[INFO] [stdout] 
[INFO] [stdout] error[E0554]: `#![feature]` may not be used on the beta release channel
[INFO] [stdout]  --> src/lib.rs:1:1
[INFO] [stdout]   |
[INFO] [stdout] 1 | #![feature(macro_rules)]
[INFO] [stdout]   | ^^^^^^^^^^^^^^^^^^^^^^^^ help: remove the attribute
[INFO] [stdout]   |
[INFO] [stdout]   = help: the feature `macro_rules` has been stable since 1.0.0 and no longer requires an attribute to enable
[INFO] [stdout] 
[INFO] [stdout] 
[INFO] [stdout] error: aborting due to 8 previous errors
[INFO] [stdout] 
[INFO] [stdout] 
[INFO] [stdout] Some errors have detailed explanations: E0412, E0432, E0433, E0554.
[INFO] [stdout] 
[INFO] [stdout] For more information about an error, try `rustc --explain E0412`.
[INFO] [stdout] 
[INFO] [stderr] error: could not compile `enforce` due to 9 previous errors
[INFO] running `Command { std: "docker" "inspect" "1d2706bd3dce756c61deb69aa31effee5f317569de83721899d72a537c8b01cb", kill_on_drop: false }`
[INFO] running `Command { std: "docker" "rm" "-f" "1d2706bd3dce756c61deb69aa31effee5f317569de83721899d72a537c8b01cb", kill_on_drop: false }`
[INFO] [stdout] 1d2706bd3dce756c61deb69aa31effee5f317569de83721899d72a537c8b01cb
