[INFO] fetching crate embedded-graphics-core 0.3.2...
[INFO] testing embedded-graphics-core-0.3.2 against beta-2021-08-01 for beta-1.55-1
[INFO] extracting crate embedded-graphics-core 0.3.2 into /workspace/builds/worker-3/source
[INFO] validating manifest of crates.io crate embedded-graphics-core 0.3.2 on toolchain beta-2021-08-01
[INFO] running `Command { std: "/workspace/cargo-home/bin/cargo" "+beta-2021-08-01" "metadata" "--manifest-path" "Cargo.toml" "--no-deps", kill_on_drop: false }`
[INFO] started tweaking crates.io crate embedded-graphics-core 0.3.2
[INFO] finished tweaking crates.io crate embedded-graphics-core 0.3.2
[INFO] tweaked toml for crates.io crate embedded-graphics-core 0.3.2 written to /workspace/builds/worker-3/source/Cargo.toml
[INFO] running `Command { std: "/workspace/cargo-home/bin/cargo" "+beta-2021-08-01" "generate-lockfile" "--manifest-path" "Cargo.toml" "-Zno-index-update", kill_on_drop: false }`
[INFO] running `Command { std: "/workspace/cargo-home/bin/cargo" "+beta-2021-08-01" "fetch" "--manifest-path" "Cargo.toml", kill_on_drop: false }`
[INFO] running `Command { std: "docker" "create" "-v" "/var/lib/crater-agent-workspace/builds/worker-3/target:/opt/rustwide/target:rw,Z" "-v" "/var/lib/crater-agent-workspace/builds/worker-3/source:/opt/rustwide/workdir:ro,Z" "-v" "/var/lib/crater-agent-workspace/cargo-home:/opt/rustwide/cargo-home:ro,Z" "-v" "/var/lib/crater-agent-workspace/rustup-home:/opt/rustwide/rustup-home:ro,Z" "-e" "SOURCE_DIR=/opt/rustwide/workdir" "-e" "CARGO_TARGET_DIR=/opt/rustwide/target" "-e" "CARGO_HOME=/opt/rustwide/cargo-home" "-e" "RUSTUP_HOME=/opt/rustwide/rustup-home" "-w" "/opt/rustwide/workdir" "-m" "1610612736" "--user" "0:0" "--network" "none" "ghcr.io/rust-lang/crates-build-env/linux@sha256:34b6a614d2c27851fe6cbf88fbd1137609cefab8b10d0615aaeb6fd47975d74e" "/opt/rustwide/cargo-home/bin/cargo" "+beta-2021-08-01" "metadata" "--no-deps" "--format-version=1", kill_on_drop: false }`
[INFO] [stderr] WARNING: Your kernel does not support swap limit capabilities or the cgroup is not mounted. Memory limited without swap.
[INFO] [stdout] 5ede3ad54b5ed9be6c854bfd2de2b26cd3f1ae9504df9c48eb2ce325486fbe5e
[INFO] running `Command { std: "docker" "start" "-a" "5ede3ad54b5ed9be6c854bfd2de2b26cd3f1ae9504df9c48eb2ce325486fbe5e", kill_on_drop: false }`
[INFO] running `Command { std: "docker" "inspect" "5ede3ad54b5ed9be6c854bfd2de2b26cd3f1ae9504df9c48eb2ce325486fbe5e", kill_on_drop: false }`
[INFO] running `Command { std: "docker" "rm" "-f" "5ede3ad54b5ed9be6c854bfd2de2b26cd3f1ae9504df9c48eb2ce325486fbe5e", kill_on_drop: false }`
[INFO] [stdout] 5ede3ad54b5ed9be6c854bfd2de2b26cd3f1ae9504df9c48eb2ce325486fbe5e
[INFO] running `Command { std: "docker" "create" "-v" "/var/lib/crater-agent-workspace/builds/worker-3/target:/opt/rustwide/target:rw,Z" "-v" "/var/lib/crater-agent-workspace/builds/worker-3/source:/opt/rustwide/workdir:ro,Z" "-v" "/var/lib/crater-agent-workspace/cargo-home:/opt/rustwide/cargo-home:ro,Z" "-v" "/var/lib/crater-agent-workspace/rustup-home:/opt/rustwide/rustup-home:ro,Z" "-e" "SOURCE_DIR=/opt/rustwide/workdir" "-e" "CARGO_TARGET_DIR=/opt/rustwide/target" "-e" "CARGO_INCREMENTAL=0" "-e" "RUST_BACKTRACE=full" "-e" "RUSTFLAGS=--cap-lints=warn" "-e" "CARGO_HOME=/opt/rustwide/cargo-home" "-e" "RUSTUP_HOME=/opt/rustwide/rustup-home" "-w" "/opt/rustwide/workdir" "-m" "1610612736" "--user" "0:0" "--network" "none" "ghcr.io/rust-lang/crates-build-env/linux@sha256:34b6a614d2c27851fe6cbf88fbd1137609cefab8b10d0615aaeb6fd47975d74e" "/opt/rustwide/cargo-home/bin/cargo" "+beta-2021-08-01" "build" "--frozen" "--message-format=json", kill_on_drop: false }`
[INFO] [stdout] 914466c2189b03b1a253b035c12580c0ce29c371ef4cf577d8fa19ebd3322145
[INFO] [stderr] WARNING: Your kernel does not support swap limit capabilities or the cgroup is not mounted. Memory limited without swap.
[INFO] running `Command { std: "docker" "start" "-a" "914466c2189b03b1a253b035c12580c0ce29c371ef4cf577d8fa19ebd3322145", kill_on_drop: false }`
[INFO] [stderr]    Compiling az v1.1.1
[INFO] [stderr]    Compiling embedded-graphics-core v0.3.2 (/opt/rustwide/workdir)
[INFO] [stderr]     Finished dev [unoptimized + debuginfo] target(s) in 3.97s
[INFO] running `Command { std: "docker" "inspect" "914466c2189b03b1a253b035c12580c0ce29c371ef4cf577d8fa19ebd3322145", kill_on_drop: false }`
[INFO] running `Command { std: "docker" "rm" "-f" "914466c2189b03b1a253b035c12580c0ce29c371ef4cf577d8fa19ebd3322145", kill_on_drop: false }`
[INFO] [stdout] 914466c2189b03b1a253b035c12580c0ce29c371ef4cf577d8fa19ebd3322145
[INFO] running `Command { std: "docker" "create" "-v" "/var/lib/crater-agent-workspace/builds/worker-3/target:/opt/rustwide/target:rw,Z" "-v" "/var/lib/crater-agent-workspace/builds/worker-3/source:/opt/rustwide/workdir:ro,Z" "-v" "/var/lib/crater-agent-workspace/cargo-home:/opt/rustwide/cargo-home:ro,Z" "-v" "/var/lib/crater-agent-workspace/rustup-home:/opt/rustwide/rustup-home:ro,Z" "-e" "SOURCE_DIR=/opt/rustwide/workdir" "-e" "CARGO_TARGET_DIR=/opt/rustwide/target" "-e" "CARGO_INCREMENTAL=0" "-e" "RUST_BACKTRACE=full" "-e" "RUSTFLAGS=--cap-lints=warn" "-e" "CARGO_HOME=/opt/rustwide/cargo-home" "-e" "RUSTUP_HOME=/opt/rustwide/rustup-home" "-w" "/opt/rustwide/workdir" "-m" "1610612736" "--user" "0:0" "--network" "none" "ghcr.io/rust-lang/crates-build-env/linux@sha256:34b6a614d2c27851fe6cbf88fbd1137609cefab8b10d0615aaeb6fd47975d74e" "/opt/rustwide/cargo-home/bin/cargo" "+beta-2021-08-01" "test" "--frozen" "--no-run" "--message-format=json", kill_on_drop: false }`
[INFO] [stdout] 22134d43e7a6ab1baabe0ce1b13a9a500766c27880320a227e44b74cf2958fa4
[INFO] [stderr] WARNING: Your kernel does not support swap limit capabilities or the cgroup is not mounted. Memory limited without swap.
[INFO] running `Command { std: "docker" "start" "-a" "22134d43e7a6ab1baabe0ce1b13a9a500766c27880320a227e44b74cf2958fa4", kill_on_drop: false }`
[INFO] [stderr]    Compiling embedded-graphics-core v0.3.2 (/opt/rustwide/workdir)
[INFO] [stdout] error[E0433]: failed to resolve: use of undeclared crate or module `embedded_graphics`
[INFO] [stdout]    --> src/drawable.rs:164:9
[INFO] [stdout]     |
[INFO] [stdout] 164 |     use embedded_graphics::{
[INFO] [stdout]     |         ^^^^^^^^^^^^^^^^^ use of undeclared crate or module `embedded_graphics`
[INFO] [stdout] 
[INFO] [stdout] 
[INFO] [stdout] error[E0432]: unresolved import `embedded_graphics`
[INFO] [stdout]    --> src/drawable.rs:164:9
[INFO] [stdout]     |
[INFO] [stdout] 164 |     use embedded_graphics::{
[INFO] [stdout]     |         ^^^^^^^^^^^^^^^^^ use of undeclared crate or module `embedded_graphics`
[INFO] [stdout] 
[INFO] [stdout] 
[INFO] [stdout] error[E0433]: failed to resolve: use of undeclared type `MockDisplay`
[INFO] [stdout]    --> src/drawable.rs:170:27
[INFO] [stdout]     |
[INFO] [stdout] 170 |         let mut display = MockDisplay::new();
[INFO] [stdout]     |                           ^^^^^^^^^^^ use of undeclared type `MockDisplay`
[INFO] [stdout] 
[INFO] [stdout] 
[INFO] [stdout] error[E0433]: failed to resolve: use of undeclared type `BinaryColor`
[INFO] [stdout]    --> src/drawable.rs:171:33
[INFO] [stdout]     |
[INFO] [stdout] 171 |         Pixel(Point::new(0, 0), BinaryColor::On)
[INFO] [stdout]     |                                 ^^^^^^^^^^^ use of undeclared type `BinaryColor`
[INFO] [stdout] 
[INFO] [stdout] 
[INFO] [stdout] error[E0433]: failed to resolve: use of undeclared type `BinaryColor`
[INFO] [stdout]    --> src/drawable.rs:174:33
[INFO] [stdout]     |
[INFO] [stdout] 174 |         Pixel(Point::new(2, 1), BinaryColor::On)
[INFO] [stdout]     |                                 ^^^^^^^^^^^ use of undeclared type `BinaryColor`
[INFO] [stdout] 
[INFO] [stdout] 
[INFO] [stdout] error[E0433]: failed to resolve: use of undeclared type `BinaryColor`
[INFO] [stdout]    --> src/drawable.rs:177:33
[INFO] [stdout]     |
[INFO] [stdout] 177 |         Pixel(Point::new(1, 2), BinaryColor::On)
[INFO] [stdout]     |                                 ^^^^^^^^^^^ use of undeclared type `BinaryColor`
[INFO] [stdout] 
[INFO] [stdout] 
[INFO] [stdout] error[E0433]: failed to resolve: use of undeclared type `Point`
[INFO] [stdout]    --> src/drawable.rs:171:15
[INFO] [stdout]     |
[INFO] [stdout] 171 |         Pixel(Point::new(0, 0), BinaryColor::On)
[INFO] [stdout]     |               ^^^^^ not found in this scope
[INFO] [stdout]     |
[INFO] [stdout] help: consider importing this struct
[INFO] [stdout]     |
[INFO] [stdout] 164 |     use crate::prelude::Point;
[INFO] [stdout]     |
[INFO] [stdout] 
[INFO] [stdout] 
[INFO] [stdout] error[E0433]: failed to resolve: use of undeclared type `Point`
[INFO] [stdout]    --> src/drawable.rs:174:15
[INFO] [stdout]     |
[INFO] [stdout] 174 |         Pixel(Point::new(2, 1), BinaryColor::On)
[INFO] [stdout]     |               ^^^^^ not found in this scope
[INFO] [stdout]     |
[INFO] [stdout] help: consider importing this struct
[INFO] [stdout]     |
[INFO] [stdout] 164 |     use crate::prelude::Point;
[INFO] [stdout]     |
[INFO] [stdout] 
[INFO] [stdout] 
[INFO] [stdout] error[E0433]: failed to resolve: use of undeclared type `Point`
[INFO] [stdout]    --> src/drawable.rs:177:15
[INFO] [stdout]     |
[INFO] [stdout] 177 |         Pixel(Point::new(1, 2), BinaryColor::On)
[INFO] [stdout]     |               ^^^^^ not found in this scope
[INFO] [stdout]     |
[INFO] [stdout] help: consider importing this struct
[INFO] [stdout]     |
[INFO] [stdout] 164 |     use crate::prelude::Point;
[INFO] [stdout]     |
[INFO] [stdout] 
[INFO] [stdout] 
[INFO] [stdout] error: aborting due to 9 previous errors
[INFO] [stdout] 
[INFO] [stdout] 
[INFO] [stdout] Some errors have detailed explanations: E0432, E0433.
[INFO] [stdout] 
[INFO] [stdout] For more information about an error, try `rustc --explain E0432`.
[INFO] [stdout] 
[INFO] [stderr] error: could not compile `embedded-graphics-core` due to 10 previous errors
[INFO] running `Command { std: "docker" "inspect" "22134d43e7a6ab1baabe0ce1b13a9a500766c27880320a227e44b74cf2958fa4", kill_on_drop: false }`
[INFO] running `Command { std: "docker" "rm" "-f" "22134d43e7a6ab1baabe0ce1b13a9a500766c27880320a227e44b74cf2958fa4", kill_on_drop: false }`
[INFO] [stdout] 22134d43e7a6ab1baabe0ce1b13a9a500766c27880320a227e44b74cf2958fa4
