[INFO] fetching crate elfo-test 0.1.12...
[INFO] testing elfo-test-0.1.12 against beta-2021-08-01 for beta-1.55-1
[INFO] extracting crate elfo-test 0.1.12 into /workspace/builds/worker-1/source
[INFO] validating manifest of crates.io crate elfo-test 0.1.12 on toolchain beta-2021-08-01
[INFO] running `Command { std: "/workspace/cargo-home/bin/cargo" "+beta-2021-08-01" "metadata" "--manifest-path" "Cargo.toml" "--no-deps", kill_on_drop: false }`
[INFO] started tweaking crates.io crate elfo-test 0.1.12
[INFO] finished tweaking crates.io crate elfo-test 0.1.12
[INFO] tweaked toml for crates.io crate elfo-test 0.1.12 written to /workspace/builds/worker-1/source/Cargo.toml
[INFO] running `Command { std: "/workspace/cargo-home/bin/cargo" "+beta-2021-08-01" "generate-lockfile" "--manifest-path" "Cargo.toml" "-Zno-index-update", kill_on_drop: false }`
[INFO] running `Command { std: "/workspace/cargo-home/bin/cargo" "+beta-2021-08-01" "fetch" "--manifest-path" "Cargo.toml", kill_on_drop: false }`
[INFO] [stderr]     Blocking waiting for file lock on package cache
[INFO] [stderr]  Downloading crates ...
[INFO] [stderr]   Downloaded linkme v0.2.6
[INFO] [stderr]   Downloaded linkme-impl v0.2.6
[INFO] [stderr]   Downloaded elfo-utils v0.1.0
[INFO] [stderr]   Downloaded elfo-macros v0.1.7
[INFO] [stderr]   Downloaded elfo-configurer v0.1.5
[INFO] [stderr]   Downloaded smallbox v0.8.0
[INFO] [stderr]   Downloaded elfo-core v0.1.14
[INFO] running `Command { std: "docker" "create" "-v" "/var/lib/crater-agent-workspace/builds/worker-1/target:/opt/rustwide/target:rw,Z" "-v" "/var/lib/crater-agent-workspace/builds/worker-1/source:/opt/rustwide/workdir:ro,Z" "-v" "/var/lib/crater-agent-workspace/cargo-home:/opt/rustwide/cargo-home:ro,Z" "-v" "/var/lib/crater-agent-workspace/rustup-home:/opt/rustwide/rustup-home:ro,Z" "-e" "SOURCE_DIR=/opt/rustwide/workdir" "-e" "CARGO_TARGET_DIR=/opt/rustwide/target" "-e" "CARGO_HOME=/opt/rustwide/cargo-home" "-e" "RUSTUP_HOME=/opt/rustwide/rustup-home" "-w" "/opt/rustwide/workdir" "-m" "1610612736" "--user" "0:0" "--network" "none" "ghcr.io/rust-lang/crates-build-env/linux@sha256:34b6a614d2c27851fe6cbf88fbd1137609cefab8b10d0615aaeb6fd47975d74e" "/opt/rustwide/cargo-home/bin/cargo" "+beta-2021-08-01" "metadata" "--no-deps" "--format-version=1", kill_on_drop: false }`
[INFO] [stdout] d737d797aa5fe02a70055d3868764f747085e4ad883cb6c9ee345da2b648b107
[INFO] [stderr] WARNING: Your kernel does not support swap limit capabilities or the cgroup is not mounted. Memory limited without swap.
[INFO] running `Command { std: "docker" "start" "-a" "d737d797aa5fe02a70055d3868764f747085e4ad883cb6c9ee345da2b648b107", kill_on_drop: false }`
[INFO] running `Command { std: "docker" "inspect" "d737d797aa5fe02a70055d3868764f747085e4ad883cb6c9ee345da2b648b107", kill_on_drop: false }`
[INFO] running `Command { std: "docker" "rm" "-f" "d737d797aa5fe02a70055d3868764f747085e4ad883cb6c9ee345da2b648b107", kill_on_drop: false }`
[INFO] [stdout] d737d797aa5fe02a70055d3868764f747085e4ad883cb6c9ee345da2b648b107
[INFO] running `Command { std: "docker" "create" "-v" "/var/lib/crater-agent-workspace/builds/worker-1/target:/opt/rustwide/target:rw,Z" "-v" "/var/lib/crater-agent-workspace/builds/worker-1/source:/opt/rustwide/workdir:ro,Z" "-v" "/var/lib/crater-agent-workspace/cargo-home:/opt/rustwide/cargo-home:ro,Z" "-v" "/var/lib/crater-agent-workspace/rustup-home:/opt/rustwide/rustup-home:ro,Z" "-e" "SOURCE_DIR=/opt/rustwide/workdir" "-e" "CARGO_TARGET_DIR=/opt/rustwide/target" "-e" "CARGO_INCREMENTAL=0" "-e" "RUST_BACKTRACE=full" "-e" "RUSTFLAGS=--cap-lints=warn" "-e" "CARGO_HOME=/opt/rustwide/cargo-home" "-e" "RUSTUP_HOME=/opt/rustwide/rustup-home" "-w" "/opt/rustwide/workdir" "-m" "1610612736" "--user" "0:0" "--network" "none" "ghcr.io/rust-lang/crates-build-env/linux@sha256:34b6a614d2c27851fe6cbf88fbd1137609cefab8b10d0615aaeb6fd47975d74e" "/opt/rustwide/cargo-home/bin/cargo" "+beta-2021-08-01" "build" "--frozen" "--message-format=json", kill_on_drop: false }`
[INFO] [stdout] 6d2e295e41cc5d7ff7f5bd2f82e09c5675e553e051d492520cfa588fee15c609
[INFO] [stderr] WARNING: Your kernel does not support swap limit capabilities or the cgroup is not mounted. Memory limited without swap.
[INFO] running `Command { std: "docker" "start" "-a" "6d2e295e41cc5d7ff7f5bd2f82e09c5675e553e051d492520cfa588fee15c609", kill_on_drop: false }`
[INFO] [stderr]    Compiling smallvec v1.6.1
[INFO] [stderr]    Compiling smallbox v0.8.0
[INFO] [stderr]    Compiling arc-swap v1.3.0
[INFO] [stderr]    Compiling tokio v1.9.0
[INFO] [stderr]    Compiling slotmap v1.0.5
[INFO] [stderr]    Compiling dashmap v4.0.2
[INFO] [stderr]    Compiling tracing-log v0.1.2
[INFO] [stderr]    Compiling linkme-impl v0.2.6
[INFO] [stderr]    Compiling elfo-macros v0.1.7
[INFO] [stderr]    Compiling chrono v0.4.19
[INFO] [stderr]    Compiling elfo-utils v0.1.0
[INFO] [stderr]    Compiling serde-value v0.7.0
[INFO] [stderr]    Compiling tracing-serde v0.1.2
[INFO] [stderr]    Compiling parking_lot_core v0.8.3
[INFO] [stderr]    Compiling parking_lot v0.11.1
[INFO] [stderr]    Compiling futures-intrusive v0.4.0
[INFO] [stderr]    Compiling tracing-subscriber v0.2.19
[INFO] [stderr]    Compiling linkme v0.2.6
[INFO] [stderr]    Compiling elfo-core v0.1.14
[INFO] [stderr]    Compiling elfo-configurer v0.1.5
[INFO] [stderr]    Compiling elfo-test v0.1.12 (/opt/rustwide/workdir)
[INFO] [stderr]     Finished dev [unoptimized + debuginfo] target(s) in 14.05s
[INFO] running `Command { std: "docker" "inspect" "6d2e295e41cc5d7ff7f5bd2f82e09c5675e553e051d492520cfa588fee15c609", kill_on_drop: false }`
[INFO] running `Command { std: "docker" "rm" "-f" "6d2e295e41cc5d7ff7f5bd2f82e09c5675e553e051d492520cfa588fee15c609", kill_on_drop: false }`
[INFO] [stdout] 6d2e295e41cc5d7ff7f5bd2f82e09c5675e553e051d492520cfa588fee15c609
[INFO] running `Command { std: "docker" "create" "-v" "/var/lib/crater-agent-workspace/builds/worker-1/target:/opt/rustwide/target:rw,Z" "-v" "/var/lib/crater-agent-workspace/builds/worker-1/source:/opt/rustwide/workdir:ro,Z" "-v" "/var/lib/crater-agent-workspace/cargo-home:/opt/rustwide/cargo-home:ro,Z" "-v" "/var/lib/crater-agent-workspace/rustup-home:/opt/rustwide/rustup-home:ro,Z" "-e" "SOURCE_DIR=/opt/rustwide/workdir" "-e" "CARGO_TARGET_DIR=/opt/rustwide/target" "-e" "CARGO_INCREMENTAL=0" "-e" "RUST_BACKTRACE=full" "-e" "RUSTFLAGS=--cap-lints=warn" "-e" "CARGO_HOME=/opt/rustwide/cargo-home" "-e" "RUSTUP_HOME=/opt/rustwide/rustup-home" "-w" "/opt/rustwide/workdir" "-m" "1610612736" "--user" "0:0" "--network" "none" "ghcr.io/rust-lang/crates-build-env/linux@sha256:34b6a614d2c27851fe6cbf88fbd1137609cefab8b10d0615aaeb6fd47975d74e" "/opt/rustwide/cargo-home/bin/cargo" "+beta-2021-08-01" "test" "--frozen" "--no-run" "--message-format=json", kill_on_drop: false }`
[INFO] [stderr] WARNING: Your kernel does not support swap limit capabilities or the cgroup is not mounted. Memory limited without swap.
[INFO] [stdout] 207708a8f14c8612f1301ae2328725631b64c879e9d4b747850180dbd65fb0c1
[INFO] running `Command { std: "docker" "start" "-a" "207708a8f14c8612f1301ae2328725631b64c879e9d4b747850180dbd65fb0c1", kill_on_drop: false }`
[INFO] [stderr]    Compiling elfo-test v0.1.12 (/opt/rustwide/workdir)
[INFO] [stdout] error[E0433]: failed to resolve: could not find `test` in `tokio`
[INFO] [stdout]    --> src/proxy.rs:263:14
[INFO] [stdout]     |
[INFO] [stdout] 263 |     #[tokio::test]
[INFO] [stdout]     |              ^^^^ could not find `test` in `tokio`
[INFO] [stdout] 
[INFO] [stdout] 
[INFO] [stdout] error[E0433]: failed to resolve: could not find `test` in `tokio`
[INFO] [stdout]    --> src/proxy.rs:292:14
[INFO] [stdout]     |
[INFO] [stdout] 292 |     #[tokio::test]
[INFO] [stdout]     |              ^^^^ could not find `test` in `tokio`
[INFO] [stdout] 
[INFO] [stdout] 
[INFO] [stdout] error[E0433]: failed to resolve: could not find `test` in `tokio`
[INFO] [stdout]    --> src/proxy.rs:300:14
[INFO] [stdout]     |
[INFO] [stdout] 300 |     #[tokio::test]
[INFO] [stdout]     |              ^^^^ could not find `test` in `tokio`
[INFO] [stdout] 
[INFO] [stdout] 
[INFO] [stdout] error: aborting due to 3 previous errors
[INFO] [stdout] 
[INFO] [stdout] 
[INFO] [stdout] For more information about this error, try `rustc --explain E0433`.
[INFO] [stdout] 
[INFO] [stderr] error: could not compile `elfo-test` due to 4 previous errors
[INFO] running `Command { std: "docker" "inspect" "207708a8f14c8612f1301ae2328725631b64c879e9d4b747850180dbd65fb0c1", kill_on_drop: false }`
[INFO] running `Command { std: "docker" "rm" "-f" "207708a8f14c8612f1301ae2328725631b64c879e9d4b747850180dbd65fb0c1", kill_on_drop: false }`
[INFO] [stdout] 207708a8f14c8612f1301ae2328725631b64c879e9d4b747850180dbd65fb0c1
