[INFO] fetching crate eeprom 0.1.0...
[INFO] testing eeprom-0.1.0 against beta-2021-08-01 for beta-1.55-1
[INFO] extracting crate eeprom 0.1.0 into /workspace/builds/worker-7/source
[INFO] validating manifest of crates.io crate eeprom 0.1.0 on toolchain beta-2021-08-01
[INFO] running `Command { std: "/workspace/cargo-home/bin/cargo" "+beta-2021-08-01" "metadata" "--manifest-path" "Cargo.toml" "--no-deps", kill_on_drop: false }`
[INFO] started tweaking crates.io crate eeprom 0.1.0
[INFO] finished tweaking crates.io crate eeprom 0.1.0
[INFO] tweaked toml for crates.io crate eeprom 0.1.0 written to /workspace/builds/worker-7/source/Cargo.toml
[INFO] running `Command { std: "/workspace/cargo-home/bin/cargo" "+beta-2021-08-01" "generate-lockfile" "--manifest-path" "Cargo.toml" "-Zno-index-update", kill_on_drop: false }`
[INFO] running `Command { std: "/workspace/cargo-home/bin/cargo" "+beta-2021-08-01" "fetch" "--manifest-path" "Cargo.toml", kill_on_drop: false }`
[INFO] [stderr]  Downloading crates ...
[INFO] [stderr]   Downloaded stm32f103xx v0.7.5
[INFO] [stderr]   Downloaded stm32-hal v0.2.0
[INFO] running `Command { std: "docker" "create" "-v" "/var/lib/crater-agent-workspace/builds/worker-7/target:/opt/rustwide/target:rw,Z" "-v" "/var/lib/crater-agent-workspace/builds/worker-7/source:/opt/rustwide/workdir:ro,Z" "-v" "/var/lib/crater-agent-workspace/cargo-home:/opt/rustwide/cargo-home:ro,Z" "-v" "/var/lib/crater-agent-workspace/rustup-home:/opt/rustwide/rustup-home:ro,Z" "-e" "SOURCE_DIR=/opt/rustwide/workdir" "-e" "CARGO_TARGET_DIR=/opt/rustwide/target" "-e" "CARGO_HOME=/opt/rustwide/cargo-home" "-e" "RUSTUP_HOME=/opt/rustwide/rustup-home" "-w" "/opt/rustwide/workdir" "-m" "1610612736" "--user" "0:0" "--network" "none" "ghcr.io/rust-lang/crates-build-env/linux@sha256:34b6a614d2c27851fe6cbf88fbd1137609cefab8b10d0615aaeb6fd47975d74e" "/opt/rustwide/cargo-home/bin/cargo" "+beta-2021-08-01" "metadata" "--no-deps" "--format-version=1", kill_on_drop: false }`
[INFO] [stdout] 71c66ada48267d23e656bb680991a0fa51a78fc3f0d2cce792bf6ef54c05c40d
[INFO] [stderr] WARNING: Your kernel does not support swap limit capabilities or the cgroup is not mounted. Memory limited without swap.
[INFO] running `Command { std: "docker" "start" "-a" "71c66ada48267d23e656bb680991a0fa51a78fc3f0d2cce792bf6ef54c05c40d", kill_on_drop: false }`
[INFO] running `Command { std: "docker" "inspect" "71c66ada48267d23e656bb680991a0fa51a78fc3f0d2cce792bf6ef54c05c40d", kill_on_drop: false }`
[INFO] running `Command { std: "docker" "rm" "-f" "71c66ada48267d23e656bb680991a0fa51a78fc3f0d2cce792bf6ef54c05c40d", kill_on_drop: false }`
[INFO] [stdout] 71c66ada48267d23e656bb680991a0fa51a78fc3f0d2cce792bf6ef54c05c40d
[INFO] running `Command { std: "docker" "create" "-v" "/var/lib/crater-agent-workspace/builds/worker-7/target:/opt/rustwide/target:rw,Z" "-v" "/var/lib/crater-agent-workspace/builds/worker-7/source:/opt/rustwide/workdir:ro,Z" "-v" "/var/lib/crater-agent-workspace/cargo-home:/opt/rustwide/cargo-home:ro,Z" "-v" "/var/lib/crater-agent-workspace/rustup-home:/opt/rustwide/rustup-home:ro,Z" "-e" "SOURCE_DIR=/opt/rustwide/workdir" "-e" "CARGO_TARGET_DIR=/opt/rustwide/target" "-e" "CARGO_INCREMENTAL=0" "-e" "RUST_BACKTRACE=full" "-e" "RUSTFLAGS=--cap-lints=warn" "-e" "CARGO_HOME=/opt/rustwide/cargo-home" "-e" "RUSTUP_HOME=/opt/rustwide/rustup-home" "-w" "/opt/rustwide/workdir" "-m" "1610612736" "--user" "0:0" "--network" "none" "ghcr.io/rust-lang/crates-build-env/linux@sha256:34b6a614d2c27851fe6cbf88fbd1137609cefab8b10d0615aaeb6fd47975d74e" "/opt/rustwide/cargo-home/bin/cargo" "+beta-2021-08-01" "build" "--frozen" "--message-format=json", kill_on_drop: false }`
[INFO] [stdout] 759657632a91787fc9b48a72ed7964dba3362ff3d7ed33e0687c122c2895fccb
[INFO] [stderr] WARNING: Your kernel does not support swap limit capabilities or the cgroup is not mounted. Memory limited without swap.
[INFO] running `Command { std: "docker" "start" "-a" "759657632a91787fc9b48a72ed7964dba3362ff3d7ed33e0687c122c2895fccb", kill_on_drop: false }`
[INFO] [stderr]    Compiling stm32-hal v0.2.0
[INFO] [stdout] error[E0557]: feature has been removed
[INFO] [stdout]  --> /opt/rustwide/cargo-home/registry/src/github.com-1ecc6299db9ec823/stm32-hal-0.2.0/src/lib.rs:3:12
[INFO] [stdout]   |
[INFO] [stdout] 3 | #![feature(const_fn)]
[INFO] [stdout]   |            ^^^^^^^^ feature has been removed
[INFO] [stdout]   |
[INFO] [stdout]   = note: split into finer-grained feature gates
[INFO] [stdout] 
[INFO] [stdout] 
[INFO] [stdout] error[E0554]: `#![feature]` may not be used on the beta release channel
[INFO] [stdout]  --> /opt/rustwide/cargo-home/registry/src/github.com-1ecc6299db9ec823/stm32-hal-0.2.0/src/lib.rs:3:1
[INFO] [stdout]   |
[INFO] [stdout] 3 | #![feature(const_fn)]
[INFO] [stdout]   | ^^^^^^^^^^^^^^^^^^^^^
[INFO] [stdout] 
[INFO] [stdout] 
[INFO] [stdout] error[E0554]: `#![feature]` may not be used on the beta release channel
[INFO] [stdout]  --> /opt/rustwide/cargo-home/registry/src/github.com-1ecc6299db9ec823/stm32-hal-0.2.0/src/lib.rs:4:1
[INFO] [stdout]   |
[INFO] [stdout] 4 | #![feature(const_size_of)]
[INFO] [stdout]   | ^^^^^^^^^^^^^^^^^^^^^^^^^^
[INFO] [stdout] 
[INFO] [stdout] 
[INFO] [stdout] error: aborting due to 3 previous errors
[INFO] [stdout] 
[INFO] [stdout] 
[INFO] [stdout] Some errors have detailed explanations: E0554, E0557.
[INFO] [stdout] 
[INFO] [stdout] For more information about an error, try `rustc --explain E0554`.
[INFO] [stdout] 
[INFO] [stderr] error: could not compile `stm32-hal` due to 4 previous errors
[INFO] running `Command { std: "docker" "inspect" "759657632a91787fc9b48a72ed7964dba3362ff3d7ed33e0687c122c2895fccb", kill_on_drop: false }`
[INFO] running `Command { std: "docker" "rm" "-f" "759657632a91787fc9b48a72ed7964dba3362ff3d7ed33e0687c122c2895fccb", kill_on_drop: false }`
[INFO] [stdout] 759657632a91787fc9b48a72ed7964dba3362ff3d7ed33e0687c122c2895fccb
