[INFO] fetching crate eep 0.1.0...
[INFO] testing eep-0.1.0 against beta-2021-08-01 for beta-1.55-1
[INFO] extracting crate eep 0.1.0 into /workspace/builds/worker-2/source
[INFO] validating manifest of crates.io crate eep 0.1.0 on toolchain beta-2021-08-01
[INFO] running `Command { std: "/workspace/cargo-home/bin/cargo" "+beta-2021-08-01" "metadata" "--manifest-path" "Cargo.toml" "--no-deps", kill_on_drop: false }`
[INFO] started tweaking crates.io crate eep 0.1.0
[INFO] finished tweaking crates.io crate eep 0.1.0
[INFO] tweaked toml for crates.io crate eep 0.1.0 written to /workspace/builds/worker-2/source/Cargo.toml
[INFO] running `Command { std: "/workspace/cargo-home/bin/cargo" "+beta-2021-08-01" "generate-lockfile" "--manifest-path" "Cargo.toml" "-Zno-index-update", kill_on_drop: false }`
[INFO] running `Command { std: "/workspace/cargo-home/bin/cargo" "+beta-2021-08-01" "fetch" "--manifest-path" "Cargo.toml", kill_on_drop: false }`
[INFO] [stderr]  Downloading crates ...
[INFO] [stderr]   Downloaded signpost v0.1.0
[INFO] running `Command { std: "docker" "create" "-v" "/var/lib/crater-agent-workspace/builds/worker-2/target:/opt/rustwide/target:rw,Z" "-v" "/var/lib/crater-agent-workspace/builds/worker-2/source:/opt/rustwide/workdir:ro,Z" "-v" "/var/lib/crater-agent-workspace/cargo-home:/opt/rustwide/cargo-home:ro,Z" "-v" "/var/lib/crater-agent-workspace/rustup-home:/opt/rustwide/rustup-home:ro,Z" "-e" "SOURCE_DIR=/opt/rustwide/workdir" "-e" "CARGO_TARGET_DIR=/opt/rustwide/target" "-e" "CARGO_HOME=/opt/rustwide/cargo-home" "-e" "RUSTUP_HOME=/opt/rustwide/rustup-home" "-w" "/opt/rustwide/workdir" "-m" "1610612736" "--user" "0:0" "--network" "none" "ghcr.io/rust-lang/crates-build-env/linux@sha256:34b6a614d2c27851fe6cbf88fbd1137609cefab8b10d0615aaeb6fd47975d74e" "/opt/rustwide/cargo-home/bin/cargo" "+beta-2021-08-01" "metadata" "--no-deps" "--format-version=1", kill_on_drop: false }`
[INFO] [stdout] b13686b9ebd0c0f332dc5dabd2743fc2f568c7863c2b511f9629284121b1ee30
[INFO] [stderr] WARNING: Your kernel does not support swap limit capabilities or the cgroup is not mounted. Memory limited without swap.
[INFO] running `Command { std: "docker" "start" "-a" "b13686b9ebd0c0f332dc5dabd2743fc2f568c7863c2b511f9629284121b1ee30", kill_on_drop: false }`
[INFO] running `Command { std: "docker" "inspect" "b13686b9ebd0c0f332dc5dabd2743fc2f568c7863c2b511f9629284121b1ee30", kill_on_drop: false }`
[INFO] running `Command { std: "docker" "rm" "-f" "b13686b9ebd0c0f332dc5dabd2743fc2f568c7863c2b511f9629284121b1ee30", kill_on_drop: false }`
[INFO] [stdout] b13686b9ebd0c0f332dc5dabd2743fc2f568c7863c2b511f9629284121b1ee30
[INFO] running `Command { std: "docker" "create" "-v" "/var/lib/crater-agent-workspace/builds/worker-2/target:/opt/rustwide/target:rw,Z" "-v" "/var/lib/crater-agent-workspace/builds/worker-2/source:/opt/rustwide/workdir:ro,Z" "-v" "/var/lib/crater-agent-workspace/cargo-home:/opt/rustwide/cargo-home:ro,Z" "-v" "/var/lib/crater-agent-workspace/rustup-home:/opt/rustwide/rustup-home:ro,Z" "-e" "SOURCE_DIR=/opt/rustwide/workdir" "-e" "CARGO_TARGET_DIR=/opt/rustwide/target" "-e" "CARGO_INCREMENTAL=0" "-e" "RUST_BACKTRACE=full" "-e" "RUSTFLAGS=--cap-lints=warn" "-e" "CARGO_HOME=/opt/rustwide/cargo-home" "-e" "RUSTUP_HOME=/opt/rustwide/rustup-home" "-w" "/opt/rustwide/workdir" "-m" "1610612736" "--user" "0:0" "--network" "none" "ghcr.io/rust-lang/crates-build-env/linux@sha256:34b6a614d2c27851fe6cbf88fbd1137609cefab8b10d0615aaeb6fd47975d74e" "/opt/rustwide/cargo-home/bin/cargo" "+beta-2021-08-01" "build" "--frozen" "--message-format=json", kill_on_drop: false }`
[INFO] [stdout] 51224c7e11f1b03f0221af806a59ce45a48f2fa7bac6def2ae781f156aba507d
[INFO] [stderr] WARNING: Your kernel does not support swap limit capabilities or the cgroup is not mounted. Memory limited without swap.
[INFO] running `Command { std: "docker" "start" "-a" "51224c7e11f1b03f0221af806a59ce45a48f2fa7bac6def2ae781f156aba507d", kill_on_drop: false }`
[INFO] [stderr]    Compiling eep v0.1.0 (/opt/rustwide/workdir)
[INFO] [stdout] warning: anonymous parameters are deprecated and will be removed in the next edition.
[INFO] [stdout]   --> src/traits.rs:41:14
[INFO] [stdout]    |
[INFO] [stdout] 41 |     fn label(u32) -> &'static str;
[INFO] [stdout]    |              ^^^ help: try naming the parameter or explicitly ignoring it: `_: u32`
[INFO] [stdout]    |
[INFO] [stdout]    = note: `#[warn(anonymous_parameters)]` on by default
[INFO] [stdout]    = warning: this is accepted in the current edition (Rust 2015) but is a hard error in Rust 2018!
[INFO] [stdout]    = note: for more information, see issue #41686 <https://github.com/rust-lang/rust/issues/41686>
[INFO] [stdout] 
[INFO] [stdout] 
[INFO] [stdout] warning: use of deprecated constant `std::sync::atomic::ATOMIC_USIZE_INIT`: the `new` function is now preferred
[INFO] [stdout]  --> src/simple_trace.rs:1:25
[INFO] [stdout]   |
[INFO] [stdout] 1 | use std::sync::atomic::{ATOMIC_USIZE_INIT, AtomicUsize, Ordering};
[INFO] [stdout]   |                         ^^^^^^^^^^^^^^^^^
[INFO] [stdout]   |
[INFO] [stdout]   = note: `#[warn(deprecated)]` on by default
[INFO] [stdout] 
[INFO] [stdout] 
[INFO] [stdout] warning: use of deprecated constant `std::sync::atomic::ATOMIC_USIZE_INIT`: the `new` function is now preferred
[INFO] [stdout]   --> src/simple_trace.rs:37:47
[INFO] [stdout]    |
[INFO] [stdout] 37 | static SIMPLE_TRACE_ID_COUNTER: AtomicUsize = ATOMIC_USIZE_INIT;
[INFO] [stdout]    |                                               ^^^^^^^^^^^^^^^^^ help: replace the use of the deprecated constant: `AtomicUsize::new(0)`
[INFO] [stdout] 
[INFO] [stdout] 
[INFO] [stdout] error[E0512]: cannot transmute between types of different sizes, or dependently-sized types
[INFO] [stdout]   --> src/ring_buffer.rs:95:40
[INFO] [stdout]    |
[INFO] [stdout] 95 |         let entry: [u8; 65] = unsafe { mem::transmute(entry) };
[INFO] [stdout]    |                                        ^^^^^^^^^^^^^^
[INFO] [stdout]    |
[INFO] [stdout]    = note: source type: `ring_buffer::Entry<T>` (456 bits)
[INFO] [stdout]    = note: target type: `[u8; 65]` (520 bits)
[INFO] [stdout] 
[INFO] [stdout] 
[INFO] [stdout] error[E0512]: cannot transmute between types of different sizes, or dependently-sized types
[INFO] [stdout]    --> src/ring_buffer.rs:114:40
[INFO] [stdout]     |
[INFO] [stdout] 114 |         let entry: [u8; 65] = unsafe { mem::transmute(entry) };
[INFO] [stdout]     |                                        ^^^^^^^^^^^^^^
[INFO] [stdout]     |
[INFO] [stdout]     = note: source type: `ring_buffer::Entry<T>` (456 bits)
[INFO] [stdout]     = note: target type: `[u8; 65]` (520 bits)
[INFO] [stdout] 
[INFO] [stdout] 
[INFO] [stdout] error[E0512]: cannot transmute between types of different sizes, or dependently-sized types
[INFO] [stdout]    --> src/ring_buffer.rs:131:40
[INFO] [stdout]     |
[INFO] [stdout] 131 |         let entry: [u8; 65] = unsafe { mem::transmute(entry) };
[INFO] [stdout]     |                                        ^^^^^^^^^^^^^^
[INFO] [stdout]     |
[INFO] [stdout]     = note: source type: `ring_buffer::Entry<T>` (456 bits)
[INFO] [stdout]     = note: target type: `[u8; 65]` (520 bits)
[INFO] [stdout] 
[INFO] [stdout] 
[INFO] [stdout] error[E0512]: cannot transmute between types of different sizes, or dependently-sized types
[INFO] [stdout]    --> src/ring_buffer.rs:235:30
[INFO] [stdout]     |
[INFO] [stdout] 235 |                         Some(mem::transmute(temp))
[INFO] [stdout]     |                              ^^^^^^^^^^^^^^
[INFO] [stdout]     |
[INFO] [stdout]     = note: source type: `[u8; 65]` (520 bits)
[INFO] [stdout]     = note: target type: `ring_buffer::Entry<T>` (456 bits)
[INFO] [stdout] 
[INFO] [stdout] 
[INFO] [stdout] warning: `#[derive]` can't be used on a `#[repr(packed)]` struct with type or const parameters (error E0133)
[INFO] [stdout]    --> src/ring_buffer.rs:158:16
[INFO] [stdout]     |
[INFO] [stdout] 158 | #[derive(Copy, Clone, Debug, Eq, PartialEq)]
[INFO] [stdout]     |                ^^^^^
[INFO] [stdout]     |
[INFO] [stdout]     = note: `#[warn(unaligned_references)]` on by default
[INFO] [stdout]     = warning: this was previously accepted by the compiler but is being phased out; it will become a hard error in a future release!
[INFO] [stdout]     = note: for more information, see issue #82523 <https://github.com/rust-lang/rust/issues/82523>
[INFO] [stdout]     = note: this warning originates in the derive macro `Clone` (in Nightly builds, run with -Z macro-backtrace for more info)
[INFO] [stdout] 
[INFO] [stdout] 
[INFO] [stdout] warning: `#[derive]` can't be used on a `#[repr(packed)]` struct with type or const parameters (error E0133)
[INFO] [stdout]    --> src/ring_buffer.rs:158:23
[INFO] [stdout]     |
[INFO] [stdout] 158 | #[derive(Copy, Clone, Debug, Eq, PartialEq)]
[INFO] [stdout]     |                       ^^^^^
[INFO] [stdout]     |
[INFO] [stdout]     = warning: this was previously accepted by the compiler but is being phased out; it will become a hard error in a future release!
[INFO] [stdout]     = note: for more information, see issue #82523 <https://github.com/rust-lang/rust/issues/82523>
[INFO] [stdout]     = note: this warning originates in the derive macro `Debug` (in Nightly builds, run with -Z macro-backtrace for more info)
[INFO] [stdout] 
[INFO] [stdout] 
[INFO] [stdout] warning: `#[derive]` can't be used on a `#[repr(packed)]` struct with type or const parameters (error E0133)
[INFO] [stdout]    --> src/ring_buffer.rs:158:34
[INFO] [stdout]     |
[INFO] [stdout] 158 | #[derive(Copy, Clone, Debug, Eq, PartialEq)]
[INFO] [stdout]     |                                  ^^^^^^^^^
[INFO] [stdout]     |
[INFO] [stdout]     = warning: this was previously accepted by the compiler but is being phased out; it will become a hard error in a future release!
[INFO] [stdout]     = note: for more information, see issue #82523 <https://github.com/rust-lang/rust/issues/82523>
[INFO] [stdout]     = note: this warning originates in the derive macro `PartialEq` (in Nightly builds, run with -Z macro-backtrace for more info)
[INFO] [stdout] 
[INFO] [stdout] 
[INFO] [stdout] error: aborting due to 4 previous errors; 6 warnings emitted
[INFO] [stdout] 
[INFO] [stdout] 
[INFO] [stdout] For more information about this error, try `rustc --explain E0512`.
[INFO] [stdout] 
[INFO] [stderr] error: could not compile `eep` due to 5 previous errors; 6 warnings emitted
[INFO] running `Command { std: "docker" "inspect" "51224c7e11f1b03f0221af806a59ce45a48f2fa7bac6def2ae781f156aba507d", kill_on_drop: false }`
[INFO] running `Command { std: "docker" "rm" "-f" "51224c7e11f1b03f0221af806a59ce45a48f2fa7bac6def2ae781f156aba507d", kill_on_drop: false }`
[INFO] [stdout] 51224c7e11f1b03f0221af806a59ce45a48f2fa7bac6def2ae781f156aba507d
