[INFO] fetching crate edres 0.5.0...
[INFO] testing edres-0.5.0 against beta-2021-08-01 for beta-1.55-1
[INFO] extracting crate edres 0.5.0 into /workspace/builds/worker-13/source
[INFO] validating manifest of crates.io crate edres 0.5.0 on toolchain beta-2021-08-01
[INFO] running `Command { std: "/workspace/cargo-home/bin/cargo" "+beta-2021-08-01" "metadata" "--manifest-path" "Cargo.toml" "--no-deps", kill_on_drop: false }`
[INFO] started tweaking crates.io crate edres 0.5.0
[INFO] finished tweaking crates.io crate edres 0.5.0
[INFO] tweaked toml for crates.io crate edres 0.5.0 written to /workspace/builds/worker-13/source/Cargo.toml
[INFO] running `Command { std: "/workspace/cargo-home/bin/cargo" "+beta-2021-08-01" "generate-lockfile" "--manifest-path" "Cargo.toml" "-Zno-index-update", kill_on_drop: false }`
[INFO] [stderr]     Blocking waiting for file lock on package cache
[INFO] running `Command { std: "/workspace/cargo-home/bin/cargo" "+beta-2021-08-01" "fetch" "--manifest-path" "Cargo.toml", kill_on_drop: false }`
[INFO] [stderr]  Downloading crates ...
[INFO] [stderr]   Downloaded ron v0.3.0
[INFO] running `Command { std: "docker" "create" "-v" "/var/lib/crater-agent-workspace/builds/worker-13/target:/opt/rustwide/target:rw,Z" "-v" "/var/lib/crater-agent-workspace/builds/worker-13/source:/opt/rustwide/workdir:ro,Z" "-v" "/var/lib/crater-agent-workspace/cargo-home:/opt/rustwide/cargo-home:ro,Z" "-v" "/var/lib/crater-agent-workspace/rustup-home:/opt/rustwide/rustup-home:ro,Z" "-e" "SOURCE_DIR=/opt/rustwide/workdir" "-e" "CARGO_TARGET_DIR=/opt/rustwide/target" "-e" "CARGO_HOME=/opt/rustwide/cargo-home" "-e" "RUSTUP_HOME=/opt/rustwide/rustup-home" "-w" "/opt/rustwide/workdir" "-m" "1610612736" "--user" "0:0" "--network" "none" "ghcr.io/rust-lang/crates-build-env/linux@sha256:34b6a614d2c27851fe6cbf88fbd1137609cefab8b10d0615aaeb6fd47975d74e" "/opt/rustwide/cargo-home/bin/cargo" "+beta-2021-08-01" "metadata" "--no-deps" "--format-version=1", kill_on_drop: false }`
[INFO] [stdout] 1ab4a140074c50987c79be14b847c9d1ce74d79a03d64f7f1a66ebc126cd61fd
[INFO] [stderr] WARNING: Your kernel does not support swap limit capabilities or the cgroup is not mounted. Memory limited without swap.
[INFO] running `Command { std: "docker" "start" "-a" "1ab4a140074c50987c79be14b847c9d1ce74d79a03d64f7f1a66ebc126cd61fd", kill_on_drop: false }`
[INFO] running `Command { std: "docker" "inspect" "1ab4a140074c50987c79be14b847c9d1ce74d79a03d64f7f1a66ebc126cd61fd", kill_on_drop: false }`
[INFO] running `Command { std: "docker" "rm" "-f" "1ab4a140074c50987c79be14b847c9d1ce74d79a03d64f7f1a66ebc126cd61fd", kill_on_drop: false }`
[INFO] [stdout] 1ab4a140074c50987c79be14b847c9d1ce74d79a03d64f7f1a66ebc126cd61fd
[INFO] running `Command { std: "docker" "create" "-v" "/var/lib/crater-agent-workspace/builds/worker-13/target:/opt/rustwide/target:rw,Z" "-v" "/var/lib/crater-agent-workspace/builds/worker-13/source:/opt/rustwide/workdir:ro,Z" "-v" "/var/lib/crater-agent-workspace/cargo-home:/opt/rustwide/cargo-home:ro,Z" "-v" "/var/lib/crater-agent-workspace/rustup-home:/opt/rustwide/rustup-home:ro,Z" "-e" "SOURCE_DIR=/opt/rustwide/workdir" "-e" "CARGO_TARGET_DIR=/opt/rustwide/target" "-e" "CARGO_INCREMENTAL=0" "-e" "RUST_BACKTRACE=full" "-e" "RUSTFLAGS=--cap-lints=warn" "-e" "CARGO_HOME=/opt/rustwide/cargo-home" "-e" "RUSTUP_HOME=/opt/rustwide/rustup-home" "-w" "/opt/rustwide/workdir" "-m" "1610612736" "--user" "0:0" "--network" "none" "ghcr.io/rust-lang/crates-build-env/linux@sha256:34b6a614d2c27851fe6cbf88fbd1137609cefab8b10d0615aaeb6fd47975d74e" "/opt/rustwide/cargo-home/bin/cargo" "+beta-2021-08-01" "build" "--frozen" "--message-format=json", kill_on_drop: false }`
[INFO] [stdout] 021ef93eef2abd7a76ad603261058b5adae090c48f9a1d55a117646b25465b8a
[INFO] [stderr] WARNING: Your kernel does not support swap limit capabilities or the cgroup is not mounted. Memory limited without swap.
[INFO] running `Command { std: "docker" "start" "-a" "021ef93eef2abd7a76ad603261058b5adae090c48f9a1d55a117646b25465b8a", kill_on_drop: false }`
[INFO] [stderr]    Compiling serde_test v1.0.127
[INFO] [stderr]    Compiling toml v0.4.10
[INFO] [stderr]    Compiling linear-map v1.2.0
[INFO] [stderr]    Compiling edres v0.5.0 (/opt/rustwide/workdir)
[INFO] [stderr]     Finished dev [unoptimized + debuginfo] target(s) in 5.98s
[INFO] running `Command { std: "docker" "inspect" "021ef93eef2abd7a76ad603261058b5adae090c48f9a1d55a117646b25465b8a", kill_on_drop: false }`
[INFO] running `Command { std: "docker" "rm" "-f" "021ef93eef2abd7a76ad603261058b5adae090c48f9a1d55a117646b25465b8a", kill_on_drop: false }`
[INFO] [stdout] 021ef93eef2abd7a76ad603261058b5adae090c48f9a1d55a117646b25465b8a
[INFO] running `Command { std: "docker" "create" "-v" "/var/lib/crater-agent-workspace/builds/worker-13/target:/opt/rustwide/target:rw,Z" "-v" "/var/lib/crater-agent-workspace/builds/worker-13/source:/opt/rustwide/workdir:ro,Z" "-v" "/var/lib/crater-agent-workspace/cargo-home:/opt/rustwide/cargo-home:ro,Z" "-v" "/var/lib/crater-agent-workspace/rustup-home:/opt/rustwide/rustup-home:ro,Z" "-e" "SOURCE_DIR=/opt/rustwide/workdir" "-e" "CARGO_TARGET_DIR=/opt/rustwide/target" "-e" "CARGO_INCREMENTAL=0" "-e" "RUST_BACKTRACE=full" "-e" "RUSTFLAGS=--cap-lints=warn" "-e" "CARGO_HOME=/opt/rustwide/cargo-home" "-e" "RUSTUP_HOME=/opt/rustwide/rustup-home" "-w" "/opt/rustwide/workdir" "-m" "1610612736" "--user" "0:0" "--network" "none" "ghcr.io/rust-lang/crates-build-env/linux@sha256:34b6a614d2c27851fe6cbf88fbd1137609cefab8b10d0615aaeb6fd47975d74e" "/opt/rustwide/cargo-home/bin/cargo" "+beta-2021-08-01" "test" "--frozen" "--no-run" "--message-format=json", kill_on_drop: false }`
[INFO] [stderr] WARNING: Your kernel does not support swap limit capabilities or the cgroup is not mounted. Memory limited without swap.
[INFO] [stdout] b92dd65ee0c03146cb66d292aee80f0a4a244ef8c56bbde009daf5440ccdda67
[INFO] running `Command { std: "docker" "start" "-a" "b92dd65ee0c03146cb66d292aee80f0a4a244ef8c56bbde009daf5440ccdda67", kill_on_drop: false }`
[INFO] [stderr]    Compiling edres v0.5.0 (/opt/rustwide/workdir)
[INFO] [stdout] error[E0599]: no variant or associated item named `Json` found for enum `Format` in the current scope
[INFO] [stdout]   --> tests/number_size_tests.rs:57:18
[INFO] [stdout]    |
[INFO] [stdout] 57 |         (Format::Json, r#"{"number": 100.5}"#),
[INFO] [stdout]    |                  ^^^^ variant or associated item not found in `Format`
[INFO] [stdout] 
[INFO] [stdout] 
[INFO] [stdout] error[E0599]: no variant or associated item named `Ron` found for enum `Format` in the current scope
[INFO] [stdout]   --> tests/number_size_tests.rs:58:18
[INFO] [stdout]    |
[INFO] [stdout] 58 |         (Format::Ron, "(number: 100.5)"),
[INFO] [stdout]    |                  ^^^ variant or associated item not found in `Format`
[INFO] [stdout] 
[INFO] [stdout] 
[INFO] [stdout] error[E0599]: no variant or associated item named `Yaml` found for enum `Format` in the current scope
[INFO] [stdout]   --> tests/number_size_tests.rs:60:18
[INFO] [stdout]    |
[INFO] [stdout] 60 |         (Format::Yaml, "number: 100.5"),
[INFO] [stdout]    |                  ^^^^ variant or associated item not found in `Format`
[INFO] [stdout] 
[INFO] [stdout] 
[INFO] [stdout] error[E0599]: no variant or associated item named `Json` found for enum `Format` in the current scope
[INFO] [stdout]   --> tests/number_size_tests.rs:64:18
[INFO] [stdout]    |
[INFO] [stdout] 64 |         (Format::Json, r#"{"number": 100}"#),
[INFO] [stdout]    |                  ^^^^ variant or associated item not found in `Format`
[INFO] [stdout] 
[INFO] [stdout] 
[INFO] [stdout] error[E0599]: no variant or associated item named `Ron` found for enum `Format` in the current scope
[INFO] [stdout]   --> tests/number_size_tests.rs:65:18
[INFO] [stdout]    |
[INFO] [stdout] 65 |         (Format::Ron, "(number: 100)"),
[INFO] [stdout]    |                  ^^^ variant or associated item not found in `Format`
[INFO] [stdout] 
[INFO] [stdout] 
[INFO] [stdout] error[E0599]: no variant or associated item named `Yaml` found for enum `Format` in the current scope
[INFO] [stdout]   --> tests/number_size_tests.rs:67:18
[INFO] [stdout]    |
[INFO] [stdout] 67 |         (Format::Yaml, "number: 100"),
[INFO] [stdout]    |                  ^^^^ variant or associated item not found in `Format`
[INFO] [stdout] 
[INFO] [stdout] 
[INFO] [stderr] error: could not compile `edres` due to 7 previous errors
[INFO] [stdout] error: aborting due to 6 previous errors
[INFO] [stdout] 
[INFO] [stdout] 
[INFO] [stderr] warning: build failed, waiting for other jobs to finish...
[INFO] [stdout] For more information about this error, try `rustc --explain E0599`.
[INFO] [stdout] 
[INFO] [stderr] error: build failed
[INFO] running `Command { std: "docker" "inspect" "b92dd65ee0c03146cb66d292aee80f0a4a244ef8c56bbde009daf5440ccdda67", kill_on_drop: false }`
[INFO] running `Command { std: "docker" "rm" "-f" "b92dd65ee0c03146cb66d292aee80f0a4a244ef8c56bbde009daf5440ccdda67", kill_on_drop: false }`
[INFO] [stdout] b92dd65ee0c03146cb66d292aee80f0a4a244ef8c56bbde009daf5440ccdda67
