[INFO] fetching crate dynalist 0.1.0...
[INFO] testing dynalist-0.1.0 against beta-2021-08-01 for beta-1.55-1
[INFO] extracting crate dynalist 0.1.0 into /workspace/builds/worker-7/source
[INFO] validating manifest of crates.io crate dynalist 0.1.0 on toolchain beta-2021-08-01
[INFO] running `Command { std: "/workspace/cargo-home/bin/cargo" "+beta-2021-08-01" "metadata" "--manifest-path" "Cargo.toml" "--no-deps", kill_on_drop: false }`
[INFO] started tweaking crates.io crate dynalist 0.1.0
[INFO] finished tweaking crates.io crate dynalist 0.1.0
[INFO] tweaked toml for crates.io crate dynalist 0.1.0 written to /workspace/builds/worker-7/source/Cargo.toml
[INFO] running `Command { std: "/workspace/cargo-home/bin/cargo" "+beta-2021-08-01" "generate-lockfile" "--manifest-path" "Cargo.toml" "-Zno-index-update", kill_on_drop: false }`
[INFO] running `Command { std: "/workspace/cargo-home/bin/cargo" "+beta-2021-08-01" "fetch" "--manifest-path" "Cargo.toml", kill_on_drop: false }`
[INFO] running `Command { std: "docker" "create" "-v" "/var/lib/crater-agent-workspace/builds/worker-7/target:/opt/rustwide/target:rw,Z" "-v" "/var/lib/crater-agent-workspace/builds/worker-7/source:/opt/rustwide/workdir:ro,Z" "-v" "/var/lib/crater-agent-workspace/cargo-home:/opt/rustwide/cargo-home:ro,Z" "-v" "/var/lib/crater-agent-workspace/rustup-home:/opt/rustwide/rustup-home:ro,Z" "-e" "SOURCE_DIR=/opt/rustwide/workdir" "-e" "CARGO_TARGET_DIR=/opt/rustwide/target" "-e" "CARGO_HOME=/opt/rustwide/cargo-home" "-e" "RUSTUP_HOME=/opt/rustwide/rustup-home" "-w" "/opt/rustwide/workdir" "-m" "1610612736" "--user" "0:0" "--network" "none" "ghcr.io/rust-lang/crates-build-env/linux@sha256:34b6a614d2c27851fe6cbf88fbd1137609cefab8b10d0615aaeb6fd47975d74e" "/opt/rustwide/cargo-home/bin/cargo" "+beta-2021-08-01" "metadata" "--no-deps" "--format-version=1", kill_on_drop: false }`
[INFO] [stdout] 6937cc8a147aa03aaef0159587ef18cc965afac5fadf7725367ce8a541f694a4
[INFO] [stderr] WARNING: Your kernel does not support swap limit capabilities or the cgroup is not mounted. Memory limited without swap.
[INFO] running `Command { std: "docker" "start" "-a" "6937cc8a147aa03aaef0159587ef18cc965afac5fadf7725367ce8a541f694a4", kill_on_drop: false }`
[INFO] running `Command { std: "docker" "inspect" "6937cc8a147aa03aaef0159587ef18cc965afac5fadf7725367ce8a541f694a4", kill_on_drop: false }`
[INFO] running `Command { std: "docker" "rm" "-f" "6937cc8a147aa03aaef0159587ef18cc965afac5fadf7725367ce8a541f694a4", kill_on_drop: false }`
[INFO] [stdout] 6937cc8a147aa03aaef0159587ef18cc965afac5fadf7725367ce8a541f694a4
[INFO] running `Command { std: "docker" "create" "-v" "/var/lib/crater-agent-workspace/builds/worker-7/target:/opt/rustwide/target:rw,Z" "-v" "/var/lib/crater-agent-workspace/builds/worker-7/source:/opt/rustwide/workdir:ro,Z" "-v" "/var/lib/crater-agent-workspace/cargo-home:/opt/rustwide/cargo-home:ro,Z" "-v" "/var/lib/crater-agent-workspace/rustup-home:/opt/rustwide/rustup-home:ro,Z" "-e" "SOURCE_DIR=/opt/rustwide/workdir" "-e" "CARGO_TARGET_DIR=/opt/rustwide/target" "-e" "CARGO_INCREMENTAL=0" "-e" "RUST_BACKTRACE=full" "-e" "RUSTFLAGS=--cap-lints=warn" "-e" "CARGO_HOME=/opt/rustwide/cargo-home" "-e" "RUSTUP_HOME=/opt/rustwide/rustup-home" "-w" "/opt/rustwide/workdir" "-m" "1610612736" "--user" "0:0" "--network" "none" "ghcr.io/rust-lang/crates-build-env/linux@sha256:34b6a614d2c27851fe6cbf88fbd1137609cefab8b10d0615aaeb6fd47975d74e" "/opt/rustwide/cargo-home/bin/cargo" "+beta-2021-08-01" "build" "--frozen" "--message-format=json", kill_on_drop: false }`
[INFO] [stdout] eb6313dc5db55de9daad82ecd8b4ea1f67d2acb0554c8543a8dc33bc67f6b5d9
[INFO] [stderr] WARNING: Your kernel does not support swap limit capabilities or the cgroup is not mounted. Memory limited without swap.
[INFO] running `Command { std: "docker" "start" "-a" "eb6313dc5db55de9daad82ecd8b4ea1f67d2acb0554c8543a8dc33bc67f6b5d9", kill_on_drop: false }`
[INFO] [stderr]     Blocking waiting for file lock on package cache
[INFO] [stderr]     Blocking waiting for file lock on package cache
[INFO] [stderr]    Compiling dynalist v0.1.0 (/opt/rustwide/workdir)
[INFO] [stdout] error[E0432]: unresolved import `std::boxed::into_raw`
[INFO] [stdout]  --> src/xorlist.rs:3:5
[INFO] [stdout]   |
[INFO] [stdout] 3 | use std::boxed::into_raw;
[INFO] [stdout]   |     ^^^^^^^^^^^^^^^^^^^^ no `into_raw` in `boxed`
[INFO] [stdout] 
[INFO] [stdout] 
[INFO] [stdout] error[E0554]: `#![feature]` may not be used on the beta release channel
[INFO] [stdout]  --> src/lib.rs:1:1
[INFO] [stdout]   |
[INFO] [stdout] 1 | #![feature(box_syntax, core, alloc)]
[INFO] [stdout]   | ^^^^^^^^^^^^^^^^^^^^^^^^^^^^^^^^^^^^
[INFO] [stdout] 
[INFO] [stdout] 
[INFO] [stdout] error[E0658]: use of unstable library feature 'unsize'
[INFO] [stdout]  --> src/xorlist.rs:1:32
[INFO] [stdout]   |
[INFO] [stdout] 1 | use std::marker::{PhantomData, Unsize};
[INFO] [stdout]   |                                ^^^^^^
[INFO] [stdout]   |
[INFO] [stdout]   = note: see issue #27732 <https://github.com/rust-lang/rust/issues/27732> for more information
[INFO] [stdout] 
[INFO] [stdout] 
[INFO] [stdout] error[E0658]: use of unstable library feature 'unsize'
[INFO] [stdout]    --> src/xorlist.rs:667:20
[INFO] [stdout]     |
[INFO] [stdout] 667 | impl<U: ?Sized, T: Unsize<U>> iter::FromIterator<T> for XorList<U> {
[INFO] [stdout]     |                    ^^^^^^^^^
[INFO] [stdout]     |
[INFO] [stdout]     = note: see issue #27732 <https://github.com/rust-lang/rust/issues/27732> for more information
[INFO] [stdout] 
[INFO] [stdout] 
[INFO] [stdout] error[E0658]: use of unstable library feature 'unsize'
[INFO] [stdout]    --> src/xorlist.rs:675:20
[INFO] [stdout]     |
[INFO] [stdout] 675 | impl<U: ?Sized, T: Unsize<U>> Extend<T> for XorList<U> {
[INFO] [stdout]     |                    ^^^^^^^^^
[INFO] [stdout]     |
[INFO] [stdout]     = note: see issue #27732 <https://github.com/rust-lang/rust/issues/27732> for more information
[INFO] [stdout] 
[INFO] [stdout] 
[INFO] [stdout] error[E0658]: use of unstable library feature 'unsize'
[INFO] [stdout]   --> src/xorlist.rs:14:15
[INFO] [stdout]    |
[INFO] [stdout] 14 |     fn new<U: Unsize<T>>(val: U) -> Box<Node<T>> {
[INFO] [stdout]    |               ^^^^^^^^^
[INFO] [stdout]    |
[INFO] [stdout]    = note: see issue #27732 <https://github.com/rust-lang/rust/issues/27732> for more information
[INFO] [stdout] 
[INFO] [stdout] 
[INFO] [stdout] error[E0658]: use of unstable library feature 'unsize'
[INFO] [stdout]   --> src/xorlist.rs:55:25
[INFO] [stdout]    |
[INFO] [stdout] 55 |     pub fn push_back<U: Unsize<T>>(&mut self, val: U) {
[INFO] [stdout]    |                         ^^^^^^^^^
[INFO] [stdout]    |
[INFO] [stdout]    = note: see issue #27732 <https://github.com/rust-lang/rust/issues/27732> for more information
[INFO] [stdout] 
[INFO] [stdout] 
[INFO] [stdout] error[E0658]: use of unstable library feature 'unsize'
[INFO] [stdout]   --> src/xorlist.rs:83:26
[INFO] [stdout]    |
[INFO] [stdout] 83 |     pub fn push_front<U: Unsize<T>>(&mut self, val: U) {
[INFO] [stdout]    |                          ^^^^^^^^^
[INFO] [stdout]    |
[INFO] [stdout]    = note: see issue #27732 <https://github.com/rust-lang/rust/issues/27732> for more information
[INFO] [stdout] 
[INFO] [stdout] 
[INFO] [stdout] error[E0658]: use of unstable library feature 'unsize'
[INFO] [stdout]    --> src/xorlist.rs:484:29
[INFO] [stdout]     |
[INFO] [stdout] 484 |     pub fn insert_before<U: Unsize<T>>(&self, val: U) {
[INFO] [stdout]     |                             ^^^^^^^^^
[INFO] [stdout]     |
[INFO] [stdout]     = note: see issue #27732 <https://github.com/rust-lang/rust/issues/27732> for more information
[INFO] [stdout] 
[INFO] [stdout] 
[INFO] [stdout] error[E0658]: use of unstable library feature 'unsize'
[INFO] [stdout]    --> src/xorlist.rs:514:28
[INFO] [stdout]     |
[INFO] [stdout] 514 |     pub fn insert_after<U: Unsize<T>>(&self, val: U) {
[INFO] [stdout]     |                            ^^^^^^^^^
[INFO] [stdout]     |
[INFO] [stdout]     = note: see issue #27732 <https://github.com/rust-lang/rust/issues/27732> for more information
[INFO] [stdout] 
[INFO] [stdout] 
[INFO] [stdout] error: aborting due to 10 previous errors
[INFO] [stdout] 
[INFO] [stdout] 
[INFO] [stdout] Some errors have detailed explanations: E0432, E0554, E0658.
[INFO] [stdout] 
[INFO] [stdout] For more information about an error, try `rustc --explain E0432`.
[INFO] [stdout] 
[INFO] [stderr] error: could not compile `dynalist` due to 11 previous errors
[INFO] running `Command { std: "docker" "inspect" "eb6313dc5db55de9daad82ecd8b4ea1f67d2acb0554c8543a8dc33bc67f6b5d9", kill_on_drop: false }`
[INFO] running `Command { std: "docker" "rm" "-f" "eb6313dc5db55de9daad82ecd8b4ea1f67d2acb0554c8543a8dc33bc67f6b5d9", kill_on_drop: false }`
[INFO] [stdout] eb6313dc5db55de9daad82ecd8b4ea1f67d2acb0554c8543a8dc33bc67f6b5d9
