[INFO] fetching crate dryoc 0.3.8...
[INFO] testing dryoc-0.3.8 against beta-2021-08-01 for beta-1.55-1
[INFO] extracting crate dryoc 0.3.8 into /workspace/builds/worker-9/source
[INFO] validating manifest of crates.io crate dryoc 0.3.8 on toolchain beta-2021-08-01
[INFO] running `Command { std: "/workspace/cargo-home/bin/cargo" "+beta-2021-08-01" "metadata" "--manifest-path" "Cargo.toml" "--no-deps", kill_on_drop: false }`
[INFO] started tweaking crates.io crate dryoc 0.3.8
[INFO] finished tweaking crates.io crate dryoc 0.3.8
[INFO] tweaked toml for crates.io crate dryoc 0.3.8 written to /workspace/builds/worker-9/source/Cargo.toml
[INFO] running `Command { std: "/workspace/cargo-home/bin/cargo" "+beta-2021-08-01" "generate-lockfile" "--manifest-path" "Cargo.toml" "-Zno-index-update", kill_on_drop: false }`
[INFO] running `Command { std: "/workspace/cargo-home/bin/cargo" "+beta-2021-08-01" "fetch" "--manifest-path" "Cargo.toml", kill_on_drop: false }`
[INFO] [stderr]  Downloading crates ...
[INFO] [stderr]   Downloaded static_assertions v0.1.1
[INFO] running `Command { std: "docker" "create" "-v" "/var/lib/crater-agent-workspace/builds/worker-9/target:/opt/rustwide/target:rw,Z" "-v" "/var/lib/crater-agent-workspace/builds/worker-9/source:/opt/rustwide/workdir:ro,Z" "-v" "/var/lib/crater-agent-workspace/cargo-home:/opt/rustwide/cargo-home:ro,Z" "-v" "/var/lib/crater-agent-workspace/rustup-home:/opt/rustwide/rustup-home:ro,Z" "-e" "SOURCE_DIR=/opt/rustwide/workdir" "-e" "CARGO_TARGET_DIR=/opt/rustwide/target" "-e" "CARGO_HOME=/opt/rustwide/cargo-home" "-e" "RUSTUP_HOME=/opt/rustwide/rustup-home" "-w" "/opt/rustwide/workdir" "-m" "1610612736" "--user" "0:0" "--network" "none" "ghcr.io/rust-lang/crates-build-env/linux@sha256:34b6a614d2c27851fe6cbf88fbd1137609cefab8b10d0615aaeb6fd47975d74e" "/opt/rustwide/cargo-home/bin/cargo" "+beta-2021-08-01" "metadata" "--no-deps" "--format-version=1", kill_on_drop: false }`
[INFO] [stderr] WARNING: Your kernel does not support swap limit capabilities or the cgroup is not mounted. Memory limited without swap.
[INFO] [stdout] c1a13a4e2f3caecfddf162beb4c3e09d2de3e0d197eee77c470fcac0f84128b4
[INFO] running `Command { std: "docker" "start" "-a" "c1a13a4e2f3caecfddf162beb4c3e09d2de3e0d197eee77c470fcac0f84128b4", kill_on_drop: false }`
[INFO] running `Command { std: "docker" "inspect" "c1a13a4e2f3caecfddf162beb4c3e09d2de3e0d197eee77c470fcac0f84128b4", kill_on_drop: false }`
[INFO] running `Command { std: "docker" "rm" "-f" "c1a13a4e2f3caecfddf162beb4c3e09d2de3e0d197eee77c470fcac0f84128b4", kill_on_drop: false }`
[INFO] [stdout] c1a13a4e2f3caecfddf162beb4c3e09d2de3e0d197eee77c470fcac0f84128b4
[INFO] running `Command { std: "docker" "create" "-v" "/var/lib/crater-agent-workspace/builds/worker-9/target:/opt/rustwide/target:rw,Z" "-v" "/var/lib/crater-agent-workspace/builds/worker-9/source:/opt/rustwide/workdir:ro,Z" "-v" "/var/lib/crater-agent-workspace/cargo-home:/opt/rustwide/cargo-home:ro,Z" "-v" "/var/lib/crater-agent-workspace/rustup-home:/opt/rustwide/rustup-home:ro,Z" "-e" "SOURCE_DIR=/opt/rustwide/workdir" "-e" "CARGO_TARGET_DIR=/opt/rustwide/target" "-e" "CARGO_INCREMENTAL=0" "-e" "RUST_BACKTRACE=full" "-e" "RUSTFLAGS=--cap-lints=warn" "-e" "CARGO_HOME=/opt/rustwide/cargo-home" "-e" "RUSTUP_HOME=/opt/rustwide/rustup-home" "-w" "/opt/rustwide/workdir" "-m" "1610612736" "--user" "0:0" "--network" "none" "ghcr.io/rust-lang/crates-build-env/linux@sha256:34b6a614d2c27851fe6cbf88fbd1137609cefab8b10d0615aaeb6fd47975d74e" "/opt/rustwide/cargo-home/bin/cargo" "+beta-2021-08-01" "build" "--frozen" "--message-format=json", kill_on_drop: false }`
[INFO] [stdout] 04c006ddb5b2467f791a349e1b577225f19b025a294b3365ed7617411f5f9058
[INFO] [stderr] WARNING: Your kernel does not support swap limit capabilities or the cgroup is not mounted. Memory limited without swap.
[INFO] running `Command { std: "docker" "start" "-a" "04c006ddb5b2467f791a349e1b577225f19b025a294b3365ed7617411f5f9058", kill_on_drop: false }`
[INFO] [stderr]    Compiling version_check v0.9.3
[INFO] [stderr]    Compiling unicode-xid v0.2.2
[INFO] [stderr]    Compiling cfg-if v1.0.0
[INFO] [stderr]    Compiling byteorder v1.4.3
[INFO] [stderr]    Compiling opaque-debug v0.3.0
[INFO] [stderr]    Compiling cpufeatures v0.1.5
[INFO] [stderr]    Compiling subtle v2.4.1
[INFO] [stderr]    Compiling lazy_static v1.4.0
[INFO] [stderr]    Compiling typenum v1.13.0
[INFO] [stderr]    Compiling libc v0.2.98
[INFO] [stderr]    Compiling proc-macro2 v1.0.28
[INFO] [stderr]    Compiling generic-array v0.14.4
[INFO] [stderr]    Compiling quote v1.0.9
[INFO] [stderr]    Compiling getrandom v0.1.16
[INFO] [stderr]    Compiling rand_core v0.5.1
[INFO] [stderr]    Compiling syn v1.0.74
[INFO] [stderr]    Compiling digest v0.9.0
[INFO] [stderr]    Compiling cipher v0.2.5
[INFO] [stderr]    Compiling block-buffer v0.9.0
[INFO] [stderr]    Compiling sha2 v0.9.5
[INFO] [stderr]    Compiling salsa20 v0.7.2
[INFO] [stderr]    Compiling chacha20 v0.6.0
[INFO] [stderr]    Compiling synstructure v0.12.5
[INFO] [stderr]    Compiling zeroize_derive v1.1.0
[INFO] [stderr]    Compiling zeroize v1.4.1
[INFO] [stderr]    Compiling curve25519-dalek v3.2.0
[INFO] [stderr]    Compiling dryoc v0.3.8 (/opt/rustwide/workdir)
[INFO] [stderr]     Finished dev [unoptimized + debuginfo] target(s) in 32.87s
[INFO] running `Command { std: "docker" "inspect" "04c006ddb5b2467f791a349e1b577225f19b025a294b3365ed7617411f5f9058", kill_on_drop: false }`
[INFO] running `Command { std: "docker" "rm" "-f" "04c006ddb5b2467f791a349e1b577225f19b025a294b3365ed7617411f5f9058", kill_on_drop: false }`
[INFO] [stdout] 04c006ddb5b2467f791a349e1b577225f19b025a294b3365ed7617411f5f9058
[INFO] running `Command { std: "docker" "create" "-v" "/var/lib/crater-agent-workspace/builds/worker-9/target:/opt/rustwide/target:rw,Z" "-v" "/var/lib/crater-agent-workspace/builds/worker-9/source:/opt/rustwide/workdir:ro,Z" "-v" "/var/lib/crater-agent-workspace/cargo-home:/opt/rustwide/cargo-home:ro,Z" "-v" "/var/lib/crater-agent-workspace/rustup-home:/opt/rustwide/rustup-home:ro,Z" "-e" "SOURCE_DIR=/opt/rustwide/workdir" "-e" "CARGO_TARGET_DIR=/opt/rustwide/target" "-e" "CARGO_INCREMENTAL=0" "-e" "RUST_BACKTRACE=full" "-e" "RUSTFLAGS=--cap-lints=warn" "-e" "CARGO_HOME=/opt/rustwide/cargo-home" "-e" "RUSTUP_HOME=/opt/rustwide/rustup-home" "-w" "/opt/rustwide/workdir" "-m" "1610612736" "--user" "0:0" "--network" "none" "ghcr.io/rust-lang/crates-build-env/linux@sha256:34b6a614d2c27851fe6cbf88fbd1137609cefab8b10d0615aaeb6fd47975d74e" "/opt/rustwide/cargo-home/bin/cargo" "+beta-2021-08-01" "test" "--frozen" "--no-run" "--message-format=json", kill_on_drop: false }`
[INFO] [stderr] WARNING: Your kernel does not support swap limit capabilities or the cgroup is not mounted. Memory limited without swap.
[INFO] [stdout] 1453797f2818435df78493be9ef20be909cf05e1d0498a817541c7fee4ca9c30
[INFO] running `Command { std: "docker" "start" "-a" "1453797f2818435df78493be9ef20be909cf05e1d0498a817541c7fee4ca9c30", kill_on_drop: false }`
[INFO] [stderr]    Compiling same-file v1.0.6
[INFO] [stderr]    Compiling cc v1.0.69
[INFO] [stderr]    Compiling pkg-config v0.3.19
[INFO] [stderr]    Compiling signature v1.3.1
[INFO] [stderr]    Compiling itoa v0.4.7
[INFO] [stderr]    Compiling hex v0.4.3
[INFO] [stderr]    Compiling base64 v0.13.0
[INFO] [stderr]    Compiling static_assertions v0.1.1
[INFO] [stderr]    Compiling ryu v1.0.5
[INFO] [stderr]    Compiling serde_derive v1.0.127
[INFO] [stderr]    Compiling ed25519 v1.2.0
[INFO] [stderr]    Compiling walkdir v2.3.2
[INFO] [stderr]    Compiling libsodium-sys v0.2.7
[INFO] [stderr]    Compiling serde v1.0.127
[INFO] [stderr]    Compiling serde_json v1.0.66
[INFO] [stderr]    Compiling bincode v1.3.3
[INFO] [stderr]    Compiling sodiumoxide v0.2.7
[INFO] [stderr]    Compiling dryoc v0.3.8 (/opt/rustwide/workdir)
[INFO] [stdout] error[E0599]: no function or associated item named `from_slice` found for struct `sodiumoxide::crypto::sign::Signature` in the current scope
[INFO] [stdout]    --> src/classic/crypto_sign.rs:278:35
[INFO] [stdout]     |
[INFO] [stdout] 278 |                 &sign::Signature::from_slice(&signature).expect("signature failed"),
[INFO] [stdout]     |                                   ^^^^^^^^^^ function or associated item not found in `sodiumoxide::crypto::sign::Signature`
[INFO] [stdout] 
[INFO] [stdout] 
[INFO] [stdout] error[E0616]: field `0` of struct `sodiumoxide::crypto::sign::Signature` is private
[INFO] [stdout]    --> src/classic/crypto_sign.rs:319:48
[INFO] [stdout]     |
[INFO] [stdout] 319 |             assert_eq!(signature, so_signature.0);
[INFO] [stdout]     |                                                ^ private field
[INFO] [stdout] 
[INFO] [stdout] 
[INFO] [stdout] error[E0616]: field `0` of struct `sodiumoxide::crypto::sign::Signature` is private
[INFO] [stdout]    --> src/classic/crypto_sign.rs:321:62
[INFO] [stdout]     |
[INFO] [stdout] 321 |             crypto_sign_final_verify(verifier, &so_signature.0, &public_key)
[INFO] [stdout]     |                                                              ^ private field
[INFO] [stdout] 
[INFO] [stdout] 
[INFO] [stdout] error[E0599]: no function or associated item named `from_slice` found for struct `sodiumoxide::crypto::sign::Signature` in the current scope
[INFO] [stdout]    --> src/classic/crypto_sign.rs:325:35
[INFO] [stdout]     |
[INFO] [stdout] 325 |                 &sign::Signature::from_slice(&signature).expect("signature failed"),
[INFO] [stdout]     |                                   ^^^^^^^^^^ function or associated item not found in `sodiumoxide::crypto::sign::Signature`
[INFO] [stdout] 
[INFO] [stdout] 
[INFO] [stdout] error: aborting due to 4 previous errors
[INFO] [stdout] 
[INFO] [stdout] 
[INFO] [stdout] Some errors have detailed explanations: E0599, E0616.
[INFO] [stdout] 
[INFO] [stdout] For more information about an error, try `rustc --explain E0599`.
[INFO] [stdout] 
[INFO] [stderr] error: could not compile `dryoc` due to 5 previous errors
[INFO] running `Command { std: "docker" "inspect" "1453797f2818435df78493be9ef20be909cf05e1d0498a817541c7fee4ca9c30", kill_on_drop: false }`
[INFO] running `Command { std: "docker" "rm" "-f" "1453797f2818435df78493be9ef20be909cf05e1d0498a817541c7fee4ca9c30", kill_on_drop: false }`
[INFO] [stdout] 1453797f2818435df78493be9ef20be909cf05e1d0498a817541c7fee4ca9c30
