[INFO] fetching crate drone-stm32-map-pieces-8 0.14.0...
[INFO] testing drone-stm32-map-pieces-8-0.14.0 against beta-2021-08-01 for beta-1.55-1
[INFO] extracting crate drone-stm32-map-pieces-8 0.14.0 into /workspace/builds/worker-6/source
[INFO] validating manifest of crates.io crate drone-stm32-map-pieces-8 0.14.0 on toolchain beta-2021-08-01
[INFO] running `Command { std: "/workspace/cargo-home/bin/cargo" "+beta-2021-08-01" "metadata" "--manifest-path" "Cargo.toml" "--no-deps", kill_on_drop: false }`
[INFO] started tweaking crates.io crate drone-stm32-map-pieces-8 0.14.0
[INFO] finished tweaking crates.io crate drone-stm32-map-pieces-8 0.14.0
[INFO] tweaked toml for crates.io crate drone-stm32-map-pieces-8 0.14.0 written to /workspace/builds/worker-6/source/Cargo.toml
[INFO] running `Command { std: "/workspace/cargo-home/bin/cargo" "+beta-2021-08-01" "generate-lockfile" "--manifest-path" "Cargo.toml" "-Zno-index-update", kill_on_drop: false }`
[INFO] running `Command { std: "/workspace/cargo-home/bin/cargo" "+beta-2021-08-01" "fetch" "--manifest-path" "Cargo.toml", kill_on_drop: false }`
[INFO] [stderr]  Downloading crates ...
[INFO] [stderr]   Downloaded drone-macros-core v0.14.3
[INFO] [stderr]   Downloaded drone-cortexm-macros v0.14.1
[INFO] [stderr]   Downloaded drone-config v0.14.0
[INFO] [stderr]   Downloaded drone-ctypes v0.14.3
[INFO] [stderr]   Downloaded drone-core-macros v0.14.3
[INFO] [stderr]   Downloaded drone-cortexm v0.14.1
[INFO] [stderr]   Downloaded drone-core v0.14.3
[INFO] [stderr]   Downloaded drone-stm32-map-svd v0.14.0
[INFO] running `Command { std: "docker" "create" "-v" "/var/lib/crater-agent-workspace/builds/worker-6/target:/opt/rustwide/target:rw,Z" "-v" "/var/lib/crater-agent-workspace/builds/worker-6/source:/opt/rustwide/workdir:ro,Z" "-v" "/var/lib/crater-agent-workspace/cargo-home:/opt/rustwide/cargo-home:ro,Z" "-v" "/var/lib/crater-agent-workspace/rustup-home:/opt/rustwide/rustup-home:ro,Z" "-e" "SOURCE_DIR=/opt/rustwide/workdir" "-e" "CARGO_TARGET_DIR=/opt/rustwide/target" "-e" "CARGO_HOME=/opt/rustwide/cargo-home" "-e" "RUSTUP_HOME=/opt/rustwide/rustup-home" "-w" "/opt/rustwide/workdir" "-m" "1610612736" "--user" "0:0" "--network" "none" "ghcr.io/rust-lang/crates-build-env/linux@sha256:34b6a614d2c27851fe6cbf88fbd1137609cefab8b10d0615aaeb6fd47975d74e" "/opt/rustwide/cargo-home/bin/cargo" "+beta-2021-08-01" "metadata" "--no-deps" "--format-version=1", kill_on_drop: false }`
[INFO] [stdout] c29a40308ba5a282d61bd5e5fe95380dc0c921b45fa207f432c4599d59a0f1e8
[INFO] [stderr] WARNING: Your kernel does not support swap limit capabilities or the cgroup is not mounted. Memory limited without swap.
[INFO] running `Command { std: "docker" "start" "-a" "c29a40308ba5a282d61bd5e5fe95380dc0c921b45fa207f432c4599d59a0f1e8", kill_on_drop: false }`
[INFO] running `Command { std: "docker" "inspect" "c29a40308ba5a282d61bd5e5fe95380dc0c921b45fa207f432c4599d59a0f1e8", kill_on_drop: false }`
[INFO] running `Command { std: "docker" "rm" "-f" "c29a40308ba5a282d61bd5e5fe95380dc0c921b45fa207f432c4599d59a0f1e8", kill_on_drop: false }`
[INFO] [stdout] c29a40308ba5a282d61bd5e5fe95380dc0c921b45fa207f432c4599d59a0f1e8
[INFO] running `Command { std: "docker" "create" "-v" "/var/lib/crater-agent-workspace/builds/worker-6/target:/opt/rustwide/target:rw,Z" "-v" "/var/lib/crater-agent-workspace/builds/worker-6/source:/opt/rustwide/workdir:ro,Z" "-v" "/var/lib/crater-agent-workspace/cargo-home:/opt/rustwide/cargo-home:ro,Z" "-v" "/var/lib/crater-agent-workspace/rustup-home:/opt/rustwide/rustup-home:ro,Z" "-e" "SOURCE_DIR=/opt/rustwide/workdir" "-e" "CARGO_TARGET_DIR=/opt/rustwide/target" "-e" "CARGO_INCREMENTAL=0" "-e" "RUST_BACKTRACE=full" "-e" "RUSTFLAGS=--cap-lints=warn" "-e" "CARGO_HOME=/opt/rustwide/cargo-home" "-e" "RUSTUP_HOME=/opt/rustwide/rustup-home" "-w" "/opt/rustwide/workdir" "-m" "1610612736" "--user" "0:0" "--network" "none" "ghcr.io/rust-lang/crates-build-env/linux@sha256:34b6a614d2c27851fe6cbf88fbd1137609cefab8b10d0615aaeb6fd47975d74e" "/opt/rustwide/cargo-home/bin/cargo" "+beta-2021-08-01" "build" "--frozen" "--message-format=json", kill_on_drop: false }`
[INFO] [stdout] b264eb84998c4a4bd541913ef9850c87356f8837b22eb69ed3537b993b6b1fae
[INFO] [stderr] WARNING: Your kernel does not support swap limit capabilities or the cgroup is not mounted. Memory limited without swap.
[INFO] running `Command { std: "docker" "start" "-a" "b264eb84998c4a4bd541913ef9850c87356f8837b22eb69ed3537b993b6b1fae", kill_on_drop: false }`
[INFO] [stderr]    Compiling drone-ctypes v0.14.3
[INFO] [stderr]    Compiling drone-macros-core v0.14.3
[INFO] [stderr]    Compiling futures v0.3.16
[INFO] [stderr]    Compiling drone-svd v0.14.0
[INFO] [stderr]    Compiling drone-config v0.14.0
[INFO] [stdout] error[E0554]: `#![feature]` may not be used on the beta release channel
[INFO] [stdout]   --> /opt/rustwide/cargo-home/registry/src/github.com-1ecc6299db9ec823/drone-svd-0.14.0/src/lib.rs:17:1
[INFO] [stdout]    |
[INFO] [stdout] 17 | #![feature(bool_to_option)]
[INFO] [stdout]    | ^^^^^^^^^^^^^^^^^^^^^^^^^^^
[INFO] [stdout] 
[INFO] [stdout] 
[INFO] [stdout] error[E0554]: `#![feature]` may not be used on the beta release channel
[INFO] [stdout]   --> /opt/rustwide/cargo-home/registry/src/github.com-1ecc6299db9ec823/drone-svd-0.14.0/src/lib.rs:18:1
[INFO] [stdout]    |
[INFO] [stdout] 18 | #![feature(cell_update)]
[INFO] [stdout]    | ^^^^^^^^^^^^^^^^^^^^^^^^
[INFO] [stdout] 
[INFO] [stdout] 
[INFO] [stdout] error[E0554]: `#![feature]` may not be used on the beta release channel
[INFO] [stdout]   --> /opt/rustwide/cargo-home/registry/src/github.com-1ecc6299db9ec823/drone-svd-0.14.0/src/lib.rs:19:1
[INFO] [stdout]    |
[INFO] [stdout] 19 | #![feature(generator_trait)]
[INFO] [stdout]    | ^^^^^^^^^^^^^^^^^^^^^^^^^^^^
[INFO] [stdout] 
[INFO] [stdout] 
[INFO] [stdout] error[E0554]: `#![feature]` may not be used on the beta release channel
[INFO] [stdout]   --> /opt/rustwide/cargo-home/registry/src/github.com-1ecc6299db9ec823/drone-svd-0.14.0/src/lib.rs:20:1
[INFO] [stdout]    |
[INFO] [stdout] 20 | #![feature(generators)]
[INFO] [stdout]    | ^^^^^^^^^^^^^^^^^^^^^^^
[INFO] [stdout] 
[INFO] [stdout] 
[INFO] [stderr]    Compiling drone-cortexm-macros v0.14.1
[INFO] [stdout] error: aborting due to 4 previous errors
[INFO] [stdout] 
[INFO] [stdout] 
[INFO] [stdout] For more information about this error, try `rustc --explain E0554`.
[INFO] [stdout] 
[INFO] [stderr] error: could not compile `drone-svd` due to 5 previous errors
[INFO] [stderr] warning: build failed, waiting for other jobs to finish...
[INFO] [stderr] error: build failed
[INFO] running `Command { std: "docker" "inspect" "b264eb84998c4a4bd541913ef9850c87356f8837b22eb69ed3537b993b6b1fae", kill_on_drop: false }`
[INFO] running `Command { std: "docker" "rm" "-f" "b264eb84998c4a4bd541913ef9850c87356f8837b22eb69ed3537b993b6b1fae", kill_on_drop: false }`
[INFO] [stdout] b264eb84998c4a4bd541913ef9850c87356f8837b22eb69ed3537b993b6b1fae
