[INFO] fetching crate drogue-grove-uart-spi 0.1.0...
[INFO] testing drogue-grove-uart-spi-0.1.0 against beta-2021-08-01 for beta-1.55-1
[INFO] extracting crate drogue-grove-uart-spi 0.1.0 into /workspace/builds/worker-2/source
[INFO] validating manifest of crates.io crate drogue-grove-uart-spi 0.1.0 on toolchain beta-2021-08-01
[INFO] running `Command { std: "/workspace/cargo-home/bin/cargo" "+beta-2021-08-01" "metadata" "--manifest-path" "Cargo.toml" "--no-deps", kill_on_drop: false }`
[INFO] removed /workspace/builds/worker-2/source/.cargo/config
[INFO] started tweaking crates.io crate drogue-grove-uart-spi 0.1.0
[INFO] finished tweaking crates.io crate drogue-grove-uart-spi 0.1.0
[INFO] tweaked toml for crates.io crate drogue-grove-uart-spi 0.1.0 written to /workspace/builds/worker-2/source/Cargo.toml
[INFO] crate crates.io crate drogue-grove-uart-spi 0.1.0 already has a lockfile, it will not be regenerated
[INFO] running `Command { std: "/workspace/cargo-home/bin/cargo" "+beta-2021-08-01" "fetch" "--manifest-path" "Cargo.toml", kill_on_drop: false }`
[INFO] [stderr]  Downloading crates ...
[INFO] [stderr]   Downloaded stm32f4xx-hal v0.8.3
[INFO] [stderr]   Downloaded panic-rtt-target v0.1.1
[INFO] [stderr]   Downloaded stm32f4 v0.11.0
[INFO] [stderr]   Downloaded rtt-logger v0.1.0
[INFO] [stderr]   Downloaded sx127x_lora v0.3.1
[INFO] running `Command { std: "docker" "create" "-v" "/var/lib/crater-agent-workspace/builds/worker-2/target:/opt/rustwide/target:rw,Z" "-v" "/var/lib/crater-agent-workspace/builds/worker-2/source:/opt/rustwide/workdir:ro,Z" "-v" "/var/lib/crater-agent-workspace/cargo-home:/opt/rustwide/cargo-home:ro,Z" "-v" "/var/lib/crater-agent-workspace/rustup-home:/opt/rustwide/rustup-home:ro,Z" "-e" "SOURCE_DIR=/opt/rustwide/workdir" "-e" "CARGO_TARGET_DIR=/opt/rustwide/target" "-e" "CARGO_HOME=/opt/rustwide/cargo-home" "-e" "RUSTUP_HOME=/opt/rustwide/rustup-home" "-w" "/opt/rustwide/workdir" "-m" "1610612736" "--user" "0:0" "--network" "none" "ghcr.io/rust-lang/crates-build-env/linux@sha256:34b6a614d2c27851fe6cbf88fbd1137609cefab8b10d0615aaeb6fd47975d74e" "/opt/rustwide/cargo-home/bin/cargo" "+beta-2021-08-01" "metadata" "--no-deps" "--format-version=1", kill_on_drop: false }`
[INFO] [stdout] 92f861b7a3da0e6b6251f243eb3f1b9c0959ce95a4275cba8b290d5c38537f80
[INFO] [stderr] WARNING: Your kernel does not support swap limit capabilities or the cgroup is not mounted. Memory limited without swap.
[INFO] running `Command { std: "docker" "start" "-a" "92f861b7a3da0e6b6251f243eb3f1b9c0959ce95a4275cba8b290d5c38537f80", kill_on_drop: false }`
[INFO] running `Command { std: "docker" "inspect" "92f861b7a3da0e6b6251f243eb3f1b9c0959ce95a4275cba8b290d5c38537f80", kill_on_drop: false }`
[INFO] running `Command { std: "docker" "rm" "-f" "92f861b7a3da0e6b6251f243eb3f1b9c0959ce95a4275cba8b290d5c38537f80", kill_on_drop: false }`
[INFO] [stdout] 92f861b7a3da0e6b6251f243eb3f1b9c0959ce95a4275cba8b290d5c38537f80
[INFO] running `Command { std: "docker" "create" "-v" "/var/lib/crater-agent-workspace/builds/worker-2/target:/opt/rustwide/target:rw,Z" "-v" "/var/lib/crater-agent-workspace/builds/worker-2/source:/opt/rustwide/workdir:ro,Z" "-v" "/var/lib/crater-agent-workspace/cargo-home:/opt/rustwide/cargo-home:ro,Z" "-v" "/var/lib/crater-agent-workspace/rustup-home:/opt/rustwide/rustup-home:ro,Z" "-e" "SOURCE_DIR=/opt/rustwide/workdir" "-e" "CARGO_TARGET_DIR=/opt/rustwide/target" "-e" "CARGO_INCREMENTAL=0" "-e" "RUST_BACKTRACE=full" "-e" "RUSTFLAGS=--cap-lints=warn" "-e" "CARGO_HOME=/opt/rustwide/cargo-home" "-e" "RUSTUP_HOME=/opt/rustwide/rustup-home" "-w" "/opt/rustwide/workdir" "-m" "1610612736" "--user" "0:0" "--network" "none" "ghcr.io/rust-lang/crates-build-env/linux@sha256:34b6a614d2c27851fe6cbf88fbd1137609cefab8b10d0615aaeb6fd47975d74e" "/opt/rustwide/cargo-home/bin/cargo" "+beta-2021-08-01" "build" "--frozen" "--message-format=json", kill_on_drop: false }`
[INFO] [stdout] 97e41d574d40d40ad8c4631a17dba0be61ee9b8101498be6683628f61756f963
[INFO] [stderr] WARNING: Your kernel does not support swap limit capabilities or the cgroup is not mounted. Memory limited without swap.
[INFO] running `Command { std: "docker" "start" "-a" "97e41d574d40d40ad8c4631a17dba0be61ee9b8101498be6683628f61756f963", kill_on_drop: false }`
[INFO] [stderr]    Compiling drogue-grove-uart-spi v0.1.0 (/opt/rustwide/workdir)
[INFO] [stderr]    Compiling embedded-hal v0.2.4
[INFO] [stderr]     Finished dev [unoptimized + debuginfo] target(s) in 0.81s
[INFO] running `Command { std: "docker" "inspect" "97e41d574d40d40ad8c4631a17dba0be61ee9b8101498be6683628f61756f963", kill_on_drop: false }`
[INFO] running `Command { std: "docker" "rm" "-f" "97e41d574d40d40ad8c4631a17dba0be61ee9b8101498be6683628f61756f963", kill_on_drop: false }`
[INFO] [stdout] 97e41d574d40d40ad8c4631a17dba0be61ee9b8101498be6683628f61756f963
[INFO] running `Command { std: "docker" "create" "-v" "/var/lib/crater-agent-workspace/builds/worker-2/target:/opt/rustwide/target:rw,Z" "-v" "/var/lib/crater-agent-workspace/builds/worker-2/source:/opt/rustwide/workdir:ro,Z" "-v" "/var/lib/crater-agent-workspace/cargo-home:/opt/rustwide/cargo-home:ro,Z" "-v" "/var/lib/crater-agent-workspace/rustup-home:/opt/rustwide/rustup-home:ro,Z" "-e" "SOURCE_DIR=/opt/rustwide/workdir" "-e" "CARGO_TARGET_DIR=/opt/rustwide/target" "-e" "CARGO_INCREMENTAL=0" "-e" "RUST_BACKTRACE=full" "-e" "RUSTFLAGS=--cap-lints=warn" "-e" "CARGO_HOME=/opt/rustwide/cargo-home" "-e" "RUSTUP_HOME=/opt/rustwide/rustup-home" "-w" "/opt/rustwide/workdir" "-m" "1610612736" "--user" "0:0" "--network" "none" "ghcr.io/rust-lang/crates-build-env/linux@sha256:34b6a614d2c27851fe6cbf88fbd1137609cefab8b10d0615aaeb6fd47975d74e" "/opt/rustwide/cargo-home/bin/cargo" "+beta-2021-08-01" "test" "--frozen" "--no-run" "--message-format=json", kill_on_drop: false }`
[INFO] [stdout] 900a1482a9eb4986cf8039725f975744ea7fcd9472d3af609e1518770e23e38f
[INFO] [stderr] WARNING: Your kernel does not support swap limit capabilities or the cgroup is not mounted. Memory limited without swap.
[INFO] running `Command { std: "docker" "start" "-a" "900a1482a9eb4986cf8039725f975744ea7fcd9472d3af609e1518770e23e38f", kill_on_drop: false }`
[INFO] [stderr]    Compiling cortex-m v0.6.3
[INFO] [stderr]    Compiling syn v1.0.44
[INFO] [stderr]    Compiling vcell v0.1.2
[INFO] [stderr]    Compiling cortex-m-rt v0.6.13
[INFO] [stderr]    Compiling byteorder v1.3.4
[INFO] [stderr]    Compiling stm32f4 v0.11.0
[INFO] [stderr]    Compiling ufmt-write v0.1.0
[INFO] [stderr]    Compiling stm32f7 v0.11.0
[INFO] [stderr]    Compiling heapless v0.5.6
[INFO] [stderr]    Compiling micromath v1.1.0
[INFO] [stderr]    Compiling bit_field v0.9.0
[INFO] [stderr]    Compiling rand_core v0.5.1
[INFO] [stderr]    Compiling rtic-core v0.3.0
[INFO] [stderr]    Compiling indexmap v1.6.0
[INFO] [stderr]    Compiling cortex-m-rtic v0.5.5
[INFO] [stderr]    Compiling cast v0.2.3
[INFO] [stderr]    Compiling volatile-register v0.2.0
[INFO] [stderr]    Compiling as-slice v0.1.4
[INFO] [stderr]    Compiling sx127x_lora v0.3.1
[INFO] [stderr]    Compiling aligned v0.3.4
[INFO] [stderr]    Compiling hash32 v0.1.1
[INFO] [stderr]    Compiling rtt-target v0.2.2
[INFO] [stderr]    Compiling panic-rtt-target v0.1.1
[INFO] [stderr]    Compiling rtt-logger v0.1.0
[INFO] [stderr]    Compiling rtic-syntax v0.4.0
[INFO] [stderr]    Compiling cortex-m-rt-macros v0.1.8
[INFO] [stderr]    Compiling cortex-m-rtic-macros v0.5.2
[INFO] [stderr]    Compiling stm32f4xx-hal v0.8.3
[INFO] [stderr]    Compiling stm32f7xx-hal v0.2.0
[INFO] [stderr]    Compiling drogue-grove-uart-spi v0.1.0 (/opt/rustwide/workdir)
[INFO] [stdout] error[E0433]: failed to resolve: use of undeclared crate or module `hal`
[INFO] [stdout]   --> examples/lora.rs:33:5
[INFO] [stdout]    |
[INFO] [stdout] 33 | use hal::serial::config::{Parity, StopBits, WordLength};
[INFO] [stdout]    |     ^^^ use of undeclared crate or module `hal`
[INFO] [stdout] 
[INFO] [stdout] 
[INFO] [stdout] error[E0433]: failed to resolve: use of undeclared crate or module `hal`
[INFO] [stdout]   --> examples/lora.rs:34:5
[INFO] [stdout]    |
[INFO] [stdout] 34 | use hal::{
[INFO] [stdout]    |     ^^^ use of undeclared crate or module `hal`
[INFO] [stdout] 
[INFO] [stdout] 
[INFO] [stdout] error: cannot find attribute `entry` in this scope
[INFO] [stdout]   --> examples/lora.rs:50:3
[INFO] [stdout]    |
[INFO] [stdout] 50 | #[entry]
[INFO] [stdout]    |   ^^^^^
[INFO] [stdout] 
[INFO] [stdout] 
[INFO] [stdout] error[E0433]: failed to resolve: use of undeclared type `DevicePeripherals`
[INFO] [stdout]   --> examples/lora.rs:57:13
[INFO] [stdout]    |
[INFO] [stdout] 57 |     let p = DevicePeripherals::take().unwrap();
[INFO] [stdout]    |             ^^^^^^^^^^^^^^^^^ use of undeclared type `DevicePeripherals`
[INFO] [stdout] 
[INFO] [stdout] 
[INFO] [stdout] error[E0433]: failed to resolve: use of undeclared type `Delay`
[INFO] [stdout]   --> examples/lora.rs:75:17
[INFO] [stdout]    |
[INFO] [stdout] 75 |     let delay = Delay::new(cp.SYST, clocks);
[INFO] [stdout]    |                 ^^^^^ not found in this scope
[INFO] [stdout]    |
[INFO] [stdout] help: consider importing one of these items
[INFO] [stdout]    |
[INFO] [stdout] 11 | use stm32f4xx_hal::delay::Delay;
[INFO] [stdout]    |
[INFO] [stdout] 11 | use stm32f4xx_hal::dwt::Delay;
[INFO] [stdout]    |
[INFO] [stdout] 11 | use stm32f7xx_hal::delay::Delay;
[INFO] [stdout]    |
[INFO] [stdout] 
[INFO] [stdout] 
[INFO] [stdout] error[E0425]: cannot find value `clocks` in this scope
[INFO] [stdout]   --> examples/lora.rs:75:37
[INFO] [stdout]    |
[INFO] [stdout] 75 |     let delay = Delay::new(cp.SYST, clocks);
[INFO] [stdout]    |                                     ^^^^^^ not found in this scope
[INFO] [stdout] 
[INFO] [stdout] 
[INFO] [stdout] error[E0425]: cannot find value `serial` in this scope
[INFO] [stdout]   --> examples/lora.rs:97:28
[INFO] [stdout]    |
[INFO] [stdout] 97 |     let spi = UARTSPI::new(serial);
[INFO] [stdout]    |                            ^^^^^^ not found in this scope
[INFO] [stdout] 
[INFO] [stdout] 
[INFO] [stdout] error: language item required, but not found: `eh_personality`
[INFO] [stdout] 
[INFO] [stdout] 
[INFO] [stdout] error: aborting due to 8 previous errors
[INFO] [stdout] 
[INFO] [stdout] 
[INFO] [stdout] Some errors have detailed explanations: E0425, E0433.
[INFO] [stdout] 
[INFO] [stdout] For more information about an error, try `rustc --explain E0425`.
[INFO] [stdout] 
[INFO] [stderr] error: could not compile `drogue-grove-uart-spi` due to 9 previous errors
[INFO] [stderr] warning: build failed, waiting for other jobs to finish...
[INFO] [stderr] error: build failed
[INFO] running `Command { std: "docker" "inspect" "900a1482a9eb4986cf8039725f975744ea7fcd9472d3af609e1518770e23e38f", kill_on_drop: false }`
[INFO] running `Command { std: "docker" "rm" "-f" "900a1482a9eb4986cf8039725f975744ea7fcd9472d3af609e1518770e23e38f", kill_on_drop: false }`
[INFO] [stdout] 900a1482a9eb4986cf8039725f975744ea7fcd9472d3af609e1518770e23e38f
