[INFO] fetching crate drogue-bme680 0.3.0...
[INFO] testing drogue-bme680-0.3.0 against beta-2021-08-01 for beta-1.55-1
[INFO] extracting crate drogue-bme680 0.3.0 into /workspace/builds/worker-0/source
[INFO] validating manifest of crates.io crate drogue-bme680 0.3.0 on toolchain beta-2021-08-01
[INFO] running `Command { std: "/workspace/cargo-home/bin/cargo" "+beta-2021-08-01" "metadata" "--manifest-path" "Cargo.toml" "--no-deps", kill_on_drop: false }`
[INFO] started tweaking crates.io crate drogue-bme680 0.3.0
[INFO] finished tweaking crates.io crate drogue-bme680 0.3.0
[INFO] tweaked toml for crates.io crate drogue-bme680 0.3.0 written to /workspace/builds/worker-0/source/Cargo.toml
[INFO] crate crates.io crate drogue-bme680 0.3.0 already has a lockfile, it will not be regenerated
[INFO] running `Command { std: "/workspace/cargo-home/bin/cargo" "+beta-2021-08-01" "fetch" "--manifest-path" "Cargo.toml", kill_on_drop: false }`
[INFO] [stderr]     Blocking waiting for file lock on package cache
[INFO] [stderr]     Blocking waiting for file lock on package cache
[INFO] [stderr]  Downloading crates ...
[INFO] [stderr]   Downloaded drogue-embedded-timer v0.2.0
[INFO] [stderr]   Downloaded embedded-time v0.10.0
[INFO] running `Command { std: "docker" "create" "-v" "/var/lib/crater-agent-workspace/builds/worker-0/target:/opt/rustwide/target:rw,Z" "-v" "/var/lib/crater-agent-workspace/builds/worker-0/source:/opt/rustwide/workdir:ro,Z" "-v" "/var/lib/crater-agent-workspace/cargo-home:/opt/rustwide/cargo-home:ro,Z" "-v" "/var/lib/crater-agent-workspace/rustup-home:/opt/rustwide/rustup-home:ro,Z" "-e" "SOURCE_DIR=/opt/rustwide/workdir" "-e" "CARGO_TARGET_DIR=/opt/rustwide/target" "-e" "CARGO_HOME=/opt/rustwide/cargo-home" "-e" "RUSTUP_HOME=/opt/rustwide/rustup-home" "-w" "/opt/rustwide/workdir" "-m" "1610612736" "--user" "0:0" "--network" "none" "ghcr.io/rust-lang/crates-build-env/linux@sha256:34b6a614d2c27851fe6cbf88fbd1137609cefab8b10d0615aaeb6fd47975d74e" "/opt/rustwide/cargo-home/bin/cargo" "+beta-2021-08-01" "metadata" "--no-deps" "--format-version=1", kill_on_drop: false }`
[INFO] [stdout] 65a1cfc6f0604836241fb970ba09b8b8df27cf2e8165f04f1617cb5304cbec62
[INFO] [stderr] WARNING: Your kernel does not support swap limit capabilities or the cgroup is not mounted. Memory limited without swap.
[INFO] running `Command { std: "docker" "start" "-a" "65a1cfc6f0604836241fb970ba09b8b8df27cf2e8165f04f1617cb5304cbec62", kill_on_drop: false }`
[INFO] running `Command { std: "docker" "inspect" "65a1cfc6f0604836241fb970ba09b8b8df27cf2e8165f04f1617cb5304cbec62", kill_on_drop: false }`
[INFO] running `Command { std: "docker" "rm" "-f" "65a1cfc6f0604836241fb970ba09b8b8df27cf2e8165f04f1617cb5304cbec62", kill_on_drop: false }`
[INFO] [stdout] 65a1cfc6f0604836241fb970ba09b8b8df27cf2e8165f04f1617cb5304cbec62
[INFO] running `Command { std: "docker" "create" "-v" "/var/lib/crater-agent-workspace/builds/worker-0/target:/opt/rustwide/target:rw,Z" "-v" "/var/lib/crater-agent-workspace/builds/worker-0/source:/opt/rustwide/workdir:ro,Z" "-v" "/var/lib/crater-agent-workspace/cargo-home:/opt/rustwide/cargo-home:ro,Z" "-v" "/var/lib/crater-agent-workspace/rustup-home:/opt/rustwide/rustup-home:ro,Z" "-e" "SOURCE_DIR=/opt/rustwide/workdir" "-e" "CARGO_TARGET_DIR=/opt/rustwide/target" "-e" "CARGO_INCREMENTAL=0" "-e" "RUST_BACKTRACE=full" "-e" "RUSTFLAGS=--cap-lints=warn" "-e" "CARGO_HOME=/opt/rustwide/cargo-home" "-e" "RUSTUP_HOME=/opt/rustwide/rustup-home" "-w" "/opt/rustwide/workdir" "-m" "1610612736" "--user" "0:0" "--network" "none" "ghcr.io/rust-lang/crates-build-env/linux@sha256:34b6a614d2c27851fe6cbf88fbd1137609cefab8b10d0615aaeb6fd47975d74e" "/opt/rustwide/cargo-home/bin/cargo" "+beta-2021-08-01" "build" "--frozen" "--message-format=json", kill_on_drop: false }`
[INFO] [stdout] bf21e96902c2aa4bc921ab93e0b480a8d985d07a2e7cb9c244fdb9274f7e3ab0
[INFO] [stderr] WARNING: Your kernel does not support swap limit capabilities or the cgroup is not mounted. Memory limited without swap.
[INFO] running `Command { std: "docker" "start" "-a" "bf21e96902c2aa4bc921ab93e0b480a8d985d07a2e7cb9c244fdb9274f7e3ab0", kill_on_drop: false }`
[INFO] [stderr]    Compiling version_check v0.9.2
[INFO] [stderr]    Compiling stable_deref_trait v1.2.0
[INFO] [stderr]    Compiling vcell v0.1.2
[INFO] [stderr]    Compiling cortex-m v0.6.3
[INFO] [stderr]    Compiling nb v1.0.0
[INFO] [stderr]    Compiling bitfield v0.13.2
[INFO] [stderr]    Compiling void v1.0.2
[INFO] [stderr]    Compiling num-traits v0.2.12
[INFO] [stderr]    Compiling num-integer v0.1.43
[INFO] [stderr]    Compiling num-rational v0.3.0
[INFO] [stderr]    Compiling num-iter v0.1.41
[INFO] [stderr]    Compiling typenum v1.12.0
[INFO] [stderr]    Compiling bare-metal v0.2.5
[INFO] [stderr]    Compiling log v0.4.11
[INFO] [stderr]    Compiling nb v0.1.3
[INFO] [stderr]    Compiling volatile-register v0.2.0
[INFO] [stderr]    Compiling embedded-hal v0.2.4
[INFO] [stderr]    Compiling generic-array v0.14.4
[INFO] [stderr]    Compiling generic-array v0.12.3
[INFO] [stderr]    Compiling generic-array v0.13.2
[INFO] [stderr]    Compiling as-slice v0.1.4
[INFO] [stderr]    Compiling num-complex v0.3.0
[INFO] [stderr]    Compiling aligned v0.3.4
[INFO] [stderr]    Compiling num v0.3.0
[INFO] [stderr]    Compiling embedded-time v0.10.0
[INFO] [stdout] error[E0284]: type annotations needed: cannot satisfy `<<Clock as Clock>::T as Div<_>>::Output == <Clock as Clock>::T`
[INFO] [stdout]    --> /opt/rustwide/cargo-home/registry/src/github.com-1ecc6299db9ec823/embedded-time-0.10.0/./src/instant.rs:182:66
[INFO] [stdout]     |
[INFO] [stdout] 182 |         if add_ticks <= (<Clock::T as num::Bounded>::max_value() / 2.into()) {
[INFO] [stdout]     |                                                                  ^ cannot satisfy `<<Clock as Clock>::T as Div<_>>::Output == <Clock as Clock>::T`
[INFO] [stdout] 
[INFO] [stdout] 
[INFO] [stdout] error[E0284]: type annotations needed: cannot satisfy `<<Clock as Clock>::T as Div<_>>::Output == <Clock as Clock>::T`
[INFO] [stdout]    --> /opt/rustwide/cargo-home/registry/src/github.com-1ecc6299db9ec823/embedded-time-0.10.0/./src/instant.rs:220:66
[INFO] [stdout]     |
[INFO] [stdout] 220 |         if sub_ticks <= (<Clock::T as num::Bounded>::max_value() / 2.into()) {
[INFO] [stdout]     |                                                                  ^ cannot satisfy `<<Clock as Clock>::T as Div<_>>::Output == <Clock as Clock>::T`
[INFO] [stdout] 
[INFO] [stdout] 
[INFO] [stdout] error[E0284]: type annotations needed: cannot satisfy `<<Clock as Clock>::T as Div<_>>::Output == <Clock as Clock>::T`
[INFO] [stdout]    --> /opt/rustwide/cargo-home/registry/src/github.com-1ecc6299db9ec823/embedded-time-0.10.0/./src/instant.rs:273:60
[INFO] [stdout]     |
[INFO] [stdout] 273 |             .cmp(&(<Clock::T as num::Bounded>::max_value() / 2.into()))
[INFO] [stdout]     |                                                            ^ cannot satisfy `<<Clock as Clock>::T as Div<_>>::Output == <Clock as Clock>::T`
[INFO] [stdout] 
[INFO] [stdout] 
[INFO] [stdout] error: aborting due to 3 previous errors
[INFO] [stdout] 
[INFO] [stdout] 
[INFO] [stdout] For more information about this error, try `rustc --explain E0284`.
[INFO] [stdout] 
[INFO] [stderr] error: could not compile `embedded-time` due to 4 previous errors
[INFO] running `Command { std: "docker" "inspect" "bf21e96902c2aa4bc921ab93e0b480a8d985d07a2e7cb9c244fdb9274f7e3ab0", kill_on_drop: false }`
[INFO] running `Command { std: "docker" "rm" "-f" "bf21e96902c2aa4bc921ab93e0b480a8d985d07a2e7cb9c244fdb9274f7e3ab0", kill_on_drop: false }`
[INFO] [stdout] bf21e96902c2aa4bc921ab93e0b480a8d985d07a2e7cb9c244fdb9274f7e3ab0
