[INFO] fetching crate dittolive-ditto 1.0.7-alpha1...
[INFO] testing dittolive-ditto-1.0.7-alpha1 against beta-2021-08-01 for beta-1.55-1
[INFO] extracting crate dittolive-ditto 1.0.7-alpha1 into /workspace/builds/worker-91/source
[INFO] validating manifest of crates.io crate dittolive-ditto 1.0.7-alpha1 on toolchain beta-2021-08-01
[INFO] running `Command { std: "/workspace/cargo-home/bin/cargo" "+beta-2021-08-01" "metadata" "--manifest-path" "Cargo.toml" "--no-deps", kill_on_drop: false }`
[INFO] removed /workspace/builds/worker-91/source/.cargo/config
[INFO] started tweaking crates.io crate dittolive-ditto 1.0.7-alpha1
[INFO] finished tweaking crates.io crate dittolive-ditto 1.0.7-alpha1
[INFO] tweaked toml for crates.io crate dittolive-ditto 1.0.7-alpha1 written to /workspace/builds/worker-91/source/Cargo.toml
[INFO] crate crates.io crate dittolive-ditto 1.0.7-alpha1 already has a lockfile, it will not be regenerated
[INFO] running `Command { std: "/workspace/cargo-home/bin/cargo" "+beta-2021-08-01" "fetch" "--manifest-path" "Cargo.toml", kill_on_drop: false }`
[INFO] [stderr]     Blocking waiting for file lock on package cache
[INFO] [stderr]     Blocking waiting for file lock on package cache
[INFO] running `Command { std: "docker" "create" "-v" "/var/lib/crater-agent-workspace/builds/worker-91/target:/opt/rustwide/target:rw,Z" "-v" "/var/lib/crater-agent-workspace/builds/worker-91/source:/opt/rustwide/workdir:ro,Z" "-v" "/var/lib/crater-agent-workspace/cargo-home:/opt/rustwide/cargo-home:ro,Z" "-v" "/var/lib/crater-agent-workspace/rustup-home:/opt/rustwide/rustup-home:ro,Z" "-e" "SOURCE_DIR=/opt/rustwide/workdir" "-e" "CARGO_TARGET_DIR=/opt/rustwide/target" "-e" "CARGO_HOME=/opt/rustwide/cargo-home" "-e" "RUSTUP_HOME=/opt/rustwide/rustup-home" "-w" "/opt/rustwide/workdir" "-m" "1610612736" "--user" "0:0" "--network" "none" "ghcr.io/rust-lang/crates-build-env/linux@sha256:34b6a614d2c27851fe6cbf88fbd1137609cefab8b10d0615aaeb6fd47975d74e" "/opt/rustwide/cargo-home/bin/cargo" "+beta-2021-08-01" "metadata" "--no-deps" "--format-version=1", kill_on_drop: false }`
[INFO] [stdout] 7a06d6efd36ccece8aa98d0e4b803575f07ae7ab5db45a3b4943d0400d3b181d
[INFO] running `Command { std: "docker" "start" "-a" "7a06d6efd36ccece8aa98d0e4b803575f07ae7ab5db45a3b4943d0400d3b181d", kill_on_drop: false }`
[INFO] running `Command { std: "docker" "inspect" "7a06d6efd36ccece8aa98d0e4b803575f07ae7ab5db45a3b4943d0400d3b181d", kill_on_drop: false }`
[INFO] running `Command { std: "docker" "rm" "-f" "7a06d6efd36ccece8aa98d0e4b803575f07ae7ab5db45a3b4943d0400d3b181d", kill_on_drop: false }`
[INFO] [stdout] 7a06d6efd36ccece8aa98d0e4b803575f07ae7ab5db45a3b4943d0400d3b181d
[INFO] running `Command { std: "docker" "create" "-v" "/var/lib/crater-agent-workspace/builds/worker-91/target:/opt/rustwide/target:rw,Z" "-v" "/var/lib/crater-agent-workspace/builds/worker-91/source:/opt/rustwide/workdir:ro,Z" "-v" "/var/lib/crater-agent-workspace/cargo-home:/opt/rustwide/cargo-home:ro,Z" "-v" "/var/lib/crater-agent-workspace/rustup-home:/opt/rustwide/rustup-home:ro,Z" "-e" "SOURCE_DIR=/opt/rustwide/workdir" "-e" "CARGO_TARGET_DIR=/opt/rustwide/target" "-e" "CARGO_INCREMENTAL=0" "-e" "RUST_BACKTRACE=full" "-e" "RUSTFLAGS=--cap-lints=warn" "-e" "CARGO_HOME=/opt/rustwide/cargo-home" "-e" "RUSTUP_HOME=/opt/rustwide/rustup-home" "-w" "/opt/rustwide/workdir" "-m" "1610612736" "--user" "0:0" "--network" "none" "ghcr.io/rust-lang/crates-build-env/linux@sha256:34b6a614d2c27851fe6cbf88fbd1137609cefab8b10d0615aaeb6fd47975d74e" "/opt/rustwide/cargo-home/bin/cargo" "+beta-2021-08-01" "build" "--frozen" "--message-format=json", kill_on_drop: false }`
[INFO] [stdout] 21c4456f5694781c5130fdf4fc88ee0c921a0774b05d488d60de9bdbd7ac15b1
[INFO] running `Command { std: "docker" "start" "-a" "21c4456f5694781c5130fdf4fc88ee0c921a0774b05d488d60de9bdbd7ac15b1", kill_on_drop: false }`
[INFO] [stderr]     Blocking waiting for file lock on package cache
[INFO] [stderr]    Compiling proc-macro2 v1.0.27
[INFO] [stderr]    Compiling syn v1.0.73
[INFO] [stderr]    Compiling proc-macro-hack v0.5.19
[INFO] [stderr]    Compiling serde_derive v1.0.126
[INFO] [stderr]    Compiling serde v1.0.126
[INFO] [stderr]    Compiling mini_paste-proc_macro v0.1.11
[INFO] [stderr]    Compiling serde_json v1.0.64
[INFO] [stderr]    Compiling uninit v0.3.0
[INFO] [stderr]    Compiling half v1.7.1
[INFO] [stderr]    Compiling tap v1.0.1
[INFO] [stderr]    Compiling dittolive-ditto-sys v1.0.7-alpha1
[INFO] [stderr]    Compiling time v0.1.43
[INFO] [stderr]    Compiling dirs-sys-next v0.1.2
[INFO] [stderr]    Compiling dirs-next v1.0.2
[INFO] [stderr]    Compiling chrono v0.4.19
[INFO] [stderr]    Compiling mini_paste v0.1.11
[INFO] [stderr]    Compiling quote v1.0.9
[INFO] [stderr]    Compiling safer_ffi-proc_macro v0.0.5
[INFO] [stderr]    Compiling require_unsafe_in_body v0.2.1
[INFO] [stderr]    Compiling safer-ffi v0.0.5
[INFO] [stderr]    Compiling serde_cbor v0.11.1
[INFO] [stderr]    Compiling dittolive-ditto v1.0.7-alpha1 (/opt/rustwide/workdir)
[INFO] [stderr]     Finished dev [unoptimized + debuginfo] target(s) in 24.89s
[INFO] running `Command { std: "docker" "inspect" "21c4456f5694781c5130fdf4fc88ee0c921a0774b05d488d60de9bdbd7ac15b1", kill_on_drop: false }`
[INFO] running `Command { std: "docker" "rm" "-f" "21c4456f5694781c5130fdf4fc88ee0c921a0774b05d488d60de9bdbd7ac15b1", kill_on_drop: false }`
[INFO] [stdout] 21c4456f5694781c5130fdf4fc88ee0c921a0774b05d488d60de9bdbd7ac15b1
[INFO] running `Command { std: "docker" "create" "-v" "/var/lib/crater-agent-workspace/builds/worker-91/target:/opt/rustwide/target:rw,Z" "-v" "/var/lib/crater-agent-workspace/builds/worker-91/source:/opt/rustwide/workdir:ro,Z" "-v" "/var/lib/crater-agent-workspace/cargo-home:/opt/rustwide/cargo-home:ro,Z" "-v" "/var/lib/crater-agent-workspace/rustup-home:/opt/rustwide/rustup-home:ro,Z" "-e" "SOURCE_DIR=/opt/rustwide/workdir" "-e" "CARGO_TARGET_DIR=/opt/rustwide/target" "-e" "CARGO_INCREMENTAL=0" "-e" "RUST_BACKTRACE=full" "-e" "RUSTFLAGS=--cap-lints=warn" "-e" "CARGO_HOME=/opt/rustwide/cargo-home" "-e" "RUSTUP_HOME=/opt/rustwide/rustup-home" "-w" "/opt/rustwide/workdir" "-m" "1610612736" "--user" "0:0" "--network" "none" "ghcr.io/rust-lang/crates-build-env/linux@sha256:34b6a614d2c27851fe6cbf88fbd1137609cefab8b10d0615aaeb6fd47975d74e" "/opt/rustwide/cargo-home/bin/cargo" "+beta-2021-08-01" "test" "--frozen" "--no-run" "--message-format=json", kill_on_drop: false }`
[INFO] [stdout] f8891ecfc12ab695c8e7683a13fe32e4058e85a27afbe130e7ec64412fb945ac
[INFO] running `Command { std: "docker" "start" "-a" "f8891ecfc12ab695c8e7683a13fe32e4058e85a27afbe130e7ec64412fb945ac", kill_on_drop: false }`
[INFO] [stderr]    Compiling syn v1.0.73
[INFO] [stderr]    Compiling crossbeam-utils v0.8.5
[INFO] [stderr]    Compiling semver v1.0.3
[INFO] [stderr]    Compiling crossbeam-epoch v0.9.5
[INFO] [stderr]    Compiling rayon-core v1.9.1
[INFO] [stderr]    Compiling either v1.6.1
[INFO] [stderr]    Compiling futures-core v0.3.15
[INFO] [stderr]    Compiling pin-project-lite v0.2.7
[INFO] [stderr]    Compiling regex-syntax v0.6.25
[INFO] [stderr]    Compiling plotters-backend v0.3.2
[INFO] [stderr]    Compiling regex-automata v0.1.10
[INFO] [stderr]    Compiling same-file v1.0.6
[INFO] [stderr]    Compiling termcolor v1.1.2
[INFO] [stderr]    Compiling oorandom v11.1.3
[INFO] [stderr]    Compiling remove_dir_all v0.5.3
[INFO] [stderr]    Compiling humantime v2.1.0
[INFO] [stderr]    Compiling bytes v1.0.1
[INFO] [stderr]    Compiling memoffset v0.6.4
[INFO] [stderr]    Compiling num-traits v0.2.14
[INFO] [stderr]    Compiling tokio v1.8.1
[INFO] [stderr]    Compiling rayon v1.5.1
[INFO] [stderr]    Compiling tracing-core v0.1.18
[INFO] [stderr]    Compiling csv-core v0.1.10
[INFO] [stderr]    Compiling atty v0.2.14
[INFO] [stderr]    Compiling clap v2.33.3
[INFO] [stderr]    Compiling tempdir v0.3.7
[INFO] [stderr]    Compiling walkdir v2.3.2
[INFO] [stderr]    Compiling itertools v0.9.0
[INFO] [stderr]    Compiling itertools v0.10.1
[INFO] [stderr]    Compiling plotters-svg v0.3.1
[INFO] [stderr]    Compiling crossbeam-channel v0.5.1
[INFO] [stderr]    Compiling rustc_version v0.4.0
[INFO] [stderr]    Compiling crossbeam-deque v0.8.0
[INFO] [stderr]    Compiling cast v0.2.7
[INFO] [stderr]    Compiling regex v1.5.4
[INFO] [stderr]    Compiling num-integer v0.1.44
[INFO] [stderr]    Compiling plotters v0.3.1
[INFO] [stderr]    Compiling criterion-plot v0.4.3
[INFO] [stderr]    Compiling env_logger v0.8.4
[INFO] [stderr]    Compiling serde_derive v1.0.126
[INFO] [stderr]    Compiling require_unsafe_in_body v0.2.1
[INFO] [stderr]    Compiling safer_ffi-proc_macro v0.0.5
[INFO] [stderr]    Compiling tokio-macros v1.3.0
[INFO] [stderr]    Compiling async-stream-impl v0.3.2
[INFO] [stderr]    Compiling fstrings-proc-macro v0.2.3
[INFO] [stderr]    Compiling tracing-attributes v0.1.15
[INFO] [stderr]    Compiling async-stream v0.3.2
[INFO] [stderr]    Compiling safer-ffi v0.0.5
[INFO] [stderr]    Compiling fstrings v0.2.3
[INFO] [stderr]    Compiling tracing v0.1.26
[INFO] [stderr]    Compiling dittolive-ditto-sys v1.0.7-alpha1
[INFO] [stderr]    Compiling tokio-stream v0.1.7
[INFO] [stderr]    Compiling tokio-test v0.4.2
[INFO] [stderr]    Compiling serde v1.0.126
[INFO] [stderr]    Compiling serde_json v1.0.64
[INFO] [stderr]    Compiling serde_cbor v0.11.1
[INFO] [stderr]    Compiling bstr v0.2.16
[INFO] [stderr]    Compiling chrono v0.4.19
[INFO] [stderr]    Compiling uuid v0.8.2
[INFO] [stderr]    Compiling csv v1.1.6
[INFO] [stderr]    Compiling tinytemplate v1.2.1
[INFO] [stderr]    Compiling dittolive-ditto v1.0.7-alpha1 (/opt/rustwide/workdir)
[INFO] [stderr]    Compiling criterion v0.3.4
[INFO] [stdout] error[E0432]: unresolved import `ditto_test_support`
[INFO] [stdout]  --> tests/batch.rs:5:5
[INFO] [stdout]   |
[INFO] [stdout] 5 | use ditto_test_support::ditto_test;
[INFO] [stdout]   |     ^^^^^^^^^^^^^^^^^^ use of undeclared crate or module `ditto_test_support`
[INFO] [stdout] 
[INFO] [stdout] 
[INFO] [stdout] error: cannot determine resolution for the attribute macro `ditto_test`
[INFO] [stdout]   --> tests/batch.rs:10:3
[INFO] [stdout]    |
[INFO] [stdout] 10 | #[ditto_test]
[INFO] [stdout]    |   ^^^^^^^^^^
[INFO] [stdout]    |
[INFO] [stdout]    = note: import resolution is stuck, try simplifying macro imports
[INFO] [stdout] 
[INFO] [stdout] 
[INFO] [stdout] error: cannot determine resolution for the attribute macro `ditto_test`
[INFO] [stdout]   --> tests/batch.rs:67:3
[INFO] [stdout]    |
[INFO] [stdout] 67 | #[ditto_test]
[INFO] [stdout]    |   ^^^^^^^^^^
[INFO] [stdout]    |
[INFO] [stdout]    = note: import resolution is stuck, try simplifying macro imports
[INFO] [stdout] 
[INFO] [stdout] 
[INFO] [stdout] error[E0432]: unresolved import `ditto_test_support`
[INFO] [stdout]  --> tests/timeseries.rs:5:5
[INFO] [stdout]   |
[INFO] [stdout] 5 | use ditto_test_support::ditto_test;
[INFO] [stdout]   |     ^^^^^^^^^^^^^^^^^^ use of undeclared crate or module `ditto_test_support`
[INFO] [stdout] 
[INFO] [stdout] 
[INFO] [stdout] error: cannot determine resolution for the attribute macro `ditto_test`
[INFO] [stdout]  --> tests/timeseries.rs:7:3
[INFO] [stdout]   |
[INFO] [stdout] 7 | #[ditto_test]
[INFO] [stdout]   |   ^^^^^^^^^^
[INFO] [stdout]   |
[INFO] [stdout]   = note: import resolution is stuck, try simplifying macro imports
[INFO] [stdout] 
[INFO] [stdout] 
[INFO] [stdout] error[E0432]: unresolved import `ditto_test_support`
[INFO] [stdout]  --> tests/simple_insert.rs:5:5
[INFO] [stdout]   |
[INFO] [stdout] 5 | use ditto_test_support::ditto_test;
[INFO] [stdout]   |     ^^^^^^^^^^^^^^^^^^ use of undeclared crate or module `ditto_test_support`
[INFO] [stdout] 
[INFO] [stdout] 
[INFO] [stdout] error: cannot determine resolution for the attribute macro `ditto_test`
[INFO] [stdout]   --> tests/simple_insert.rs:10:3
[INFO] [stdout]    |
[INFO] [stdout] 10 | #[ditto_test]
[INFO] [stdout]    |   ^^^^^^^^^^
[INFO] [stdout]    |
[INFO] [stdout]    = note: import resolution is stuck, try simplifying macro imports
[INFO] [stdout] 
[INFO] [stdout] 
[INFO] [stdout] error[E0432]: unresolved import `ditto_test_support`
[INFO] [stdout]   --> tests/everything.rs:11:5
[INFO] [stdout]    |
[INFO] [stdout] 11 | use ditto_test_support::ditto_test;
[INFO] [stdout]    |     ^^^^^^^^^^^^^^^^^^ use of undeclared crate or module `ditto_test_support`
[INFO] [stdout] 
[INFO] [stdout] 
[INFO] [stdout] error: cannot determine resolution for the attribute macro `ditto_test`
[INFO] [stdout]   --> tests/everything.rs:16:3
[INFO] [stdout]    |
[INFO] [stdout] 16 | #[ditto_test]
[INFO] [stdout]    |   ^^^^^^^^^^
[INFO] [stdout]    |
[INFO] [stdout]    = note: import resolution is stuck, try simplifying macro imports
[INFO] [stdout] 
[INFO] [stdout] 
[INFO] [stdout] error[E0432]: unresolved import `ditto_test_support`
[INFO] [stdout]   --> tests/live_query.rs:11:5
[INFO] [stdout]    |
[INFO] [stdout] 11 | use ditto_test_support::ditto_test;
[INFO] [stdout]    |     ^^^^^^^^^^^^^^^^^^ use of undeclared crate or module `ditto_test_support`
[INFO] [stdout] 
[INFO] [stdout] 
[INFO] [stdout] error: cannot determine resolution for the attribute macro `ditto_test`
[INFO] [stdout]   --> tests/live_query.rs:17:3
[INFO] [stdout]    |
[INFO] [stdout] 17 | #[ditto_test]
[INFO] [stdout]    |   ^^^^^^^^^^
[INFO] [stdout]    |
[INFO] [stdout]    = note: import resolution is stuck, try simplifying macro imports
[INFO] [stdout] 
[INFO] [stdout] 
[INFO] [stdout] error: cannot determine resolution for the attribute macro `ditto_test`
[INFO] [stdout]   --> tests/live_query.rs:83:3
[INFO] [stdout]    |
[INFO] [stdout] 83 | #[ditto_test]
[INFO] [stdout]    |   ^^^^^^^^^^
[INFO] [stdout]    |
[INFO] [stdout]    = note: import resolution is stuck, try simplifying macro imports
[INFO] [stdout] 
[INFO] [stdout] 
[INFO] [stdout] error: cannot determine resolution for the attribute macro `ditto_test`
[INFO] [stdout]    --> tests/live_query.rs:163:3
[INFO] [stdout]     |
[INFO] [stdout] 163 | #[ditto_test]
[INFO] [stdout]     |   ^^^^^^^^^^
[INFO] [stdout]     |
[INFO] [stdout]     = note: import resolution is stuck, try simplifying macro imports
[INFO] [stdout] 
[INFO] [stdout] 
[INFO] [stdout] error: cannot determine resolution for the attribute macro `ditto_test`
[INFO] [stdout]    --> tests/live_query.rs:241:3
[INFO] [stdout]     |
[INFO] [stdout] 241 | #[ditto_test]
[INFO] [stdout]     |   ^^^^^^^^^^
[INFO] [stdout]     |
[INFO] [stdout]     = note: import resolution is stuck, try simplifying macro imports
[INFO] [stdout] 
[INFO] [stdout] 
[INFO] [stdout] error[E0432]: unresolved import `ditto_test_support`
[INFO] [stdout]  --> tests/ditto.rs:3:5
[INFO] [stdout]   |
[INFO] [stdout] 3 | use ditto_test_support::ditto_test;
[INFO] [stdout]   |     ^^^^^^^^^^^^^^^^^^ use of undeclared crate or module `ditto_test_support`
[INFO] [stdout] 
[INFO] [stdout] 
[INFO] [stdout] error: cannot determine resolution for the attribute macro `ditto_test`
[INFO] [stdout]  --> tests/ditto.rs:5:3
[INFO] [stdout]   |
[INFO] [stdout] 5 | #[ditto_test]
[INFO] [stdout]   |   ^^^^^^^^^^
[INFO] [stdout]   |
[INFO] [stdout]   = note: import resolution is stuck, try simplifying macro imports
[INFO] [stdout] 
[INFO] [stdout] 
[INFO] [stdout] error: cannot determine resolution for the attribute macro `ditto_test`
[INFO] [stdout]   --> tests/ditto.rs:18:3
[INFO] [stdout]    |
[INFO] [stdout] 18 | #[ditto_test]
[INFO] [stdout]    |   ^^^^^^^^^^
[INFO] [stdout]    |
[INFO] [stdout]    = note: import resolution is stuck, try simplifying macro imports
[INFO] [stdout] 
[INFO] [stdout] 
[INFO] [stdout] error[E0432]: unresolved import `ditto_test_support`
[INFO] [stdout]  --> tests/collection.rs:7:5
[INFO] [stdout]   |
[INFO] [stdout] 7 | use ditto_test_support::ditto_test;
[INFO] [stdout]   |     ^^^^^^^^^^^^^^^^^^ use of undeclared crate or module `ditto_test_support`
[INFO] [stdout] 
[INFO] [stdout] 
[INFO] [stdout] error: cannot determine resolution for the attribute macro `ditto_test`
[INFO] [stdout]  --> tests/collection.rs:9:3
[INFO] [stdout]   |
[INFO] [stdout] 9 | #[ditto_test]
[INFO] [stdout]   |   ^^^^^^^^^^
[INFO] [stdout]   |
[INFO] [stdout]   = note: import resolution is stuck, try simplifying macro imports
[INFO] [stdout] 
[INFO] [stdout] 
[INFO] [stdout] error: cannot determine resolution for the attribute macro `ditto_test`
[INFO] [stdout]   --> tests/collection.rs:22:3
[INFO] [stdout]    |
[INFO] [stdout] 22 | #[ditto_test]
[INFO] [stdout]    |   ^^^^^^^^^^
[INFO] [stdout]    |
[INFO] [stdout]    = note: import resolution is stuck, try simplifying macro imports
[INFO] [stdout] 
[INFO] [stdout] 
[INFO] [stdout] error: cannot determine resolution for the attribute macro `ditto_test`
[INFO] [stdout]   --> tests/collection.rs:32:3
[INFO] [stdout]    |
[INFO] [stdout] 32 | #[ditto_test]
[INFO] [stdout]    |   ^^^^^^^^^^
[INFO] [stdout]    |
[INFO] [stdout]    = note: import resolution is stuck, try simplifying macro imports
[INFO] [stdout] 
[INFO] [stdout] 
[INFO] [stdout] error: cannot determine resolution for the attribute macro `ditto_test`
[INFO] [stdout]   --> tests/collection.rs:46:3
[INFO] [stdout]    |
[INFO] [stdout] 46 | #[ditto_test]
[INFO] [stdout]    |   ^^^^^^^^^^
[INFO] [stdout]    |
[INFO] [stdout]    = note: import resolution is stuck, try simplifying macro imports
[INFO] [stdout] 
[INFO] [stdout] 
[INFO] [stdout] error: cannot determine resolution for the attribute macro `ditto_test`
[INFO] [stdout]   --> tests/collection.rs:76:3
[INFO] [stdout]    |
[INFO] [stdout] 76 | #[ditto_test]
[INFO] [stdout]    |   ^^^^^^^^^^
[INFO] [stdout]    |
[INFO] [stdout]    = note: import resolution is stuck, try simplifying macro imports
[INFO] [stdout] 
[INFO] [stdout] 
[INFO] [stdout] error: cannot determine resolution for the attribute macro `ditto_test`
[INFO] [stdout]   --> tests/collection.rs:92:3
[INFO] [stdout]    |
[INFO] [stdout] 92 | #[ditto_test]
[INFO] [stdout]    |   ^^^^^^^^^^
[INFO] [stdout]    |
[INFO] [stdout]    = note: import resolution is stuck, try simplifying macro imports
[INFO] [stdout] 
[INFO] [stdout] 
[INFO] [stdout] error: cannot determine resolution for the attribute macro `ditto_test`
[INFO] [stdout]    --> tests/collection.rs:111:3
[INFO] [stdout]     |
[INFO] [stdout] 111 | #[ditto_test]
[INFO] [stdout]     |   ^^^^^^^^^^
[INFO] [stdout]     |
[INFO] [stdout]     = note: import resolution is stuck, try simplifying macro imports
[INFO] [stdout] 
[INFO] [stdout] 
[INFO] [stdout] error: cannot determine resolution for the attribute macro `ditto_test`
[INFO] [stdout]    --> tests/collection.rs:129:3
[INFO] [stdout]     |
[INFO] [stdout] 129 | #[ditto_test]
[INFO] [stdout]     |   ^^^^^^^^^^
[INFO] [stdout]     |
[INFO] [stdout]     = note: import resolution is stuck, try simplifying macro imports
[INFO] [stdout] 
[INFO] [stdout] 
[INFO] [stdout] error: cannot determine resolution for the attribute macro `ditto_test`
[INFO] [stdout]    --> tests/collection.rs:145:3
[INFO] [stdout]     |
[INFO] [stdout] 145 | #[ditto_test]
[INFO] [stdout]     |   ^^^^^^^^^^
[INFO] [stdout]     |
[INFO] [stdout]     = note: import resolution is stuck, try simplifying macro imports
[INFO] [stdout] 
[INFO] [stdout] 
[INFO] [stdout] error: cannot determine resolution for the attribute macro `ditto_test`
[INFO] [stdout]    --> tests/collection.rs:182:3
[INFO] [stdout]     |
[INFO] [stdout] 182 | #[ditto_test]
[INFO] [stdout]     |   ^^^^^^^^^^
[INFO] [stdout]     |
[INFO] [stdout]     = note: import resolution is stuck, try simplifying macro imports
[INFO] [stdout] 
[INFO] [stdout] 
[INFO] [stdout] error: cannot determine resolution for the attribute macro `ditto_test`
[INFO] [stdout]    --> tests/collection.rs:248:3
[INFO] [stdout]     |
[INFO] [stdout] 248 | #[ditto_test]
[INFO] [stdout]     |   ^^^^^^^^^^
[INFO] [stdout]     |
[INFO] [stdout]     = note: import resolution is stuck, try simplifying macro imports
[INFO] [stdout] 
[INFO] [stdout] 
[INFO] [stdout] error: cannot determine resolution for the attribute macro `ditto_test`
[INFO] [stdout]    --> tests/collection.rs:265:3
[INFO] [stdout]     |
[INFO] [stdout] 265 | #[ditto_test]
[INFO] [stdout]     |   ^^^^^^^^^^
[INFO] [stdout]     |
[INFO] [stdout]     = note: import resolution is stuck, try simplifying macro imports
[INFO] [stdout] 
[INFO] [stdout] 
[INFO] [stdout] error: cannot determine resolution for the attribute macro `ditto_test`
[INFO] [stdout]    --> tests/collection.rs:277:3
[INFO] [stdout]     |
[INFO] [stdout] 277 | #[ditto_test]
[INFO] [stdout]     |   ^^^^^^^^^^
[INFO] [stdout]     |
[INFO] [stdout]     = note: import resolution is stuck, try simplifying macro imports
[INFO] [stdout] 
[INFO] [stdout] 
[INFO] [stdout] error: cannot determine resolution for the attribute macro `ditto_test`
[INFO] [stdout]    --> tests/collection.rs:305:3
[INFO] [stdout]     |
[INFO] [stdout] 305 | #[ditto_test]
[INFO] [stdout]     |   ^^^^^^^^^^
[INFO] [stdout]     |
[INFO] [stdout]     = note: import resolution is stuck, try simplifying macro imports
[INFO] [stdout] 
[INFO] [stdout] 
[INFO] [stdout] error: cannot determine resolution for the attribute macro `ditto_test`
[INFO] [stdout]    --> tests/collection.rs:333:3
[INFO] [stdout]     |
[INFO] [stdout] 333 | #[ditto_test]
[INFO] [stdout]     |   ^^^^^^^^^^
[INFO] [stdout]     |
[INFO] [stdout]     = note: import resolution is stuck, try simplifying macro imports
[INFO] [stdout] 
[INFO] [stdout] 
[INFO] [stdout] error: cannot determine resolution for the attribute macro `ditto_test`
[INFO] [stdout]    --> tests/collection.rs:367:3
[INFO] [stdout]     |
[INFO] [stdout] 367 | #[ditto_test]
[INFO] [stdout]     |   ^^^^^^^^^^
[INFO] [stdout]     |
[INFO] [stdout]     = note: import resolution is stuck, try simplifying macro imports
[INFO] [stdout] 
[INFO] [stdout] 
[INFO] [stdout] error[E0432]: unresolved import `ditto_test_support`
[INFO] [stdout]  --> tests/license.rs:3:5
[INFO] [stdout]   |
[INFO] [stdout] 3 | use ditto_test_support::ditto_test;
[INFO] [stdout]   |     ^^^^^^^^^^^^^^^^^^ use of undeclared crate or module `ditto_test_support`
[INFO] [stdout] 
[INFO] [stdout] 
[INFO] [stdout] error: cannot determine resolution for the attribute macro `ditto_test`
[INFO] [stdout]  --> tests/license.rs:5:3
[INFO] [stdout]   |
[INFO] [stdout] 5 | #[ditto_test]
[INFO] [stdout]   |   ^^^^^^^^^^
[INFO] [stdout]   |
[INFO] [stdout]   = note: import resolution is stuck, try simplifying macro imports
[INFO] [stdout] 
[INFO] [stdout] 
[INFO] [stdout] error: cannot determine resolution for the attribute macro `ditto_test`
[INFO] [stdout]   --> tests/license.rs:15:3
[INFO] [stdout]    |
[INFO] [stdout] 15 | #[ditto_test]
[INFO] [stdout]    |   ^^^^^^^^^^
[INFO] [stdout]    |
[INFO] [stdout]    = note: import resolution is stuck, try simplifying macro imports
[INFO] [stdout] 
[INFO] [stdout] 
[INFO] [stdout] error: cannot determine resolution for the attribute macro `ditto_test`
[INFO] [stdout]   --> tests/license.rs:27:3
[INFO] [stdout]    |
[INFO] [stdout] 27 | #[ditto_test]
[INFO] [stdout]    |   ^^^^^^^^^^
[INFO] [stdout]    |
[INFO] [stdout]    = note: import resolution is stuck, try simplifying macro imports
[INFO] [stdout] 
[INFO] [stdout] 
[INFO] [stdout] error: cannot determine resolution for the attribute macro `ditto_test`
[INFO] [stdout]   --> tests/license.rs:39:3
[INFO] [stdout]    |
[INFO] [stdout] 39 | #[ditto_test]
[INFO] [stdout]    |   ^^^^^^^^^^
[INFO] [stdout]    |
[INFO] [stdout]    = note: import resolution is stuck, try simplifying macro imports
[INFO] [stdout] 
[INFO] [stdout] 
[INFO] [stdout] error[E0432]: unresolved import `ditto_test_support`
[INFO] [stdout]   --> src/store/ditto_attachment.rs:75:9
[INFO] [stdout]    |
[INFO] [stdout] 75 |     use ditto_test_support::ditto_test;
[INFO] [stdout]    |         ^^^^^^^^^^^^^^^^^^ use of undeclared crate or module `ditto_test_support`
[INFO] [stdout] 
[INFO] [stdout] 
[INFO] [stdout] error: cannot determine resolution for the attribute macro `ditto_test`
[INFO] [stdout]    --> src/store/ditto_attachment.rs:113:7
[INFO] [stdout]     |
[INFO] [stdout] 113 |     #[ditto_test]
[INFO] [stdout]     |       ^^^^^^^^^^
[INFO] [stdout]     |
[INFO] [stdout]     = note: import resolution is stuck, try simplifying macro imports
[INFO] [stdout] 
[INFO] [stdout] 
[INFO] [stdout] error: cannot determine resolution for the attribute macro `ditto_test`
[INFO] [stdout]    --> src/store/ditto_attachment.rs:164:7
[INFO] [stdout]     |
[INFO] [stdout] 164 |     #[ditto_test(tokio(flavor = "multi_thread", worker_threads = 1))]
[INFO] [stdout]     |       ^^^^^^^^^^
[INFO] [stdout]     |
[INFO] [stdout]     = note: import resolution is stuck, try simplifying macro imports
[INFO] [stdout] 
[INFO] [stdout] 
[INFO] [stdout] error: aborting due to 2 previous errors
[INFO] [stdout] 
[INFO] [stdout] 
[INFO] [stdout] For more information about this error, try `rustc --explain E0432`.
[INFO] [stdout] 
[INFO] [stdout] error: aborting due to 3 previous errors
[INFO] [stdout] 
[INFO] [stdout] 
[INFO] [stdout] For more information about this error, try `rustc --explain E0432`.
[INFO] [stdout] 
[INFO] [stderr] error: could not compile `dittolive-ditto` due to 3 previous errors
[INFO] [stderr] warning: build failed, waiting for other jobs to finish...
[INFO] [stdout] error: aborting due to 2 previous errors
[INFO] [stdout] 
[INFO] [stdout] 
[INFO] [stdout] For more information about this error, try `rustc --explain E0432`.
[INFO] [stdout] 
[INFO] [stdout] error: aborting due to 3 previous errors
[INFO] [stdout] 
[INFO] [stdout] 
[INFO] [stdout] For more information about this error, try `rustc --explain E0432`.
[INFO] [stdout] 
[INFO] [stdout] error: aborting due to 5 previous errors
[INFO] [stdout] 
[INFO] [stdout] 
[INFO] [stdout] For more information about this error, try `rustc --explain E0432`.
[INFO] [stdout] 
[INFO] [stdout] error: aborting due to 2 previous errors
[INFO] [stdout] 
[INFO] [stdout] 
[INFO] [stdout] For more information about this error, try `rustc --explain E0432`.
[INFO] [stdout] 
[INFO] [stdout] error: aborting due to 5 previous errors
[INFO] [stdout] 
[INFO] [stdout] 
[INFO] [stdout] For more information about this error, try `rustc --explain E0432`.
[INFO] [stdout] 
[INFO] [stdout] error: aborting due to 17 previous errors
[INFO] [stdout] 
[INFO] [stdout] 
[INFO] [stdout] For more information about this error, try `rustc --explain E0432`.
[INFO] [stdout] 
[INFO] [stdout] error: aborting due to 3 previous errors
[INFO] [stdout] 
[INFO] [stdout] 
[INFO] [stdout] For more information about this error, try `rustc --explain E0432`.
[INFO] [stdout] 
[INFO] [stdout] error: linking with `cc` failed: exit status: 1
[INFO] [stdout]   |
[INFO] [stdout]   = note: "cc" "-m64" "/opt/rustwide/target/debug/examples/sensor-55887a46dfef4043.sensor.a8aee7cb-cgu.0.rcgu.o" "/opt/rustwide/target/debug/examples/sensor-55887a46dfef4043.sensor.a8aee7cb-cgu.1.rcgu.o" "/opt/rustwide/target/debug/examples/sensor-55887a46dfef4043.sensor.a8aee7cb-cgu.10.rcgu.o" "/opt/rustwide/target/debug/examples/sensor-55887a46dfef4043.sensor.a8aee7cb-cgu.11.rcgu.o" "/opt/rustwide/target/debug/examples/sensor-55887a46dfef4043.sensor.a8aee7cb-cgu.12.rcgu.o" "/opt/rustwide/target/debug/examples/sensor-55887a46dfef4043.sensor.a8aee7cb-cgu.13.rcgu.o" "/opt/rustwide/target/debug/examples/sensor-55887a46dfef4043.sensor.a8aee7cb-cgu.14.rcgu.o" "/opt/rustwide/target/debug/examples/sensor-55887a46dfef4043.sensor.a8aee7cb-cgu.15.rcgu.o" "/opt/rustwide/target/debug/examples/sensor-55887a46dfef4043.sensor.a8aee7cb-cgu.2.rcgu.o" "/opt/rustwide/target/debug/examples/sensor-55887a46dfef4043.sensor.a8aee7cb-cgu.3.rcgu.o" "/opt/rustwide/target/debug/examples/sensor-55887a46dfef4043.sensor.a8aee7cb-cgu.4.rcgu.o" "/opt/rustwide/target/debug/examples/sensor-55887a46dfef4043.sensor.a8aee7cb-cgu.5.rcgu.o" "/opt/rustwide/target/debug/examples/sensor-55887a46dfef4043.sensor.a8aee7cb-cgu.6.rcgu.o" "/opt/rustwide/target/debug/examples/sensor-55887a46dfef4043.sensor.a8aee7cb-cgu.7.rcgu.o" "/opt/rustwide/target/debug/examples/sensor-55887a46dfef4043.sensor.a8aee7cb-cgu.8.rcgu.o" "/opt/rustwide/target/debug/examples/sensor-55887a46dfef4043.sensor.a8aee7cb-cgu.9.rcgu.o" "/opt/rustwide/target/debug/examples/sensor-55887a46dfef4043.va39owirdcx2m6l.rcgu.o" "-Wl,--as-needed" "-L" "/opt/rustwide/target/debug/deps" "-L" "/opt/rustwide/cargo-home/registry/src/github.com-1ecc6299db9ec823/dittolive-ditto-sys-1.0.7-alpha1" "-L" "/opt/rustwide/rustup-home/toolchains/beta-2021-08-01-x86_64-unknown-linux-gnu/lib/rustlib/x86_64-unknown-linux-gnu/lib" "-Wl,-Bstatic" "/opt/rustwide/target/debug/deps/libenv_logger-8e3c9cd9473c4726.rlib" "/opt/rustwide/target/debug/deps/libatty-1a6babd8c9b547fa.rlib" "/opt/rustwide/target/debug/deps/libtermcolor-f4f8fa367f63a313.rlib" "/opt/rustwide/target/debug/deps/libhumantime-a6c0c81cc32ac9be.rlib" "/opt/rustwide/target/debug/deps/libregex-89daf159b8f865f1.rlib" "/opt/rustwide/target/debug/deps/libaho_corasick-e187271509b4f902.rlib" "/opt/rustwide/target/debug/deps/libmemchr-fdb14ed691dc70dd.rlib" "/opt/rustwide/target/debug/deps/libregex_syntax-1f90002242ade7ab.rlib" "/opt/rustwide/target/debug/deps/libuuid-b3ca27802aac46f9.rlib" "/opt/rustwide/target/debug/deps/libgetrandom-4f2a1c269edc218f.rlib" "/opt/rustwide/target/debug/deps/libdittolive_ditto-856eec158ddcee08.rlib" "/opt/rustwide/target/debug/deps/libserde_cbor-593b94672abfe5d5.rlib" "/opt/rustwide/target/debug/deps/libhalf-9020834cd2c22e45.rlib" "/opt/rustwide/target/debug/deps/libdirs_next-f4941d3aa922ffc6.rlib" "/opt/rustwide/target/debug/deps/libdirs_sys_next-b34a643e2f5fd5ba.rlib" "/opt/rustwide/target/debug/deps/liblog-18e19f5b5787b169.rlib" "/opt/rustwide/target/debug/deps/libcfg_if-0d27f345b2a6a3cd.rlib" "/opt/rustwide/target/debug/deps/libtap-7320f9e4205fa693.rlib" "/opt/rustwide/target/debug/deps/libdittolive_ditto_sys-d3607c9ba4ce00b3.rlib" "/opt/rustwide/target/debug/deps/libchrono-6ce4a76057691d1e.rlib" "/opt/rustwide/target/debug/deps/libserde-272ae41c2fd095b2.rlib" "/opt/rustwide/target/debug/deps/libnum_integer-232f040f7766cde3.rlib" "/opt/rustwide/target/debug/deps/libnum_traits-d0a58c91d8ef5575.rlib" "/opt/rustwide/target/debug/deps/libtime-14da63046ca4d618.rlib" "/opt/rustwide/target/debug/deps/libtempdir-8548d21b3ba1bf64.rlib" "/opt/rustwide/target/debug/deps/libremove_dir_all-4bf4e102b5c3be79.rlib" "/opt/rustwide/target/debug/deps/librand-9cb169f5396821bb.rlib" "/opt/rustwide/target/debug/deps/libsafer_ffi-e7662fbbd4436308.rlib" "/opt/rustwide/target/debug/deps/libuninit-b0a49bd1c3b64e93.rlib" "/opt/rustwide/target/debug/deps/liblibc-bd0a7f2f55865ae0.rlib" "/opt/rustwide/target/debug/deps/libmini_paste-422567aa2a187240.rlib" "-Wl,--start-group" "/opt/rustwide/rustup-home/toolchains/beta-2021-08-01-x86_64-unknown-linux-gnu/lib/rustlib/x86_64-unknown-linux-gnu/lib/libstd-197d933f09d9a590.rlib" "/opt/rustwide/rustup-home/toolchains/beta-2021-08-01-x86_64-unknown-linux-gnu/lib/rustlib/x86_64-unknown-linux-gnu/lib/libpanic_unwind-46a006cddfd334f0.rlib" "/opt/rustwide/rustup-home/toolchains/beta-2021-08-01-x86_64-unknown-linux-gnu/lib/rustlib/x86_64-unknown-linux-gnu/lib/libminiz_oxide-5b9870310e470b38.rlib" "/opt/rustwide/rustup-home/toolchains/beta-2021-08-01-x86_64-unknown-linux-gnu/lib/rustlib/x86_64-unknown-linux-gnu/lib/libadler-260022ba8f1ab4ee.rlib" "/opt/rustwide/rustup-home/toolchains/beta-2021-08-01-x86_64-unknown-linux-gnu/lib/rustlib/x86_64-unknown-linux-gnu/lib/libobject-71377435a799394f.rlib" "/opt/rustwide/rustup-home/toolchains/beta-2021-08-01-x86_64-unknown-linux-gnu/lib/rustlib/x86_64-unknown-linux-gnu/lib/libaddr2line-658ee5924fde57cd.rlib" "/opt/rustwide/rustup-home/toolchains/beta-2021-08-01-x86_64-unknown-linux-gnu/lib/rustlib/x86_64-unknown-linux-gnu/lib/libgimli-9e8627da6bd1b94a.rlib" "/opt/rustwide/rustup-home/toolchains/beta-2021-08-01-x86_64-unknown-linux-gnu/lib/rustlib/x86_64-unknown-linux-gnu/lib/libstd_detect-19fdaac49f59be84.rlib" "/opt/rustwide/rustup-home/toolchains/beta-2021-08-01-x86_64-unknown-linux-gnu/lib/rustlib/x86_64-unknown-linux-gnu/lib/librustc_demangle-cb00e2691ea45905.rlib" "/opt/rustwide/rustup-home/toolchains/beta-2021-08-01-x86_64-unknown-linux-gnu/lib/rustlib/x86_64-unknown-linux-gnu/lib/libhashbrown-50f6726defae5ae1.rlib" "/opt/rustwide/rustup-home/toolchains/beta-2021-08-01-x86_64-unknown-linux-gnu/lib/rustlib/x86_64-unknown-linux-gnu/lib/librustc_std_workspace_alloc-2afc16311deea26e.rlib" "/opt/rustwide/rustup-home/toolchains/beta-2021-08-01-x86_64-unknown-linux-gnu/lib/rustlib/x86_64-unknown-linux-gnu/lib/libunwind-bb5cb0fe086ee8cf.rlib" "/opt/rustwide/rustup-home/toolchains/beta-2021-08-01-x86_64-unknown-linux-gnu/lib/rustlib/x86_64-unknown-linux-gnu/lib/libcfg_if-896053247b5dfd0b.rlib" "/opt/rustwide/rustup-home/toolchains/beta-2021-08-01-x86_64-unknown-linux-gnu/lib/rustlib/x86_64-unknown-linux-gnu/lib/liblibc-735e1f2ac3cf23be.rlib" "/opt/rustwide/rustup-home/toolchains/beta-2021-08-01-x86_64-unknown-linux-gnu/lib/rustlib/x86_64-unknown-linux-gnu/lib/liballoc-9dfb6622644c732c.rlib" "/opt/rustwide/rustup-home/toolchains/beta-2021-08-01-x86_64-unknown-linux-gnu/lib/rustlib/x86_64-unknown-linux-gnu/lib/librustc_std_workspace_core-beea7d9617fe25c5.rlib" "/opt/rustwide/rustup-home/toolchains/beta-2021-08-01-x86_64-unknown-linux-gnu/lib/rustlib/x86_64-unknown-linux-gnu/lib/libcore-8ef7dd43fc671f88.rlib" "-Wl,--end-group" "/opt/rustwide/rustup-home/toolchains/beta-2021-08-01-x86_64-unknown-linux-gnu/lib/rustlib/x86_64-unknown-linux-gnu/lib/libcompiler_builtins-a9a3b2ad67977f47.rlib" "-Wl,-Bdynamic" "-ldittoffi" "-lgcc_s" "-lutil" "-lrt" "-lpthread" "-lm" "-ldl" "-lc" "-Wl,--eh-frame-hdr" "-Wl,-znoexecstack" "-L" "/opt/rustwide/rustup-home/toolchains/beta-2021-08-01-x86_64-unknown-linux-gnu/lib/rustlib/x86_64-unknown-linux-gnu/lib" "-o" "/opt/rustwide/target/debug/examples/sensor-55887a46dfef4043" "-Wl,--gc-sections" "-pie" "-Wl,-zrelro" "-Wl,-znow" "-nodefaultlibs"
[INFO] [stdout]   = note: /usr/bin/ld: cannot find -ldittoffi
[INFO] [stdout]           collect2: error: ld returned 1 exit status
[INFO] [stdout]           
[INFO] [stdout] 
[INFO] [stdout] 
[INFO] [stdout] error: aborting due to previous error
[INFO] [stdout] 
[INFO] [stdout] 
[INFO] [stdout] error: linking with `cc` failed: exit status: 1
[INFO] [stdout]   |
[INFO] [stdout]   = note: "cc" "-m64" "/opt/rustwide/target/debug/examples/bounce_latency_tx-ebd65a6280dacabb.bounce_latency_tx.218c9238-cgu.0.rcgu.o" "/opt/rustwide/target/debug/examples/bounce_latency_tx-ebd65a6280dacabb.bounce_latency_tx.218c9238-cgu.1.rcgu.o" "/opt/rustwide/target/debug/examples/bounce_latency_tx-ebd65a6280dacabb.bounce_latency_tx.218c9238-cgu.10.rcgu.o" "/opt/rustwide/target/debug/examples/bounce_latency_tx-ebd65a6280dacabb.bounce_latency_tx.218c9238-cgu.11.rcgu.o" "/opt/rustwide/target/debug/examples/bounce_latency_tx-ebd65a6280dacabb.bounce_latency_tx.218c9238-cgu.12.rcgu.o" "/opt/rustwide/target/debug/examples/bounce_latency_tx-ebd65a6280dacabb.bounce_latency_tx.218c9238-cgu.13.rcgu.o" "/opt/rustwide/target/debug/examples/bounce_latency_tx-ebd65a6280dacabb.bounce_latency_tx.218c9238-cgu.14.rcgu.o" "/opt/rustwide/target/debug/examples/bounce_latency_tx-ebd65a6280dacabb.bounce_latency_tx.218c9238-cgu.15.rcgu.o" "/opt/rustwide/target/debug/examples/bounce_latency_tx-ebd65a6280dacabb.bounce_latency_tx.218c9238-cgu.2.rcgu.o" "/opt/rustwide/target/debug/examples/bounce_latency_tx-ebd65a6280dacabb.bounce_latency_tx.218c9238-cgu.3.rcgu.o" "/opt/rustwide/target/debug/examples/bounce_latency_tx-ebd65a6280dacabb.bounce_latency_tx.218c9238-cgu.4.rcgu.o" "/opt/rustwide/target/debug/examples/bounce_latency_tx-ebd65a6280dacabb.bounce_latency_tx.218c9238-cgu.5.rcgu.o" "/opt/rustwide/target/debug/examples/bounce_latency_tx-ebd65a6280dacabb.bounce_latency_tx.218c9238-cgu.6.rcgu.o" "/opt/rustwide/target/debug/examples/bounce_latency_tx-ebd65a6280dacabb.bounce_latency_tx.218c9238-cgu.7.rcgu.o" "/opt/rustwide/target/debug/examples/bounce_latency_tx-ebd65a6280dacabb.bounce_latency_tx.218c9238-cgu.8.rcgu.o" "/opt/rustwide/target/debug/examples/bounce_latency_tx-ebd65a6280dacabb.bounce_latency_tx.218c9238-cgu.9.rcgu.o" "/opt/rustwide/target/debug/examples/bounce_latency_tx-ebd65a6280dacabb.i1dml737t5w2c92.rcgu.o" "-Wl,--as-needed" "-L" "/opt/rustwide/target/debug/deps" "-L" "/opt/rustwide/cargo-home/registry/src/github.com-1ecc6299db9ec823/dittolive-ditto-sys-1.0.7-alpha1" "-L" "/opt/rustwide/rustup-home/toolchains/beta-2021-08-01-x86_64-unknown-linux-gnu/lib/rustlib/x86_64-unknown-linux-gnu/lib" "-Wl,-Bstatic" "/opt/rustwide/target/debug/deps/libenv_logger-8e3c9cd9473c4726.rlib" "/opt/rustwide/target/debug/deps/libatty-1a6babd8c9b547fa.rlib" "/opt/rustwide/target/debug/deps/libtermcolor-f4f8fa367f63a313.rlib" "/opt/rustwide/target/debug/deps/libhumantime-a6c0c81cc32ac9be.rlib" "/opt/rustwide/target/debug/deps/libregex-89daf159b8f865f1.rlib" "/opt/rustwide/target/debug/deps/libaho_corasick-e187271509b4f902.rlib" "/opt/rustwide/target/debug/deps/libmemchr-fdb14ed691dc70dd.rlib" "/opt/rustwide/target/debug/deps/libregex_syntax-1f90002242ade7ab.rlib" "/opt/rustwide/target/debug/deps/libuuid-b3ca27802aac46f9.rlib" "/opt/rustwide/target/debug/deps/librand-08858b32ebe14141.rlib" "/opt/rustwide/target/debug/deps/librand_chacha-31db2777f16c2681.rlib" "/opt/rustwide/target/debug/deps/libppv_lite86-8619f3436cd33015.rlib" "/opt/rustwide/target/debug/deps/librand_core-14334ea4edfcdf8f.rlib" "/opt/rustwide/target/debug/deps/libgetrandom-4f2a1c269edc218f.rlib" "/opt/rustwide/target/debug/deps/libdittolive_ditto-856eec158ddcee08.rlib" "/opt/rustwide/target/debug/deps/libserde_cbor-593b94672abfe5d5.rlib" "/opt/rustwide/target/debug/deps/libhalf-9020834cd2c22e45.rlib" "/opt/rustwide/target/debug/deps/libdirs_next-f4941d3aa922ffc6.rlib" "/opt/rustwide/target/debug/deps/libdirs_sys_next-b34a643e2f5fd5ba.rlib" "/opt/rustwide/target/debug/deps/liblog-18e19f5b5787b169.rlib" "/opt/rustwide/target/debug/deps/libcfg_if-0d27f345b2a6a3cd.rlib" "/opt/rustwide/target/debug/deps/libtap-7320f9e4205fa693.rlib" "/opt/rustwide/target/debug/deps/libdittolive_ditto_sys-d3607c9ba4ce00b3.rlib" "/opt/rustwide/target/debug/deps/libchrono-6ce4a76057691d1e.rlib" "/opt/rustwide/target/debug/deps/libserde-272ae41c2fd095b2.rlib" "/opt/rustwide/target/debug/deps/libnum_integer-232f040f7766cde3.rlib" "/opt/rustwide/target/debug/deps/libnum_traits-d0a58c91d8ef5575.rlib" "/opt/rustwide/target/debug/deps/libtime-14da63046ca4d618.rlib" "/opt/rustwide/target/debug/deps/libtempdir-8548d21b3ba1bf64.rlib" "/opt/rustwide/target/debug/deps/libremove_dir_all-4bf4e102b5c3be79.rlib" "/opt/rustwide/target/debug/deps/librand-9cb169f5396821bb.rlib" "/opt/rustwide/target/debug/deps/libsafer_ffi-e7662fbbd4436308.rlib" "/opt/rustwide/target/debug/deps/libuninit-b0a49bd1c3b64e93.rlib" "/opt/rustwide/target/debug/deps/liblibc-bd0a7f2f55865ae0.rlib" "/opt/rustwide/target/debug/deps/libmini_paste-422567aa2a187240.rlib" "-Wl,--start-group" "/opt/rustwide/rustup-home/toolchains/beta-2021-08-01-x86_64-unknown-linux-gnu/lib/rustlib/x86_64-unknown-linux-gnu/lib/libstd-197d933f09d9a590.rlib" "/opt/rustwide/rustup-home/toolchains/beta-2021-08-01-x86_64-unknown-linux-gnu/lib/rustlib/x86_64-unknown-linux-gnu/lib/libpanic_unwind-46a006cddfd334f0.rlib" "/opt/rustwide/rustup-home/toolchains/beta-2021-08-01-x86_64-unknown-linux-gnu/lib/rustlib/x86_64-unknown-linux-gnu/lib/libminiz_oxide-5b9870310e470b38.rlib" "/opt/rustwide/rustup-home/toolchains/beta-2021-08-01-x86_64-unknown-linux-gnu/lib/rustlib/x86_64-unknown-linux-gnu/lib/libadler-260022ba8f1ab4ee.rlib" "/opt/rustwide/rustup-home/toolchains/beta-2021-08-01-x86_64-unknown-linux-gnu/lib/rustlib/x86_64-unknown-linux-gnu/lib/libobject-71377435a799394f.rlib" "/opt/rustwide/rustup-home/toolchains/beta-2021-08-01-x86_64-unknown-linux-gnu/lib/rustlib/x86_64-unknown-linux-gnu/lib/libaddr2line-658ee5924fde57cd.rlib" "/opt/rustwide/rustup-home/toolchains/beta-2021-08-01-x86_64-unknown-linux-gnu/lib/rustlib/x86_64-unknown-linux-gnu/lib/libgimli-9e8627da6bd1b94a.rlib" "/opt/rustwide/rustup-home/toolchains/beta-2021-08-01-x86_64-unknown-linux-gnu/lib/rustlib/x86_64-unknown-linux-gnu/lib/libstd_detect-19fdaac49f59be84.rlib" "/opt/rustwide/rustup-home/toolchains/beta-2021-08-01-x86_64-unknown-linux-gnu/lib/rustlib/x86_64-unknown-linux-gnu/lib/librustc_demangle-cb00e2691ea45905.rlib" "/opt/rustwide/rustup-home/toolchains/beta-2021-08-01-x86_64-unknown-linux-gnu/lib/rustlib/x86_64-unknown-linux-gnu/lib/libhashbrown-50f6726defae5ae1.rlib" "/opt/rustwide/rustup-home/toolchains/beta-2021-08-01-x86_64-unknown-linux-gnu/lib/rustlib/x86_64-unknown-linux-gnu/lib/librustc_std_workspace_alloc-2afc16311deea26e.rlib" "/opt/rustwide/rustup-home/toolchains/beta-2021-08-01-x86_64-unknown-linux-gnu/lib/rustlib/x86_64-unknown-linux-gnu/lib/libunwind-bb5cb0fe086ee8cf.rlib" "/opt/rustwide/rustup-home/toolchains/beta-2021-08-01-x86_64-unknown-linux-gnu/lib/rustlib/x86_64-unknown-linux-gnu/lib/libcfg_if-896053247b5dfd0b.rlib" "/opt/rustwide/rustup-home/toolchains/beta-2021-08-01-x86_64-unknown-linux-gnu/lib/rustlib/x86_64-unknown-linux-gnu/lib/liblibc-735e1f2ac3cf23be.rlib" "/opt/rustwide/rustup-home/toolchains/beta-2021-08-01-x86_64-unknown-linux-gnu/lib/rustlib/x86_64-unknown-linux-gnu/lib/liballoc-9dfb6622644c732c.rlib" "/opt/rustwide/rustup-home/toolchains/beta-2021-08-01-x86_64-unknown-linux-gnu/lib/rustlib/x86_64-unknown-linux-gnu/lib/librustc_std_workspace_core-beea7d9617fe25c5.rlib" "/opt/rustwide/rustup-home/toolchains/beta-2021-08-01-x86_64-unknown-linux-gnu/lib/rustlib/x86_64-unknown-linux-gnu/lib/libcore-8ef7dd43fc671f88.rlib" "-Wl,--end-group" "/opt/rustwide/rustup-home/toolchains/beta-2021-08-01-x86_64-unknown-linux-gnu/lib/rustlib/x86_64-unknown-linux-gnu/lib/libcompiler_builtins-a9a3b2ad67977f47.rlib" "-Wl,-Bdynamic" "-ldittoffi" "-lgcc_s" "-lutil" "-lrt" "-lpthread" "-lm" "-ldl" "-lc" "-Wl,--eh-frame-hdr" "-Wl,-znoexecstack" "-L" "/opt/rustwide/rustup-home/toolchains/beta-2021-08-01-x86_64-unknown-linux-gnu/lib/rustlib/x86_64-unknown-linux-gnu/lib" "-o" "/opt/rustwide/target/debug/examples/bounce_latency_tx-ebd65a6280dacabb" "-Wl,--gc-sections" "-pie" "-Wl,-zrelro" "-Wl,-znow" "-nodefaultlibs"
[INFO] [stdout]   = note: /usr/bin/ld: cannot find -ldittoffi
[INFO] [stdout]           collect2: error: ld returned 1 exit status
[INFO] [stdout]           
[INFO] [stdout] 
[INFO] [stdout] 
[INFO] [stdout] error: aborting due to previous error
[INFO] [stdout] 
[INFO] [stdout] 
[INFO] [stdout] error: linking with `cc` failed: exit status: 1
[INFO] [stdout]   |
[INFO] [stdout]   = note: "cc" "-m64" "/opt/rustwide/target/debug/examples/bounce_latency_rx-5ca435fb2fdc6745.bounce_latency_rx.dbc3213d-cgu.0.rcgu.o" "/opt/rustwide/target/debug/examples/bounce_latency_rx-5ca435fb2fdc6745.bounce_latency_rx.dbc3213d-cgu.1.rcgu.o" "/opt/rustwide/target/debug/examples/bounce_latency_rx-5ca435fb2fdc6745.bounce_latency_rx.dbc3213d-cgu.10.rcgu.o" "/opt/rustwide/target/debug/examples/bounce_latency_rx-5ca435fb2fdc6745.bounce_latency_rx.dbc3213d-cgu.11.rcgu.o" "/opt/rustwide/target/debug/examples/bounce_latency_rx-5ca435fb2fdc6745.bounce_latency_rx.dbc3213d-cgu.12.rcgu.o" "/opt/rustwide/target/debug/examples/bounce_latency_rx-5ca435fb2fdc6745.bounce_latency_rx.dbc3213d-cgu.13.rcgu.o" "/opt/rustwide/target/debug/examples/bounce_latency_rx-5ca435fb2fdc6745.bounce_latency_rx.dbc3213d-cgu.14.rcgu.o" "/opt/rustwide/target/debug/examples/bounce_latency_rx-5ca435fb2fdc6745.bounce_latency_rx.dbc3213d-cgu.15.rcgu.o" "/opt/rustwide/target/debug/examples/bounce_latency_rx-5ca435fb2fdc6745.bounce_latency_rx.dbc3213d-cgu.2.rcgu.o" "/opt/rustwide/target/debug/examples/bounce_latency_rx-5ca435fb2fdc6745.bounce_latency_rx.dbc3213d-cgu.3.rcgu.o" "/opt/rustwide/target/debug/examples/bounce_latency_rx-5ca435fb2fdc6745.bounce_latency_rx.dbc3213d-cgu.4.rcgu.o" "/opt/rustwide/target/debug/examples/bounce_latency_rx-5ca435fb2fdc6745.bounce_latency_rx.dbc3213d-cgu.5.rcgu.o" "/opt/rustwide/target/debug/examples/bounce_latency_rx-5ca435fb2fdc6745.bounce_latency_rx.dbc3213d-cgu.6.rcgu.o" "/opt/rustwide/target/debug/examples/bounce_latency_rx-5ca435fb2fdc6745.bounce_latency_rx.dbc3213d-cgu.7.rcgu.o" "/opt/rustwide/target/debug/examples/bounce_latency_rx-5ca435fb2fdc6745.bounce_latency_rx.dbc3213d-cgu.8.rcgu.o" "/opt/rustwide/target/debug/examples/bounce_latency_rx-5ca435fb2fdc6745.bounce_latency_rx.dbc3213d-cgu.9.rcgu.o" "/opt/rustwide/target/debug/examples/bounce_latency_rx-5ca435fb2fdc6745.d9cmt64svzubsef.rcgu.o" "-Wl,--as-needed" "-L" "/opt/rustwide/target/debug/deps" "-L" "/opt/rustwide/cargo-home/registry/src/github.com-1ecc6299db9ec823/dittolive-ditto-sys-1.0.7-alpha1" "-L" "/opt/rustwide/rustup-home/toolchains/beta-2021-08-01-x86_64-unknown-linux-gnu/lib/rustlib/x86_64-unknown-linux-gnu/lib" "-Wl,-Bstatic" "/opt/rustwide/target/debug/deps/libenv_logger-8e3c9cd9473c4726.rlib" "/opt/rustwide/target/debug/deps/libatty-1a6babd8c9b547fa.rlib" "/opt/rustwide/target/debug/deps/libtermcolor-f4f8fa367f63a313.rlib" "/opt/rustwide/target/debug/deps/libhumantime-a6c0c81cc32ac9be.rlib" "/opt/rustwide/target/debug/deps/libregex-89daf159b8f865f1.rlib" "/opt/rustwide/target/debug/deps/libaho_corasick-e187271509b4f902.rlib" "/opt/rustwide/target/debug/deps/libmemchr-fdb14ed691dc70dd.rlib" "/opt/rustwide/target/debug/deps/libregex_syntax-1f90002242ade7ab.rlib" "/opt/rustwide/target/debug/deps/libuuid-b3ca27802aac46f9.rlib" "/opt/rustwide/target/debug/deps/librand-08858b32ebe14141.rlib" "/opt/rustwide/target/debug/deps/librand_chacha-31db2777f16c2681.rlib" "/opt/rustwide/target/debug/deps/libppv_lite86-8619f3436cd33015.rlib" "/opt/rustwide/target/debug/deps/librand_core-14334ea4edfcdf8f.rlib" "/opt/rustwide/target/debug/deps/libgetrandom-4f2a1c269edc218f.rlib" "/opt/rustwide/target/debug/deps/libdittolive_ditto-856eec158ddcee08.rlib" "/opt/rustwide/target/debug/deps/libdirs_next-f4941d3aa922ffc6.rlib" "/opt/rustwide/target/debug/deps/libdirs_sys_next-b34a643e2f5fd5ba.rlib" "/opt/rustwide/target/debug/deps/libtap-7320f9e4205fa693.rlib" "/opt/rustwide/target/debug/deps/libdittolive_ditto_sys-d3607c9ba4ce00b3.rlib" "/opt/rustwide/target/debug/deps/libchrono-6ce4a76057691d1e.rlib" "/opt/rustwide/target/debug/deps/libnum_integer-232f040f7766cde3.rlib" "/opt/rustwide/target/debug/deps/libnum_traits-d0a58c91d8ef5575.rlib" "/opt/rustwide/target/debug/deps/libtime-14da63046ca4d618.rlib" "/opt/rustwide/target/debug/deps/libtempdir-8548d21b3ba1bf64.rlib" "/opt/rustwide/target/debug/deps/libremove_dir_all-4bf4e102b5c3be79.rlib" "/opt/rustwide/target/debug/deps/librand-9cb169f5396821bb.rlib" "/opt/rustwide/target/debug/deps/libserde_cbor-593b94672abfe5d5.rlib" "/opt/rustwide/target/debug/deps/libhalf-9020834cd2c22e45.rlib" "/opt/rustwide/target/debug/deps/libserde-272ae41c2fd095b2.rlib" "/opt/rustwide/target/debug/deps/libsafer_ffi-e7662fbbd4436308.rlib" "/opt/rustwide/target/debug/deps/libuninit-b0a49bd1c3b64e93.rlib" "/opt/rustwide/target/debug/deps/liblibc-bd0a7f2f55865ae0.rlib" "/opt/rustwide/target/debug/deps/libmini_paste-422567aa2a187240.rlib" "/opt/rustwide/target/debug/deps/liblog-18e19f5b5787b169.rlib" "/opt/rustwide/target/debug/deps/libcfg_if-0d27f345b2a6a3cd.rlib" "-Wl,--start-group" "/opt/rustwide/rustup-home/toolchains/beta-2021-08-01-x86_64-unknown-linux-gnu/lib/rustlib/x86_64-unknown-linux-gnu/lib/libstd-197d933f09d9a590.rlib" "/opt/rustwide/rustup-home/toolchains/beta-2021-08-01-x86_64-unknown-linux-gnu/lib/rustlib/x86_64-unknown-linux-gnu/lib/libpanic_unwind-46a006cddfd334f0.rlib" "/opt/rustwide/rustup-home/toolchains/beta-2021-08-01-x86_64-unknown-linux-gnu/lib/rustlib/x86_64-unknown-linux-gnu/lib/libminiz_oxide-5b9870310e470b38.rlib" "/opt/rustwide/rustup-home/toolchains/beta-2021-08-01-x86_64-unknown-linux-gnu/lib/rustlib/x86_64-unknown-linux-gnu/lib/libadler-260022ba8f1ab4ee.rlib" "/opt/rustwide/rustup-home/toolchains/beta-2021-08-01-x86_64-unknown-linux-gnu/lib/rustlib/x86_64-unknown-linux-gnu/lib/libobject-71377435a799394f.rlib" "/opt/rustwide/rustup-home/toolchains/beta-2021-08-01-x86_64-unknown-linux-gnu/lib/rustlib/x86_64-unknown-linux-gnu/lib/libaddr2line-658ee5924fde57cd.rlib" "/opt/rustwide/rustup-home/toolchains/beta-2021-08-01-x86_64-unknown-linux-gnu/lib/rustlib/x86_64-unknown-linux-gnu/lib/libgimli-9e8627da6bd1b94a.rlib" "/opt/rustwide/rustup-home/toolchains/beta-2021-08-01-x86_64-unknown-linux-gnu/lib/rustlib/x86_64-unknown-linux-gnu/lib/libstd_detect-19fdaac49f59be84.rlib" "/opt/rustwide/rustup-home/toolchains/beta-2021-08-01-x86_64-unknown-linux-gnu/lib/rustlib/x86_64-unknown-linux-gnu/lib/librustc_demangle-cb00e2691ea45905.rlib" "/opt/rustwide/rustup-home/toolchains/beta-2021-08-01-x86_64-unknown-linux-gnu/lib/rustlib/x86_64-unknown-linux-gnu/lib/libhashbrown-50f6726defae5ae1.rlib" "/opt/rustwide/rustup-home/toolchains/beta-2021-08-01-x86_64-unknown-linux-gnu/lib/rustlib/x86_64-unknown-linux-gnu/lib/librustc_std_workspace_alloc-2afc16311deea26e.rlib" "/opt/rustwide/rustup-home/toolchains/beta-2021-08-01-x86_64-unknown-linux-gnu/lib/rustlib/x86_64-unknown-linux-gnu/lib/libunwind-bb5cb0fe086ee8cf.rlib" "/opt/rustwide/rustup-home/toolchains/beta-2021-08-01-x86_64-unknown-linux-gnu/lib/rustlib/x86_64-unknown-linux-gnu/lib/libcfg_if-896053247b5dfd0b.rlib" "/opt/rustwide/rustup-home/toolchains/beta-2021-08-01-x86_64-unknown-linux-gnu/lib/rustlib/x86_64-unknown-linux-gnu/lib/liblibc-735e1f2ac3cf23be.rlib" "/opt/rustwide/rustup-home/toolchains/beta-2021-08-01-x86_64-unknown-linux-gnu/lib/rustlib/x86_64-unknown-linux-gnu/lib/liballoc-9dfb6622644c732c.rlib" "/opt/rustwide/rustup-home/toolchains/beta-2021-08-01-x86_64-unknown-linux-gnu/lib/rustlib/x86_64-unknown-linux-gnu/lib/librustc_std_workspace_core-beea7d9617fe25c5.rlib" "/opt/rustwide/rustup-home/toolchains/beta-2021-08-01-x86_64-unknown-linux-gnu/lib/rustlib/x86_64-unknown-linux-gnu/lib/libcore-8ef7dd43fc671f88.rlib" "-Wl,--end-group" "/opt/rustwide/rustup-home/toolchains/beta-2021-08-01-x86_64-unknown-linux-gnu/lib/rustlib/x86_64-unknown-linux-gnu/lib/libcompiler_builtins-a9a3b2ad67977f47.rlib" "-Wl,-Bdynamic" "-ldittoffi" "-lgcc_s" "-lutil" "-lrt" "-lpthread" "-lm" "-ldl" "-lc" "-Wl,--eh-frame-hdr" "-Wl,-znoexecstack" "-L" "/opt/rustwide/rustup-home/toolchains/beta-2021-08-01-x86_64-unknown-linux-gnu/lib/rustlib/x86_64-unknown-linux-gnu/lib" "-o" "/opt/rustwide/target/debug/examples/bounce_latency_rx-5ca435fb2fdc6745" "-Wl,--gc-sections" "-pie" "-Wl,-zrelro" "-Wl,-znow" "-nodefaultlibs"
[INFO] [stdout]   = note: /usr/bin/ld: cannot find -ldittoffi
[INFO] [stdout]           collect2: error: ld returned 1 exit status
[INFO] [stdout]           
[INFO] [stdout] 
[INFO] [stdout] 
[INFO] [stdout] error: aborting due to previous error
[INFO] [stdout] 
[INFO] [stdout] 
[INFO] [stdout] error: linking with `cc` failed: exit status: 1
[INFO] [stdout]   |
[INFO] [stdout]   = note: "cc" "-m64" "/opt/rustwide/target/debug/examples/carsapp-af24296d0ab96133.carsapp.577ed807-cgu.0.rcgu.o" "/opt/rustwide/target/debug/examples/carsapp-af24296d0ab96133.carsapp.577ed807-cgu.1.rcgu.o" "/opt/rustwide/target/debug/examples/carsapp-af24296d0ab96133.carsapp.577ed807-cgu.10.rcgu.o" "/opt/rustwide/target/debug/examples/carsapp-af24296d0ab96133.carsapp.577ed807-cgu.11.rcgu.o" "/opt/rustwide/target/debug/examples/carsapp-af24296d0ab96133.carsapp.577ed807-cgu.12.rcgu.o" "/opt/rustwide/target/debug/examples/carsapp-af24296d0ab96133.carsapp.577ed807-cgu.13.rcgu.o" "/opt/rustwide/target/debug/examples/carsapp-af24296d0ab96133.carsapp.577ed807-cgu.14.rcgu.o" "/opt/rustwide/target/debug/examples/carsapp-af24296d0ab96133.carsapp.577ed807-cgu.15.rcgu.o" "/opt/rustwide/target/debug/examples/carsapp-af24296d0ab96133.carsapp.577ed807-cgu.2.rcgu.o" "/opt/rustwide/target/debug/examples/carsapp-af24296d0ab96133.carsapp.577ed807-cgu.3.rcgu.o" "/opt/rustwide/target/debug/examples/carsapp-af24296d0ab96133.carsapp.577ed807-cgu.4.rcgu.o" "/opt/rustwide/target/debug/examples/carsapp-af24296d0ab96133.carsapp.577ed807-cgu.5.rcgu.o" "/opt/rustwide/target/debug/examples/carsapp-af24296d0ab96133.carsapp.577ed807-cgu.6.rcgu.o" "/opt/rustwide/target/debug/examples/carsapp-af24296d0ab96133.carsapp.577ed807-cgu.7.rcgu.o" "/opt/rustwide/target/debug/examples/carsapp-af24296d0ab96133.carsapp.577ed807-cgu.8.rcgu.o" "/opt/rustwide/target/debug/examples/carsapp-af24296d0ab96133.carsapp.577ed807-cgu.9.rcgu.o" "/opt/rustwide/target/debug/examples/carsapp-af24296d0ab96133.pxo2jii24hfswth.rcgu.o" "-Wl,--as-needed" "-L" "/opt/rustwide/target/debug/deps" "-L" "/opt/rustwide/cargo-home/registry/src/github.com-1ecc6299db9ec823/dittolive-ditto-sys-1.0.7-alpha1" "-L" "/opt/rustwide/rustup-home/toolchains/beta-2021-08-01-x86_64-unknown-linux-gnu/lib/rustlib/x86_64-unknown-linux-gnu/lib" "-Wl,-Bstatic" "/opt/rustwide/target/debug/deps/libserde_json-b8075fb708036dac.rlib" "/opt/rustwide/target/debug/deps/libryu-58d6bdbbdb00e196.rlib" "/opt/rustwide/target/debug/deps/libitoa-f0883342bffd153c.rlib" "/opt/rustwide/target/debug/deps/libenv_logger-8e3c9cd9473c4726.rlib" "/opt/rustwide/target/debug/deps/libatty-1a6babd8c9b547fa.rlib" "/opt/rustwide/target/debug/deps/libtermcolor-f4f8fa367f63a313.rlib" "/opt/rustwide/target/debug/deps/libhumantime-a6c0c81cc32ac9be.rlib" "/opt/rustwide/target/debug/deps/libregex-89daf159b8f865f1.rlib" "/opt/rustwide/target/debug/deps/libaho_corasick-e187271509b4f902.rlib" "/opt/rustwide/target/debug/deps/libmemchr-fdb14ed691dc70dd.rlib" "/opt/rustwide/target/debug/deps/libregex_syntax-1f90002242ade7ab.rlib" "/opt/rustwide/target/debug/deps/librand-08858b32ebe14141.rlib" "/opt/rustwide/target/debug/deps/librand_chacha-31db2777f16c2681.rlib" "/opt/rustwide/target/debug/deps/libppv_lite86-8619f3436cd33015.rlib" "/opt/rustwide/target/debug/deps/librand_core-14334ea4edfcdf8f.rlib" "/opt/rustwide/target/debug/deps/libgetrandom-4f2a1c269edc218f.rlib" "/opt/rustwide/target/debug/deps/libtempdir-8548d21b3ba1bf64.rlib" "/opt/rustwide/target/debug/deps/libremove_dir_all-4bf4e102b5c3be79.rlib" "/opt/rustwide/target/debug/deps/librand-9cb169f5396821bb.rlib" "/opt/rustwide/target/debug/deps/libdittolive_ditto-856eec158ddcee08.rlib" "/opt/rustwide/target/debug/deps/libserde_cbor-593b94672abfe5d5.rlib" "/opt/rustwide/target/debug/deps/libhalf-9020834cd2c22e45.rlib" "/opt/rustwide/target/debug/deps/libdirs_next-f4941d3aa922ffc6.rlib" "/opt/rustwide/target/debug/deps/libdirs_sys_next-b34a643e2f5fd5ba.rlib" "/opt/rustwide/target/debug/deps/liblog-18e19f5b5787b169.rlib" "/opt/rustwide/target/debug/deps/libcfg_if-0d27f345b2a6a3cd.rlib" "/opt/rustwide/target/debug/deps/libchrono-6ce4a76057691d1e.rlib" "/opt/rustwide/target/debug/deps/libnum_integer-232f040f7766cde3.rlib" "/opt/rustwide/target/debug/deps/libnum_traits-d0a58c91d8ef5575.rlib" "/opt/rustwide/target/debug/deps/libtime-14da63046ca4d618.rlib" "/opt/rustwide/target/debug/deps/libserde-272ae41c2fd095b2.rlib" "/opt/rustwide/target/debug/deps/libtap-7320f9e4205fa693.rlib" "/opt/rustwide/target/debug/deps/libdittolive_ditto_sys-d3607c9ba4ce00b3.rlib" "/opt/rustwide/target/debug/deps/libsafer_ffi-e7662fbbd4436308.rlib" "/opt/rustwide/target/debug/deps/libuninit-b0a49bd1c3b64e93.rlib" "/opt/rustwide/target/debug/deps/liblibc-bd0a7f2f55865ae0.rlib" "/opt/rustwide/target/debug/deps/libmini_paste-422567aa2a187240.rlib" "-Wl,--start-group" "/opt/rustwide/rustup-home/toolchains/beta-2021-08-01-x86_64-unknown-linux-gnu/lib/rustlib/x86_64-unknown-linux-gnu/lib/libstd-197d933f09d9a590.rlib" "/opt/rustwide/rustup-home/toolchains/beta-2021-08-01-x86_64-unknown-linux-gnu/lib/rustlib/x86_64-unknown-linux-gnu/lib/libpanic_unwind-46a006cddfd334f0.rlib" "/opt/rustwide/rustup-home/toolchains/beta-2021-08-01-x86_64-unknown-linux-gnu/lib/rustlib/x86_64-unknown-linux-gnu/lib/libminiz_oxide-5b9870310e470b38.rlib" "/opt/rustwide/rustup-home/toolchains/beta-2021-08-01-x86_64-unknown-linux-gnu/lib/rustlib/x86_64-unknown-linux-gnu/lib/libadler-260022ba8f1ab4ee.rlib" "/opt/rustwide/rustup-home/toolchains/beta-2021-08-01-x86_64-unknown-linux-gnu/lib/rustlib/x86_64-unknown-linux-gnu/lib/libobject-71377435a799394f.rlib" "/opt/rustwide/rustup-home/toolchains/beta-2021-08-01-x86_64-unknown-linux-gnu/lib/rustlib/x86_64-unknown-linux-gnu/lib/libaddr2line-658ee5924fde57cd.rlib" "/opt/rustwide/rustup-home/toolchains/beta-2021-08-01-x86_64-unknown-linux-gnu/lib/rustlib/x86_64-unknown-linux-gnu/lib/libgimli-9e8627da6bd1b94a.rlib" "/opt/rustwide/rustup-home/toolchains/beta-2021-08-01-x86_64-unknown-linux-gnu/lib/rustlib/x86_64-unknown-linux-gnu/lib/libstd_detect-19fdaac49f59be84.rlib" "/opt/rustwide/rustup-home/toolchains/beta-2021-08-01-x86_64-unknown-linux-gnu/lib/rustlib/x86_64-unknown-linux-gnu/lib/librustc_demangle-cb00e2691ea45905.rlib" "/opt/rustwide/rustup-home/toolchains/beta-2021-08-01-x86_64-unknown-linux-gnu/lib/rustlib/x86_64-unknown-linux-gnu/lib/libhashbrown-50f6726defae5ae1.rlib" "/opt/rustwide/rustup-home/toolchains/beta-2021-08-01-x86_64-unknown-linux-gnu/lib/rustlib/x86_64-unknown-linux-gnu/lib/librustc_std_workspace_alloc-2afc16311deea26e.rlib" "/opt/rustwide/rustup-home/toolchains/beta-2021-08-01-x86_64-unknown-linux-gnu/lib/rustlib/x86_64-unknown-linux-gnu/lib/libunwind-bb5cb0fe086ee8cf.rlib" "/opt/rustwide/rustup-home/toolchains/beta-2021-08-01-x86_64-unknown-linux-gnu/lib/rustlib/x86_64-unknown-linux-gnu/lib/libcfg_if-896053247b5dfd0b.rlib" "/opt/rustwide/rustup-home/toolchains/beta-2021-08-01-x86_64-unknown-linux-gnu/lib/rustlib/x86_64-unknown-linux-gnu/lib/liblibc-735e1f2ac3cf23be.rlib" "/opt/rustwide/rustup-home/toolchains/beta-2021-08-01-x86_64-unknown-linux-gnu/lib/rustlib/x86_64-unknown-linux-gnu/lib/liballoc-9dfb6622644c732c.rlib" "/opt/rustwide/rustup-home/toolchains/beta-2021-08-01-x86_64-unknown-linux-gnu/lib/rustlib/x86_64-unknown-linux-gnu/lib/librustc_std_workspace_core-beea7d9617fe25c5.rlib" "/opt/rustwide/rustup-home/toolchains/beta-2021-08-01-x86_64-unknown-linux-gnu/lib/rustlib/x86_64-unknown-linux-gnu/lib/libcore-8ef7dd43fc671f88.rlib" "-Wl,--end-group" "/opt/rustwide/rustup-home/toolchains/beta-2021-08-01-x86_64-unknown-linux-gnu/lib/rustlib/x86_64-unknown-linux-gnu/lib/libcompiler_builtins-a9a3b2ad67977f47.rlib" "-Wl,-Bdynamic" "-ldittoffi" "-lgcc_s" "-lutil" "-lrt" "-lpthread" "-lm" "-ldl" "-lc" "-Wl,--eh-frame-hdr" "-Wl,-znoexecstack" "-L" "/opt/rustwide/rustup-home/toolchains/beta-2021-08-01-x86_64-unknown-linux-gnu/lib/rustlib/x86_64-unknown-linux-gnu/lib" "-o" "/opt/rustwide/target/debug/examples/carsapp-af24296d0ab96133" "-Wl,--gc-sections" "-pie" "-Wl,-zrelro" "-Wl,-znow" "-nodefaultlibs"
[INFO] [stdout]   = note: /usr/bin/ld: cannot find -ldittoffi
[INFO] [stdout]           collect2: error: ld returned 1 exit status
[INFO] [stdout]           
[INFO] [stdout] 
[INFO] [stdout] 
[INFO] [stdout] error: aborting due to previous error
[INFO] [stdout] 
[INFO] [stdout] 
[INFO] [stderr] error: build failed
[INFO] running `Command { std: "docker" "inspect" "f8891ecfc12ab695c8e7683a13fe32e4058e85a27afbe130e7ec64412fb945ac", kill_on_drop: false }`
[INFO] running `Command { std: "docker" "rm" "-f" "f8891ecfc12ab695c8e7683a13fe32e4058e85a27afbe130e7ec64412fb945ac", kill_on_drop: false }`
[INFO] [stdout] f8891ecfc12ab695c8e7683a13fe32e4058e85a27afbe130e7ec64412fb945ac
