[INFO] fetching crate distill-core 0.0.3...
[INFO] testing distill-core-0.0.3 against beta-2021-08-01 for beta-1.55-1
[INFO] extracting crate distill-core 0.0.3 into /workspace/builds/worker-101/source
[INFO] validating manifest of crates.io crate distill-core 0.0.3 on toolchain beta-2021-08-01
[INFO] running `Command { std: "/workspace/cargo-home/bin/cargo" "+beta-2021-08-01" "metadata" "--manifest-path" "Cargo.toml" "--no-deps", kill_on_drop: false }`
[INFO] started tweaking crates.io crate distill-core 0.0.3
[INFO] finished tweaking crates.io crate distill-core 0.0.3
[INFO] tweaked toml for crates.io crate distill-core 0.0.3 written to /workspace/builds/worker-101/source/Cargo.toml
[INFO] running `Command { std: "/workspace/cargo-home/bin/cargo" "+beta-2021-08-01" "generate-lockfile" "--manifest-path" "Cargo.toml" "-Zno-index-update", kill_on_drop: false }`
[INFO] running `Command { std: "/workspace/cargo-home/bin/cargo" "+beta-2021-08-01" "fetch" "--manifest-path" "Cargo.toml", kill_on_drop: false }`
[INFO] [stderr]     Blocking waiting for file lock on package cache
[INFO] [stderr]     Blocking waiting for file lock on package cache
[INFO] running `Command { std: "docker" "create" "-v" "/var/lib/crater-agent-workspace/builds/worker-101/target:/opt/rustwide/target:rw,Z" "-v" "/var/lib/crater-agent-workspace/builds/worker-101/source:/opt/rustwide/workdir:ro,Z" "-v" "/var/lib/crater-agent-workspace/cargo-home:/opt/rustwide/cargo-home:ro,Z" "-v" "/var/lib/crater-agent-workspace/rustup-home:/opt/rustwide/rustup-home:ro,Z" "-e" "SOURCE_DIR=/opt/rustwide/workdir" "-e" "CARGO_TARGET_DIR=/opt/rustwide/target" "-e" "CARGO_HOME=/opt/rustwide/cargo-home" "-e" "RUSTUP_HOME=/opt/rustwide/rustup-home" "-w" "/opt/rustwide/workdir" "-m" "1610612736" "--user" "0:0" "--network" "none" "ghcr.io/rust-lang/crates-build-env/linux@sha256:34b6a614d2c27851fe6cbf88fbd1137609cefab8b10d0615aaeb6fd47975d74e" "/opt/rustwide/cargo-home/bin/cargo" "+beta-2021-08-01" "metadata" "--no-deps" "--format-version=1", kill_on_drop: false }`
[INFO] [stdout] 8b662045b70b00d2aa44a7e20bb7ba6688c1e48ba9bde007fe913af543979233
[INFO] running `Command { std: "docker" "start" "-a" "8b662045b70b00d2aa44a7e20bb7ba6688c1e48ba9bde007fe913af543979233", kill_on_drop: false }`
[INFO] running `Command { std: "docker" "inspect" "8b662045b70b00d2aa44a7e20bb7ba6688c1e48ba9bde007fe913af543979233", kill_on_drop: false }`
[INFO] running `Command { std: "docker" "rm" "-f" "8b662045b70b00d2aa44a7e20bb7ba6688c1e48ba9bde007fe913af543979233", kill_on_drop: false }`
[INFO] [stdout] 8b662045b70b00d2aa44a7e20bb7ba6688c1e48ba9bde007fe913af543979233
[INFO] running `Command { std: "docker" "create" "-v" "/var/lib/crater-agent-workspace/builds/worker-101/target:/opt/rustwide/target:rw,Z" "-v" "/var/lib/crater-agent-workspace/builds/worker-101/source:/opt/rustwide/workdir:ro,Z" "-v" "/var/lib/crater-agent-workspace/cargo-home:/opt/rustwide/cargo-home:ro,Z" "-v" "/var/lib/crater-agent-workspace/rustup-home:/opt/rustwide/rustup-home:ro,Z" "-e" "SOURCE_DIR=/opt/rustwide/workdir" "-e" "CARGO_TARGET_DIR=/opt/rustwide/target" "-e" "CARGO_INCREMENTAL=0" "-e" "RUST_BACKTRACE=full" "-e" "RUSTFLAGS=--cap-lints=warn" "-e" "CARGO_HOME=/opt/rustwide/cargo-home" "-e" "RUSTUP_HOME=/opt/rustwide/rustup-home" "-w" "/opt/rustwide/workdir" "-m" "1610612736" "--user" "0:0" "--network" "none" "ghcr.io/rust-lang/crates-build-env/linux@sha256:34b6a614d2c27851fe6cbf88fbd1137609cefab8b10d0615aaeb6fd47975d74e" "/opt/rustwide/cargo-home/bin/cargo" "+beta-2021-08-01" "build" "--frozen" "--message-format=json", kill_on_drop: false }`
[INFO] [stdout] b569ab8fe5950b2226c65fb09d829f5e909b850b483886e5e41002c3f8a5d46f
[INFO] running `Command { std: "docker" "start" "-a" "b569ab8fe5950b2226c65fb09d829f5e909b850b483886e5e41002c3f8a5d46f", kill_on_drop: false }`
[INFO] [stderr]    Compiling libc v0.2.98
[INFO] [stderr]    Compiling futures-core v0.3.16
[INFO] [stderr]    Compiling getrandom v0.2.3
[INFO] [stderr]    Compiling uuid v0.8.2
[INFO] [stderr]    Compiling distill-core v0.0.3 (/opt/rustwide/workdir)
[INFO] [stderr]     Finished dev [unoptimized + debuginfo] target(s) in 3.93s
[INFO] running `Command { std: "docker" "inspect" "b569ab8fe5950b2226c65fb09d829f5e909b850b483886e5e41002c3f8a5d46f", kill_on_drop: false }`
[INFO] running `Command { std: "docker" "rm" "-f" "b569ab8fe5950b2226c65fb09d829f5e909b850b483886e5e41002c3f8a5d46f", kill_on_drop: false }`
[INFO] [stdout] b569ab8fe5950b2226c65fb09d829f5e909b850b483886e5e41002c3f8a5d46f
[INFO] running `Command { std: "docker" "create" "-v" "/var/lib/crater-agent-workspace/builds/worker-101/target:/opt/rustwide/target:rw,Z" "-v" "/var/lib/crater-agent-workspace/builds/worker-101/source:/opt/rustwide/workdir:ro,Z" "-v" "/var/lib/crater-agent-workspace/cargo-home:/opt/rustwide/cargo-home:ro,Z" "-v" "/var/lib/crater-agent-workspace/rustup-home:/opt/rustwide/rustup-home:ro,Z" "-e" "SOURCE_DIR=/opt/rustwide/workdir" "-e" "CARGO_TARGET_DIR=/opt/rustwide/target" "-e" "CARGO_INCREMENTAL=0" "-e" "RUST_BACKTRACE=full" "-e" "RUSTFLAGS=--cap-lints=warn" "-e" "CARGO_HOME=/opt/rustwide/cargo-home" "-e" "RUSTUP_HOME=/opt/rustwide/rustup-home" "-w" "/opt/rustwide/workdir" "-m" "1610612736" "--user" "0:0" "--network" "none" "ghcr.io/rust-lang/crates-build-env/linux@sha256:34b6a614d2c27851fe6cbf88fbd1137609cefab8b10d0615aaeb6fd47975d74e" "/opt/rustwide/cargo-home/bin/cargo" "+beta-2021-08-01" "test" "--frozen" "--no-run" "--message-format=json", kill_on_drop: false }`
[INFO] [stdout] ab4e64b2c5ceeba8fd90681b8b2320af1d5e3ea7376b4537f1c86419413c151a
[INFO] running `Command { std: "docker" "start" "-a" "ab4e64b2c5ceeba8fd90681b8b2320af1d5e3ea7376b4537f1c86419413c151a", kill_on_drop: false }`
[INFO] [stderr]    Compiling serde_json v1.0.66
[INFO] [stderr]    Compiling bincode v1.3.3
[INFO] [stderr]    Compiling distill-core v0.0.3 (/opt/rustwide/workdir)
[INFO] [stdout] error[E0277]: the trait bound `AssetUuid: serde::ser::Serialize` is not satisfied
[INFO] [stdout]     --> tests/uuid.rs:9:40
[INFO] [stdout]      |
[INFO] [stdout] 9    |     let result = serde_json::to_string(&uuid).unwrap();
[INFO] [stdout]      |                                        ^^^^^ the trait `serde::ser::Serialize` is not implemented for `AssetUuid`
[INFO] [stdout]      | 
[INFO] [stdout]     ::: /opt/rustwide/cargo-home/registry/src/github.com-1ecc6299db9ec823/serde_json-1.0.66/src/ser.rs:2216:17
[INFO] [stdout]      |
[INFO] [stdout] 2216 |     T: ?Sized + Serialize,
[INFO] [stdout]      |                 --------- required by this bound in `serde_json::to_string`
[INFO] [stdout] 
[INFO] [stdout] 
[INFO] [stdout] error[E0277]: the trait bound `AssetUuid: serde::ser::Serialize` is not satisfied
[INFO] [stdout]    --> tests/uuid.rs:22:46
[INFO] [stdout]     |
[INFO] [stdout] 22  |     let result: Vec<u8> = bincode::serialize(&uuid).unwrap();
[INFO] [stdout]     |                                              ^^^^^ the trait `serde::ser::Serialize` is not implemented for `AssetUuid`
[INFO] [stdout]     | 
[INFO] [stdout]    ::: /opt/rustwide/cargo-home/registry/src/github.com-1ecc6299db9ec823/bincode-1.3.3/src/lib.rs:108:8
[INFO] [stdout]     |
[INFO] [stdout] 108 |     T: serde::Serialize,
[INFO] [stdout]     |        ---------------- required by this bound in `bincode::serialize`
[INFO] [stdout] 
[INFO] [stdout] 
[INFO] [stdout] error[E0277]: the trait bound `AssetUuid: serde::de::Deserialize<'_>` is not satisfied
[INFO] [stdout]     --> tests/uuid.rs:31:43
[INFO] [stdout]      |
[INFO] [stdout] 31   |     let result: distill_core::AssetUuid = serde_json::from_str(string).unwrap();
[INFO] [stdout]      |                                           ^^^^^^^^^^^^^^^^^^^^ the trait `serde::de::Deserialize<'_>` is not implemented for `AssetUuid`
[INFO] [stdout]      | 
[INFO] [stdout]     ::: /opt/rustwide/cargo-home/registry/src/github.com-1ecc6299db9ec823/serde_json-1.0.66/src/de.rs:2587:8
[INFO] [stdout]      |
[INFO] [stdout] 2587 |     T: de::Deserialize<'a>,
[INFO] [stdout]      |        ------------------- required by this bound in `serde_json::from_str`
[INFO] [stdout] 
[INFO] [stdout] 
[INFO] [stdout] error[E0277]: the trait bound `AssetUuid: serde::de::Deserialize<'_>` is not satisfied
[INFO] [stdout]    --> tests/uuid.rs:42:43
[INFO] [stdout]     |
[INFO] [stdout] 42  |     let result: distill_core::AssetUuid = bincode::deserialize(&data).unwrap();
[INFO] [stdout]     |                                           ^^^^^^^^^^^^^^^^^^^^ the trait `serde::de::Deserialize<'_>` is not implemented for `AssetUuid`
[INFO] [stdout]     | 
[INFO] [stdout]    ::: /opt/rustwide/cargo-home/registry/src/github.com-1ecc6299db9ec823/bincode-1.3.3/src/lib.rs:179:8
[INFO] [stdout]     |
[INFO] [stdout] 179 |     T: serde::de::Deserialize<'a>,
[INFO] [stdout]     |        -------------------------- required by this bound in `bincode::deserialize`
[INFO] [stdout] 
[INFO] [stdout] 
[INFO] [stdout] error[E0277]: the trait bound `AssetTypeId: serde::ser::Serialize` is not satisfied
[INFO] [stdout]     --> tests/uuid.rs:51:40
[INFO] [stdout]      |
[INFO] [stdout] 51   |     let result = serde_json::to_string(&uuid).unwrap();
[INFO] [stdout]      |                                        ^^^^^ the trait `serde::ser::Serialize` is not implemented for `AssetTypeId`
[INFO] [stdout]      | 
[INFO] [stdout]     ::: /opt/rustwide/cargo-home/registry/src/github.com-1ecc6299db9ec823/serde_json-1.0.66/src/ser.rs:2216:17
[INFO] [stdout]      |
[INFO] [stdout] 2216 |     T: ?Sized + Serialize,
[INFO] [stdout]      |                 --------- required by this bound in `serde_json::to_string`
[INFO] [stdout] 
[INFO] [stdout] 
[INFO] [stdout] error[E0277]: the trait bound `AssetTypeId: serde::ser::Serialize` is not satisfied
[INFO] [stdout]    --> tests/uuid.rs:64:46
[INFO] [stdout]     |
[INFO] [stdout] 64  |     let result: Vec<u8> = bincode::serialize(&uuid).unwrap();
[INFO] [stdout]     |                                              ^^^^^ the trait `serde::ser::Serialize` is not implemented for `AssetTypeId`
[INFO] [stdout]     | 
[INFO] [stdout]    ::: /opt/rustwide/cargo-home/registry/src/github.com-1ecc6299db9ec823/bincode-1.3.3/src/lib.rs:108:8
[INFO] [stdout]     |
[INFO] [stdout] 108 |     T: serde::Serialize,
[INFO] [stdout]     |        ---------------- required by this bound in `bincode::serialize`
[INFO] [stdout] 
[INFO] [stdout] 
[INFO] [stdout] error[E0277]: the trait bound `AssetTypeId: serde::de::Deserialize<'_>` is not satisfied
[INFO] [stdout]     --> tests/uuid.rs:73:45
[INFO] [stdout]      |
[INFO] [stdout] 73   |     let result: distill_core::AssetTypeId = serde_json::from_str(string).unwrap();
[INFO] [stdout]      |                                             ^^^^^^^^^^^^^^^^^^^^ the trait `serde::de::Deserialize<'_>` is not implemented for `AssetTypeId`
[INFO] [stdout]      | 
[INFO] [stdout]     ::: /opt/rustwide/cargo-home/registry/src/github.com-1ecc6299db9ec823/serde_json-1.0.66/src/de.rs:2587:8
[INFO] [stdout]      |
[INFO] [stdout] 2587 |     T: de::Deserialize<'a>,
[INFO] [stdout]      |        ------------------- required by this bound in `serde_json::from_str`
[INFO] [stdout] 
[INFO] [stdout] 
[INFO] [stdout] error[E0277]: the trait bound `AssetTypeId: serde::de::Deserialize<'_>` is not satisfied
[INFO] [stdout]    --> tests/uuid.rs:84:45
[INFO] [stdout]     |
[INFO] [stdout] 84  |     let result: distill_core::AssetTypeId = bincode::deserialize(&data).unwrap();
[INFO] [stdout]     |                                             ^^^^^^^^^^^^^^^^^^^^ the trait `serde::de::Deserialize<'_>` is not implemented for `AssetTypeId`
[INFO] [stdout]     | 
[INFO] [stdout]    ::: /opt/rustwide/cargo-home/registry/src/github.com-1ecc6299db9ec823/bincode-1.3.3/src/lib.rs:179:8
[INFO] [stdout]     |
[INFO] [stdout] 179 |     T: serde::de::Deserialize<'a>,
[INFO] [stdout]     |        -------------------------- required by this bound in `bincode::deserialize`
[INFO] [stdout] 
[INFO] [stdout] 
[INFO] [stdout] error: aborting due to 8 previous errors
[INFO] [stdout] 
[INFO] [stdout] 
[INFO] [stdout] For more information about this error, try `rustc --explain E0277`.
[INFO] [stdout] 
[INFO] [stderr] error: could not compile `distill-core` due to 9 previous errors
[INFO] [stderr] warning: build failed, waiting for other jobs to finish...
[INFO] [stderr] error: build failed
[INFO] running `Command { std: "docker" "inspect" "ab4e64b2c5ceeba8fd90681b8b2320af1d5e3ea7376b4537f1c86419413c151a", kill_on_drop: false }`
[INFO] running `Command { std: "docker" "rm" "-f" "ab4e64b2c5ceeba8fd90681b8b2320af1d5e3ea7376b4537f1c86419413c151a", kill_on_drop: false }`
[INFO] [stdout] ab4e64b2c5ceeba8fd90681b8b2320af1d5e3ea7376b4537f1c86419413c151a
