[INFO] fetching crate direct3d11 0.3.0-alpha2...
[INFO] testing direct3d11-0.3.0-alpha2 against 1.54.0 for beta-1.55-1
[INFO] extracting crate direct3d11 0.3.0-alpha2 into /workspace/builds/worker-92/source
[INFO] validating manifest of crates.io crate direct3d11 0.3.0-alpha2 on toolchain 1.54.0
[INFO] running `Command { std: "/workspace/cargo-home/bin/cargo" "+1.54.0" "metadata" "--manifest-path" "Cargo.toml" "--no-deps", kill_on_drop: false }`
[INFO] started tweaking crates.io crate direct3d11 0.3.0-alpha2
[INFO] finished tweaking crates.io crate direct3d11 0.3.0-alpha2
[INFO] tweaked toml for crates.io crate direct3d11 0.3.0-alpha2 written to /workspace/builds/worker-92/source/Cargo.toml
[INFO] running `Command { std: "/workspace/cargo-home/bin/cargo" "+1.54.0" "generate-lockfile" "--manifest-path" "Cargo.toml" "-Zno-index-update", kill_on_drop: false }`
[INFO] [stderr]     Blocking waiting for file lock on package cache
[INFO] running `Command { std: "/workspace/cargo-home/bin/cargo" "+1.54.0" "fetch" "--manifest-path" "Cargo.toml", kill_on_drop: false }`
[INFO] [stderr]     Blocking waiting for file lock on package cache
[INFO] running `Command { std: "docker" "create" "-v" "/var/lib/crater-agent-workspace/builds/worker-92/target:/opt/rustwide/target:rw,Z" "-v" "/var/lib/crater-agent-workspace/builds/worker-92/source:/opt/rustwide/workdir:ro,Z" "-v" "/var/lib/crater-agent-workspace/cargo-home:/opt/rustwide/cargo-home:ro,Z" "-v" "/var/lib/crater-agent-workspace/rustup-home:/opt/rustwide/rustup-home:ro,Z" "-e" "SOURCE_DIR=/opt/rustwide/workdir" "-e" "CARGO_TARGET_DIR=/opt/rustwide/target" "-e" "CARGO_HOME=/opt/rustwide/cargo-home" "-e" "RUSTUP_HOME=/opt/rustwide/rustup-home" "-w" "/opt/rustwide/workdir" "-m" "1610612736" "--user" "0:0" "--network" "none" "ghcr.io/rust-lang/crates-build-env/linux@sha256:34b6a614d2c27851fe6cbf88fbd1137609cefab8b10d0615aaeb6fd47975d74e" "/opt/rustwide/cargo-home/bin/cargo" "+1.54.0" "metadata" "--no-deps" "--format-version=1", kill_on_drop: false }`
[INFO] [stdout] 01cb8c28c698bec3d0ea6857543ef75fd53bbb09e61fb4f82006a8f860ae47d3
[INFO] running `Command { std: "docker" "start" "-a" "01cb8c28c698bec3d0ea6857543ef75fd53bbb09e61fb4f82006a8f860ae47d3", kill_on_drop: false }`
[INFO] running `Command { std: "docker" "inspect" "01cb8c28c698bec3d0ea6857543ef75fd53bbb09e61fb4f82006a8f860ae47d3", kill_on_drop: false }`
[INFO] running `Command { std: "docker" "rm" "-f" "01cb8c28c698bec3d0ea6857543ef75fd53bbb09e61fb4f82006a8f860ae47d3", kill_on_drop: false }`
[INFO] [stdout] 01cb8c28c698bec3d0ea6857543ef75fd53bbb09e61fb4f82006a8f860ae47d3
[INFO] running `Command { std: "docker" "create" "-v" "/var/lib/crater-agent-workspace/builds/worker-92/target:/opt/rustwide/target:rw,Z" "-v" "/var/lib/crater-agent-workspace/builds/worker-92/source:/opt/rustwide/workdir:ro,Z" "-v" "/var/lib/crater-agent-workspace/cargo-home:/opt/rustwide/cargo-home:ro,Z" "-v" "/var/lib/crater-agent-workspace/rustup-home:/opt/rustwide/rustup-home:ro,Z" "-e" "SOURCE_DIR=/opt/rustwide/workdir" "-e" "CARGO_TARGET_DIR=/opt/rustwide/target" "-e" "CARGO_INCREMENTAL=0" "-e" "RUST_BACKTRACE=full" "-e" "RUSTFLAGS=--cap-lints=warn" "-e" "CARGO_HOME=/opt/rustwide/cargo-home" "-e" "RUSTUP_HOME=/opt/rustwide/rustup-home" "-w" "/opt/rustwide/workdir" "-m" "1610612736" "--user" "0:0" "--network" "none" "ghcr.io/rust-lang/crates-build-env/linux@sha256:34b6a614d2c27851fe6cbf88fbd1137609cefab8b10d0615aaeb6fd47975d74e" "/opt/rustwide/cargo-home/bin/cargo" "+1.54.0" "build" "--frozen" "--message-format=json", kill_on_drop: false }`
[INFO] [stdout] 55bbcbd1aadf326c7ed27158121f618b23acaa2cfccf7e6873e933d463e4bfc8
[INFO] running `Command { std: "docker" "start" "-a" "55bbcbd1aadf326c7ed27158121f618b23acaa2cfccf7e6873e933d463e4bfc8", kill_on_drop: false }`
[INFO] [stderr]    Compiling direct3d11 v0.3.0-alpha2 (/opt/rustwide/workdir)
[INFO] [stderr]     Finished dev [unoptimized + debuginfo] target(s) in 0.21s
[INFO] running `Command { std: "docker" "inspect" "55bbcbd1aadf326c7ed27158121f618b23acaa2cfccf7e6873e933d463e4bfc8", kill_on_drop: false }`
[INFO] running `Command { std: "docker" "rm" "-f" "55bbcbd1aadf326c7ed27158121f618b23acaa2cfccf7e6873e933d463e4bfc8", kill_on_drop: false }`
[INFO] [stdout] 55bbcbd1aadf326c7ed27158121f618b23acaa2cfccf7e6873e933d463e4bfc8
[INFO] running `Command { std: "docker" "create" "-v" "/var/lib/crater-agent-workspace/builds/worker-92/target:/opt/rustwide/target:rw,Z" "-v" "/var/lib/crater-agent-workspace/builds/worker-92/source:/opt/rustwide/workdir:ro,Z" "-v" "/var/lib/crater-agent-workspace/cargo-home:/opt/rustwide/cargo-home:ro,Z" "-v" "/var/lib/crater-agent-workspace/rustup-home:/opt/rustwide/rustup-home:ro,Z" "-e" "SOURCE_DIR=/opt/rustwide/workdir" "-e" "CARGO_TARGET_DIR=/opt/rustwide/target" "-e" "CARGO_INCREMENTAL=0" "-e" "RUST_BACKTRACE=full" "-e" "RUSTFLAGS=--cap-lints=warn" "-e" "CARGO_HOME=/opt/rustwide/cargo-home" "-e" "RUSTUP_HOME=/opt/rustwide/rustup-home" "-w" "/opt/rustwide/workdir" "-m" "1610612736" "--user" "0:0" "--network" "none" "ghcr.io/rust-lang/crates-build-env/linux@sha256:34b6a614d2c27851fe6cbf88fbd1137609cefab8b10d0615aaeb6fd47975d74e" "/opt/rustwide/cargo-home/bin/cargo" "+1.54.0" "test" "--frozen" "--no-run" "--message-format=json", kill_on_drop: false }`
[INFO] [stdout] c36735a75d6ac6c3bcded3bd09fcf0c72fa7e31685c9f5e944e8ea12640e4dda
[INFO] running `Command { std: "docker" "start" "-a" "c36735a75d6ac6c3bcded3bd09fcf0c72fa7e31685c9f5e944e8ea12640e4dda", kill_on_drop: false }`
[INFO] [stderr]    Compiling direct3d11 v0.3.0-alpha2 (/opt/rustwide/workdir)
[INFO] [stdout] error[E0463]: can't find crate for `dxgi`
[INFO] [stdout]  --> tests/texture2d.rs:2:1
[INFO] [stdout]   |
[INFO] [stdout] 2 | extern crate dxgi;
[INFO] [stdout]   | ^^^^^^^^^^^^^^^^^^ can't find crate
[INFO] [stdout] 
[INFO] [stdout] 
[INFO] [stdout] error: aborting due to previous error
[INFO] [stdout] 
[INFO] [stdout] 
[INFO] [stdout] For more information about this error, try `rustc --explain E0463`.
[INFO] [stdout] 
[INFO] [stderr] error: could not compile `direct3d11`
[INFO] [stderr] 
[INFO] [stderr] To learn more, run the command again with --verbose.
[INFO] [stderr] warning: build failed, waiting for other jobs to finish...
[INFO] [stdout] error[E0432]: unresolved import `direct3d11::device`
[INFO] [stdout]  --> tests/device.rs:3:17
[INFO] [stdout]   |
[INFO] [stdout] 3 | use direct3d11::device::Device;
[INFO] [stdout]   |                 ^^^^^^ could not find `device` in `direct3d11`
[INFO] [stdout] 
[INFO] [stdout] 
[INFO] [stdout] error[E0432]: unresolved import `direct3d11::enums`
[INFO] [stdout]  --> tests/device.rs:4:17
[INFO] [stdout]   |
[INFO] [stdout] 4 | use direct3d11::enums::{CreateDeviceFlags, DriverType, FeatureLevel};
[INFO] [stdout]   |                 ^^^^^ could not find `enums` in `direct3d11`
[INFO] [stdout] 
[INFO] [stdout] 
[INFO] [stdout] error: aborting due to 2 previous errors
[INFO] [stdout] 
[INFO] [stdout] 
[INFO] [stdout] For more information about this error, try `rustc --explain E0432`.
[INFO] [stdout] 
[INFO] [stderr] error: build failed
[INFO] running `Command { std: "docker" "inspect" "c36735a75d6ac6c3bcded3bd09fcf0c72fa7e31685c9f5e944e8ea12640e4dda", kill_on_drop: false }`
[INFO] running `Command { std: "docker" "rm" "-f" "c36735a75d6ac6c3bcded3bd09fcf0c72fa7e31685c9f5e944e8ea12640e4dda", kill_on_drop: false }`
[INFO] [stdout] c36735a75d6ac6c3bcded3bd09fcf0c72fa7e31685c9f5e944e8ea12640e4dda
